Build Information
Failed to build Swarm, reference main (3c5101), with Swift 6.3 for Wasm on 4 Oct 2026 17:56:27 UTC.
Build Command
bash -c docker run --pull=always --rm -v "checkouts-54344844-3":/host -w "$PWD" -e JAVA_HOME="/root/.sdkman/candidates/java/current" -e SPI_BUILD="1" -e SPI_PROCESSING="1" registry.gitlab.com/saguaro1/spi-images:wasm-6.3-latest swift build --swift-sdk swift-6.3.2-RELEASE_wasm 2>&1Build Log
========================================
RunAll
========================================
Builder version: 5.1.1
Interrupt handler set up.
========================================
Checkout
========================================
Clone URL: https://github.com/christopherkarani/Swarm.git
Reference: main
Initialized empty Git repository in /host/spi-builder-workspace/.git/
hint: Using 'master' as the name for the initial branch. This default branch name
hint: is subject to change. To configure the initial branch name to use in all
hint: of your new repositories, which will suppress this warning, call:
hint:
hint: git config --global init.defaultBranch <name>
hint:
hint: Names commonly chosen instead of 'master' are 'main', 'trunk' and
hint: 'development'. The just-created branch can be renamed via this command:
hint:
hint: git branch -m <name>
From https://github.com/christopherkarani/Swarm
* branch main -> FETCH_HEAD
* [new branch] main -> origin/main
HEAD is now at 3c5101d T2: Unified conversation history renderer (#266)
Cloned https://github.com/christopherkarani/Swarm.git
Revision (git rev-parse @):
3c5101d26bff28f63c55278f6b5fcf24e5f4c6e0
SUCCESS checkout https://github.com/christopherkarani/Swarm.git at main
========================================
Build
========================================
Selected platform: wasm
Swift version: 6.3
Building package at path: $PWD
https://github.com/christopherkarani/Swarm.git
Running build ...
bash -c docker run --pull=always --rm -v "checkouts-54344844-3":/host -w "$PWD" -e JAVA_HOME="/root/.sdkman/candidates/java/current" -e SPI_BUILD="1" -e SPI_PROCESSING="1" registry.gitlab.com/saguaro1/spi-images:wasm-6.3-latest swift build --swift-sdk swift-6.3.2-RELEASE_wasm 2>&1
wasm-6.3-latest: Pulling from saguaro1/spi-images
Digest: sha256:253aad7f5b11d25cf9eaef34120b94cd8a325782929c57fb304a7711494a3f9a
Status: Image is up to date for registry.gitlab.com/saguaro1/spi-images:wasm-6.3-latest
Fetching https://github.com/apple/swift-log.git
Fetching https://github.com/swiftlang/swift-syntax.git
[1/8232] Fetching swift-log
[8233/88501] Fetching swift-log, swift-syntax
Fetched https://github.com/apple/swift-log.git from cache (7.00s)
Fetched https://github.com/swiftlang/swift-syntax.git from cache (7.04s)
Computing version for https://github.com/swiftlang/swift-syntax.git
Computed https://github.com/swiftlang/swift-syntax.git at 602.0.0 (8.72s)
Computing version for https://github.com/apple/swift-log.git
Computed https://github.com/apple/swift-log.git at 1.15.1 (0.57s)
Creating working copy for https://github.com/apple/swift-log.git
Working copy of https://github.com/apple/swift-log.git resolved at 1.15.1
Creating working copy for https://github.com/swiftlang/swift-syntax.git
Working copy of https://github.com/swiftlang/swift-syntax.git resolved at 602.0.0
Downloading package prebuilt https://download.swift.org/prebuilts/swift-syntax/602.0.0/swift-6.3.2-RELEASE-ubuntu_jammy_x86_64-MacroSupport.tar.gz
Downloaded https://download.swift.org/prebuilts/swift-syntax/602.0.0/swift-6.3.2-RELEASE-ubuntu_jammy_x86_64-MacroSupport.tar.gz (0.30s)
Building for debugging...
[0/71] Write sources
[17/71] Copying placeholder.txt
[18/71] Copying Relevance.metal
[18/71] Copying Recency.metal
[18/71] Copying Consolidation.metal
[19/71] Copying Compression.metal
[22/71] Copying Attention.metal
[23/71] Copying README.md
[24/71] Write sources
[44/71] Compiling _SwiftSyntaxCShims PlatformMutex.c
[45/71] Write swift-version-24593BA9C3E375BF.txt
[47/122] Emitting module Logging
error: emit-module command failed with exit code 1 (use -v to see invocation)
[48/123] Emitting module MembraneCore
/host/spi-builder-workspace/Sources/MembraneCore/Budget/ContextBudget.swift:1:8: error: no such module 'OrderedCollections'
1 | import OrderedCollections
| `- error: no such module 'OrderedCollections'
2 |
3 | public struct ContextBudget: Sendable {
[49/125] Compiling MembraneCore ToolManifest.swift
/host/spi-builder-workspace/Sources/MembraneCore/Budget/ContextBudget.swift:1:8: error: no such module 'OrderedCollections'
1 | import OrderedCollections
| `- error: no such module 'OrderedCollections'
2 |
3 | public struct ContextBudget: Sendable {
[50/125] Compiling MembraneCore ToolPlan.swift
/host/spi-builder-workspace/Sources/MembraneCore/Budget/ContextBudget.swift:1:8: error: no such module 'OrderedCollections'
1 | import OrderedCollections
| `- error: no such module 'OrderedCollections'
2 |
3 | public struct ContextBudget: Sendable {
[51/125] Compiling MembraneCore ContextBudget.swift
/host/spi-builder-workspace/Sources/MembraneCore/Budget/ContextBudget.swift:1:8: error: no such module 'OrderedCollections'
1 | import OrderedCollections
| `- error: no such module 'OrderedCollections'
2 |
3 | public struct ContextBudget: Sendable {
[52/125] Compiling MembraneCore MembraneError.swift
/host/spi-builder-workspace/Sources/MembraneCore/Budget/ContextBudget.swift:1:8: error: no such module 'OrderedCollections'
1 | import OrderedCollections
| `- error: no such module 'OrderedCollections'
2 |
3 | public struct ContextBudget: Sendable {
[53/125] Compiling MembraneCore MembraneCore.swift
/host/spi-builder-workspace/Sources/MembraneCore/Budget/ContextBudget.swift:1:8: error: no such module 'OrderedCollections'
1 | import OrderedCollections
| `- error: no such module 'OrderedCollections'
2 |
3 | public struct ContextBudget: Sendable {
[54/125] Compiling MembraneCore CompressionTier.swift
/host/spi-builder-workspace/Sources/MembraneCore/Budget/ContextBudget.swift:1:8: error: no such module 'OrderedCollections'
1 | import OrderedCollections
| `- error: no such module 'OrderedCollections'
2 |
3 | public struct ContextBudget: Sendable {
[55/125] Compiling MembraneCore ContextMetadata.swift
/host/spi-builder-workspace/Sources/MembraneCore/Budget/ContextBudget.swift:1:8: error: no such module 'OrderedCollections'
1 | import OrderedCollections
| `- error: no such module 'OrderedCollections'
2 |
3 | public struct ContextBudget: Sendable {
[56/125] Compiling MembraneCore ContextPlan.swift
/host/spi-builder-workspace/Sources/MembraneCore/Budget/ContextBudget.swift:1:8: error: no such module 'OrderedCollections'
1 | import OrderedCollections
| `- error: no such module 'OrderedCollections'
2 |
3 | public struct ContextBudget: Sendable {
[57/125] Compiling MembraneCore PassthroughMembraneBackend.swift
/host/spi-builder-workspace/Sources/MembraneCore/Budget/ContextBudget.swift:1:8: error: no such module 'OrderedCollections'
1 | import OrderedCollections
| `- error: no such module 'OrderedCollections'
2 |
3 | public struct ContextBudget: Sendable {
[58/125] Compiling Logging LogEvent.swift
/host/spi-builder-workspace/Sources/MembraneCore/Budget/ContextBudget.swift:1:8: error: no such module 'OrderedCollections'
1 | import OrderedCollections
| `- error: no such module 'OrderedCollections'
2 |
3 | public struct ContextBudget: Sendable {
[59/125] Compiling Logging LogHandler.swift
/host/spi-builder-workspace/Sources/MembraneCore/Budget/ContextBudget.swift:1:8: error: no such module 'OrderedCollections'
1 | import OrderedCollections
| `- error: no such module 'OrderedCollections'
2 |
3 | public struct ContextBudget: Sendable {
[60/125] Compiling Logging LoggingSystem.swift
[61/125] Emitting module SwiftSyntax601
[62/125] Compiling SwiftSyntax601 Empty.swift
[64/126] Emitting module SwiftSyntax600
[65/126] Compiling SwiftSyntax600 Empty.swift
[66/127] Emitting module SwiftSyntax602
[67/127] Compiling SwiftSyntax602 Empty.swift
[68/128] Compiling Logging Logger+With.swift
[71/128] Compiling Logging Logger.swift
[72/128] Compiling Logging Logger+Attributes.swift
[75/128] Emitting module SwiftSyntax509
[76/128] Compiling SwiftSyntax509 Empty.swift
[77/129] Emitting module SwiftSyntax510
[78/129] Compiling SwiftSyntax510 Empty.swift
[79/188] Wrapping AST for SwiftSyntax602 for debugging
[81/192] Wrapping AST for SwiftSyntax601 for debugging
[82/192] Wrapping AST for SwiftSyntax509 for debugging
[83/192] Wrapping AST for SwiftSyntax600 for debugging
[85/192] Compiling Logging Logger.swift
[86/192] Compiling Logging Logger+With.swift
[87/192] Compiling Logging LoggingSystem.swift
[88/193] Compiling ContextCoreTypes Errors.swift
[89/193] Compiling ContextCoreTypes BruteForceVectorIndex.swift
[90/193] Compiling Logging MetadataProvider.swift
[91/193] Compiling ContextCoreTypes MemoryChunk.swift
[92/193] Compiling ContextCoreTypes CompressionDelegate.swift
[93/227] Compiling SwiftSyntax BumpPtrAllocator.swift
[94/227] Compiling SwiftSyntax CommonAncestor.swift
[95/233] Compiling Logging Logger+Attributes.swift
[95/257] Wrapping AST for SwiftSyntax510 for debugging
[98/257] Compiling SwiftSyntax AbsolutePosition.swift
/host/spi-builder-workspace/Sources/MembraneCore/Budget/ContextBudget.swift:1:8: error: no such module 'OrderedCollections'
1 | import OrderedCollections
| `- error: no such module 'OrderedCollections'
2 |
3 | public struct ContextBudget: Sendable {
[99/257] Compiling SwiftSyntax AbsoluteSyntaxInfo.swift
/host/spi-builder-workspace/Sources/MembraneCore/Budget/ContextBudget.swift:1:8: error: no such module 'OrderedCollections'
1 | import OrderedCollections
| `- error: no such module 'OrderedCollections'
2 |
3 | public struct ContextBudget: Sendable {
[100/257] Compiling SwiftSyntax ArenaAllocatedBuffer.swift
/host/spi-builder-workspace/Sources/MembraneCore/Budget/ContextBudget.swift:1:8: error: no such module 'OrderedCollections'
1 | import OrderedCollections
| `- error: no such module 'OrderedCollections'
2 |
3 | public struct ContextBudget: Sendable {
[101/257] Emitting module ContextCoreShaders
[101/257] Wrapping AST for Logging for debugging
[103/257] Compiling SwiftSyntax SyntaxCollection.swift
/host/spi-builder-workspace/Sources/HiveCore/Runtime/HiveRuntime.swift:4:8: error: no such module 'Mutex'
2 | // swiftlint:disable file_length
3 | import Foundation
4 | import Mutex
| `- error: no such module 'Mutex'
5 |
6 | /// Attempt kinds multiplexed through the shared per-thread enqueue path.
[104/257] Compiling SwiftSyntax SyntaxHashable.swift
/host/spi-builder-workspace/Sources/HiveCore/Runtime/HiveRuntime.swift:4:8: error: no such module 'Mutex'
2 | // swiftlint:disable file_length
3 | import Foundation
4 | import Mutex
| `- error: no such module 'Mutex'
5 |
6 | /// Attempt kinds multiplexed through the shared per-thread enqueue path.
[105/257] Compiling SwiftSyntax SyntaxIdentifier.swift
/host/spi-builder-workspace/Sources/HiveCore/Runtime/HiveRuntime.swift:4:8: error: no such module 'Mutex'
2 | // swiftlint:disable file_length
3 | import Foundation
4 | import Mutex
| `- error: no such module 'Mutex'
5 |
6 | /// Attempt kinds multiplexed through the shared per-thread enqueue path.
[106/257] Compiling SwiftSyntax RawSyntaxNodesEF.swift
/host/spi-builder-workspace/Sources/HiveCore/Runtime/HiveRuntime.swift:4:8: error: no such module 'Mutex'
2 | // swiftlint:disable file_length
3 | import Foundation
4 | import Mutex
| `- error: no such module 'Mutex'
5 |
6 | /// Attempt kinds multiplexed through the shared per-thread enqueue path.
[107/257] Compiling SwiftSyntax RawSyntaxNodesGHI.swift
/host/spi-builder-workspace/Sources/HiveCore/Runtime/HiveRuntime.swift:4:8: error: no such module 'Mutex'
2 | // swiftlint:disable file_length
3 | import Foundation
4 | import Mutex
| `- error: no such module 'Mutex'
5 |
6 | /// Attempt kinds multiplexed through the shared per-thread enqueue path.
[108/257] Compiling SwiftSyntax RawSyntaxNodesJKLMN.swift
/host/spi-builder-workspace/Sources/HiveCore/Runtime/HiveRuntime.swift:4:8: error: no such module 'Mutex'
2 | // swiftlint:disable file_length
3 | import Foundation
4 | import Mutex
| `- error: no such module 'Mutex'
5 |
6 | /// Attempt kinds multiplexed through the shared per-thread enqueue path.
/host/spi-builder-workspace/Sources/HiveCore/Runtime/HiveRuntime.swift:4:8: error: no such module 'Mutex'
2 | // swiftlint:disable file_length
3 | import Foundation
4 | import Mutex
| `- error: no such module 'Mutex'
5 |
6 | /// Attempt kinds multiplexed through the shared per-thread enqueue path.
/host/spi-builder-workspace/Sources/HiveCore/Runtime/HiveRuntime.swift:4:8: error: no such module 'Mutex'
2 | // swiftlint:disable file_length
3 | import Foundation
4 | import Mutex
| `- error: no such module 'Mutex'
5 |
6 | /// Attempt kinds multiplexed through the shared per-thread enqueue path.
/host/spi-builder-workspace/Sources/HiveCore/Runtime/HiveRuntime.swift:4:8: error: no such module 'Mutex'
2 | // swiftlint:disable file_length
3 | import Foundation
4 | import Mutex
| `- error: no such module 'Mutex'
5 |
6 | /// Attempt kinds multiplexed through the shared per-thread enqueue path.
[112/263] Compiling SwiftSyntax Assert.swift
/host/spi-builder-workspace/Sources/HiveCore/Runtime/HiveRuntime.swift:4:8: error: no such module 'Mutex'
2 | // swiftlint:disable file_length
3 | import Foundation
4 | import Mutex
| `- error: no such module 'Mutex'
5 |
6 | /// Attempt kinds multiplexed through the shared per-thread enqueue path.
/host/spi-builder-workspace/Sources/HiveCore/Runtime/HiveRuntime.swift:4:8: error: no such module 'Mutex'
2 | // swiftlint:disable file_length
3 | import Foundation
4 | import Mutex
| `- error: no such module 'Mutex'
5 |
6 | /// Attempt kinds multiplexed through the shared per-thread enqueue path.
/host/spi-builder-workspace/Sources/HiveCore/Runtime/HiveRuntime.swift:4:8: error: no such module 'Mutex'
2 | // swiftlint:disable file_length
3 | import Foundation
4 | import Mutex
| `- error: no such module 'Mutex'
5 |
6 | /// Attempt kinds multiplexed through the shared per-thread enqueue path.
[115/263] Compiling SwiftSyntax Convenience.swift
/host/spi-builder-workspace/Sources/HiveCore/Runtime/HiveRuntime.swift:4:8: error: no such module 'Mutex'
2 | // swiftlint:disable file_length
3 | import Foundation
4 | import Mutex
| `- error: no such module 'Mutex'
5 |
6 | /// Attempt kinds multiplexed through the shared per-thread enqueue path.
[116/263] Compiling SwiftSyntax MissingNodeInitializers.swift
/host/spi-builder-workspace/Sources/MembraneCore/Budget/ContextBudget.swift:1:8: error: no such module 'OrderedCollections'
1 | import OrderedCollections
| `- error: no such module 'OrderedCollections'
2 |
3 | public struct ContextBudget: Sendable {
[117/263] Compiling SwiftSyntax RawSyntax.swift
/host/spi-builder-workspace/Sources/MembraneCore/Budget/ContextBudget.swift:1:8: error: no such module 'OrderedCollections'
1 | import OrderedCollections
| `- error: no such module 'OrderedCollections'
2 |
3 | public struct ContextBudget: Sendable {
[118/263] Compiling SwiftSyntax Identifier.swift
/host/spi-builder-workspace/Sources/MembraneCore/Budget/ContextBudget.swift:1:8: error: no such module 'OrderedCollections'
1 | import OrderedCollections
| `- error: no such module 'OrderedCollections'
2 |
3 | public struct ContextBudget: Sendable {
[119/263] Compiling SwiftSyntax MemoryLayout.swift
/host/spi-builder-workspace/Sources/MembraneCore/Budget/ContextBudget.swift:1:8: error: no such module 'OrderedCollections'
1 | import OrderedCollections
| `- error: no such module 'OrderedCollections'
2 |
3 | public struct ContextBudget: Sendable {
[122/264] Compiling SwiftSyntax RawSyntaxTokenView.swift
/host/spi-builder-workspace/Sources/MembraneCore/Budget/ContextBudget.swift:1:8: error: no such module 'OrderedCollections'
1 | import OrderedCollections
| `- error: no such module 'OrderedCollections'
2 |
3 | public struct ContextBudget: Sendable {
[123/264] Compiling SwiftSyntax SourceEdit.swift
/host/spi-builder-workspace/Sources/MembraneCore/Budget/ContextBudget.swift:1:8: error: no such module 'OrderedCollections'
1 | import OrderedCollections
| `- error: no such module 'OrderedCollections'
2 |
3 | public struct ContextBudget: Sendable {
[124/264] Compiling ContextCoreShaders ContextCoreShaders.swift
[125/264] Compiling ContextCoreShaders resource_bundle_accessor.swift
error: cancelled
BUILD FAILURE 6.3 wasm