Build Information
Failed to build MetaRouter, reference v1.7.0 (242e0e), with Swift 6.2 for watchOS using Xcode 26.3 on 29 Sep 2026 03:56:57 UTC.
Build Command
env DEVELOPER_DIR=/Applications/Xcode-26.3.0.app xcrun xcodebuild -IDEClonedSourcePackagesDirPathOverride=$PWD/.dependencies -skipMacroValidation -skipPackagePluginValidation -derivedDataPath $PWD/.derivedData build -scheme MetaRouter -destination generic/platform=watchOSBuild Log
========================================
RunAll
========================================
Builder version: 5.1.0
Interrupt handler set up.
========================================
Checkout
========================================
Clone URL: https://github.com/metarouterio/ios-sdk.git
Reference: v1.7.0
Initialized empty Git repository in /Users/admin/builder/spi-builder-workspace/.git/
From https://github.com/metarouterio/ios-sdk
* tag v1.7.0 -> FETCH_HEAD
HEAD is now at 242e0e0 chore: v1.7.0 (#60)
Cloned https://github.com/metarouterio/ios-sdk.git
Revision (git rev-parse @):
242e0e0c803dba276d08c1a5758248108aa12e10
SUCCESS checkout https://github.com/metarouterio/ios-sdk.git at v1.7.0
========================================
Build
========================================
Selected platform: watchOS
Swift version: 6.2
Building package at path: $PWD
https://github.com/metarouterio/ios-sdk.git
Command line invocation:
/Applications/Xcode-26.3.0.app/Contents/Developer/usr/bin/xcodebuild -IDEClonedSourcePackagesDirPathOverride=/Users/admin/builder/spi-builder-workspace/.dependencies -resolvePackageDependencies
Resolve Package Graph
Resolve Package Graph
Resolved source packages:
MetaRouter: /Users/admin/builder/spi-builder-workspace
resolved source packages: MetaRouter
2026-09-28 23:56:29.972 xcodebuild[538:3102] [MT] IDERunDestination: Supported platforms for the buildables in the current scheme is empty.
{
"dependencies" : [
],
"manifest_display_name" : "MetaRouter",
"name" : "MetaRouter",
"path" : "/Users/admin/builder/spi-builder-workspace",
"platforms" : [
{
"name" : "ios",
"version" : "15.0"
},
{
"name" : "macos",
"version" : "12.0"
}
],
"products" : [
{
"name" : "MetaRouter",
"targets" : [
"MetaRouter"
],
"type" : {
"library" : [
"automatic"
]
}
}
],
"targets" : [
{
"c99name" : "MetaRouterTests",
"module_type" : "SwiftTarget",
"name" : "MetaRouterTests",
"path" : "Tests/MetaRouterTests",
"sources" : [
"AnalyticsClientTests.swift",
"AnalyticsProxyTests.swift",
"AppLifecycleEventIntegrationTests.swift",
"CircuitBreakerTests.swift",
"CodableValueLoggingTests.swift",
"CodableValueTests.swift",
"CompilationTests.swift",
"ContextProviderTests.swift",
"DebouncedNetworkMonitorTests.swift",
"DiskStorageTests.swift",
"DispatcherTests.swift",
"EventEnrichmentTests.swift",
"EventQueueTests.swift",
"Helpers/TestHelpers.swift",
"IdentityManagerTests.swift",
"IdentityStorageTests.swift",
"InitOptionsTests.swift",
"LifecycleEventEmitterTests.swift",
"LifecycleStorageTests.swift",
"LoggerTests.swift",
"MetaRouterIntegrationTests.swift",
"MetaRouterTests.swift",
"NetworkClientTests.swift",
"NetworkMonitorTests.swift",
"PersistentEventQueueTests.swift",
"QueueSnapshotTests.swift",
"SessionEnrichmentTests.swift",
"SessionIntegrationTests.swift",
"SessionManagerTests.swift",
"SessionStorageTests.swift",
"webview/BridgeDedupStoreTests.swift",
"webview/BridgeEnvelopeParserTests.swift",
"webview/BridgeEventPlumbingTests.swift",
"webview/BridgeMessageProcessorTests.swift",
"webview/BridgeReplyTests.swift",
"webview/BridgeWrapperScriptTests.swift",
"webview/WebViewBridgeTests.swift"
],
"target_dependencies" : [
"MetaRouter"
],
"type" : "test"
},
{
"c99name" : "MetaRouter",
"module_type" : "SwiftTarget",
"name" : "MetaRouter",
"path" : "Sources/MetaRouter",
"product_memberships" : [
"MetaRouter"
],
"sources" : [
"MetaRouter.swift",
"Version.swift",
"analytics/AnalyticsClient.swift",
"analytics/AnalyticsInterface.swift",
"analytics/AnalyticsProxy.swift",
"analytics/CodableValue.swift",
"analytics/InitOptions.swift",
"analytics/RealClientStore.swift",
"context/DeviceContextProvider.swift",
"enrichment/EventEnrichment.swift",
"identity/IdentityManager.swift",
"identity/IdentityStorage.swift",
"lifecycle/AppForegroundState.swift",
"lifecycle/LifecycleCoordinator.swift",
"lifecycle/LifecycleEventEmitter.swift",
"network/CircuitBreaker.swift",
"network/DebouncedNetworkMonitor.swift",
"network/Dispatcher.swift",
"network/NetworkClient.swift",
"network/NetworkMonitor.swift",
"queue/DiskStorage.swift",
"queue/EventQueue.swift",
"queue/PersistentEventQueue.swift",
"queue/QueueSnapshot.swift",
"session/SessionManager.swift",
"session/SessionStorage.swift",
"types/Event.swift",
"types/EventContext.swift",
"types/LifecycleState.swift",
"utils/AppLifecycleObserver.swift",
"utils/AsyncMutex.swift",
"utils/DateFormatters.swift",
"utils/LifecycleStorage.swift",
"utils/Logger.swift",
"utils/LoopbackHost.swift",
"utils/MessageIdGenerator.swift",
"utils/MonotonicClock.swift",
"webview/BridgeDedupStore.swift",
"webview/BridgeEnvelope.swift",
"webview/BridgeEnvelopeParser.swift",
"webview/BridgeMessageProcessor.swift",
"webview/BridgeReply.swift",
"webview/BridgeWrapperScript.swift",
"webview/WebViewBridge.swift"
],
"type" : "library"
}
],
"tools_version" : "6.1"
}
{
"workspace" : {
"name" : "spi-builder-workspace",
"schemes" : [
"MetaRouter"
]
}
}
2026-09-28 23:56:48.682 xcodebuild[670:4193] [MT] IDERunDestination: Supported platforms for the buildables in the current scheme is empty.
Running build ...
env DEVELOPER_DIR=/Applications/Xcode-26.3.0.app xcrun xcodebuild -IDEClonedSourcePackagesDirPathOverride=$PWD/.dependencies -skipMacroValidation -skipPackagePluginValidation -derivedDataPath $PWD/.derivedData build -scheme MetaRouter -destination generic/platform=watchOS
Command line invocation:
/Applications/Xcode-26.3.0.app/Contents/Developer/usr/bin/xcodebuild -IDEClonedSourcePackagesDirPathOverride=/Users/admin/builder/spi-builder-workspace/.dependencies -skipMacroValidation -skipPackagePluginValidation -derivedDataPath /Users/admin/builder/spi-builder-workspace/.derivedData build -scheme MetaRouter -destination generic/platform=watchOS
Resolve Package Graph
Resolved source packages:
MetaRouter: /Users/admin/builder/spi-builder-workspace
ComputePackagePrebuildTargetDependencyGraph
Prepare packages
CreateBuildRequest
SendProjectDescription
CreateBuildOperation
ComputeTargetDependencyGraph
note: Building targets in dependency order
note: Target dependency graph (2 targets)
Target 'MetaRouter' in project 'MetaRouter'
➜ Explicit dependency on target 'MetaRouter' in project 'MetaRouter'
Target 'MetaRouter' in project 'MetaRouter' (no dependencies)
GatherProvisioningInputs
CreateBuildDescription
ExecuteExternalTool /Applications/Xcode-26.3.0.app/Contents/Developer/Toolchains/XcodeDefault.xctoolchain/usr/bin/clang -v -E -dM -isysroot /Applications/Xcode-26.3.0.app/Contents/Developer/Platforms/WatchOS.platform/Developer/SDKs/WatchOS26.2.sdk -x c -c /dev/null
ExecuteExternalTool /Applications/Xcode-26.3.0.app/Contents/Developer/Toolchains/XcodeDefault.xctoolchain/usr/bin/swiftc --version
ExecuteExternalTool /Applications/Xcode-26.3.0.app/Contents/Developer/Toolchains/XcodeDefault.xctoolchain/usr/bin/ld -version_details
Build description signature: e606a8d927e6dc81cc4a61eb7b09a880
Build description path: /Users/admin/builder/spi-builder-workspace/.derivedData/Build/Intermediates.noindex/XCBuildData/e606a8d927e6dc81cc4a61eb7b09a880.xcbuilddata
ClangStatCache /Applications/Xcode-26.3.0.app/Contents/Developer/Toolchains/XcodeDefault.xctoolchain/usr/bin/clang-stat-cache /Applications/Xcode-26.3.0.app/Contents/Developer/Platforms/WatchOS.platform/Developer/SDKs/WatchOS26.2.sdk /Users/admin/builder/spi-builder-workspace/.derivedData/SDKStatCaches.noindex/watchos26.2-23S303-dc75598d0054f22ec865fa860f139d721753b489057de6bda919edfa1c59a62b.sdkstatcache
cd /Users/admin/builder/spi-builder-workspace/.swiftpm/xcode
/Applications/Xcode-26.3.0.app/Contents/Developer/Toolchains/XcodeDefault.xctoolchain/usr/bin/clang-stat-cache /Applications/Xcode-26.3.0.app/Contents/Developer/Platforms/WatchOS.platform/Developer/SDKs/WatchOS26.2.sdk -o /Users/admin/builder/spi-builder-workspace/.derivedData/SDKStatCaches.noindex/watchos26.2-23S303-dc75598d0054f22ec865fa860f139d721753b489057de6bda919edfa1c59a62b.sdkstatcache
CreateBuildDirectory /Users/admin/builder/spi-builder-workspace/.derivedData/Build/Products
cd /Users/admin/builder/spi-builder-workspace/.swiftpm/xcode
builtin-create-build-directory /Users/admin/builder/spi-builder-workspace/.derivedData/Build/Products
CreateBuildDirectory /Users/admin/builder/spi-builder-workspace/.derivedData/Build/Intermediates.noindex
cd /Users/admin/builder/spi-builder-workspace/.swiftpm/xcode
builtin-create-build-directory /Users/admin/builder/spi-builder-workspace/.derivedData/Build/Intermediates.noindex
CreateBuildDirectory /Users/admin/builder/spi-builder-workspace/.derivedData/Build/Intermediates.noindex/ExplicitPrecompiledModules
cd /Users/admin/builder/spi-builder-workspace/.swiftpm/xcode
builtin-create-build-directory /Users/admin/builder/spi-builder-workspace/.derivedData/Build/Intermediates.noindex/ExplicitPrecompiledModules
CreateBuildDirectory /Users/admin/builder/spi-builder-workspace/.derivedData/Build/Intermediates.noindex/SwiftExplicitPrecompiledModules
cd /Users/admin/builder/spi-builder-workspace/.swiftpm/xcode
builtin-create-build-directory /Users/admin/builder/spi-builder-workspace/.derivedData/Build/Intermediates.noindex/SwiftExplicitPrecompiledModules
CreateBuildDirectory /Users/admin/builder/spi-builder-workspace/.derivedData/Build/Intermediates.noindex/EagerLinkingTBDs/Debug-watchos
cd /Users/admin/builder/spi-builder-workspace/.swiftpm/xcode
builtin-create-build-directory /Users/admin/builder/spi-builder-workspace/.derivedData/Build/Intermediates.noindex/EagerLinkingTBDs/Debug-watchos
CreateBuildDirectory /Users/admin/builder/spi-builder-workspace/.derivedData/Build/Products/Debug-watchos
cd /Users/admin/builder/spi-builder-workspace/.swiftpm/xcode
builtin-create-build-directory /Users/admin/builder/spi-builder-workspace/.derivedData/Build/Products/Debug-watchos
CreateBuildDirectory /Users/admin/builder/spi-builder-workspace/.derivedData/Build/Products/Debug-watchos/PackageFrameworks
cd /Users/admin/builder/spi-builder-workspace/.swiftpm/xcode
builtin-create-build-directory /Users/admin/builder/spi-builder-workspace/.derivedData/Build/Products/Debug-watchos/PackageFrameworks
WriteAuxiliaryFile /Users/admin/builder/spi-builder-workspace/.derivedData/Build/Intermediates.noindex/MetaRouter.build/Debug-watchos/MetaRouter.build/MetaRouter.modulemap (in target 'MetaRouter' from project 'MetaRouter')
cd /Users/admin/builder/spi-builder-workspace
write-file /Users/admin/builder/spi-builder-workspace/.derivedData/Build/Intermediates.noindex/MetaRouter.build/Debug-watchos/MetaRouter.build/MetaRouter.modulemap
WriteAuxiliaryFile /Users/admin/builder/spi-builder-workspace/.derivedData/Build/Intermediates.noindex/MetaRouter.build/Debug-watchos/MetaRouter.build/Objects-normal/armv7k/MetaRouter_const_extract_protocols.json (in target 'MetaRouter' from project 'MetaRouter')
cd /Users/admin/builder/spi-builder-workspace
write-file /Users/admin/builder/spi-builder-workspace/.derivedData/Build/Intermediates.noindex/MetaRouter.build/Debug-watchos/MetaRouter.build/Objects-normal/armv7k/MetaRouter_const_extract_protocols.json
WriteAuxiliaryFile /Users/admin/builder/spi-builder-workspace/.derivedData/Build/Intermediates.noindex/MetaRouter.build/Debug-watchos/MetaRouter.build/Objects-normal/armv7k/MetaRouter-OutputFileMap.json (in target 'MetaRouter' from project 'MetaRouter')
cd /Users/admin/builder/spi-builder-workspace
write-file /Users/admin/builder/spi-builder-workspace/.derivedData/Build/Intermediates.noindex/MetaRouter.build/Debug-watchos/MetaRouter.build/Objects-normal/armv7k/MetaRouter-OutputFileMap.json
WriteAuxiliaryFile /Users/admin/builder/spi-builder-workspace/.derivedData/Build/Intermediates.noindex/MetaRouter.build/Debug-watchos/MetaRouter.build/Objects-normal/armv7k/MetaRouter.SwiftFileList (in target 'MetaRouter' from project 'MetaRouter')
cd /Users/admin/builder/spi-builder-workspace
write-file /Users/admin/builder/spi-builder-workspace/.derivedData/Build/Intermediates.noindex/MetaRouter.build/Debug-watchos/MetaRouter.build/Objects-normal/armv7k/MetaRouter.SwiftFileList
WriteAuxiliaryFile /Users/admin/builder/spi-builder-workspace/.derivedData/Build/Intermediates.noindex/MetaRouter.build/Debug-watchos/MetaRouter.build/Objects-normal/arm64_32/MetaRouter_const_extract_protocols.json (in target 'MetaRouter' from project 'MetaRouter')
cd /Users/admin/builder/spi-builder-workspace
write-file /Users/admin/builder/spi-builder-workspace/.derivedData/Build/Intermediates.noindex/MetaRouter.build/Debug-watchos/MetaRouter.build/Objects-normal/arm64_32/MetaRouter_const_extract_protocols.json
WriteAuxiliaryFile /Users/admin/builder/spi-builder-workspace/.derivedData/Build/Intermediates.noindex/MetaRouter.build/Debug-watchos/MetaRouter.build/Objects-normal/arm64_32/MetaRouter.SwiftFileList (in target 'MetaRouter' from project 'MetaRouter')
cd /Users/admin/builder/spi-builder-workspace
write-file /Users/admin/builder/spi-builder-workspace/.derivedData/Build/Intermediates.noindex/MetaRouter.build/Debug-watchos/MetaRouter.build/Objects-normal/arm64_32/MetaRouter.SwiftFileList
WriteAuxiliaryFile /Users/admin/builder/spi-builder-workspace/.derivedData/Build/Intermediates.noindex/MetaRouter.build/Debug-watchos/MetaRouter.build/Objects-normal/armv7k/MetaRouter.LinkFileList (in target 'MetaRouter' from project 'MetaRouter')
cd /Users/admin/builder/spi-builder-workspace
write-file /Users/admin/builder/spi-builder-workspace/.derivedData/Build/Intermediates.noindex/MetaRouter.build/Debug-watchos/MetaRouter.build/Objects-normal/armv7k/MetaRouter.LinkFileList
WriteAuxiliaryFile /Users/admin/builder/spi-builder-workspace/.derivedData/Build/Intermediates.noindex/MetaRouter.build/Debug-watchos/MetaRouter.build/Objects-normal/armv7k/MetaRouter.SwiftConstValuesFileList (in target 'MetaRouter' from project 'MetaRouter')
cd /Users/admin/builder/spi-builder-workspace
write-file /Users/admin/builder/spi-builder-workspace/.derivedData/Build/Intermediates.noindex/MetaRouter.build/Debug-watchos/MetaRouter.build/Objects-normal/armv7k/MetaRouter.SwiftConstValuesFileList
WriteAuxiliaryFile /Users/admin/builder/spi-builder-workspace/.derivedData/Build/Intermediates.noindex/MetaRouter.build/Debug-watchos/MetaRouter.build/Objects-normal/arm64_32/MetaRouter.LinkFileList (in target 'MetaRouter' from project 'MetaRouter')
cd /Users/admin/builder/spi-builder-workspace
write-file /Users/admin/builder/spi-builder-workspace/.derivedData/Build/Intermediates.noindex/MetaRouter.build/Debug-watchos/MetaRouter.build/Objects-normal/arm64_32/MetaRouter.LinkFileList
WriteAuxiliaryFile /Users/admin/builder/spi-builder-workspace/.derivedData/Build/Intermediates.noindex/MetaRouter.build/Debug-watchos/MetaRouter.build/Objects-normal/arm64_32/MetaRouter.SwiftConstValuesFileList (in target 'MetaRouter' from project 'MetaRouter')
cd /Users/admin/builder/spi-builder-workspace
write-file /Users/admin/builder/spi-builder-workspace/.derivedData/Build/Intermediates.noindex/MetaRouter.build/Debug-watchos/MetaRouter.build/Objects-normal/arm64_32/MetaRouter.SwiftConstValuesFileList
WriteAuxiliaryFile /Users/admin/builder/spi-builder-workspace/.derivedData/Build/Intermediates.noindex/MetaRouter.build/Debug-watchos/MetaRouter.build/Objects-normal/arm64_32/MetaRouter-OutputFileMap.json (in target 'MetaRouter' from project 'MetaRouter')
cd /Users/admin/builder/spi-builder-workspace
write-file /Users/admin/builder/spi-builder-workspace/.derivedData/Build/Intermediates.noindex/MetaRouter.build/Debug-watchos/MetaRouter.build/Objects-normal/arm64_32/MetaRouter-OutputFileMap.json
WriteAuxiliaryFile /Users/admin/builder/spi-builder-workspace/.derivedData/Build/Intermediates.noindex/MetaRouter.build/Debug-watchos/MetaRouter.build/Objects-normal/arm64/MetaRouter.SwiftFileList (in target 'MetaRouter' from project 'MetaRouter')
cd /Users/admin/builder/spi-builder-workspace
write-file /Users/admin/builder/spi-builder-workspace/.derivedData/Build/Intermediates.noindex/MetaRouter.build/Debug-watchos/MetaRouter.build/Objects-normal/arm64/MetaRouter.SwiftFileList
WriteAuxiliaryFile /Users/admin/builder/spi-builder-workspace/.derivedData/Build/Intermediates.noindex/MetaRouter.build/Debug-watchos/MetaRouter.build/Objects-normal/arm64/MetaRouter_const_extract_protocols.json (in target 'MetaRouter' from project 'MetaRouter')
cd /Users/admin/builder/spi-builder-workspace
write-file /Users/admin/builder/spi-builder-workspace/.derivedData/Build/Intermediates.noindex/MetaRouter.build/Debug-watchos/MetaRouter.build/Objects-normal/arm64/MetaRouter_const_extract_protocols.json
WriteAuxiliaryFile /Users/admin/builder/spi-builder-workspace/.derivedData/Build/Intermediates.noindex/MetaRouter.build/Debug-watchos/MetaRouter.build/Objects-normal/arm64/MetaRouter.SwiftConstValuesFileList (in target 'MetaRouter' from project 'MetaRouter')
cd /Users/admin/builder/spi-builder-workspace
write-file /Users/admin/builder/spi-builder-workspace/.derivedData/Build/Intermediates.noindex/MetaRouter.build/Debug-watchos/MetaRouter.build/Objects-normal/arm64/MetaRouter.SwiftConstValuesFileList
WriteAuxiliaryFile /Users/admin/builder/spi-builder-workspace/.derivedData/Build/Intermediates.noindex/MetaRouter.build/Debug-watchos/MetaRouter.build/Objects-normal/arm64/MetaRouter.LinkFileList (in target 'MetaRouter' from project 'MetaRouter')
cd /Users/admin/builder/spi-builder-workspace
write-file /Users/admin/builder/spi-builder-workspace/.derivedData/Build/Intermediates.noindex/MetaRouter.build/Debug-watchos/MetaRouter.build/Objects-normal/arm64/MetaRouter.LinkFileList
WriteAuxiliaryFile /Users/admin/builder/spi-builder-workspace/.derivedData/Build/Intermediates.noindex/MetaRouter.build/Debug-watchos/MetaRouter.build/Objects-normal/arm64/MetaRouter-OutputFileMap.json (in target 'MetaRouter' from project 'MetaRouter')
cd /Users/admin/builder/spi-builder-workspace
write-file /Users/admin/builder/spi-builder-workspace/.derivedData/Build/Intermediates.noindex/MetaRouter.build/Debug-watchos/MetaRouter.build/Objects-normal/arm64/MetaRouter-OutputFileMap.json
WriteAuxiliaryFile /Users/admin/builder/spi-builder-workspace/.derivedData/Build/Intermediates.noindex/MetaRouter.build/Debug-watchos/MetaRouter.build/MetaRouter.DependencyStaticMetadataFileList (in target 'MetaRouter' from project 'MetaRouter')
cd /Users/admin/builder/spi-builder-workspace
write-file /Users/admin/builder/spi-builder-workspace/.derivedData/Build/Intermediates.noindex/MetaRouter.build/Debug-watchos/MetaRouter.build/MetaRouter.DependencyStaticMetadataFileList
WriteAuxiliaryFile /Users/admin/builder/spi-builder-workspace/.derivedData/Build/Intermediates.noindex/MetaRouter.build/Debug-watchos/MetaRouter.build/MetaRouter.DependencyMetadataFileList (in target 'MetaRouter' from project 'MetaRouter')
cd /Users/admin/builder/spi-builder-workspace
write-file /Users/admin/builder/spi-builder-workspace/.derivedData/Build/Intermediates.noindex/MetaRouter.build/Debug-watchos/MetaRouter.build/MetaRouter.DependencyMetadataFileList
Copy /Users/admin/builder/spi-builder-workspace/.derivedData/Build/Intermediates.noindex/GeneratedModuleMaps-watchos/MetaRouter.modulemap /Users/admin/builder/spi-builder-workspace/.derivedData/Build/Intermediates.noindex/MetaRouter.build/Debug-watchos/MetaRouter.build/MetaRouter.modulemap (in target 'MetaRouter' from project 'MetaRouter')
cd /Users/admin/builder/spi-builder-workspace
builtin-copy -exclude .DS_Store -exclude CVS -exclude .svn -exclude .git -exclude .hg -resolve-src-symlinks /Users/admin/builder/spi-builder-workspace/.derivedData/Build/Intermediates.noindex/MetaRouter.build/Debug-watchos/MetaRouter.build/MetaRouter.modulemap /Users/admin/builder/spi-builder-workspace/.derivedData/Build/Intermediates.noindex/GeneratedModuleMaps-watchos
SwiftDriver MetaRouter normal arm64_32 com.apple.xcode.tools.swift.compiler (in target 'MetaRouter' from project 'MetaRouter')
cd /Users/admin/builder/spi-builder-workspace/.swiftpm/xcode
builtin-SwiftDriver -- /Applications/Xcode-26.3.0.app/Contents/Developer/Toolchains/XcodeDefault.xctoolchain/usr/bin/swiftc -module-name MetaRouter -Onone -enforce-exclusivity\=checked @/Users/admin/builder/spi-builder-workspace/.derivedData/Build/Intermediates.noindex/MetaRouter.build/Debug-watchos/MetaRouter.build/Objects-normal/arm64_32/MetaRouter.SwiftFileList -DSWIFT_PACKAGE -DDEBUG -DSWIFT_MODULE_RESOURCE_BUNDLE_UNAVAILABLE -DXcode -plugin-path /Applications/Xcode-26.3.0.app/Contents/Developer/Toolchains/XcodeDefault.xctoolchain/usr/lib/swift/host/plugins/testing -enable-experimental-feature DebugDescriptionMacro -sdk /Applications/Xcode-26.3.0.app/Contents/Developer/Platforms/WatchOS.platform/Developer/SDKs/WatchOS26.2.sdk -target arm64_32-apple-watchos8.0 -g -module-cache-path /Users/admin/builder/spi-builder-workspace/.derivedData/ModuleCache.noindex -Xfrontend -serialize-debugging-options -profile-coverage-mapping -profile-generate -enable-testing -index-store-path /Users/admin/builder/spi-builder-workspace/.derivedData/Index.noindex/DataStore -Xcc -D_LIBCPP_HARDENING_MODE\=_LIBCPP_HARDENING_MODE_DEBUG -swift-version 6 -I /Users/admin/builder/spi-builder-workspace/.derivedData/Build/Products/Debug-watchos -Isystem /Applications/Xcode-26.3.0.app/Contents/Developer/Platforms/WatchOS.platform/Developer/usr/lib -F /Users/admin/builder/spi-builder-workspace/.derivedData/Build/Products/Debug-watchos -F /Applications/Xcode-26.3.0.app/Contents/Developer/Platforms/WatchOS.platform/Developer/Library/Frameworks -F /Applications/Xcode-26.3.0.app/Contents/Developer/Platforms/WatchOS.platform/Developer/SDKs/WatchOS26.2.sdk/Developer/Library/Frameworks -c -j10 -enable-batch-mode -incremental -Xcc -ivfsstatcache -Xcc /Users/admin/builder/spi-builder-workspace/.derivedData/SDKStatCaches.noindex/watchos26.2-23S303-dc75598d0054f22ec865fa860f139d721753b489057de6bda919edfa1c59a62b.sdkstatcache -output-file-map /Users/admin/builder/spi-builder-workspace/.derivedData/Build/Intermediates.noindex/MetaRouter.build/Debug-watchos/MetaRouter.build/Objects-normal/arm64_32/MetaRouter-OutputFileMap.json -use-frontend-parseable-output -save-temps -no-color-diagnostics -explicit-module-build -module-cache-path /Users/admin/builder/spi-builder-workspace/.derivedData/Build/Intermediates.noindex/SwiftExplicitPrecompiledModules -clang-scanner-module-cache-path /Users/admin/builder/spi-builder-workspace/.derivedData/ModuleCache.noindex -sdk-module-cache-path /Users/admin/builder/spi-builder-workspace/.derivedData/ModuleCache.noindex -serialize-diagnostics -emit-dependencies -emit-module -emit-module-path /Users/admin/builder/spi-builder-workspace/.derivedData/Build/Intermediates.noindex/MetaRouter.build/Debug-watchos/MetaRouter.build/Objects-normal/arm64_32/MetaRouter.swiftmodule -validate-clang-modules-once -clang-build-session-file /Users/admin/builder/spi-builder-workspace/.derivedData/ModuleCache.noindex/Session.modulevalidation -package-name spi_builder_workspace -Xcc -I/Users/admin/builder/spi-builder-workspace/.derivedData/Build/Intermediates.noindex/MetaRouter.build/Debug-watchos/MetaRouter.build/swift-overrides.hmap -emit-const-values -Xfrontend -const-gather-protocols-file -Xfrontend /Users/admin/builder/spi-builder-workspace/.derivedData/Build/Intermediates.noindex/MetaRouter.build/Debug-watchos/MetaRouter.build/Objects-normal/arm64_32/MetaRouter_const_extract_protocols.json -Xcc -I/Users/admin/builder/spi-builder-workspace/.derivedData/Build/Products/Debug-watchos/include -Xcc -I/Users/admin/builder/spi-builder-workspace/.derivedData/Build/Intermediates.noindex/MetaRouter.build/Debug-watchos/MetaRouter.build/DerivedSources-normal/arm64_32 -Xcc -I/Users/admin/builder/spi-builder-workspace/.derivedData/Build/Intermediates.noindex/MetaRouter.build/Debug-watchos/MetaRouter.build/DerivedSources/arm64_32 -Xcc -I/Users/admin/builder/spi-builder-workspace/.derivedData/Build/Intermediates.noindex/MetaRouter.build/Debug-watchos/MetaRouter.build/DerivedSources -Xcc -DSWIFT_PACKAGE -Xcc -DDEBUG\=1 -emit-objc-header -emit-objc-header-path /Users/admin/builder/spi-builder-workspace/.derivedData/Build/Intermediates.noindex/MetaRouter.build/Debug-watchos/MetaRouter.build/Objects-normal/arm64_32/MetaRouter-Swift.h -working-directory /Users/admin/builder/spi-builder-workspace/.swiftpm/xcode -experimental-emit-module-separately -disable-cmo
/Users/admin/builder/spi-builder-workspace/Sources/MetaRouter/analytics/AnalyticsClient.swift:2:8: error: Unable to find module dependency: 'WebKit'
import WebKit
^ (in target 'MetaRouter' from project 'MetaRouter')
/Users/admin/builder/spi-builder-workspace/Sources/MetaRouter/analytics/AnalyticsClient.swift:2:8: note: A dependency of main module 'MetaRouter'
import WebKit
^ (in target 'MetaRouter' from project 'MetaRouter')
/Users/admin/builder/spi-builder-workspace/Sources/MetaRouter/analytics/AnalyticsInterface.swift:2:8: note: Also imported here
import WebKit
^ (in target 'MetaRouter' from project 'MetaRouter')
/Users/admin/builder/spi-builder-workspace/Sources/MetaRouter/analytics/AnalyticsProxy.swift:2:8: note: Also imported here
import WebKit
^ (in target 'MetaRouter' from project 'MetaRouter')
/Users/admin/builder/spi-builder-workspace/Sources/MetaRouter/webview/WebViewBridge.swift:2:8: note: Also imported here
import WebKit
^ (in target 'MetaRouter' from project 'MetaRouter')
SwiftDriver MetaRouter normal armv7k com.apple.xcode.tools.swift.compiler (in target 'MetaRouter' from project 'MetaRouter')
cd /Users/admin/builder/spi-builder-workspace/.swiftpm/xcode
builtin-SwiftDriver -- /Applications/Xcode-26.3.0.app/Contents/Developer/Toolchains/XcodeDefault.xctoolchain/usr/bin/swiftc -module-name MetaRouter -Onone -enforce-exclusivity\=checked @/Users/admin/builder/spi-builder-workspace/.derivedData/Build/Intermediates.noindex/MetaRouter.build/Debug-watchos/MetaRouter.build/Objects-normal/armv7k/MetaRouter.SwiftFileList -DSWIFT_PACKAGE -DDEBUG -DSWIFT_MODULE_RESOURCE_BUNDLE_UNAVAILABLE -DXcode -plugin-path /Applications/Xcode-26.3.0.app/Contents/Developer/Toolchains/XcodeDefault.xctoolchain/usr/lib/swift/host/plugins/testing -enable-experimental-feature DebugDescriptionMacro -sdk /Applications/Xcode-26.3.0.app/Contents/Developer/Platforms/WatchOS.platform/Developer/SDKs/WatchOS26.2.sdk -target armv7k-apple-watchos8.0 -g -module-cache-path /Users/admin/builder/spi-builder-workspace/.derivedData/ModuleCache.noindex -Xfrontend -serialize-debugging-options -profile-coverage-mapping -profile-generate -enable-testing -index-store-path /Users/admin/builder/spi-builder-workspace/.derivedData/Index.noindex/DataStore -Xcc -D_LIBCPP_HARDENING_MODE\=_LIBCPP_HARDENING_MODE_DEBUG -swift-version 6 -I /Users/admin/builder/spi-builder-workspace/.derivedData/Build/Products/Debug-watchos -Isystem /Applications/Xcode-26.3.0.app/Contents/Developer/Platforms/WatchOS.platform/Developer/usr/lib -F /Users/admin/builder/spi-builder-workspace/.derivedData/Build/Products/Debug-watchos -F /Applications/Xcode-26.3.0.app/Contents/Developer/Platforms/WatchOS.platform/Developer/Library/Frameworks -F /Applications/Xcode-26.3.0.app/Contents/Developer/Platforms/WatchOS.platform/Developer/SDKs/WatchOS26.2.sdk/Developer/Library/Frameworks -c -j10 -enable-batch-mode -incremental -Xcc -ivfsstatcache -Xcc /Users/admin/builder/spi-builder-workspace/.derivedData/SDKStatCaches.noindex/watchos26.2-23S303-dc75598d0054f22ec865fa860f139d721753b489057de6bda919edfa1c59a62b.sdkstatcache -output-file-map /Users/admin/builder/spi-builder-workspace/.derivedData/Build/Intermediates.noindex/MetaRouter.build/Debug-watchos/MetaRouter.build/Objects-normal/armv7k/MetaRouter-OutputFileMap.json -use-frontend-parseable-output -save-temps -no-color-diagnostics -explicit-module-build -module-cache-path /Users/admin/builder/spi-builder-workspace/.derivedData/Build/Intermediates.noindex/SwiftExplicitPrecompiledModules -clang-scanner-module-cache-path /Users/admin/builder/spi-builder-workspace/.derivedData/ModuleCache.noindex -sdk-module-cache-path /Users/admin/builder/spi-builder-workspace/.derivedData/ModuleCache.noindex -serialize-diagnostics -emit-dependencies -emit-module -emit-module-path /Users/admin/builder/spi-builder-workspace/.derivedData/Build/Intermediates.noindex/MetaRouter.build/Debug-watchos/MetaRouter.build/Objects-normal/armv7k/MetaRouter.swiftmodule -validate-clang-modules-once -clang-build-session-file /Users/admin/builder/spi-builder-workspace/.derivedData/ModuleCache.noindex/Session.modulevalidation -package-name spi_builder_workspace -Xcc -I/Users/admin/builder/spi-builder-workspace/.derivedData/Build/Intermediates.noindex/MetaRouter.build/Debug-watchos/MetaRouter.build/swift-overrides.hmap -emit-const-values -Xfrontend -const-gather-protocols-file -Xfrontend /Users/admin/builder/spi-builder-workspace/.derivedData/Build/Intermediates.noindex/MetaRouter.build/Debug-watchos/MetaRouter.build/Objects-normal/armv7k/MetaRouter_const_extract_protocols.json -Xcc -I/Users/admin/builder/spi-builder-workspace/.derivedData/Build/Products/Debug-watchos/include -Xcc -I/Users/admin/builder/spi-builder-workspace/.derivedData/Build/Intermediates.noindex/MetaRouter.build/Debug-watchos/MetaRouter.build/DerivedSources-normal/armv7k -Xcc -I/Users/admin/builder/spi-builder-workspace/.derivedData/Build/Intermediates.noindex/MetaRouter.build/Debug-watchos/MetaRouter.build/DerivedSources/armv7k -Xcc -I/Users/admin/builder/spi-builder-workspace/.derivedData/Build/Intermediates.noindex/MetaRouter.build/Debug-watchos/MetaRouter.build/DerivedSources -Xcc -DSWIFT_PACKAGE -Xcc -DDEBUG\=1 -emit-objc-header -emit-objc-header-path /Users/admin/builder/spi-builder-workspace/.derivedData/Build/Intermediates.noindex/MetaRouter.build/Debug-watchos/MetaRouter.build/Objects-normal/armv7k/MetaRouter-Swift.h -working-directory /Users/admin/builder/spi-builder-workspace/.swiftpm/xcode -experimental-emit-module-separately -disable-cmo
/Users/admin/builder/spi-builder-workspace/Sources/MetaRouter/analytics/AnalyticsClient.swift:2:8: error: Unable to find module dependency: 'WebKit'
import WebKit
^ (in target 'MetaRouter' from project 'MetaRouter')
/Users/admin/builder/spi-builder-workspace/Sources/MetaRouter/analytics/AnalyticsClient.swift:2:8: note: A dependency of main module 'MetaRouter'
import WebKit
^ (in target 'MetaRouter' from project 'MetaRouter')
/Users/admin/builder/spi-builder-workspace/Sources/MetaRouter/analytics/AnalyticsInterface.swift:2:8: note: Also imported here
import WebKit
^ (in target 'MetaRouter' from project 'MetaRouter')
/Users/admin/builder/spi-builder-workspace/Sources/MetaRouter/analytics/AnalyticsProxy.swift:2:8: note: Also imported here
import WebKit
^ (in target 'MetaRouter' from project 'MetaRouter')
/Users/admin/builder/spi-builder-workspace/Sources/MetaRouter/webview/WebViewBridge.swift:2:8: note: Also imported here
import WebKit
^ (in target 'MetaRouter' from project 'MetaRouter')
SwiftDriver MetaRouter normal arm64 com.apple.xcode.tools.swift.compiler (in target 'MetaRouter' from project 'MetaRouter')
cd /Users/admin/builder/spi-builder-workspace/.swiftpm/xcode
builtin-SwiftDriver -- /Applications/Xcode-26.3.0.app/Contents/Developer/Toolchains/XcodeDefault.xctoolchain/usr/bin/swiftc -module-name MetaRouter -Onone -enforce-exclusivity\=checked @/Users/admin/builder/spi-builder-workspace/.derivedData/Build/Intermediates.noindex/MetaRouter.build/Debug-watchos/MetaRouter.build/Objects-normal/arm64/MetaRouter.SwiftFileList -DSWIFT_PACKAGE -DDEBUG -DSWIFT_MODULE_RESOURCE_BUNDLE_UNAVAILABLE -DXcode -plugin-path /Applications/Xcode-26.3.0.app/Contents/Developer/Toolchains/XcodeDefault.xctoolchain/usr/lib/swift/host/plugins/testing -enable-experimental-feature DebugDescriptionMacro -sdk /Applications/Xcode-26.3.0.app/Contents/Developer/Platforms/WatchOS.platform/Developer/SDKs/WatchOS26.2.sdk -target arm64-apple-watchos8.0 -g -module-cache-path /Users/admin/builder/spi-builder-workspace/.derivedData/ModuleCache.noindex -Xfrontend -serialize-debugging-options -profile-coverage-mapping -profile-generate -enable-testing -index-store-path /Users/admin/builder/spi-builder-workspace/.derivedData/Index.noindex/DataStore -Xcc -D_LIBCPP_HARDENING_MODE\=_LIBCPP_HARDENING_MODE_DEBUG -swift-version 6 -I /Users/admin/builder/spi-builder-workspace/.derivedData/Build/Products/Debug-watchos -Isystem /Applications/Xcode-26.3.0.app/Contents/Developer/Platforms/WatchOS.platform/Developer/usr/lib -F /Users/admin/builder/spi-builder-workspace/.derivedData/Build/Products/Debug-watchos -F /Applications/Xcode-26.3.0.app/Contents/Developer/Platforms/WatchOS.platform/Developer/Library/Frameworks -F /Applications/Xcode-26.3.0.app/Contents/Developer/Platforms/WatchOS.platform/Developer/SDKs/WatchOS26.2.sdk/Developer/Library/Frameworks -c -j10 -enable-batch-mode -incremental -Xcc -ivfsstatcache -Xcc /Users/admin/builder/spi-builder-workspace/.derivedData/SDKStatCaches.noindex/watchos26.2-23S303-dc75598d0054f22ec865fa860f139d721753b489057de6bda919edfa1c59a62b.sdkstatcache -output-file-map /Users/admin/builder/spi-builder-workspace/.derivedData/Build/Intermediates.noindex/MetaRouter.build/Debug-watchos/MetaRouter.build/Objects-normal/arm64/MetaRouter-OutputFileMap.json -use-frontend-parseable-output -save-temps -no-color-diagnostics -explicit-module-build -module-cache-path /Users/admin/builder/spi-builder-workspace/.derivedData/Build/Intermediates.noindex/SwiftExplicitPrecompiledModules -clang-scanner-module-cache-path /Users/admin/builder/spi-builder-workspace/.derivedData/ModuleCache.noindex -sdk-module-cache-path /Users/admin/builder/spi-builder-workspace/.derivedData/ModuleCache.noindex -serialize-diagnostics -emit-dependencies -emit-module -emit-module-path /Users/admin/builder/spi-builder-workspace/.derivedData/Build/Intermediates.noindex/MetaRouter.build/Debug-watchos/MetaRouter.build/Objects-normal/arm64/MetaRouter.swiftmodule -validate-clang-modules-once -clang-build-session-file /Users/admin/builder/spi-builder-workspace/.derivedData/ModuleCache.noindex/Session.modulevalidation -package-name spi_builder_workspace -Xcc -I/Users/admin/builder/spi-builder-workspace/.derivedData/Build/Intermediates.noindex/MetaRouter.build/Debug-watchos/MetaRouter.build/swift-overrides.hmap -emit-const-values -Xfrontend -const-gather-protocols-file -Xfrontend /Users/admin/builder/spi-builder-workspace/.derivedData/Build/Intermediates.noindex/MetaRouter.build/Debug-watchos/MetaRouter.build/Objects-normal/arm64/MetaRouter_const_extract_protocols.json -Xcc -I/Users/admin/builder/spi-builder-workspace/.derivedData/Build/Products/Debug-watchos/include -Xcc -I/Users/admin/builder/spi-builder-workspace/.derivedData/Build/Intermediates.noindex/MetaRouter.build/Debug-watchos/MetaRouter.build/DerivedSources-normal/arm64 -Xcc -I/Users/admin/builder/spi-builder-workspace/.derivedData/Build/Intermediates.noindex/MetaRouter.build/Debug-watchos/MetaRouter.build/DerivedSources/arm64 -Xcc -I/Users/admin/builder/spi-builder-workspace/.derivedData/Build/Intermediates.noindex/MetaRouter.build/Debug-watchos/MetaRouter.build/DerivedSources -Xcc -DSWIFT_PACKAGE -Xcc -DDEBUG\=1 -emit-objc-header -emit-objc-header-path /Users/admin/builder/spi-builder-workspace/.derivedData/Build/Intermediates.noindex/MetaRouter.build/Debug-watchos/MetaRouter.build/Objects-normal/arm64/MetaRouter-Swift.h -working-directory /Users/admin/builder/spi-builder-workspace/.swiftpm/xcode -experimental-emit-module-separately -disable-cmo
/Users/admin/builder/spi-builder-workspace/Sources/MetaRouter/analytics/AnalyticsClient.swift:2:8: error: Unable to find module dependency: 'WebKit'
import WebKit
^ (in target 'MetaRouter' from project 'MetaRouter')
/Users/admin/builder/spi-builder-workspace/Sources/MetaRouter/analytics/AnalyticsClient.swift:2:8: note: A dependency of main module 'MetaRouter'
import WebKit
^ (in target 'MetaRouter' from project 'MetaRouter')
/Users/admin/builder/spi-builder-workspace/Sources/MetaRouter/analytics/AnalyticsInterface.swift:2:8: note: Also imported here
import WebKit
^ (in target 'MetaRouter' from project 'MetaRouter')
/Users/admin/builder/spi-builder-workspace/Sources/MetaRouter/analytics/AnalyticsProxy.swift:2:8: note: Also imported here
import WebKit
^ (in target 'MetaRouter' from project 'MetaRouter')
/Users/admin/builder/spi-builder-workspace/Sources/MetaRouter/webview/WebViewBridge.swift:2:8: note: Also imported here
import WebKit
^ (in target 'MetaRouter' from project 'MetaRouter')
2026-09-28 23:56:50.074 xcodebuild[672:4232] [MT] IDERunDestination: Supported platforms for the buildables in the current scheme is empty.
/Users/admin/builder/spi-builder-workspace/Sources/MetaRouter/analytics/AnalyticsClient.swift:2:8: error: Unable to find module dependency: 'WebKit'
import WebKit
^
/Users/admin/builder/spi-builder-workspace/Sources/MetaRouter/analytics/AnalyticsClient.swift:2:8: note: a dependency of main module 'MetaRouter'
import WebKit
^
/Users/admin/builder/spi-builder-workspace/Sources/MetaRouter/analytics/AnalyticsInterface.swift:2:8: note: also imported here
import WebKit
^
/Users/admin/builder/spi-builder-workspace/Sources/MetaRouter/analytics/AnalyticsProxy.swift:2:8: note: also imported here
import WebKit
^
/Users/admin/builder/spi-builder-workspace/Sources/MetaRouter/webview/WebViewBridge.swift:2:8: note: also imported here
import WebKit
^
/Users/admin/builder/spi-builder-workspace/Sources/MetaRouter/analytics/AnalyticsClient.swift:2:8: error: Unable to find module dependency: 'WebKit'
import WebKit
^
/Users/admin/builder/spi-builder-workspace/Sources/MetaRouter/analytics/AnalyticsClient.swift:2:8: note: a dependency of main module 'MetaRouter'
import WebKit
^
/Users/admin/builder/spi-builder-workspace/Sources/MetaRouter/analytics/AnalyticsInterface.swift:2:8: note: also imported here
import WebKit
^
/Users/admin/builder/spi-builder-workspace/Sources/MetaRouter/analytics/AnalyticsProxy.swift:2:8: note: also imported here
import WebKit
^
/Users/admin/builder/spi-builder-workspace/Sources/MetaRouter/webview/WebViewBridge.swift:2:8: note: also imported here
import WebKit
^
/Users/admin/builder/spi-builder-workspace/Sources/MetaRouter/analytics/AnalyticsClient.swift:2:8: error: Unable to find module dependency: 'WebKit'
import WebKit
^
/Users/admin/builder/spi-builder-workspace/Sources/MetaRouter/analytics/AnalyticsClient.swift:2:8: note: a dependency of main module 'MetaRouter'
import WebKit
^
/Users/admin/builder/spi-builder-workspace/Sources/MetaRouter/analytics/AnalyticsInterface.swift:2:8: note: also imported here
import WebKit
^
/Users/admin/builder/spi-builder-workspace/Sources/MetaRouter/analytics/AnalyticsProxy.swift:2:8: note: also imported here
import WebKit
^
/Users/admin/builder/spi-builder-workspace/Sources/MetaRouter/webview/WebViewBridge.swift:2:8: note: also imported here
import WebKit
^
** BUILD FAILED **
The following build commands failed:
SwiftDriver MetaRouter normal arm64_32 com.apple.xcode.tools.swift.compiler (in target 'MetaRouter' from project 'MetaRouter')
SwiftDriver MetaRouter normal armv7k com.apple.xcode.tools.swift.compiler (in target 'MetaRouter' from project 'MetaRouter')
SwiftDriver MetaRouter normal arm64 com.apple.xcode.tools.swift.compiler (in target 'MetaRouter' from project 'MetaRouter')
Building workspace spi-builder-workspace with scheme MetaRouter
(4 failures)
Command line invocation:
/Applications/Xcode-26.3.0.app/Contents/Developer/usr/bin/xcodebuild -IDEClonedSourcePackagesDirPathOverride=/Users/admin/builder/spi-builder-workspace/.dependencies -resolvePackageDependencies
Resolve Package Graph
Resolved source packages:
MetaRouter: /Users/admin/builder/spi-builder-workspace
resolved source packages: MetaRouter
2026-09-28 23:56:54.399 xcodebuild[688:4519] [MT] IDERunDestination: Supported platforms for the buildables in the current scheme is empty.
{
"dependencies" : [
],
"manifest_display_name" : "MetaRouter",
"name" : "MetaRouter",
"path" : "/Users/admin/builder/spi-builder-workspace",
"platforms" : [
{
"name" : "ios",
"version" : "15.0"
},
{
"name" : "macos",
"version" : "12.0"
}
],
"products" : [
{
"name" : "MetaRouter",
"targets" : [
"MetaRouter"
],
"type" : {
"library" : [
"automatic"
]
}
}
],
"targets" : [
{
"c99name" : "MetaRouterTests",
"module_type" : "SwiftTarget",
"name" : "MetaRouterTests",
"path" : "Tests/MetaRouterTests",
"sources" : [
"AnalyticsClientTests.swift",
"AnalyticsProxyTests.swift",
"AppLifecycleEventIntegrationTests.swift",
"CircuitBreakerTests.swift",
"CodableValueLoggingTests.swift",
"CodableValueTests.swift",
"CompilationTests.swift",
"ContextProviderTests.swift",
"DebouncedNetworkMonitorTests.swift",
"DiskStorageTests.swift",
"DispatcherTests.swift",
"EventEnrichmentTests.swift",
"EventQueueTests.swift",
"Helpers/TestHelpers.swift",
"IdentityManagerTests.swift",
"IdentityStorageTests.swift",
"InitOptionsTests.swift",
"LifecycleEventEmitterTests.swift",
"LifecycleStorageTests.swift",
"LoggerTests.swift",
"MetaRouterIntegrationTests.swift",
"MetaRouterTests.swift",
"NetworkClientTests.swift",
"NetworkMonitorTests.swift",
"PersistentEventQueueTests.swift",
"QueueSnapshotTests.swift",
"SessionEnrichmentTests.swift",
"SessionIntegrationTests.swift",
"SessionManagerTests.swift",
"SessionStorageTests.swift",
"webview/BridgeDedupStoreTests.swift",
"webview/BridgeEnvelopeParserTests.swift",
"webview/BridgeEventPlumbingTests.swift",
"webview/BridgeMessageProcessorTests.swift",
"webview/BridgeReplyTests.swift",
"webview/BridgeWrapperScriptTests.swift",
"webview/WebViewBridgeTests.swift"
],
"target_dependencies" : [
"MetaRouter"
],
"type" : "test"
},
{
"c99name" : "MetaRouter",
"module_type" : "SwiftTarget",
"name" : "MetaRouter",
"path" : "Sources/MetaRouter",
"product_memberships" : [
"MetaRouter"
],
"sources" : [
"MetaRouter.swift",
"Version.swift",
"analytics/AnalyticsClient.swift",
"analytics/AnalyticsInterface.swift",
"analytics/AnalyticsProxy.swift",
"analytics/CodableValue.swift",
"analytics/InitOptions.swift",
"analytics/RealClientStore.swift",
"context/DeviceContextProvider.swift",
"enrichment/EventEnrichment.swift",
"identity/IdentityManager.swift",
"identity/IdentityStorage.swift",
"lifecycle/AppForegroundState.swift",
"lifecycle/LifecycleCoordinator.swift",
"lifecycle/LifecycleEventEmitter.swift",
"network/CircuitBreaker.swift",
"network/DebouncedNetworkMonitor.swift",
"network/Dispatcher.swift",
"network/NetworkClient.swift",
"network/NetworkMonitor.swift",
"queue/DiskStorage.swift",
"queue/EventQueue.swift",
"queue/PersistentEventQueue.swift",
"queue/QueueSnapshot.swift",
"session/SessionManager.swift",
"session/SessionStorage.swift",
"types/Event.swift",
"types/EventContext.swift",
"types/LifecycleState.swift",
"utils/AppLifecycleObserver.swift",
"utils/AsyncMutex.swift",
"utils/DateFormatters.swift",
"utils/LifecycleStorage.swift",
"utils/Logger.swift",
"utils/LoopbackHost.swift",
"utils/MessageIdGenerator.swift",
"utils/MonotonicClock.swift",
"webview/BridgeDedupStore.swift",
"webview/BridgeEnvelope.swift",
"webview/BridgeEnvelopeParser.swift",
"webview/BridgeMessageProcessor.swift",
"webview/BridgeReply.swift",
"webview/BridgeWrapperScript.swift",
"webview/WebViewBridge.swift"
],
"type" : "library"
}
],
"tools_version" : "6.1"
}
{
"workspace" : {
"name" : "spi-builder-workspace",
"schemes" : [
"MetaRouter"
]
}
}
2026-09-28 23:56:55.422 xcodebuild[696:4584] [MT] IDERunDestination: Supported platforms for the buildables in the current scheme is empty.
Running build ...
env DEVELOPER_DIR=/Applications/Xcode-26.3.0.app xcrun xcodebuild -IDEClonedSourcePackagesDirPathOverride=$PWD/.dependencies -skipMacroValidation -skipPackagePluginValidation -derivedDataPath $PWD/.derivedData build -scheme MetaRouter -destination generic/platform=watchOS
Command line invocation:
/Applications/Xcode-26.3.0.app/Contents/Developer/usr/bin/xcodebuild -IDEClonedSourcePackagesDirPathOverride=/Users/admin/builder/spi-builder-workspace/.dependencies -skipMacroValidation -skipPackagePluginValidation -derivedDataPath /Users/admin/builder/spi-builder-workspace/.derivedData build -scheme MetaRouter -destination generic/platform=watchOS
Resolve Package Graph
Resolved source packages:
MetaRouter: /Users/admin/builder/spi-builder-workspace
ComputePackagePrebuildTargetDependencyGraph
Prepare packages
CreateBuildRequest
SendProjectDescription
CreateBuildOperation
ComputeTargetDependencyGraph
note: Building targets in dependency order
note: Target dependency graph (2 targets)
Target 'MetaRouter' in project 'MetaRouter'
➜ Explicit dependency on target 'MetaRouter' in project 'MetaRouter'
Target 'MetaRouter' in project 'MetaRouter' (no dependencies)
GatherProvisioningInputs
CreateBuildDescription
ClangStatCache /Applications/Xcode-26.3.0.app/Contents/Developer/Toolchains/XcodeDefault.xctoolchain/usr/bin/clang-stat-cache /Applications/Xcode-26.3.0.app/Contents/Developer/Platforms/WatchOS.platform/Developer/SDKs/WatchOS26.2.sdk /Users/admin/builder/spi-builder-workspace/.derivedData/SDKStatCaches.noindex/watchos26.2-23S303-dc75598d0054f22ec865fa860f139d721753b489057de6bda919edfa1c59a62b.sdkstatcache
cd /Users/admin/builder/spi-builder-workspace/.swiftpm/xcode
/Applications/Xcode-26.3.0.app/Contents/Developer/Toolchains/XcodeDefault.xctoolchain/usr/bin/clang-stat-cache /Applications/Xcode-26.3.0.app/Contents/Developer/Platforms/WatchOS.platform/Developer/SDKs/WatchOS26.2.sdk -o /Users/admin/builder/spi-builder-workspace/.derivedData/SDKStatCaches.noindex/watchos26.2-23S303-dc75598d0054f22ec865fa860f139d721753b489057de6bda919edfa1c59a62b.sdkstatcache
SwiftDriver MetaRouter normal arm64_32 com.apple.xcode.tools.swift.compiler (in target 'MetaRouter' from project 'MetaRouter')
cd /Users/admin/builder/spi-builder-workspace/.swiftpm/xcode
builtin-SwiftDriver -- /Applications/Xcode-26.3.0.app/Contents/Developer/Toolchains/XcodeDefault.xctoolchain/usr/bin/swiftc -module-name MetaRouter -Onone -enforce-exclusivity\=checked @/Users/admin/builder/spi-builder-workspace/.derivedData/Build/Intermediates.noindex/MetaRouter.build/Debug-watchos/MetaRouter.build/Objects-normal/arm64_32/MetaRouter.SwiftFileList -DSWIFT_PACKAGE -DDEBUG -DSWIFT_MODULE_RESOURCE_BUNDLE_UNAVAILABLE -DXcode -plugin-path /Applications/Xcode-26.3.0.app/Contents/Developer/Toolchains/XcodeDefault.xctoolchain/usr/lib/swift/host/plugins/testing -enable-experimental-feature DebugDescriptionMacro -sdk /Applications/Xcode-26.3.0.app/Contents/Developer/Platforms/WatchOS.platform/Developer/SDKs/WatchOS26.2.sdk -target arm64_32-apple-watchos8.0 -g -module-cache-path /Users/admin/builder/spi-builder-workspace/.derivedData/ModuleCache.noindex -Xfrontend -serialize-debugging-options -profile-coverage-mapping -profile-generate -enable-testing -index-store-path /Users/admin/builder/spi-builder-workspace/.derivedData/Index.noindex/DataStore -Xcc -D_LIBCPP_HARDENING_MODE\=_LIBCPP_HARDENING_MODE_DEBUG -swift-version 6 -I /Users/admin/builder/spi-builder-workspace/.derivedData/Build/Products/Debug-watchos -Isystem /Applications/Xcode-26.3.0.app/Contents/Developer/Platforms/WatchOS.platform/Developer/usr/lib -F /Users/admin/builder/spi-builder-workspace/.derivedData/Build/Products/Debug-watchos -F /Applications/Xcode-26.3.0.app/Contents/Developer/Platforms/WatchOS.platform/Developer/Library/Frameworks -F /Applications/Xcode-26.3.0.app/Contents/Developer/Platforms/WatchOS.platform/Developer/SDKs/WatchOS26.2.sdk/Developer/Library/Frameworks -c -j10 -enable-batch-mode -incremental -Xcc -ivfsstatcache -Xcc /Users/admin/builder/spi-builder-workspace/.derivedData/SDKStatCaches.noindex/watchos26.2-23S303-dc75598d0054f22ec865fa860f139d721753b489057de6bda919edfa1c59a62b.sdkstatcache -output-file-map /Users/admin/builder/spi-builder-workspace/.derivedData/Build/Intermediates.noindex/MetaRouter.build/Debug-watchos/MetaRouter.build/Objects-normal/arm64_32/MetaRouter-OutputFileMap.json -use-frontend-parseable-output -save-temps -no-color-diagnostics -explicit-module-build -module-cache-path /Users/admin/builder/spi-builder-workspace/.derivedData/Build/Intermediates.noindex/SwiftExplicitPrecompiledModules -clang-scanner-module-cache-path /Users/admin/builder/spi-builder-workspace/.derivedData/ModuleCache.noindex -sdk-module-cache-path /Users/admin/builder/spi-builder-workspace/.derivedData/ModuleCache.noindex -serialize-diagnostics -emit-dependencies -emit-module -emit-module-path /Users/admin/builder/spi-builder-workspace/.derivedData/Build/Intermediates.noindex/MetaRouter.build/Debug-watchos/MetaRouter.build/Objects-normal/arm64_32/MetaRouter.swiftmodule -validate-clang-modules-once -clang-build-session-file /Users/admin/builder/spi-builder-workspace/.derivedData/ModuleCache.noindex/Session.modulevalidation -package-name spi_builder_workspace -Xcc -I/Users/admin/builder/spi-builder-workspace/.derivedData/Build/Intermediates.noindex/MetaRouter.build/Debug-watchos/MetaRouter.build/swift-overrides.hmap -emit-const-values -Xfrontend -const-gather-protocols-file -Xfrontend /Users/admin/builder/spi-builder-workspace/.derivedData/Build/Intermediates.noindex/MetaRouter.build/Debug-watchos/MetaRouter.build/Objects-normal/arm64_32/MetaRouter_const_extract_protocols.json -Xcc -I/Users/admin/builder/spi-builder-workspace/.derivedData/Build/Products/Debug-watchos/include -Xcc -I/Users/admin/builder/spi-builder-workspace/.derivedData/Build/Intermediates.noindex/MetaRouter.build/Debug-watchos/MetaRouter.build/DerivedSources-normal/arm64_32 -Xcc -I/Users/admin/builder/spi-builder-workspace/.derivedData/Build/Intermediates.noindex/MetaRouter.build/Debug-watchos/MetaRouter.build/DerivedSources/arm64_32 -Xcc -I/Users/admin/builder/spi-builder-workspace/.derivedData/Build/Intermediates.noindex/MetaRouter.build/Debug-watchos/MetaRouter.build/DerivedSources -Xcc -DSWIFT_PACKAGE -Xcc -DDEBUG\=1 -emit-objc-header -emit-objc-header-path /Users/admin/builder/spi-builder-workspace/.derivedData/Build/Intermediates.noindex/MetaRouter.build/Debug-watchos/MetaRouter.build/Objects-normal/arm64_32/MetaRouter-Swift.h -working-directory /Users/admin/builder/spi-builder-workspace/.swiftpm/xcode -experimental-emit-module-separately -disable-cmo
/Users/admin/builder/spi-builder-workspace/Sources/MetaRouter/analytics/AnalyticsClient.swift:2:8: error: Unable to find module dependency: 'WebKit'
import WebKit
^ (in target 'MetaRouter' from project 'MetaRouter')
/Users/admin/builder/spi-builder-workspace/Sources/MetaRouter/analytics/AnalyticsClient.swift:2:8: note: A dependency of main module 'MetaRouter'
import WebKit
^ (in target 'MetaRouter' from project 'MetaRouter')
/Users/admin/builder/spi-builder-workspace/Sources/MetaRouter/analytics/AnalyticsInterface.swift:2:8: note: Also imported here
import WebKit
^ (in target 'MetaRouter' from project 'MetaRouter')
/Users/admin/builder/spi-builder-workspace/Sources/MetaRouter/analytics/AnalyticsProxy.swift:2:8: note: Also imported here
import WebKit
^ (in target 'MetaRouter' from project 'MetaRouter')
/Users/admin/builder/spi-builder-workspace/Sources/MetaRouter/webview/WebViewBridge.swift:2:8: note: Also imported here
import WebKit
^ (in target 'MetaRouter' from project 'MetaRouter')
SwiftDriver MetaRouter normal armv7k com.apple.xcode.tools.swift.compiler (in target 'MetaRouter' from project 'MetaRouter')
cd /Users/admin/builder/spi-builder-workspace/.swiftpm/xcode
builtin-SwiftDriver -- /Applications/Xcode-26.3.0.app/Contents/Developer/Toolchains/XcodeDefault.xctoolchain/usr/bin/swiftc -module-name MetaRouter -Onone -enforce-exclusivity\=checked @/Users/admin/builder/spi-builder-workspace/.derivedData/Build/Intermediates.noindex/MetaRouter.build/Debug-watchos/MetaRouter.build/Objects-normal/armv7k/MetaRouter.SwiftFileList -DSWIFT_PACKAGE -DDEBUG -DSWIFT_MODULE_RESOURCE_BUNDLE_UNAVAILABLE -DXcode -plugin-path /Applications/Xcode-26.3.0.app/Contents/Developer/Toolchains/XcodeDefault.xctoolchain/usr/lib/swift/host/plugins/testing -enable-experimental-feature DebugDescriptionMacro -sdk /Applications/Xcode-26.3.0.app/Contents/Developer/Platforms/WatchOS.platform/Developer/SDKs/WatchOS26.2.sdk -target armv7k-apple-watchos8.0 -g -module-cache-path /Users/admin/builder/spi-builder-workspace/.derivedData/ModuleCache.noindex -Xfrontend -serialize-debugging-options -profile-coverage-mapping -profile-generate -enable-testing -index-store-path /Users/admin/builder/spi-builder-workspace/.derivedData/Index.noindex/DataStore -Xcc -D_LIBCPP_HARDENING_MODE\=_LIBCPP_HARDENING_MODE_DEBUG -swift-version 6 -I /Users/admin/builder/spi-builder-workspace/.derivedData/Build/Products/Debug-watchos -Isystem /Applications/Xcode-26.3.0.app/Contents/Developer/Platforms/WatchOS.platform/Developer/usr/lib -F /Users/admin/builder/spi-builder-workspace/.derivedData/Build/Products/Debug-watchos -F /Applications/Xcode-26.3.0.app/Contents/Developer/Platforms/WatchOS.platform/Developer/Library/Frameworks -F /Applications/Xcode-26.3.0.app/Contents/Developer/Platforms/WatchOS.platform/Developer/SDKs/WatchOS26.2.sdk/Developer/Library/Frameworks -c -j10 -enable-batch-mode -incremental -Xcc -ivfsstatcache -Xcc /Users/admin/builder/spi-builder-workspace/.derivedData/SDKStatCaches.noindex/watchos26.2-23S303-dc75598d0054f22ec865fa860f139d721753b489057de6bda919edfa1c59a62b.sdkstatcache -output-file-map /Users/admin/builder/spi-builder-workspace/.derivedData/Build/Intermediates.noindex/MetaRouter.build/Debug-watchos/MetaRouter.build/Objects-normal/armv7k/MetaRouter-OutputFileMap.json -use-frontend-parseable-output -save-temps -no-color-diagnostics -explicit-module-build -module-cache-path /Users/admin/builder/spi-builder-workspace/.derivedData/Build/Intermediates.noindex/SwiftExplicitPrecompiledModules -clang-scanner-module-cache-path /Users/admin/builder/spi-builder-workspace/.derivedData/ModuleCache.noindex -sdk-module-cache-path /Users/admin/builder/spi-builder-workspace/.derivedData/ModuleCache.noindex -serialize-diagnostics -emit-dependencies -emit-module -emit-module-path /Users/admin/builder/spi-builder-workspace/.derivedData/Build/Intermediates.noindex/MetaRouter.build/Debug-watchos/MetaRouter.build/Objects-normal/armv7k/MetaRouter.swiftmodule -validate-clang-modules-once -clang-build-session-file /Users/admin/builder/spi-builder-workspace/.derivedData/ModuleCache.noindex/Session.modulevalidation -package-name spi_builder_workspace -Xcc -I/Users/admin/builder/spi-builder-workspace/.derivedData/Build/Intermediates.noindex/MetaRouter.build/Debug-watchos/MetaRouter.build/swift-overrides.hmap -emit-const-values -Xfrontend -const-gather-protocols-file -Xfrontend /Users/admin/builder/spi-builder-workspace/.derivedData/Build/Intermediates.noindex/MetaRouter.build/Debug-watchos/MetaRouter.build/Objects-normal/armv7k/MetaRouter_const_extract_protocols.json -Xcc -I/Users/admin/builder/spi-builder-workspace/.derivedData/Build/Products/Debug-watchos/include -Xcc -I/Users/admin/builder/spi-builder-workspace/.derivedData/Build/Intermediates.noindex/MetaRouter.build/Debug-watchos/MetaRouter.build/DerivedSources-normal/armv7k -Xcc -I/Users/admin/builder/spi-builder-workspace/.derivedData/Build/Intermediates.noindex/MetaRouter.build/Debug-watchos/MetaRouter.build/DerivedSources/armv7k -Xcc -I/Users/admin/builder/spi-builder-workspace/.derivedData/Build/Intermediates.noindex/MetaRouter.build/Debug-watchos/MetaRouter.build/DerivedSources -Xcc -DSWIFT_PACKAGE -Xcc -DDEBUG\=1 -emit-objc-header -emit-objc-header-path /Users/admin/builder/spi-builder-workspace/.derivedData/Build/Intermediates.noindex/MetaRouter.build/Debug-watchos/MetaRouter.build/Objects-normal/armv7k/MetaRouter-Swift.h -working-directory /Users/admin/builder/spi-builder-workspace/.swiftpm/xcode -experimental-emit-module-separately -disable-cmo
/Users/admin/builder/spi-builder-workspace/Sources/MetaRouter/analytics/AnalyticsClient.swift:2:8: error: Unable to find module dependency: 'WebKit'
import WebKit
^ (in target 'MetaRouter' from project 'MetaRouter')
/Users/admin/builder/spi-builder-workspace/Sources/MetaRouter/analytics/AnalyticsClient.swift:2:8: note: A dependency of main module 'MetaRouter'
import WebKit
^ (in target 'MetaRouter' from project 'MetaRouter')
/Users/admin/builder/spi-builder-workspace/Sources/MetaRouter/analytics/AnalyticsInterface.swift:2:8: note: Also imported here
import WebKit
^ (in target 'MetaRouter' from project 'MetaRouter')
/Users/admin/builder/spi-builder-workspace/Sources/MetaRouter/analytics/AnalyticsProxy.swift:2:8: note: Also imported here
import WebKit
^ (in target 'MetaRouter' from project 'MetaRouter')
/Users/admin/builder/spi-builder-workspace/Sources/MetaRouter/webview/WebViewBridge.swift:2:8: note: Also imported here
import WebKit
^ (in target 'MetaRouter' from project 'MetaRouter')
SwiftDriver MetaRouter normal arm64 com.apple.xcode.tools.swift.compiler (in target 'MetaRouter' from project 'MetaRouter')
cd /Users/admin/builder/spi-builder-workspace/.swiftpm/xcode
builtin-SwiftDriver -- /Applications/Xcode-26.3.0.app/Contents/Developer/Toolchains/XcodeDefault.xctoolchain/usr/bin/swiftc -module-name MetaRouter -Onone -enforce-exclusivity\=checked @/Users/admin/builder/spi-builder-workspace/.derivedData/Build/Intermediates.noindex/MetaRouter.build/Debug-watchos/MetaRouter.build/Objects-normal/arm64/MetaRouter.SwiftFileList -DSWIFT_PACKAGE -DDEBUG -DSWIFT_MODULE_RESOURCE_BUNDLE_UNAVAILABLE -DXcode -plugin-path /Applications/Xcode-26.3.0.app/Contents/Developer/Toolchains/XcodeDefault.xctoolchain/usr/lib/swift/host/plugins/testing -enable-experimental-feature DebugDescriptionMacro -sdk /Applications/Xcode-26.3.0.app/Contents/Developer/Platforms/WatchOS.platform/Developer/SDKs/WatchOS26.2.sdk -target arm64-apple-watchos8.0 -g -module-cache-path /Users/admin/builder/spi-builder-workspace/.derivedData/ModuleCache.noindex -Xfrontend -serialize-debugging-options -profile-coverage-mapping -profile-generate -enable-testing -index-store-path /Users/admin/builder/spi-builder-workspace/.derivedData/Index.noindex/DataStore -Xcc -D_LIBCPP_HARDENING_MODE\=_LIBCPP_HARDENING_MODE_DEBUG -swift-version 6 -I /Users/admin/builder/spi-builder-workspace/.derivedData/Build/Products/Debug-watchos -Isystem /Applications/Xcode-26.3.0.app/Contents/Developer/Platforms/WatchOS.platform/Developer/usr/lib -F /Users/admin/builder/spi-builder-workspace/.derivedData/Build/Products/Debug-watchos -F /Applications/Xcode-26.3.0.app/Contents/Developer/Platforms/WatchOS.platform/Developer/Library/Frameworks -F /Applications/Xcode-26.3.0.app/Contents/Developer/Platforms/WatchOS.platform/Developer/SDKs/WatchOS26.2.sdk/Developer/Library/Frameworks -c -j10 -enable-batch-mode -incremental -Xcc -ivfsstatcache -Xcc /Users/admin/builder/spi-builder-workspace/.derivedData/SDKStatCaches.noindex/watchos26.2-23S303-dc75598d0054f22ec865fa860f139d721753b489057de6bda919edfa1c59a62b.sdkstatcache -output-file-map /Users/admin/builder/spi-builder-workspace/.derivedData/Build/Intermediates.noindex/MetaRouter.build/Debug-watchos/MetaRouter.build/Objects-normal/arm64/MetaRouter-OutputFileMap.json -use-frontend-parseable-output -save-temps -no-color-diagnostics -explicit-module-build -module-cache-path /Users/admin/builder/spi-builder-workspace/.derivedData/Build/Intermediates.noindex/SwiftExplicitPrecompiledModules -clang-scanner-module-cache-path /Users/admin/builder/spi-builder-workspace/.derivedData/ModuleCache.noindex -sdk-module-cache-path /Users/admin/builder/spi-builder-workspace/.derivedData/ModuleCache.noindex -serialize-diagnostics -emit-dependencies -emit-module -emit-module-path /Users/admin/builder/spi-builder-workspace/.derivedData/Build/Intermediates.noindex/MetaRouter.build/Debug-watchos/MetaRouter.build/Objects-normal/arm64/MetaRouter.swiftmodule -validate-clang-modules-once -clang-build-session-file /Users/admin/builder/spi-builder-workspace/.derivedData/ModuleCache.noindex/Session.modulevalidation -package-name spi_builder_workspace -Xcc -I/Users/admin/builder/spi-builder-workspace/.derivedData/Build/Intermediates.noindex/MetaRouter.build/Debug-watchos/MetaRouter.build/swift-overrides.hmap -emit-const-values -Xfrontend -const-gather-protocols-file -Xfrontend /Users/admin/builder/spi-builder-workspace/.derivedData/Build/Intermediates.noindex/MetaRouter.build/Debug-watchos/MetaRouter.build/Objects-normal/arm64/MetaRouter_const_extract_protocols.json -Xcc -I/Users/admin/builder/spi-builder-workspace/.derivedData/Build/Products/Debug-watchos/include -Xcc -I/Users/admin/builder/spi-builder-workspace/.derivedData/Build/Intermediates.noindex/MetaRouter.build/Debug-watchos/MetaRouter.build/DerivedSources-normal/arm64 -Xcc -I/Users/admin/builder/spi-builder-workspace/.derivedData/Build/Intermediates.noindex/MetaRouter.build/Debug-watchos/MetaRouter.build/DerivedSources/arm64 -Xcc -I/Users/admin/builder/spi-builder-workspace/.derivedData/Build/Intermediates.noindex/MetaRouter.build/Debug-watchos/MetaRouter.build/DerivedSources -Xcc -DSWIFT_PACKAGE -Xcc -DDEBUG\=1 -emit-objc-header -emit-objc-header-path /Users/admin/builder/spi-builder-workspace/.derivedData/Build/Intermediates.noindex/MetaRouter.build/Debug-watchos/MetaRouter.build/Objects-normal/arm64/MetaRouter-Swift.h -working-directory /Users/admin/builder/spi-builder-workspace/.swiftpm/xcode -experimental-emit-module-separately -disable-cmo
/Users/admin/builder/spi-builder-workspace/Sources/MetaRouter/analytics/AnalyticsClient.swift:2:8: error: Unable to find module dependency: 'WebKit'
import WebKit
^ (in target 'MetaRouter' from project 'MetaRouter')
/Users/admin/builder/spi-builder-workspace/Sources/MetaRouter/analytics/AnalyticsClient.swift:2:8: note: A dependency of main module 'MetaRouter'
import WebKit
^ (in target 'MetaRouter' from project 'MetaRouter')
/Users/admin/builder/spi-builder-workspace/Sources/MetaRouter/analytics/AnalyticsInterface.swift:2:8: note: Also imported here
import WebKit
^ (in target 'MetaRouter' from project 'MetaRouter')
/Users/admin/builder/spi-builder-workspace/Sources/MetaRouter/analytics/AnalyticsProxy.swift:2:8: note: Also imported here
import WebKit
^ (in target 'MetaRouter' from project 'MetaRouter')
/Users/admin/builder/spi-builder-workspace/Sources/MetaRouter/webview/WebViewBridge.swift:2:8: note: Also imported here
import WebKit
^ (in target 'MetaRouter' from project 'MetaRouter')
2026-09-28 23:56:56.223 xcodebuild[698:4617] [MT] IDERunDestination: Supported platforms for the buildables in the current scheme is empty.
/Users/admin/builder/spi-builder-workspace/Sources/MetaRouter/analytics/AnalyticsClient.swift:2:8: error: Unable to find module dependency: 'WebKit'
import WebKit
^
/Users/admin/builder/spi-builder-workspace/Sources/MetaRouter/analytics/AnalyticsClient.swift:2:8: note: a dependency of main module 'MetaRouter'
import WebKit
^
/Users/admin/builder/spi-builder-workspace/Sources/MetaRouter/analytics/AnalyticsInterface.swift:2:8: note: also imported here
import WebKit
^
/Users/admin/builder/spi-builder-workspace/Sources/MetaRouter/analytics/AnalyticsProxy.swift:2:8: note: also imported here
import WebKit
^
/Users/admin/builder/spi-builder-workspace/Sources/MetaRouter/webview/WebViewBridge.swift:2:8: note: also imported here
import WebKit
^
/Users/admin/builder/spi-builder-workspace/Sources/MetaRouter/analytics/AnalyticsClient.swift:2:8: error: Unable to find module dependency: 'WebKit'
import WebKit
^
/Users/admin/builder/spi-builder-workspace/Sources/MetaRouter/analytics/AnalyticsClient.swift:2:8: note: a dependency of main module 'MetaRouter'
import WebKit
^
/Users/admin/builder/spi-builder-workspace/Sources/MetaRouter/analytics/AnalyticsInterface.swift:2:8: note: also imported here
import WebKit
^
/Users/admin/builder/spi-builder-workspace/Sources/MetaRouter/analytics/AnalyticsProxy.swift:2:8: note: also imported here
import WebKit
^
/Users/admin/builder/spi-builder-workspace/Sources/MetaRouter/webview/WebViewBridge.swift:2:8: note: also imported here
import WebKit
^
/Users/admin/builder/spi-builder-workspace/Sources/MetaRouter/analytics/AnalyticsClient.swift:2:8: error: Unable to find module dependency: 'WebKit'
import WebKit
^
/Users/admin/builder/spi-builder-workspace/Sources/MetaRouter/analytics/AnalyticsClient.swift:2:8: note: a dependency of main module 'MetaRouter'
import WebKit
^
/Users/admin/builder/spi-builder-workspace/Sources/MetaRouter/analytics/AnalyticsInterface.swift:2:8: note: also imported here
import WebKit
^
/Users/admin/builder/spi-builder-workspace/Sources/MetaRouter/analytics/AnalyticsProxy.swift:2:8: note: also imported here
import WebKit
^
/Users/admin/builder/spi-builder-workspace/Sources/MetaRouter/webview/WebViewBridge.swift:2:8: note: also imported here
import WebKit
^
** BUILD FAILED **
The following build commands failed:
SwiftDriver MetaRouter normal arm64_32 com.apple.xcode.tools.swift.compiler (in target 'MetaRouter' from project 'MetaRouter')
SwiftDriver MetaRouter normal armv7k com.apple.xcode.tools.swift.compiler (in target 'MetaRouter' from project 'MetaRouter')
SwiftDriver MetaRouter normal arm64 com.apple.xcode.tools.swift.compiler (in target 'MetaRouter' from project 'MetaRouter')
Building workspace spi-builder-workspace with scheme MetaRouter
(4 failures)
BUILD FAILURE 6.2 watchOS