The Swift Package Index logo.Swift Package Index

Build Information

Failed to build SheetOverlay, reference main (b45abd), with Swift 6.4 for watchOS using Xcode 27.0 on 24 Sep 2026 12:58:11 UTC.

Build Command

env DEVELOPER_DIR=/Applications/Xcode-27.0.0-Release.Candidate.app xcrun xcodebuild -IDEClonedSourcePackagesDirPathOverride=$PWD/.dependencies -skipMacroValidation -skipPackagePluginValidation -derivedDataPath $PWD/.derivedData build -scheme SheetOverlay -destination generic/platform=watchOS

Build Log

========================================
RunAll
========================================
Builder version: 5.1.0
Interrupt handler set up.
========================================
Checkout
========================================
Clone URL: https://github.com/BaptisteSansierra/SheetOverlay.git
Reference: main
Initialized empty Git repository in /Users/admin/builder/spi-builder-workspace/.git/
From https://github.com/BaptisteSansierra/SheetOverlay
 * branch            main       -> FETCH_HEAD
 * [new branch]      main       -> origin/main
HEAD is now at b45abd8 handle keyboard offset
Cloned https://github.com/BaptisteSansierra/SheetOverlay.git
Revision (git rev-parse @):
b45abd872fded5e4a69bb8e39380fd237fe9a2d3
SUCCESS checkout https://github.com/BaptisteSansierra/SheetOverlay.git at main
========================================
Build
========================================
Selected platform:         watchOS
Swift version:             6.4
Building package at path:  $PWD
https://github.com/BaptisteSansierra/SheetOverlay.git
Command line invocation:
    /Applications/Xcode-27.0.0-Release.Candidate.app/Contents/Developer/usr/bin/xcodebuild -IDEClonedSourcePackagesDirPathOverride=/Users/admin/builder/spi-builder-workspace/.dependencies -resolvePackageDependencies
Resolve Package Graph
Resolve Package Graph
Resolved source packages:
  SheetOverlay: /Users/admin/builder/spi-builder-workspace
resolved source packages: SheetOverlay
2026-09-24 08:57:27.250 xcodebuild[526:2988] [MT] IDERunDestination: Supported platforms for the buildables in the current scheme is empty.
{
  "dependencies" : [
  ],
  "manifest_display_name" : "SheetOverlay",
  "name" : "SheetOverlay",
  "path" : "/Users/admin/builder/spi-builder-workspace",
  "platforms" : [
    {
      "name" : "ios",
      "version" : "17.0"
    },
    {
      "name" : "macos",
      "version" : "14.0"
    }
  ],
  "products" : [
    {
      "name" : "SheetOverlay",
      "targets" : [
        "SheetOverlay"
      ],
      "type" : {
        "library" : [
          "automatic"
        ]
      }
    }
  ],
  "targets" : [
    {
      "c99name" : "SheetOverlay",
      "module_type" : "SwiftTarget",
      "name" : "SheetOverlay",
      "path" : "Sources/SheetOverlay",
      "product_memberships" : [
        "SheetOverlay"
      ],
      "sources" : [
        "Private/Extensions/CGFloat+Utils.swift",
        "Private/Extensions/UIApplication+SafeArea.swift",
        "Private/Preferences/SheetOverlayBackground.swift",
        "Private/Preferences/SheetOverlayPreferences.swift",
        "Private/Preferences/SheetOverlayShadowConfig.swift",
        "Private/SheetOverlayState.swift",
        "Private/SheetOverlayView.swift",
        "Private/SheetOverlayWindow.swift",
        "Public/Enums/SheetOverlayDetent.swift",
        "Public/Enums/SheetOverlayKeyboardPolicy.swift",
        "Public/Extensions/View+Modifiers.swift",
        "Public/Extensions/View+Preferences.swift",
        "Public/SheetOverlayModifier.swift"
      ],
      "type" : "library"
    }
  ],
  "tools_version" : "6.2"
}
{
  "workspace" : {
    "name" : "SheetOverlay",
    "schemes" : [
      "SheetOverlay"
    ]
  }
}
2026-09-24 08:57:59.341 xcodebuild[623:3790] [MT] IDERunDestination: Supported platforms for the buildables in the current scheme is empty.
Running build ...
env DEVELOPER_DIR=/Applications/Xcode-27.0.0-Release.Candidate.app xcrun xcodebuild -IDEClonedSourcePackagesDirPathOverride=$PWD/.dependencies -skipMacroValidation -skipPackagePluginValidation -derivedDataPath $PWD/.derivedData build -scheme SheetOverlay -destination generic/platform=watchOS
Command line invocation:
    /Applications/Xcode-27.0.0-Release.Candidate.app/Contents/Developer/usr/bin/xcodebuild -IDEClonedSourcePackagesDirPathOverride=/Users/admin/builder/spi-builder-workspace/.dependencies -skipMacroValidation -skipPackagePluginValidation -derivedDataPath /Users/admin/builder/spi-builder-workspace/.derivedData build -scheme SheetOverlay -destination generic/platform=watchOS
Resolve Package Graph
Resolved source packages:
  SheetOverlay: /Users/admin/builder/spi-builder-workspace
ComputePackagePrebuildTargetDependencyGraph
Prepare packages
CreateBuildRequest
SendProjectDescription
CreateBuildOperation
ComputeTargetDependencyGraph
note: Building targets in dependency order
note: Target dependency graph (2 targets)
    Target 'SheetOverlay-product' in project 'SheetOverlay'
        ➜ Explicit dependency on target 'SheetOverlay' in project 'SheetOverlay'
    Target 'SheetOverlay' in project 'SheetOverlay' (no dependencies)
GatherProvisioningInputs
CreateBuildDescription
ExecuteExternalTool /Applications/Xcode-27.0.0-Release.Candidate.app/Contents/Developer/Toolchains/XcodeDefault.xctoolchain/usr/bin/clang -v -E -dM -isysroot /Applications/Xcode-27.0.0-Release.Candidate.app/Contents/Developer/Platforms/WatchOS.platform/Developer/SDKs/WatchOS27.0.sdk -x c -c /dev/null
ExecuteExternalTool /Applications/Xcode-27.0.0-Release.Candidate.app/Contents/Developer/Toolchains/XcodeDefault.xctoolchain/usr/bin/swiftc --version
ExecuteExternalTool /Applications/Xcode-27.0.0-Release.Candidate.app/Contents/Developer/Toolchains/XcodeDefault.xctoolchain/usr/bin/ld -version_details
Build description signature: e4dae7da7608d693aeb839155014200a
Build description path: /Users/admin/builder/spi-builder-workspace/.derivedData/Build/Intermediates.noindex/XCBuildData/e4dae7da7608d693aeb839155014200a.xcbuilddata
CreateBuildDirectory /Users/admin/builder/spi-builder-workspace/.derivedData/SDKExplicitPrecompiledModules
    cd /Users/admin/builder/spi-builder-workspace/.swiftpm/xcode
    builtin-create-build-directory /Users/admin/builder/spi-builder-workspace/.derivedData/SDKExplicitPrecompiledModules
CreateBuildDirectory /Users/admin/builder/spi-builder-workspace/.derivedData/ModuleCache.noindex
    cd /Users/admin/builder/spi-builder-workspace/.swiftpm/xcode
    builtin-create-build-directory /Users/admin/builder/spi-builder-workspace/.derivedData/ModuleCache.noindex
CreateBuildDirectory /Users/admin/builder/spi-builder-workspace/.derivedData/CompilationCache.noindex
    cd /Users/admin/builder/spi-builder-workspace/.swiftpm/xcode
    builtin-create-build-directory /Users/admin/builder/spi-builder-workspace/.derivedData/CompilationCache.noindex
CreateBuildDirectory /Users/admin/builder/spi-builder-workspace/.derivedData/Build/Intermediates.noindex
    cd /Users/admin/builder/spi-builder-workspace/.swiftpm/xcode
    builtin-create-build-directory /Users/admin/builder/spi-builder-workspace/.derivedData/Build/Intermediates.noindex
CreateBuildDirectory /Users/admin/builder/spi-builder-workspace/.derivedData/Build/Products
    cd /Users/admin/builder/spi-builder-workspace/.swiftpm/xcode
    builtin-create-build-directory /Users/admin/builder/spi-builder-workspace/.derivedData/Build/Products
ClangStatCache /Applications/Xcode-27.0.0-Release.Candidate.app/Contents/Developer/Toolchains/XcodeDefault.xctoolchain/usr/bin/clang-stat-cache /Applications/Xcode-27.0.0-Release.Candidate.app/Contents/Developer/Platforms/WatchOS.platform/Developer/SDKs/WatchOS27.0.sdk /Users/admin/builder/spi-builder-workspace/.derivedData/SDKStatCaches.noindex/watchos27.0-24R360-e829b21a6f8c9b70876ba0858053c04477534ef55a1706bf4c1112bbb242f0a2.sdkstatcache
    cd /Users/admin/builder/spi-builder-workspace/.swiftpm/xcode
    /Applications/Xcode-27.0.0-Release.Candidate.app/Contents/Developer/Toolchains/XcodeDefault.xctoolchain/usr/bin/clang-stat-cache /Applications/Xcode-27.0.0-Release.Candidate.app/Contents/Developer/Platforms/WatchOS.platform/Developer/SDKs/WatchOS27.0.sdk -o /Users/admin/builder/spi-builder-workspace/.derivedData/SDKStatCaches.noindex/watchos27.0-24R360-e829b21a6f8c9b70876ba0858053c04477534ef55a1706bf4c1112bbb242f0a2.sdkstatcache
CreateBuildDirectory /Users/admin/builder/spi-builder-workspace/.derivedData/Build/Intermediates.noindex/SwiftExplicitPrecompiledModules
    cd /Users/admin/builder/spi-builder-workspace/.swiftpm/xcode
    builtin-create-build-directory /Users/admin/builder/spi-builder-workspace/.derivedData/Build/Intermediates.noindex/SwiftExplicitPrecompiledModules
CreateBuildDirectory /Users/admin/builder/spi-builder-workspace/.derivedData/Build/Intermediates.noindex/PrecompiledHeaders
    cd /Users/admin/builder/spi-builder-workspace/.swiftpm/xcode
    builtin-create-build-directory /Users/admin/builder/spi-builder-workspace/.derivedData/Build/Intermediates.noindex/PrecompiledHeaders
CreateBuildDirectory /Users/admin/builder/spi-builder-workspace/.derivedData/Build/Intermediates.noindex/ExplicitPrecompiledModules
    cd /Users/admin/builder/spi-builder-workspace/.swiftpm/xcode
    builtin-create-build-directory /Users/admin/builder/spi-builder-workspace/.derivedData/Build/Intermediates.noindex/ExplicitPrecompiledModules
CreateBuildDirectory /Users/admin/builder/spi-builder-workspace/.derivedData/Build/Intermediates.noindex/EagerLinkingTBDs/Debug-watchos
    cd /Users/admin/builder/spi-builder-workspace/.swiftpm/xcode
    builtin-create-build-directory /Users/admin/builder/spi-builder-workspace/.derivedData/Build/Intermediates.noindex/EagerLinkingTBDs/Debug-watchos
CreateBuildDirectory /Users/admin/builder/spi-builder-workspace/.derivedData/Build/Products/Debug-watchos
    cd /Users/admin/builder/spi-builder-workspace/.swiftpm/xcode
    builtin-create-build-directory /Users/admin/builder/spi-builder-workspace/.derivedData/Build/Products/Debug-watchos
CreateBuildDirectory /Users/admin/builder/spi-builder-workspace/.derivedData/Build/Products/Debug-watchos/PackageFrameworks
    cd /Users/admin/builder/spi-builder-workspace/.swiftpm/xcode
    builtin-create-build-directory /Users/admin/builder/spi-builder-workspace/.derivedData/Build/Products/Debug-watchos/PackageFrameworks
WriteAuxiliaryFile /Users/admin/builder/spi-builder-workspace/.derivedData/Build/Intermediates.noindex/SheetOverlay.build/Debug-watchos/SheetOverlay-t.build/SheetOverlay.DependencyStaticMetadataFileList (in target 'SheetOverlay' from project 'SheetOverlay')
    cd /Users/admin/builder/spi-builder-workspace
    write-file /Users/admin/builder/spi-builder-workspace/.derivedData/Build/Intermediates.noindex/SheetOverlay.build/Debug-watchos/SheetOverlay-t.build/SheetOverlay.DependencyStaticMetadataFileList
WriteAuxiliaryFile /Users/admin/builder/spi-builder-workspace/.derivedData/Build/Intermediates.noindex/SheetOverlay.build/Debug-watchos/SheetOverlay-t.build/SheetOverlay.DependencyMetadataFileList (in target 'SheetOverlay' from project 'SheetOverlay')
    cd /Users/admin/builder/spi-builder-workspace
    write-file /Users/admin/builder/spi-builder-workspace/.derivedData/Build/Intermediates.noindex/SheetOverlay.build/Debug-watchos/SheetOverlay-t.build/SheetOverlay.DependencyMetadataFileList
WriteAuxiliaryFile /Users/admin/builder/spi-builder-workspace/.derivedData/Build/Intermediates.noindex/SheetOverlay.build/Debug-watchos/SheetOverlay-t.build/SheetOverlay.modulemap (in target 'SheetOverlay' from project 'SheetOverlay')
    cd /Users/admin/builder/spi-builder-workspace
    write-file /Users/admin/builder/spi-builder-workspace/.derivedData/Build/Intermediates.noindex/SheetOverlay.build/Debug-watchos/SheetOverlay-t.build/SheetOverlay.modulemap
WriteAuxiliaryFile /Users/admin/builder/spi-builder-workspace/.derivedData/Build/Intermediates.noindex/SheetOverlay.build/Debug-watchos/SheetOverlay-t.build/Objects-normal/arm64_32/SheetOverlay.SwiftFileList (in target 'SheetOverlay' from project 'SheetOverlay')
    cd /Users/admin/builder/spi-builder-workspace
    write-file /Users/admin/builder/spi-builder-workspace/.derivedData/Build/Intermediates.noindex/SheetOverlay.build/Debug-watchos/SheetOverlay-t.build/Objects-normal/arm64_32/SheetOverlay.SwiftFileList
WriteAuxiliaryFile /Users/admin/builder/spi-builder-workspace/.derivedData/Build/Intermediates.noindex/SheetOverlay.build/Debug-watchos/SheetOverlay-t.build/Objects-normal/arm64_32/SheetOverlay.LinkFileList (in target 'SheetOverlay' from project 'SheetOverlay')
    cd /Users/admin/builder/spi-builder-workspace
    write-file /Users/admin/builder/spi-builder-workspace/.derivedData/Build/Intermediates.noindex/SheetOverlay.build/Debug-watchos/SheetOverlay-t.build/Objects-normal/arm64_32/SheetOverlay.LinkFileList
WriteAuxiliaryFile /Users/admin/builder/spi-builder-workspace/.derivedData/Build/Intermediates.noindex/SheetOverlay.build/Debug-watchos/SheetOverlay-t.build/Objects-normal/arm64_32/SheetOverlay-OutputFileMap.json (in target 'SheetOverlay' from project 'SheetOverlay')
    cd /Users/admin/builder/spi-builder-workspace
    write-file /Users/admin/builder/spi-builder-workspace/.derivedData/Build/Intermediates.noindex/SheetOverlay.build/Debug-watchos/SheetOverlay-t.build/Objects-normal/arm64_32/SheetOverlay-OutputFileMap.json
WriteAuxiliaryFile /Users/admin/builder/spi-builder-workspace/.derivedData/Build/Intermediates.noindex/SheetOverlay.build/Debug-watchos/SheetOverlay-t.build/Objects-normal/arm64_32/SheetOverlay_const_extract_protocols.json (in target 'SheetOverlay' from project 'SheetOverlay')
    cd /Users/admin/builder/spi-builder-workspace
    write-file /Users/admin/builder/spi-builder-workspace/.derivedData/Build/Intermediates.noindex/SheetOverlay.build/Debug-watchos/SheetOverlay-t.build/Objects-normal/arm64_32/SheetOverlay_const_extract_protocols.json
WriteAuxiliaryFile /Users/admin/builder/spi-builder-workspace/.derivedData/Build/Intermediates.noindex/SheetOverlay.build/Debug-watchos/SheetOverlay-t.build/Objects-normal/arm64_32/SheetOverlay.SwiftConstValuesFileList (in target 'SheetOverlay' from project 'SheetOverlay')
    cd /Users/admin/builder/spi-builder-workspace
    write-file /Users/admin/builder/spi-builder-workspace/.derivedData/Build/Intermediates.noindex/SheetOverlay.build/Debug-watchos/SheetOverlay-t.build/Objects-normal/arm64_32/SheetOverlay.SwiftConstValuesFileList
WriteAuxiliaryFile /Users/admin/builder/spi-builder-workspace/.derivedData/Build/Intermediates.noindex/SheetOverlay.build/Debug-watchos/SheetOverlay-t.build/Objects-normal/arm64/SheetOverlay_const_extract_protocols.json (in target 'SheetOverlay' from project 'SheetOverlay')
    cd /Users/admin/builder/spi-builder-workspace
    write-file /Users/admin/builder/spi-builder-workspace/.derivedData/Build/Intermediates.noindex/SheetOverlay.build/Debug-watchos/SheetOverlay-t.build/Objects-normal/arm64/SheetOverlay_const_extract_protocols.json
WriteAuxiliaryFile /Users/admin/builder/spi-builder-workspace/.derivedData/Build/Intermediates.noindex/SheetOverlay.build/Debug-watchos/SheetOverlay-t.build/Objects-normal/arm64/SheetOverlay.SwiftConstValuesFileList (in target 'SheetOverlay' from project 'SheetOverlay')
    cd /Users/admin/builder/spi-builder-workspace
    write-file /Users/admin/builder/spi-builder-workspace/.derivedData/Build/Intermediates.noindex/SheetOverlay.build/Debug-watchos/SheetOverlay-t.build/Objects-normal/arm64/SheetOverlay.SwiftConstValuesFileList
WriteAuxiliaryFile /Users/admin/builder/spi-builder-workspace/.derivedData/Build/Intermediates.noindex/SheetOverlay.build/Debug-watchos/SheetOverlay-t.build/Objects-normal/arm64/SheetOverlay.SwiftFileList (in target 'SheetOverlay' from project 'SheetOverlay')
    cd /Users/admin/builder/spi-builder-workspace
    write-file /Users/admin/builder/spi-builder-workspace/.derivedData/Build/Intermediates.noindex/SheetOverlay.build/Debug-watchos/SheetOverlay-t.build/Objects-normal/arm64/SheetOverlay.SwiftFileList
WriteAuxiliaryFile /Users/admin/builder/spi-builder-workspace/.derivedData/Build/Intermediates.noindex/SheetOverlay.build/Debug-watchos/SheetOverlay-t.build/Objects-normal/arm64/SheetOverlay.LinkFileList (in target 'SheetOverlay' from project 'SheetOverlay')
    cd /Users/admin/builder/spi-builder-workspace
    write-file /Users/admin/builder/spi-builder-workspace/.derivedData/Build/Intermediates.noindex/SheetOverlay.build/Debug-watchos/SheetOverlay-t.build/Objects-normal/arm64/SheetOverlay.LinkFileList
WriteAuxiliaryFile /Users/admin/builder/spi-builder-workspace/.derivedData/Build/Intermediates.noindex/SheetOverlay.build/Debug-watchos/SheetOverlay-t.build/Objects-normal/arm64/SheetOverlay-OutputFileMap.json (in target 'SheetOverlay' from project 'SheetOverlay')
    cd /Users/admin/builder/spi-builder-workspace
    write-file /Users/admin/builder/spi-builder-workspace/.derivedData/Build/Intermediates.noindex/SheetOverlay.build/Debug-watchos/SheetOverlay-t.build/Objects-normal/arm64/SheetOverlay-OutputFileMap.json
Copy /Users/admin/builder/spi-builder-workspace/.derivedData/Build/Intermediates.noindex/GeneratedModuleMaps-watchos/SheetOverlay.modulemap /Users/admin/builder/spi-builder-workspace/.derivedData/Build/Intermediates.noindex/SheetOverlay.build/Debug-watchos/SheetOverlay-t.build/SheetOverlay.modulemap (in target 'SheetOverlay' from project 'SheetOverlay')
    cd /Users/admin/builder/spi-builder-workspace
    builtin-copy -exclude .DS_Store -exclude CVS -exclude .svn -exclude .git -exclude .hg -resolve-src-symlinks /Users/admin/builder/spi-builder-workspace/.derivedData/Build/Intermediates.noindex/SheetOverlay.build/Debug-watchos/SheetOverlay-t.build/SheetOverlay.modulemap /Users/admin/builder/spi-builder-workspace/.derivedData/Build/Intermediates.noindex/GeneratedModuleMaps-watchos
SwiftDriver SheetOverlay normal arm64_32 com.apple.xcode.tools.swift.compiler (in target 'SheetOverlay' from project 'SheetOverlay')
    cd /Users/admin/builder/spi-builder-workspace/.swiftpm/xcode
    builtin-SwiftDriver -- /Applications/Xcode-27.0.0-Release.Candidate.app/Contents/Developer/Toolchains/XcodeDefault.xctoolchain/usr/bin/swiftc -parse-as-library -module-name SheetOverlay -Onone @/Users/admin/builder/spi-builder-workspace/.derivedData/Build/Intermediates.noindex/SheetOverlay.build/Debug-watchos/SheetOverlay-t.build/Objects-normal/arm64_32/SheetOverlay.SwiftFileList -DSWIFT_PACKAGE -DDEBUG -DSWIFT_MODULE_RESOURCE_BUNDLE_UNAVAILABLE -DXcode -plugin-path /Applications/Xcode-27.0.0-Release.Candidate.app/Contents/Developer/Toolchains/XcodeDefault.xctoolchain/usr/lib/swift/host/plugins/testing -enable-experimental-feature DebugDescriptionMacro -sdk /Applications/Xcode-27.0.0-Release.Candidate.app/Contents/Developer/Platforms/WatchOS.platform/Developer/SDKs/WatchOS27.0.sdk -target arm64_32-apple-watchos10.0 -g -module-cache-path /Users/admin/builder/spi-builder-workspace/.derivedData/ModuleCache.noindex -Xfrontend -serialize-debugging-options -enable-testing -index-store-path /Users/admin/builder/spi-builder-workspace/.derivedData/Index.noindex/DataStore -Xcc -D_LIBCPP_HARDENING_MODE\=_LIBCPP_HARDENING_MODE_DEBUG -swift-version 6 -I /Users/admin/builder/spi-builder-workspace/.derivedData/Build/Products/Debug-watchos -Isystem /Applications/Xcode-27.0.0-Release.Candidate.app/Contents/Developer/Platforms/WatchOS.platform/Developer/usr/lib -F /Users/admin/builder/spi-builder-workspace/.derivedData/Build/Products/Debug-watchos -F /Applications/Xcode-27.0.0-Release.Candidate.app/Contents/Developer/Platforms/WatchOS.platform/Developer/Library/Frameworks -F /Applications/Xcode-27.0.0-Release.Candidate.app/Contents/Developer/Platforms/WatchOS.platform/Developer/SDKs/WatchOS27.0.sdk/Developer/Library/Frameworks -c -j10 -enable-batch-mode -incremental -Xcc -ivfsstatcache -Xcc /Users/admin/builder/spi-builder-workspace/.derivedData/SDKStatCaches.noindex/watchos27.0-24R360-e829b21a6f8c9b70876ba0858053c04477534ef55a1706bf4c1112bbb242f0a2.sdkstatcache -output-file-map /Users/admin/builder/spi-builder-workspace/.derivedData/Build/Intermediates.noindex/SheetOverlay.build/Debug-watchos/SheetOverlay-t.build/Objects-normal/arm64_32/SheetOverlay-OutputFileMap.json -save-temps -no-color-diagnostics -explicit-module-build -module-cache-path /Users/admin/builder/spi-builder-workspace/.derivedData/Build/Intermediates.noindex/SwiftExplicitPrecompiledModules -clang-scanner-module-cache-path /Users/admin/builder/spi-builder-workspace/.derivedData/ModuleCache.noindex -sdk-module-cache-path /Users/admin/builder/spi-builder-workspace/.derivedData/SDKExplicitPrecompiledModules -emit-dependencies -emit-module -emit-module-path /Users/admin/builder/spi-builder-workspace/.derivedData/Build/Intermediates.noindex/SheetOverlay.build/Debug-watchos/SheetOverlay-t.build/Objects-normal/arm64_32/SheetOverlay.swiftmodule -serialize-diagnostics -dependency-scan-serialize-diagnostics-path /Users/admin/builder/spi-builder-workspace/.derivedData/Build/Intermediates.noindex/SheetOverlay.build/Debug-watchos/SheetOverlay-t.build/Objects-normal/arm64_32/SheetOverlay-dependency-scan.dia -validate-clang-modules-once -clang-build-session-file /Users/admin/builder/spi-builder-workspace/.derivedData/ModuleCache.noindex/Session.modulevalidation -Xcc -fmodules-prune-interval\=86400 -Xcc -fmodules-prune-after\=345600 -package-name spi_builder_workspace -emit-const-values -const-gather-protocols-list /Users/admin/builder/spi-builder-workspace/.derivedData/Build/Intermediates.noindex/SheetOverlay.build/Debug-watchos/SheetOverlay-t.build/Objects-normal/arm64_32/SheetOverlay_const_extract_protocols.json -Xcc -I/Users/admin/builder/spi-builder-workspace/.derivedData/Build/Products/Debug-watchos/include -Xcc -I/Users/admin/builder/spi-builder-workspace/.derivedData/Build/Intermediates.noindex/SheetOverlay.build/Debug-watchos/SheetOverlay-t.build/DerivedSources-normal/arm64_32 -Xcc -I/Users/admin/builder/spi-builder-workspace/.derivedData/Build/Intermediates.noindex/SheetOverlay.build/Debug-watchos/SheetOverlay-t.build/DerivedSources/arm64_32 -Xcc -I/Users/admin/builder/spi-builder-workspace/.derivedData/Build/Intermediates.noindex/SheetOverlay.build/Debug-watchos/SheetOverlay-t.build/DerivedSources -Xcc -DSWIFT_PACKAGE -Xcc -DDEBUG\=1 -emit-objc-header -emit-objc-header-path /Users/admin/builder/spi-builder-workspace/.derivedData/Build/Intermediates.noindex/SheetOverlay.build/Debug-watchos/SheetOverlay-t.build/Objects-normal/arm64_32/SheetOverlay-Swift.h -working-directory /Users/admin/builder/spi-builder-workspace/.swiftpm/xcode -experimental-emit-module-separately -disable-cmo
SwiftDriver SheetOverlay normal arm64 com.apple.xcode.tools.swift.compiler (in target 'SheetOverlay' from project 'SheetOverlay')
    cd /Users/admin/builder/spi-builder-workspace/.swiftpm/xcode
    builtin-SwiftDriver -- /Applications/Xcode-27.0.0-Release.Candidate.app/Contents/Developer/Toolchains/XcodeDefault.xctoolchain/usr/bin/swiftc -parse-as-library -module-name SheetOverlay -Onone @/Users/admin/builder/spi-builder-workspace/.derivedData/Build/Intermediates.noindex/SheetOverlay.build/Debug-watchos/SheetOverlay-t.build/Objects-normal/arm64/SheetOverlay.SwiftFileList -DSWIFT_PACKAGE -DDEBUG -DSWIFT_MODULE_RESOURCE_BUNDLE_UNAVAILABLE -DXcode -plugin-path /Applications/Xcode-27.0.0-Release.Candidate.app/Contents/Developer/Toolchains/XcodeDefault.xctoolchain/usr/lib/swift/host/plugins/testing -enable-experimental-feature DebugDescriptionMacro -sdk /Applications/Xcode-27.0.0-Release.Candidate.app/Contents/Developer/Platforms/WatchOS.platform/Developer/SDKs/WatchOS27.0.sdk -target arm64-apple-watchos10.0 -g -module-cache-path /Users/admin/builder/spi-builder-workspace/.derivedData/ModuleCache.noindex -Xfrontend -serialize-debugging-options -enable-testing -index-store-path /Users/admin/builder/spi-builder-workspace/.derivedData/Index.noindex/DataStore -Xcc -D_LIBCPP_HARDENING_MODE\=_LIBCPP_HARDENING_MODE_DEBUG -swift-version 6 -I /Users/admin/builder/spi-builder-workspace/.derivedData/Build/Products/Debug-watchos -Isystem /Applications/Xcode-27.0.0-Release.Candidate.app/Contents/Developer/Platforms/WatchOS.platform/Developer/usr/lib -F /Users/admin/builder/spi-builder-workspace/.derivedData/Build/Products/Debug-watchos -F /Applications/Xcode-27.0.0-Release.Candidate.app/Contents/Developer/Platforms/WatchOS.platform/Developer/Library/Frameworks -F /Applications/Xcode-27.0.0-Release.Candidate.app/Contents/Developer/Platforms/WatchOS.platform/Developer/SDKs/WatchOS27.0.sdk/Developer/Library/Frameworks -c -j10 -enable-batch-mode -incremental -Xcc -ivfsstatcache -Xcc /Users/admin/builder/spi-builder-workspace/.derivedData/SDKStatCaches.noindex/watchos27.0-24R360-e829b21a6f8c9b70876ba0858053c04477534ef55a1706bf4c1112bbb242f0a2.sdkstatcache -output-file-map /Users/admin/builder/spi-builder-workspace/.derivedData/Build/Intermediates.noindex/SheetOverlay.build/Debug-watchos/SheetOverlay-t.build/Objects-normal/arm64/SheetOverlay-OutputFileMap.json -save-temps -no-color-diagnostics -explicit-module-build -module-cache-path /Users/admin/builder/spi-builder-workspace/.derivedData/Build/Intermediates.noindex/SwiftExplicitPrecompiledModules -clang-scanner-module-cache-path /Users/admin/builder/spi-builder-workspace/.derivedData/ModuleCache.noindex -sdk-module-cache-path /Users/admin/builder/spi-builder-workspace/.derivedData/SDKExplicitPrecompiledModules -emit-dependencies -emit-module -emit-module-path /Users/admin/builder/spi-builder-workspace/.derivedData/Build/Intermediates.noindex/SheetOverlay.build/Debug-watchos/SheetOverlay-t.build/Objects-normal/arm64/SheetOverlay.swiftmodule -serialize-diagnostics -dependency-scan-serialize-diagnostics-path /Users/admin/builder/spi-builder-workspace/.derivedData/Build/Intermediates.noindex/SheetOverlay.build/Debug-watchos/SheetOverlay-t.build/Objects-normal/arm64/SheetOverlay-dependency-scan.dia -validate-clang-modules-once -clang-build-session-file /Users/admin/builder/spi-builder-workspace/.derivedData/ModuleCache.noindex/Session.modulevalidation -Xcc -fmodules-prune-interval\=86400 -Xcc -fmodules-prune-after\=345600 -package-name spi_builder_workspace -emit-const-values -const-gather-protocols-list /Users/admin/builder/spi-builder-workspace/.derivedData/Build/Intermediates.noindex/SheetOverlay.build/Debug-watchos/SheetOverlay-t.build/Objects-normal/arm64/SheetOverlay_const_extract_protocols.json -Xcc -I/Users/admin/builder/spi-builder-workspace/.derivedData/Build/Products/Debug-watchos/include -Xcc -I/Users/admin/builder/spi-builder-workspace/.derivedData/Build/Intermediates.noindex/SheetOverlay.build/Debug-watchos/SheetOverlay-t.build/DerivedSources-normal/arm64 -Xcc -I/Users/admin/builder/spi-builder-workspace/.derivedData/Build/Intermediates.noindex/SheetOverlay.build/Debug-watchos/SheetOverlay-t.build/DerivedSources/arm64 -Xcc -I/Users/admin/builder/spi-builder-workspace/.derivedData/Build/Intermediates.noindex/SheetOverlay.build/Debug-watchos/SheetOverlay-t.build/DerivedSources -Xcc -DSWIFT_PACKAGE -Xcc -DDEBUG\=1 -emit-objc-header -emit-objc-header-path /Users/admin/builder/spi-builder-workspace/.derivedData/Build/Intermediates.noindex/SheetOverlay.build/Debug-watchos/SheetOverlay-t.build/Objects-normal/arm64/SheetOverlay-Swift.h -working-directory /Users/admin/builder/spi-builder-workspace/.swiftpm/xcode -experimental-emit-module-separately -disable-cmo
SwiftExplicitDependencyGeneratePcm arm64_32 /Users/admin/builder/spi-builder-workspace/.derivedData/SDKExplicitPrecompiledModules/_SwiftConcurrencyShims-58G4ISYSYDV3AT1DDGEE0QCUF.pcm
SwiftExplicitDependencyGeneratePcm arm64_32 /Users/admin/builder/spi-builder-workspace/.derivedData/SDKExplicitPrecompiledModules/_Builtin_stdarg-EYJP6DFYQL9GJLH1TJ84A8MHV.pcm
SwiftExplicitDependencyGeneratePcm arm64_32 /Users/admin/builder/spi-builder-workspace/.derivedData/SDKExplicitPrecompiledModules/ptrauth-EW7YZZ7LEZE1QZF2T8148IPSA.pcm
SwiftExplicitDependencyGeneratePcm arm64_32 /Users/admin/builder/spi-builder-workspace/.derivedData/SDKExplicitPrecompiledModules/_Builtin_float-372PLGDQ1U3B6Z5EA5DJMDORJ.pcm
SwiftExplicitDependencyGeneratePcm arm64_32 /Users/admin/builder/spi-builder-workspace/.derivedData/SDKExplicitPrecompiledModules/DeveloperToolsSupport-3FQKKPF3BW0SWE1YUZ86OZWIB.pcm
SwiftExplicitDependencyGeneratePcm arm64_32 /Users/admin/builder/spi-builder-workspace/.derivedData/SDKExplicitPrecompiledModules/SwiftShims-D9VBB138U50XYYGW2C2V21N3L.pcm
SwiftExplicitDependencyGeneratePcm arm64_32 /Users/admin/builder/spi-builder-workspace/.derivedData/SDKExplicitPrecompiledModules/_Builtin_stddef-2F9BFIPBQ5EWNSK5G7G7V4EKL.pcm
SwiftExplicitDependencyGeneratePcm arm64_32 /Users/admin/builder/spi-builder-workspace/.derivedData/SDKExplicitPrecompiledModules/ptrcheck-EAZ3I917ZFA9H6ZCL6PGLG4TR.pcm
SwiftExplicitDependencyGeneratePcm arm64_32 /Users/admin/builder/spi-builder-workspace/.derivedData/SDKExplicitPrecompiledModules/_AvailabilityInternal-22ZP1ILSQW16KHXZS5GBZHOCS.pcm
SwiftExplicitDependencyGeneratePcm arm64_32 /Users/admin/builder/spi-builder-workspace/.derivedData/SDKExplicitPrecompiledModules/_Builtin_stdbool-84ZA1VDW90AGWZ2LF5KOCM8DZ.pcm
SwiftExplicitDependencyGeneratePcm arm64 /Users/admin/builder/spi-builder-workspace/.derivedData/SDKExplicitPrecompiledModules/DeveloperToolsSupport-CL5QT3CW0ZM498PFTWG64QMLA.pcm
SwiftExplicitDependencyGeneratePcm arm64 /Users/admin/builder/spi-builder-workspace/.derivedData/SDKExplicitPrecompiledModules/_AvailabilityInternal-42EVAC8Q6P1ZT6G3A168N97G4.pcm
SwiftExplicitDependencyGeneratePcm arm64 /Users/admin/builder/spi-builder-workspace/.derivedData/SDKExplicitPrecompiledModules/_Builtin_float-E4M4A8689VXF1T7P7BV56IKBT.pcm
SwiftExplicitDependencyGeneratePcm arm64 /Users/admin/builder/spi-builder-workspace/.derivedData/SDKExplicitPrecompiledModules/SwiftShims-AJ4AZYHQNC33R5RLN7AGEIOMP.pcm
SwiftExplicitDependencyGeneratePcm arm64 /Users/admin/builder/spi-builder-workspace/.derivedData/SDKExplicitPrecompiledModules/_Builtin_stdbool-B692L2PMR118794VVYBG37897.pcm
SwiftExplicitDependencyGeneratePcm arm64 /Users/admin/builder/spi-builder-workspace/.derivedData/SDKExplicitPrecompiledModules/ptrauth-C7VQASAJ967Q4Q6SRD4I3CFWZ.pcm
SwiftExplicitDependencyGeneratePcm arm64 /Users/admin/builder/spi-builder-workspace/.derivedData/SDKExplicitPrecompiledModules/_Builtin_stddef-5OH846KKUPSJJT7GCX9XU1TKG.pcm
SwiftExplicitDependencyGeneratePcm arm64 /Users/admin/builder/spi-builder-workspace/.derivedData/SDKExplicitPrecompiledModules/ptrcheck-8K07997SIHO7YGY7UQ3LOQ3TJ.pcm
SwiftExplicitDependencyGeneratePcm arm64 /Users/admin/builder/spi-builder-workspace/.derivedData/SDKExplicitPrecompiledModules/_Builtin_stdarg-3X4KLXUYEI0UGBILP4X7D0CYW.pcm
SwiftExplicitDependencyGeneratePcm arm64_32 /Users/admin/builder/spi-builder-workspace/.derivedData/SDKExplicitPrecompiledModules/_DarwinFoundation1-5SNIO0SFHX9KJZTLQGIPAPXUZ.pcm
SwiftExplicitDependencyGeneratePcm arm64 /Users/admin/builder/spi-builder-workspace/.derivedData/SDKExplicitPrecompiledModules/_SwiftConcurrencyShims-CTPSFSTDCBVSSQFHL6I305U72.pcm
SwiftExplicitDependencyGeneratePcm arm64 /Users/admin/builder/spi-builder-workspace/.derivedData/SDKExplicitPrecompiledModules/_DarwinFoundation1-7YQ9TVI7XTOGQU9OADRXP33D1.pcm
SwiftExplicitDependencyGeneratePcm arm64_32 /Users/admin/builder/spi-builder-workspace/.derivedData/SDKExplicitPrecompiledModules/_Builtin_limits-AQMEC9CLG0FZQN6TLGDQ6WF78.pcm
SwiftExplicitDependencyGeneratePcm arm64_32 /Users/admin/builder/spi-builder-workspace/.derivedData/SDKExplicitPrecompiledModules/_DarwinFoundation2-FP2Q8F1Q2HR151SBYKTU6Q8B.pcm
SwiftExplicitDependencyGeneratePcm arm64 /Users/admin/builder/spi-builder-workspace/.derivedData/SDKExplicitPrecompiledModules/_Builtin_limits-75TRA1C7IHYOFCG3KJXQVTHJ4.pcm
SwiftExplicitDependencyGeneratePcm arm64 /Users/admin/builder/spi-builder-workspace/.derivedData/SDKExplicitPrecompiledModules/_DarwinFoundation2-CUPL4FH2SA95GMALQP4M6O8UA.pcm
SwiftExplicitDependencyGeneratePcm arm64_32 /Users/admin/builder/spi-builder-workspace/.derivedData/SDKExplicitPrecompiledModules/_Builtin_stdint-6IWJLTRH2WB6RCG4THPA65RDS.pcm
SwiftExplicitDependencyGeneratePcm arm64_32 /Users/admin/builder/spi-builder-workspace/.derivedData/SDKExplicitPrecompiledModules/_Builtin_tgmath-414CVW1GW3IL0HRLCNNCS6Q0U.pcm
SwiftExplicitDependencyGeneratePcm arm64_32 /Users/admin/builder/spi-builder-workspace/.derivedData/SDKExplicitPrecompiledModules/sys_types-65NN51P1G7GN2GUAUPC53JJ7N.pcm
SwiftExplicitDependencyGeneratePcm arm64_32 /Users/admin/builder/spi-builder-workspace/.derivedData/SDKExplicitPrecompiledModules/string_h-8QY7P4ZQXQAF14WVDITTM4R70.pcm
SwiftExplicitDependencyGeneratePcm arm64 /Users/admin/builder/spi-builder-workspace/.derivedData/SDKExplicitPrecompiledModules/sys_types-9KPVYINL86WUSHF45TU8PWZZ1.pcm
SwiftExplicitDependencyGeneratePcm arm64 /Users/admin/builder/spi-builder-workspace/.derivedData/SDKExplicitPrecompiledModules/string_h-4N9Z22C0HUO8GV7GFPCLZRZA2.pcm
SwiftExplicitDependencyGeneratePcm arm64 /Users/admin/builder/spi-builder-workspace/.derivedData/SDKExplicitPrecompiledModules/_Builtin_tgmath-7JP2AE1NQHA1DV5JYP2OHQ3BF.pcm
SwiftExplicitDependencyGeneratePcm arm64 /Users/admin/builder/spi-builder-workspace/.derivedData/SDKExplicitPrecompiledModules/_Builtin_stdint-6TUACK4YPMARFT56PLIO388SJ.pcm
SwiftExplicitDependencyGeneratePcm arm64_32 /Users/admin/builder/spi-builder-workspace/.derivedData/SDKExplicitPrecompiledModules/_Builtin_stdatomic-D2FE5M7JS5NQA5JDADVERWJM4.pcm
SwiftExplicitDependencyGeneratePcm arm64_32 /Users/admin/builder/spi-builder-workspace/.derivedData/SDKExplicitPrecompiledModules/_DarwinFoundation3-3YOBOPIW2MF1LRNQH7JBUBY4G.pcm
SwiftExplicitDependencyGeneratePcm arm64_32 /Users/admin/builder/spi-builder-workspace/.derivedData/SDKExplicitPrecompiledModules/_Builtin_intrinsics-2K07JIG9ZANIKHSNPO3O6L1K6.pcm
SwiftExplicitDependencyGeneratePcm arm64 /Users/admin/builder/spi-builder-workspace/.derivedData/SDKExplicitPrecompiledModules/_Builtin_intrinsics-SQV576LJA0QE7RW5HF7CQ1BX.pcm
SwiftExplicitDependencyGeneratePcm arm64 /Users/admin/builder/spi-builder-workspace/.derivedData/SDKExplicitPrecompiledModules/_Builtin_stdatomic-25T9UW3XDYID74302F31PX0RP.pcm
SwiftExplicitDependencyGeneratePcm arm64 /Users/admin/builder/spi-builder-workspace/.derivedData/SDKExplicitPrecompiledModules/_DarwinFoundation3-EJXZKD8LN9EYM9OWP9VLJ49PK.pcm
SwiftExplicitDependencyGeneratePcm arm64_32 /Users/admin/builder/spi-builder-workspace/.derivedData/SDKExplicitPrecompiledModules/_Builtin_inttypes-BPZJ68HW1IMYWSHROAZ0IMUJP.pcm
SwiftExplicitDependencyGeneratePcm arm64_32 /Users/admin/builder/spi-builder-workspace/.derivedData/SDKExplicitPrecompiledModules/Darwin-10D35ZJWCWG7LJAF579U7I5V7.pcm
SwiftExplicitDependencyGeneratePcm arm64 /Users/admin/builder/spi-builder-workspace/.derivedData/SDKExplicitPrecompiledModules/_Builtin_inttypes-86YTNV5YADPJXFMJ82N3R4GWQ.pcm
SwiftExplicitDependencyGeneratePcm arm64 /Users/admin/builder/spi-builder-workspace/.derivedData/SDKExplicitPrecompiledModules/Darwin-CSB8C43KELVSFIQVR0803IZPN.pcm
SwiftExplicitDependencyGeneratePcm arm64_32 /Users/admin/builder/spi-builder-workspace/.derivedData/SDKExplicitPrecompiledModules/simd-1W6O8NR1QUSWJGAN44DNNWVHX.pcm
SwiftExplicitDependencyGeneratePcm arm64 /Users/admin/builder/spi-builder-workspace/.derivedData/SDKExplicitPrecompiledModules/simd-2C11HKTI5TJB05T724EWNFZXD.pcm
SwiftExplicitDependencyGeneratePcm arm64_32 /Users/admin/builder/spi-builder-workspace/.derivedData/SDKExplicitPrecompiledModules/MachO-F47JQRYVH1SLPOQSJD8RK9MSX.pcm
SwiftExplicitDependencyGeneratePcm arm64_32 /Users/admin/builder/spi-builder-workspace/.derivedData/SDKExplicitPrecompiledModules/ObjectiveC-71AGZNHLBMR2QK817EJNUN54E.pcm
SwiftExplicitDependencyGeneratePcm arm64 /Users/admin/builder/spi-builder-workspace/.derivedData/SDKExplicitPrecompiledModules/ObjectiveC-22CZPC4WYQC9G8T393WT2KKLW.pcm
SwiftExplicitDependencyGeneratePcm arm64 /Users/admin/builder/spi-builder-workspace/.derivedData/SDKExplicitPrecompiledModules/MachO-4RYXFVY68ZDEUZYFMVL57WEKU.pcm
SwiftExplicitDependencyGeneratePcm arm64_32 /Users/admin/builder/spi-builder-workspace/.derivedData/SDKExplicitPrecompiledModules/os_object-CTXVQBCWDOH6JHUXIFDUOWFRL.pcm
SwiftExplicitDependencyGeneratePcm arm64 /Users/admin/builder/spi-builder-workspace/.derivedData/SDKExplicitPrecompiledModules/os_object-6KYGGZ4DPVZ3BBAZ6QICZN8LI.pcm
SwiftExplicitDependencyGeneratePcm arm64_32 /Users/admin/builder/spi-builder-workspace/.derivedData/SDKExplicitPrecompiledModules/os_workgroup-9L9R05BT5LTFRZ2NM68BZTVV2.pcm
SwiftExplicitDependencyGeneratePcm arm64 /Users/admin/builder/spi-builder-workspace/.derivedData/SDKExplicitPrecompiledModules/os_workgroup-AHE7ULDQBKER38CYPIKDTZF4M.pcm
SwiftExplicitDependencyGeneratePcm arm64_32 /Users/admin/builder/spi-builder-workspace/.derivedData/SDKExplicitPrecompiledModules/Spatial-4XS0QRL16224ZE9KE9TMKASKT.pcm
SwiftExplicitDependencyGeneratePcm arm64_32 /Users/admin/builder/spi-builder-workspace/.derivedData/SDKExplicitPrecompiledModules/Dispatch-CGIMI9KQKHNRQHR2IECIPRG14.pcm
SwiftExplicitDependencyGeneratePcm arm64 /Users/admin/builder/spi-builder-workspace/.derivedData/SDKExplicitPrecompiledModules/Spatial-EZKKX4XFW72RZCTOIG80Z93AP.pcm
SwiftExplicitDependencyGeneratePcm arm64 /Users/admin/builder/spi-builder-workspace/.derivedData/SDKExplicitPrecompiledModules/Dispatch-39VR0G01IUJ09PQKMFGOHXZ4L.pcm
SwiftExplicitDependencyGeneratePcm arm64_32 /Users/admin/builder/spi-builder-workspace/.derivedData/SDKExplicitPrecompiledModules/CoreFoundation-76B9WJP9MDYT33HZQVSNNZQZD.pcm
SwiftExplicitDependencyGeneratePcm arm64_32 /Users/admin/builder/spi-builder-workspace/.derivedData/SDKExplicitPrecompiledModules/XPC-7SLKI45KYLKXH9QET2WYS3UZ4.pcm
SwiftExplicitDependencyGeneratePcm arm64 /Users/admin/builder/spi-builder-workspace/.derivedData/SDKExplicitPrecompiledModules/XPC-650JAZBTM6I0OMHYO6CKM0CWJ.pcm
SwiftExplicitDependencyGeneratePcm arm64 /Users/admin/builder/spi-builder-workspace/.derivedData/SDKExplicitPrecompiledModules/CoreFoundation-59XKO8YNRGGYNC5U5LK8B4EM.pcm
SwiftExplicitDependencyGeneratePcm arm64_32 /Users/admin/builder/spi-builder-workspace/.derivedData/SDKExplicitPrecompiledModules/os-D9NWGT7PQGY2OD43XMA2KGLJK.pcm
SwiftExplicitDependencyGeneratePcm arm64_32 /Users/admin/builder/spi-builder-workspace/.derivedData/SDKExplicitPrecompiledModules/Security-1W411BS4UH2UNMNII2341429S.pcm
SwiftExplicitDependencyGeneratePcm arm64_32 /Users/admin/builder/spi-builder-workspace/.derivedData/SDKExplicitPrecompiledModules/CoreGraphics-A4WOQTM8SYZAQP223LI6RRPEK.pcm
SwiftExplicitDependencyGeneratePcm arm64_32 /Users/admin/builder/spi-builder-workspace/.derivedData/SDKExplicitPrecompiledModules/CoreAudioTypes-AY6JAXDJMW2FLVG4UD79375PW.pcm
SwiftExplicitDependencyGeneratePcm arm64 /Users/admin/builder/spi-builder-workspace/.derivedData/SDKExplicitPrecompiledModules/os-6BCTB8I5DCBBKFJ0Y0G4WQDDJ.pcm
SwiftExplicitDependencyGeneratePcm arm64 /Users/admin/builder/spi-builder-workspace/.derivedData/SDKExplicitPrecompiledModules/CoreGraphics-5488DA9QVJJ7QOFXPYOYIYFUX.pcm
SwiftExplicitDependencyGeneratePcm arm64 /Users/admin/builder/spi-builder-workspace/.derivedData/SDKExplicitPrecompiledModules/CoreAudioTypes-51SR7UBHOMSGMEPVFS6PLSR4M.pcm
SwiftExplicitDependencyGeneratePcm arm64 /Users/admin/builder/spi-builder-workspace/.derivedData/SDKExplicitPrecompiledModules/Security-69WNGEAVQP55EDBQHP3BLE8QU.pcm
SwiftExplicitDependencyGeneratePcm arm64_32 /Users/admin/builder/spi-builder-workspace/.derivedData/SDKExplicitPrecompiledModules/CoreAudio-1FTJGW5ZM9ZN5IKPBE4A9LGNF.pcm
SwiftExplicitDependencyGeneratePcm arm64_32 /Users/admin/builder/spi-builder-workspace/.derivedData/SDKExplicitPrecompiledModules/Foundation-AIQ30TCDC2B0LBUU6FPQZ0HWI.pcm
SwiftExplicitDependencyGeneratePcm arm64_32 /Users/admin/builder/spi-builder-workspace/.derivedData/SDKExplicitPrecompiledModules/CoreVideo-BX0NALWCB2F1YOTF0NZGV9FWU.pcm
SwiftExplicitDependencyGeneratePcm arm64_32 /Users/admin/builder/spi-builder-workspace/.derivedData/SDKExplicitPrecompiledModules/CoreText-34U50N378SZT64826L0B62MN6.pcm
SwiftExplicitDependencyGeneratePcm arm64 /Users/admin/builder/spi-builder-workspace/.derivedData/SDKExplicitPrecompiledModules/CoreAudio-368NRGVYQ33J8K75Y2DSNU06Y.pcm
SwiftExplicitDependencyGeneratePcm arm64 /Users/admin/builder/spi-builder-workspace/.derivedData/SDKExplicitPrecompiledModules/Foundation-B3IXODHI7VO4VRX2RWRXLVJZT.pcm
SwiftExplicitDependencyGeneratePcm arm64 /Users/admin/builder/spi-builder-workspace/.derivedData/SDKExplicitPrecompiledModules/CoreVideo-2YRZ292TS6QDW2V2V92NZMPWM.pcm
SwiftExplicitDependencyGeneratePcm arm64 /Users/admin/builder/spi-builder-workspace/.derivedData/SDKExplicitPrecompiledModules/CoreText-BEC0M2J7FJN53VXNFDZDKL9U2.pcm
SwiftExplicitDependencyGeneratePcm arm64_32 /Users/admin/builder/spi-builder-workspace/.derivedData/SDKExplicitPrecompiledModules/CoreMedia-CU8J9TNJY5EX43FQOPTAAHU29.pcm
SwiftExplicitDependencyGeneratePcm arm64 /Users/admin/builder/spi-builder-workspace/.derivedData/SDKExplicitPrecompiledModules/CoreMedia-EO02G285WTXB0RPNG3DP9O9VN.pcm
SwiftExplicitDependencyGeneratePcm arm64_32 /Users/admin/builder/spi-builder-workspace/.derivedData/SDKExplicitPrecompiledModules/SceneKit-CLOM4E4D45A8A94N3QNHOVW3H.pcm
SwiftExplicitDependencyGeneratePcm arm64_32 /Users/admin/builder/spi-builder-workspace/.derivedData/SDKExplicitPrecompiledModules/UserNotifications-F5AOMF9V2Y10QV8U00QNX8B7Q.pcm
SwiftExplicitDependencyGeneratePcm arm64_32 /Users/admin/builder/spi-builder-workspace/.derivedData/SDKExplicitPrecompiledModules/UIUtilities-ABH83C7CSGMIJAARTF384TV0L.pcm
SwiftExplicitDependencyGeneratePcm arm64_32 /Users/admin/builder/spi-builder-workspace/.derivedData/SDKExplicitPrecompiledModules/_LocationEssentials-1XWTF8V96VX3IAHKJO7PJZDU0.pcm
SwiftExplicitDependencyGeneratePcm arm64_32 /Users/admin/builder/spi-builder-workspace/.derivedData/SDKExplicitPrecompiledModules/Accessibility-BBXP8Z81UOB3UBBTO3GG9FEEO.pcm
SwiftExplicitDependencyGeneratePcm arm64_32 /Users/admin/builder/spi-builder-workspace/.derivedData/SDKExplicitPrecompiledModules/QuartzCore-72UYR37X0O2APTD1XMSJ20X5X.pcm
SwiftExplicitDependencyGeneratePcm arm64_32 /Users/admin/builder/spi-builder-workspace/.derivedData/SDKExplicitPrecompiledModules/CoreData-6STZ9DXY0E1K8LHUUEU1F4SE.pcm
SwiftExplicitDependencyGeneratePcm arm64_32 /Users/admin/builder/spi-builder-workspace/.derivedData/SDKExplicitPrecompiledModules/UniformTypeIdentifiers-EH256724QTCKT0XATY095QHVP.pcm
SwiftExplicitDependencyGeneratePcm arm64_32 /Users/admin/builder/spi-builder-workspace/.derivedData/SDKExplicitPrecompiledModules/OSLog-DXCLJ0K1EEBRV5MFYJOV1HIUX.pcm
SwiftExplicitDependencyGeneratePcm arm64_32 /Users/admin/builder/spi-builder-workspace/.derivedData/SDKExplicitPrecompiledModules/CoreTransferable-DSXZOKFM7XQLZ0FRNNKFDWZT0.pcm
SwiftExplicitDependencyGeneratePcm arm64 /Users/admin/builder/spi-builder-workspace/.derivedData/SDKExplicitPrecompiledModules/QuartzCore-BRDP6VIMJ6A6HG4W4NYXZ8BI3.pcm
SwiftExplicitDependencyGeneratePcm arm64 /Users/admin/builder/spi-builder-workspace/.derivedData/SDKExplicitPrecompiledModules/UniformTypeIdentifiers-47SS6PHE8KOUZX5UOQUNKH397.pcm
SwiftExplicitDependencyGeneratePcm arm64 /Users/admin/builder/spi-builder-workspace/.derivedData/SDKExplicitPrecompiledModules/UIUtilities-AR3EDJH6PMDGNUXQGV2JND65S.pcm
SwiftExplicitDependencyGeneratePcm arm64 /Users/admin/builder/spi-builder-workspace/.derivedData/SDKExplicitPrecompiledModules/CoreData-DAEI6Z48P97TYC3SMMGLERAJ5.pcm
SwiftExplicitDependencyGeneratePcm arm64_32 /Users/admin/builder/spi-builder-workspace/.derivedData/SDKExplicitPrecompiledModules/CoreLocation-4AZRAZ8X3W0CS36SZ1GS4LT05.pcm
SwiftExplicitDependencyGeneratePcm arm64 /Users/admin/builder/spi-builder-workspace/.derivedData/SDKExplicitPrecompiledModules/Symbols-B8SNL2YULCKW9SYIL0T5QLMV.pcm
SwiftExplicitDependencyGeneratePcm arm64 /Users/admin/builder/spi-builder-workspace/.derivedData/SDKExplicitPrecompiledModules/CoreTransferable-EULYJN53RZTIP2D6F171CT1YZ.pcm
SwiftExplicitDependencyGeneratePcm arm64_32 /Users/admin/builder/spi-builder-workspace/.derivedData/SDKExplicitPrecompiledModules/SwiftUICore-TURER010MQ2QH6SN4BGDJJKP.pcm
SwiftExplicitDependencyGeneratePcm arm64 /Users/admin/builder/spi-builder-workspace/.derivedData/SDKExplicitPrecompiledModules/OSLog-ESJZZ70KT229YQNKF5CWYQVLA.pcm
SwiftExplicitDependencyGeneratePcm arm64 /Users/admin/builder/spi-builder-workspace/.derivedData/SDKExplicitPrecompiledModules/UserNotifications-7VIERZPAA371031RT8VBKFYKJ.pcm
SwiftExplicitDependencyGeneratePcm arm64 /Users/admin/builder/spi-builder-workspace/.derivedData/SDKExplicitPrecompiledModules/Accessibility-DB0V1GY4JDAXG2CZ5MW826DDE.pcm
SwiftExplicitDependencyGeneratePcm arm64 /Users/admin/builder/spi-builder-workspace/.derivedData/SDKExplicitPrecompiledModules/DataDetection-8RQ09UCIV0XSYRF8TQQD54MWN.pcm
SwiftExplicitDependencyGeneratePcm arm64_32 /Users/admin/builder/spi-builder-workspace/.derivedData/SDKExplicitPrecompiledModules/Symbols-DP67QJL9W7VSYP70ZVEBE3KRT.pcm
SwiftExplicitDependencyGeneratePcm arm64 /Users/admin/builder/spi-builder-workspace/.derivedData/SDKExplicitPrecompiledModules/SceneKit-4VPDXW2J8W40JMX88G7X30C4G.pcm
SwiftExplicitDependencyGeneratePcm arm64_32 /Users/admin/builder/spi-builder-workspace/.derivedData/SDKExplicitPrecompiledModules/DataDetection-8EDL8T61430CB5CU94L1E3L0C.pcm
SwiftExplicitDependencyGeneratePcm arm64_32 /Users/admin/builder/spi-builder-workspace/.derivedData/SDKExplicitPrecompiledModules/CoreMotion-E9C6K7MOTJF3RC93DULCZ130U.pcm
SwiftExplicitDependencyGeneratePcm arm64 /Users/admin/builder/spi-builder-workspace/.derivedData/SDKExplicitPrecompiledModules/_LocationEssentials-C3HYVW8P89QAUDLD9VRHUF48Q.pcm
SwiftExplicitDependencyGeneratePcm arm64 /Users/admin/builder/spi-builder-workspace/.derivedData/SDKExplicitPrecompiledModules/SwiftUICore-D4BOUT6VJWDXKNATG8P2F95W3.pcm
SwiftExplicitDependencyGeneratePcm arm64 /Users/admin/builder/spi-builder-workspace/.derivedData/SDKExplicitPrecompiledModules/CoreLocation-B0A9Z3B1UDU8OLBQROLWD03N3.pcm
SwiftExplicitDependencyGeneratePcm arm64_32 /Users/admin/builder/spi-builder-workspace/.derivedData/SDKExplicitPrecompiledModules/UIKit-BGAQE5HOOTG6M9C46O1HHPCDR.pcm
SwiftExplicitDependencyGeneratePcm arm64 /Users/admin/builder/spi-builder-workspace/.derivedData/SDKExplicitPrecompiledModules/CoreMotion-70RNUQRT1QM2F8WR42WPP4KQV.pcm
SwiftExplicitDependencyGeneratePcm arm64 /Users/admin/builder/spi-builder-workspace/.derivedData/SDKExplicitPrecompiledModules/UIKit-2XWL6VFNA7WRWSTXI42YLU909.pcm
SwiftExplicitDependencyGeneratePcm arm64_32 /Users/admin/builder/spi-builder-workspace/.derivedData/SDKExplicitPrecompiledModules/HomeKit-DXH34ZWEY4P4FEELCOH3LXVCR.pcm
SwiftExplicitDependencyGeneratePcm arm64_32 /Users/admin/builder/spi-builder-workspace/.derivedData/SDKExplicitPrecompiledModules/MapKit-3RCPMYWFYVKLOR1JJH1M1L7O6.pcm
SwiftExplicitDependencyGeneratePcm arm64_32 /Users/admin/builder/spi-builder-workspace/.derivedData/SDKExplicitPrecompiledModules/WatchKit-7IATJTA58S6OFDEYHG9JSLLDQ.pcm
SwiftExplicitDependencyGeneratePcm arm64 /Users/admin/builder/spi-builder-workspace/.derivedData/SDKExplicitPrecompiledModules/MapKit-5U4CPBNVICOGB0BBK9BC7P4E9.pcm
SwiftExplicitDependencyGeneratePcm arm64 /Users/admin/builder/spi-builder-workspace/.derivedData/SDKExplicitPrecompiledModules/HomeKit-2JD3RMVTK0MFX7K570KHTLBBH.pcm
SwiftExplicitDependencyGeneratePcm arm64_32 /Users/admin/builder/spi-builder-workspace/.derivedData/SDKExplicitPrecompiledModules/SwiftUI-6DR5UJH94SD7QMITGWNAX9FBI.pcm
SwiftExplicitDependencyGeneratePcm arm64 /Users/admin/builder/spi-builder-workspace/.derivedData/SDKExplicitPrecompiledModules/WatchKit-22L6Z003SE8XPQ9JS14K57C9N.pcm
SwiftCompile normal arm64_32 Compiling\ SheetOverlayKeyboardPolicy.swift /Users/admin/builder/spi-builder-workspace/Sources/SheetOverlay/Public/Enums/SheetOverlayKeyboardPolicy.swift (in target 'SheetOverlay' from project 'SheetOverlay')
SwiftCompile normal arm64_32 /Users/admin/builder/spi-builder-workspace/Sources/SheetOverlay/Public/Enums/SheetOverlayKeyboardPolicy.swift (in target 'SheetOverlay' from project 'SheetOverlay')
    cd /Users/admin/builder/spi-builder-workspace/.swiftpm/xcode
    builtin-SwiftPerFileCompile SheetOverlayKeyboardPolicy.swift
SwiftCompile normal arm64_32 Compiling\ View+Preferences.swift /Users/admin/builder/spi-builder-workspace/Sources/SheetOverlay/Public/Extensions/View+Preferences.swift (in target 'SheetOverlay' from project 'SheetOverlay')
SwiftCompile normal arm64_32 /Users/admin/builder/spi-builder-workspace/Sources/SheetOverlay/Public/Extensions/View+Preferences.swift (in target 'SheetOverlay' from project 'SheetOverlay')
    cd /Users/admin/builder/spi-builder-workspace/.swiftpm/xcode
    builtin-SwiftPerFileCompile View+Preferences.swift
SwiftCompile normal arm64_32 Compiling\ View+Modifiers.swift /Users/admin/builder/spi-builder-workspace/Sources/SheetOverlay/Public/Extensions/View+Modifiers.swift (in target 'SheetOverlay' from project 'SheetOverlay')
SwiftCompile normal arm64_32 /Users/admin/builder/spi-builder-workspace/Sources/SheetOverlay/Public/Extensions/View+Modifiers.swift (in target 'SheetOverlay' from project 'SheetOverlay')
    cd /Users/admin/builder/spi-builder-workspace/.swiftpm/xcode
    builtin-SwiftPerFileCompile View+Modifiers.swift
SwiftCompile normal arm64_32 Compiling\ SheetOverlayBackground.swift,\ SheetOverlayPreferences.swift /Users/admin/builder/spi-builder-workspace/Sources/SheetOverlay/Private/Preferences/SheetOverlayBackground.swift /Users/admin/builder/spi-builder-workspace/Sources/SheetOverlay/Private/Preferences/SheetOverlayPreferences.swift (in target 'SheetOverlay' from project 'SheetOverlay')
SwiftCompile normal arm64_32 /Users/admin/builder/spi-builder-workspace/Sources/SheetOverlay/Private/Preferences/SheetOverlayBackground.swift (in target 'SheetOverlay' from project 'SheetOverlay')
    cd /Users/admin/builder/spi-builder-workspace/.swiftpm/xcode
    builtin-SwiftPerFileCompile SheetOverlayBackground.swift
SwiftCompile normal arm64_32 /Users/admin/builder/spi-builder-workspace/Sources/SheetOverlay/Private/Preferences/SheetOverlayPreferences.swift (in target 'SheetOverlay' from project 'SheetOverlay')
    cd /Users/admin/builder/spi-builder-workspace/.swiftpm/xcode
    builtin-SwiftPerFileCompile SheetOverlayPreferences.swift
SwiftCompile normal arm64_32 Compiling\ SheetOverlayShadowConfig.swift,\ SheetOverlayState.swift /Users/admin/builder/spi-builder-workspace/Sources/SheetOverlay/Private/Preferences/SheetOverlayShadowConfig.swift /Users/admin/builder/spi-builder-workspace/Sources/SheetOverlay/Private/SheetOverlayState.swift (in target 'SheetOverlay' from project 'SheetOverlay')
/Users/admin/builder/spi-builder-workspace/Sources/SheetOverlay/Private/SheetOverlayState.swift:234:54: error: 'UIResponder' is unavailable in watchOS
232 |         NotificationCenter.default.addObserver(self,
233 |                                                selector: #selector(keyboardWillShow),
234 |                                                name: UIResponder.keyboardWillShowNotification,
    |                                                      `- error: 'UIResponder' is unavailable in watchOS
235 |                                                object: nil)
236 |         NotificationCenter.default.addObserver(self,
/Applications/Xcode-27.0.0-Release.Candidate.app/Contents/Developer/Platforms/WatchOS.platform/Developer/SDKs/WatchOS27.0.sdk/System/Library/Frameworks/UIKit.framework/Headers/UIResponder.h:82:12: note: 'UIResponder' has been explicitly marked unavailable here
 80 |
 81 | UIKIT_EXTERN API_AVAILABLE(ios(2.0)) API_UNAVAILABLE(watchos) NS_SWIFT_UI_ACTOR
 82 | @interface UIResponder : NSObject <UIResponderStandardEditActions>
    |            `- note: 'UIResponder' has been explicitly marked unavailable here
 83 |
 84 | @property(nonatomic, readonly, nullable) UIResponder *nextResponder;
/Users/admin/builder/spi-builder-workspace/Sources/SheetOverlay/Private/SheetOverlayState.swift:234:66: error: 'keyboardWillShowNotification' is unavailable in watchOS
232 |         NotificationCenter.default.addObserver(self,
233 |                                                selector: #selector(keyboardWillShow),
234 |                                                name: UIResponder.keyboardWillShowNotification,
    |                                                                  `- error: 'keyboardWillShowNotification' is unavailable in watchOS
235 |                                                object: nil)
236 |         NotificationCenter.default.addObserver(self,
/Applications/Xcode-27.0.0-Release.Candidate.app/Contents/Developer/Platforms/WatchOS.platform/Developer/SDKs/WatchOS27.0.sdk/System/Library/Frameworks/UIKit.framework/Headers/UIWindow.h:132:39: note: 'keyboardWillShowNotification' has been explicitly marked unavailable here
130 | // Use the various UICoordinateSpace convertRect facilities to get the frame in the desired coordinate system.
131 | // Animation key/value pairs are only available for the "will" family of notification.
132 | UIKIT_EXTERN NSNotificationName const UIKeyboardWillShowNotification API_UNAVAILABLE(tvos, watchos) NS_SWIFT_NONISOLATED;
    |                                       `- note: 'keyboardWillShowNotification' has been explicitly marked unavailable here
133 | UIKIT_EXTERN NSNotificationName const UIKeyboardDidShowNotification API_UNAVAILABLE(tvos, watchos) NS_SWIFT_NONISOLATED;
134 | UIKIT_EXTERN NSNotificationName const UIKeyboardWillHideNotification API_UNAVAILABLE(tvos, watchos) NS_SWIFT_NONISOLATED;
/Users/admin/builder/spi-builder-workspace/Sources/SheetOverlay/Private/SheetOverlayState.swift:238:54: error: 'UIResponder' is unavailable in watchOS
236 |         NotificationCenter.default.addObserver(self,
237 |                                                selector: #selector(keyboardWillHide),
238 |                                                name: UIResponder.keyboardWillHideNotification,
    |                                                      `- error: 'UIResponder' is unavailable in watchOS
239 |                                                object: nil)
240 |     }
/Applications/Xcode-27.0.0-Release.Candidate.app/Contents/Developer/Platforms/WatchOS.platform/Developer/SDKs/WatchOS27.0.sdk/System/Library/Frameworks/UIKit.framework/Headers/UIResponder.h:82:12: note: 'UIResponder' has been explicitly marked unavailable here
 80 |
 81 | UIKIT_EXTERN API_AVAILABLE(ios(2.0)) API_UNAVAILABLE(watchos) NS_SWIFT_UI_ACTOR
 82 | @interface UIResponder : NSObject <UIResponderStandardEditActions>
    |            `- note: 'UIResponder' has been explicitly marked unavailable here
 83 |
 84 | @property(nonatomic, readonly, nullable) UIResponder *nextResponder;
/Users/admin/builder/spi-builder-workspace/Sources/SheetOverlay/Private/SheetOverlayState.swift:238:66: error: 'keyboardWillHideNotification' is unavailable in watchOS
236 |         NotificationCenter.default.addObserver(self,
237 |                                                selector: #selector(keyboardWillHide),
238 |                                                name: UIResponder.keyboardWillHideNotification,
    |                                                                  `- error: 'keyboardWillHideNotification' is unavailable in watchOS
239 |                                                object: nil)
240 |     }
/Applications/Xcode-27.0.0-Release.Candidate.app/Contents/Developer/Platforms/WatchOS.platform/Developer/SDKs/WatchOS27.0.sdk/System/Library/Frameworks/UIKit.framework/Headers/UIWindow.h:134:39: note: 'keyboardWillHideNotification' has been explicitly marked unavailable here
132 | UIKIT_EXTERN NSNotificationName const UIKeyboardWillShowNotification API_UNAVAILABLE(tvos, watchos) NS_SWIFT_NONISOLATED;
133 | UIKIT_EXTERN NSNotificationName const UIKeyboardDidShowNotification API_UNAVAILABLE(tvos, watchos) NS_SWIFT_NONISOLATED;
134 | UIKIT_EXTERN NSNotificationName const UIKeyboardWillHideNotification API_UNAVAILABLE(tvos, watchos) NS_SWIFT_NONISOLATED;
    |                                       `- note: 'keyboardWillHideNotification' has been explicitly marked unavailable here
135 | UIKIT_EXTERN NSNotificationName const UIKeyboardDidHideNotification API_UNAVAILABLE(tvos, watchos) NS_SWIFT_NONISOLATED;
136 |
/Users/admin/builder/spi-builder-workspace/Sources/SheetOverlay/Private/SheetOverlayState.swift:243:50: error: 'UIResponder' is unavailable in watchOS
241 |
242 |     @objc private func keyboardWillShow(_ notification: Notification) {
243 |         guard let frame = notification.userInfo?[UIResponder.keyboardFrameEndUserInfoKey] as? CGRect,
    |                                                  `- error: 'UIResponder' is unavailable in watchOS
244 |               let duration = notification.userInfo?[UIResponder.keyboardAnimationDurationUserInfoKey] as? Double else {
245 |             return
/Applications/Xcode-27.0.0-Release.Candidate.app/Contents/Developer/Platforms/WatchOS.platform/Developer/SDKs/WatchOS27.0.sdk/System/Library/Frameworks/UIKit.framework/Headers/UIResponder.h:82:12: note: 'UIResponder' has been explicitly marked unavailable here
 80 |
 81 | UIKIT_EXTERN API_AVAILABLE(ios(2.0)) API_UNAVAILABLE(watchos) NS_SWIFT_UI_ACTOR
 82 | @interface UIResponder : NSObject <UIResponderStandardEditActions>
    |            `- note: 'UIResponder' has been explicitly marked unavailable here
 83 |
 84 | @property(nonatomic, readonly, nullable) UIResponder *nextResponder;
/Users/admin/builder/spi-builder-workspace/Sources/SheetOverlay/Private/SheetOverlayState.swift:243:62: error: 'keyboardFrameEndUserInfoKey' is unavailable in watchOS
241 |
242 |     @objc private func keyboardWillShow(_ notification: Notification) {
243 |         guard let frame = notification.userInfo?[UIResponder.keyboardFrameEndUserInfoKey] as? CGRect,
    |                                                              `- error: 'keyboardFrameEndUserInfoKey' is unavailable in watchOS
244 |               let duration = notification.userInfo?[UIResponder.keyboardAnimationDurationUserInfoKey] as? Double else {
245 |             return
/Applications/Xcode-27.0.0-Release.Candidate.app/Contents/Developer/Platforms/WatchOS.platform/Developer/SDKs/WatchOS27.0.sdk/System/Library/Frameworks/UIKit.framework/Headers/UIWindow.h:138:30: note: 'keyboardFrameEndUserInfoKey' has been explicitly marked unavailable here
136 |
137 | UIKIT_EXTERN NSString *const UIKeyboardFrameBeginUserInfoKey        API_AVAILABLE(ios(3.2)) API_UNAVAILABLE(tvos, watchos) NS_SWIFT_NONISOLATED; // NSValue of CGRect
138 | UIKIT_EXTERN NSString *const UIKeyboardFrameEndUserInfoKey          API_AVAILABLE(ios(3.2)) API_UNAVAILABLE(tvos, watchos) NS_SWIFT_NONISOLATED; // NSValue of CGRect
    |                              `- note: 'keyboardFrameEndUserInfoKey' has been explicitly marked unavailable here
139 | UIKIT_EXTERN NSString *const UIKeyboardAnimationDurationUserInfoKey API_AVAILABLE(ios(3.0)) API_UNAVAILABLE(tvos, watchos) NS_SWIFT_NONISOLATED; // NSNumber of double
140 | UIKIT_EXTERN NSString *const UIKeyboardAnimationCurveUserInfoKey    API_AVAILABLE(ios(3.0)) API_UNAVAILABLE(tvos, watchos) NS_SWIFT_NONISOLATED; // NSNumber of NSUInteger (UIViewAnimationCurve)
/Users/admin/builder/spi-builder-workspace/Sources/SheetOverlay/Private/SheetOverlayState.swift:244:53: error: 'UIResponder' is unavailable in watchOS
242 |     @objc private func keyboardWillShow(_ notification: Notification) {
243 |         guard let frame = notification.userInfo?[UIResponder.keyboardFrameEndUserInfoKey] as? CGRect,
244 |               let duration = notification.userInfo?[UIResponder.keyboardAnimationDurationUserInfoKey] as? Double else {
    |                                                     `- error: 'UIResponder' is unavailable in watchOS
245 |             return
246 |         }
/Applications/Xcode-27.0.0-Release.Candidate.app/Contents/Developer/Platforms/WatchOS.platform/Developer/SDKs/WatchOS27.0.sdk/System/Library/Frameworks/UIKit.framework/Headers/UIResponder.h:82:12: note: 'UIResponder' has been explicitly marked unavailable here
 80 |
 81 | UIKIT_EXTERN API_AVAILABLE(ios(2.0)) API_UNAVAILABLE(watchos) NS_SWIFT_UI_ACTOR
 82 | @interface UIResponder : NSObject <UIResponderStandardEditActions>
    |            `- note: 'UIResponder' has been explicitly marked unavailable here
 83 |
 84 | @property(nonatomic, readonly, nullable) UIResponder *nextResponder;
/Users/admin/builder/spi-builder-workspace/Sources/SheetOverlay/Private/SheetOverlayState.swift:244:65: error: 'keyboardAnimationDurationUserInfoKey' is unavailable in watchOS
242 |     @objc private func keyboardWillShow(_ notification: Notification) {
243 |         guard let frame = notification.userInfo?[UIResponder.keyboardFrameEndUserInfoKey] as? CGRect,
244 |               let duration = notification.userInfo?[UIResponder.keyboardAnimationDurationUserInfoKey] as? Double else {
    |                                                                 `- error: 'keyboardAnimationDurationUserInfoKey' is unavailable in watchOS
245 |             return
246 |         }
/Applications/Xcode-27.0.0-Release.Candidate.app/Contents/Developer/Platforms/WatchOS.platform/Developer/SDKs/WatchOS27.0.sdk/System/Library/Frameworks/UIKit.framework/Headers/UIWindow.h:139:30: note: 'keyboardAnimationDurationUserInfoKey' has been explicitly marked unavailable here
137 | UIKIT_EXTERN NSString *const UIKeyboardFrameBeginUserInfoKey        API_AVAILABLE(ios(3.2)) API_UNAVAILABLE(tvos, watchos) NS_SWIFT_NONISOLATED; // NSValue of CGRect
138 | UIKIT_EXTERN NSString *const UIKeyboardFrameEndUserInfoKey          API_AVAILABLE(ios(3.2)) API_UNAVAILABLE(tvos, watchos) NS_SWIFT_NONISOLATED; // NSValue of CGRect
139 | UIKIT_EXTERN NSString *const UIKeyboardAnimationDurationUserInfoKey API_AVAILABLE(ios(3.0)) API_UNAVAILABLE(tvos, watchos) NS_SWIFT_NONISOLATED; // NSNumber of double
    |                              `- note: 'keyboardAnimationDurationUserInfoKey' has been explicitly marked unavailable here
140 | UIKIT_EXTERN NSString *const UIKeyboardAnimationCurveUserInfoKey    API_AVAILABLE(ios(3.0)) API_UNAVAILABLE(tvos, watchos) NS_SWIFT_NONISOLATED; // NSNumber of NSUInteger (UIViewAnimationCurve)
141 | UIKIT_EXTERN NSString *const UIKeyboardIsLocalUserInfoKey           API_AVAILABLE(ios(9.0)) API_UNAVAILABLE(tvos, watchos) NS_SWIFT_NONISOLATED; // NSNumber of BOOL
/Users/admin/builder/spi-builder-workspace/Sources/SheetOverlay/Private/SheetOverlayState.swift:263:53: error: 'UIResponder' is unavailable in watchOS
261 |
262 |     @objc private func keyboardWillHide(_ notification: Notification) {
263 |         guard let duration = notification.userInfo?[UIResponder.keyboardAnimationDurationUserInfoKey] as? Double else {
    |                                                     `- error: 'UIResponder' is unavailable in watchOS
264 |             return
265 |         }
/Applications/Xcode-27.0.0-Release.Candidate.app/Contents/Developer/Platforms/WatchOS.platform/Developer/SDKs/WatchOS27.0.sdk/System/Library/Frameworks/UIKit.framework/Headers/UIResponder.h:82:12: note: 'UIResponder' has been explicitly marked unavailable here
 80 |
 81 | UIKIT_EXTERN API_AVAILABLE(ios(2.0)) API_UNAVAILABLE(watchos) NS_SWIFT_UI_ACTOR
 82 | @interface UIResponder : NSObject <UIResponderStandardEditActions>
    |            `- note: 'UIResponder' has been explicitly marked unavailable here
 83 |
 84 | @property(nonatomic, readonly, nullable) UIResponder *nextResponder;
/Users/admin/builder/spi-builder-workspace/Sources/SheetOverlay/Private/SheetOverlayState.swift:263:65: error: 'keyboardAnimationDurationUserInfoKey' is unavailable in watchOS
261 |
262 |     @objc private func keyboardWillHide(_ notification: Notification) {
263 |         guard let duration = notification.userInfo?[UIResponder.keyboardAnimationDurationUserInfoKey] as? Double else {
    |                                                                 `- error: 'keyboardAnimationDurationUserInfoKey' is unavailable in watchOS
264 |             return
265 |         }
/Applications/Xcode-27.0.0-Release.Candidate.app/Contents/Developer/Platforms/WatchOS.platform/Developer/SDKs/WatchOS27.0.sdk/System/Library/Frameworks/UIKit.framework/Headers/UIWindow.h:139:30: note: 'keyboardAnimationDurationUserInfoKey' has been explicitly marked unavailable here
137 | UIKIT_EXTERN NSString *const UIKeyboardFrameBeginUserInfoKey        API_AVAILABLE(ios(3.2)) API_UNAVAILABLE(tvos, watchos) NS_SWIFT_NONISOLATED; // NSValue of CGRect
138 | UIKIT_EXTERN NSString *const UIKeyboardFrameEndUserInfoKey          API_AVAILABLE(ios(3.2)) API_UNAVAILABLE(tvos, watchos) NS_SWIFT_NONISOLATED; // NSValue of CGRect
139 | UIKIT_EXTERN NSString *const UIKeyboardAnimationDurationUserInfoKey API_AVAILABLE(ios(3.0)) API_UNAVAILABLE(tvos, watchos) NS_SWIFT_NONISOLATED; // NSNumber of double
    |                              `- note: 'keyboardAnimationDurationUserInfoKey' has been explicitly marked unavailable here
140 | UIKIT_EXTERN NSString *const UIKeyboardAnimationCurveUserInfoKey    API_AVAILABLE(ios(3.0)) API_UNAVAILABLE(tvos, watchos) NS_SWIFT_NONISOLATED; // NSNumber of NSUInteger (UIViewAnimationCurve)
141 | UIKIT_EXTERN NSString *const UIKeyboardIsLocalUserInfoKey           API_AVAILABLE(ios(9.0)) API_UNAVAILABLE(tvos, watchos) NS_SWIFT_NONISOLATED; // NSNumber of BOOL
/Users/admin/builder/spi-builder-workspace/Sources/SheetOverlay/Private/SheetOverlayState.swift:289:34: error: 'UIScreen' is unavailable in watchOS
287 |
288 |         // Limit the heights to safe area + some margin
289 |         let maxHeight: CGFloat = UIScreen.main.bounds.height - UIApplication.rootTopSafeArea() - 40
    |                                  `- error: 'UIScreen' is unavailable in watchOS
290 |         let minHeight: CGFloat = UIApplication.rootBottomSafeArea() + 40
291 |
/Applications/Xcode-27.0.0-Release.Candidate.app/Contents/Developer/Platforms/WatchOS.platform/Developer/SDKs/WatchOS27.0.sdk/System/Library/Frameworks/UIKit.framework/Headers/UIScreen.h:54:12: note: 'UIScreen' has been explicitly marked unavailable here
 52 |
 53 | UIKIT_EXTERN API_AVAILABLE(ios(2.0)) API_UNAVAILABLE(visionos, watchos) NS_SWIFT_UI_ACTOR
 54 | @interface UIScreen : NSObject <UITraitEnvironment>
    |            `- note: 'UIScreen' has been explicitly marked unavailable here
 55 |
 56 | @property(class, nonatomic, readonly) NSArray<UIScreen *> *screens API_DEPRECATED("Use UIApplication.shared.openSessions to find open sessions with scenes from other screens", ios(3.2, 16.0), visionos(1.0, 1.0)) API_UNAVAILABLE(watchos); // all screens currently attached to the device
/Users/admin/builder/spi-builder-workspace/Sources/SheetOverlay/Private/SheetOverlayState.swift:289:43: error: 'main' is unavailable in watchOS
287 |
288 |         // Limit the heights to safe area + some margin
289 |         let maxHeight: CGFloat = UIScreen.main.bounds.height - UIApplication.rootTopSafeArea() - 40
    |                                           `- error: 'main' is unavailable in watchOS
290 |         let minHeight: CGFloat = UIApplication.rootBottomSafeArea() + 40
291 |
/Applications/Xcode-27.0.0-Release.Candidate.app/Contents/Developer/Platforms/WatchOS.platform/Developer/SDKs/WatchOS27.0.sdk/System/Library/Frameworks/UIKit.framework/Headers/UIScreen.h:57:49: note: 'main' has been explicitly marked unavailable here
 55 |
 56 | @property(class, nonatomic, readonly) NSArray<UIScreen *> *screens API_DEPRECATED("Use UIApplication.shared.openSessions to find open sessions with scenes from other screens", ios(3.2, 16.0), visionos(1.0, 1.0)) API_UNAVAILABLE(watchos); // all screens currently attached to the device
 57 | @property(class, nonatomic, readonly) UIScreen *mainScreen API_DEPRECATED("Use a UIScreen instance found through context instead (i.e, view.window.windowScene.screen), or for properties like UIScreen.scale with trait equivalents, use a traitCollection found through context.", ios(2.0, 26.0), tvos(9.0, 26.0), visionos(1.0, 26.0)) API_UNAVAILABLE(watchos);
    |                                                 `- note: 'main' has been explicitly marked unavailable here
 58 |
 59 | @property(nonatomic,readonly) CGRect  bounds;                // Bounds of entire screen in points
SwiftCompile normal arm64_32 /Users/admin/builder/spi-builder-workspace/Sources/SheetOverlay/Private/Preferences/SheetOverlayShadowConfig.swift (in target 'SheetOverlay' from project 'SheetOverlay')
    cd /Users/admin/builder/spi-builder-workspace/.swiftpm/xcode
    builtin-SwiftPerFileCompile SheetOverlayShadowConfig.swift
SwiftCompile normal arm64_32 /Users/admin/builder/spi-builder-workspace/Sources/SheetOverlay/Private/SheetOverlayState.swift (in target 'SheetOverlay' from project 'SheetOverlay')
    cd /Users/admin/builder/spi-builder-workspace/.swiftpm/xcode
    builtin-SwiftPerFileCompile SheetOverlayState.swift
SwiftCompile normal arm64_32 Compiling\ SheetOverlayView.swift /Users/admin/builder/spi-builder-workspace/Sources/SheetOverlay/Private/SheetOverlayView.swift (in target 'SheetOverlay' from project 'SheetOverlay')
SwiftCompile normal arm64_32 /Users/admin/builder/spi-builder-workspace/Sources/SheetOverlay/Private/SheetOverlayView.swift (in target 'SheetOverlay' from project 'SheetOverlay')
    cd /Users/admin/builder/spi-builder-workspace/.swiftpm/xcode
    builtin-SwiftPerFileCompile SheetOverlayView.swift
SwiftCompile normal arm64_32 Compiling\ SheetOverlayModifier.swift /Users/admin/builder/spi-builder-workspace/Sources/SheetOverlay/Public/SheetOverlayModifier.swift (in target 'SheetOverlay' from project 'SheetOverlay')
/Users/admin/builder/spi-builder-workspace/Sources/SheetOverlay/Public/SheetOverlayModifier.swift:21:43: error: cannot find type 'UIHostingController' in scope
 19 |     @State private var overlayWindow: SheetOverlayWindow?
 20 |     // Hosting reference
 21 |     @State private var hostingController: UIHostingController<AnyView>?
    |                                           `- error: cannot find type 'UIHostingController' in scope
 22 |
 23 |     // MARK: private properties
macro expansion @State:2:24: error: cannot find type 'UIHostingController' in scope
`- /Users/admin/builder/spi-builder-workspace/Sources/SheetOverlay/Public/SheetOverlayModifier.swift:21:72: note: expanded code originates here
 19 |     @State private var overlayWindow: SheetOverlayWindow?
 20 |     // Hosting reference
 21 |     @State private var hostingController: UIHostingController<AnyView>?
    |     `- note: in expansion of macro 'State' on property 'hostingController' here
    +--- macro expansion @State ----------------------------------------
    | 1 | private var __hostingController = SwiftUICore.State._makeStorage(({
    | 2 |             let value: UIHostingController<AnyView>? = nil
    |   |                        `- error: cannot find type 'UIHostingController' in scope
    | 3 |             return value
    | 4 |         }))
    +-------------------------------------------------------------------
 22 |
 23 |     // MARK: private properties
macro expansion @State:8:27: error: cannot find type 'UIHostingController' in scope
`- /Users/admin/builder/spi-builder-workspace/Sources/SheetOverlay/Public/SheetOverlayModifier.swift:21:72: note: expanded code originates here
 19 |     @State private var overlayWindow: SheetOverlayWindow?
 20 |     // Hosting reference
 21 |     @State private var hostingController: UIHostingController<AnyView>?
    |     `- note: in expansion of macro 'State' on property 'hostingController' here
    +--- macro expansion @State ----------------------------------------
    | 6 | @SwiftUICore._StatePropertyWrapperStorage(initialValue: "JHMxMlNoZWV0T3ZlcmxheTBhQjhNb2RpZmllclYxN2hvc3RpbmdDb250cm9sbGVyMzNfN0Q4Qzk5N0QzMDg4RkFFNzkzNTk0M0Q2QzE5QkQ1NzJMTDVTdGF0ZWZNcF8yMF9pbml0aWFsU3RvcmVkVmFsdWVfZk11Xw==")
    | 7 | private var _hostingController: SwiftUICore.State<_>! = SwiftUICore._stateNil(of: {
    | 8 |         SwiftUICore.State<UIHostingController<AnyView>?>(initialValue: nil)
    |   |                           `- error: cannot find type 'UIHostingController' in scope
    | 9 |     })
    |10 |
    +-------------------------------------------------------------------
 22 |
 23 |     // MARK: private properties
macro expansion @State:7:51: error: could not infer type for placeholder
`- /Users/admin/builder/spi-builder-workspace/Sources/SheetOverlay/Public/SheetOverlayModifier.swift:21:72: note: expanded code originates here
 19 |     @State private var overlayWindow: SheetOverlayWindow?
 20 |     // Hosting reference
 21 |     @State private var hostingController: UIHostingController<AnyView>?
    |     `- note: in expansion of macro 'State' on property 'hostingController' here
    +--- macro expansion @State ----------------------------------------
    | 5 |
    | 6 | @SwiftUICore._StatePropertyWrapperStorage(initialValue: "JHMxMlNoZWV0T3ZlcmxheTBhQjhNb2RpZmllclYxN2hvc3RpbmdDb250cm9sbGVyMzNfN0Q4Qzk5N0QzMDg4RkFFNzkzNTk0M0Q2QzE5QkQ1NzJMTDVTdGF0ZWZNcF8yMF9pbml0aWFsU3RvcmVkVmFsdWVfZk11Xw==")
    | 7 | private var _hostingController: SwiftUICore.State<_>! = SwiftUICore._stateNil(of: {
    |   |                                                   `- error: could not infer type for placeholder
    | 8 |         SwiftUICore.State<UIHostingController<AnyView>?>(initialValue: nil)
    | 9 |     })
    +-------------------------------------------------------------------
 22 |
 23 |     // MARK: private properties
macro expansion @State:12:52: error: cannot find type 'UIHostingController' in scope
`- /Users/admin/builder/spi-builder-workspace/Sources/SheetOverlay/Public/SheetOverlayModifier.swift:21:72: note: expanded code originates here
 19 |     @State private var overlayWindow: SheetOverlayWindow?
 20 |     // Hosting reference
 21 |     @State private var hostingController: UIHostingController<AnyView>?
    |     `- note: in expansion of macro 'State' on property 'hostingController' here
    +--- macro expansion @State ----------------------------------------
    |10 |
    |11 | @SwiftUICore._StateProjectedValue
    |12 | private var $hostingController = SwiftUICore.State<UIHostingController<AnyView>?>(initialValue: nil).projectedValue
    |   |                                                    `- error: cannot find type 'UIHostingController' in scope
    |13 |
    |14 | @SwiftUICore._StateInitialStoredValue("U3dpZnRVSUNvcmUuU3RhdGUuX21ha2VTdG9yYWdlKGluaXRpYWxWYWx1ZTogeyBsZXQgeDogVUlIb3N0aW5nQ29udHJvbGxlcjxBbnlWaWV3Pj8gPSBuaWwKcmV0dXJuIHggfSgpKQ==")
    +-------------------------------------------------------------------
 22 |
 23 |     // MARK: private properties
macro expansion @State:16:20: error: cannot find type 'UIHostingController' in scope
`- /Users/admin/builder/spi-builder-workspace/Sources/SheetOverlay/Public/SheetOverlayModifier.swift:21:72: note: expanded code originates here
 19 |     @State private var overlayWindow: SheetOverlayWindow?
 20 |     // Hosting reference
 21 |     @State private var hostingController: UIHostingController<AnyView>?
    |     `- note: in expansion of macro 'State' on property 'hostingController' here
    +--- macro expansion @State ----------------------------------------
    |14 | @SwiftUICore._StateInitialStoredValue("U3dpZnRVSUNvcmUuU3RhdGUuX21ha2VTdG9yYWdlKGluaXRpYWxWYWx1ZTogeyBsZXQgeDogVUlIb3N0aW5nQ29udHJvbGxlcjxBbnlWaWV3Pj8gPSBuaWwKcmV0dXJuIHggfSgpKQ==")
    |15 | private static var $s12SheetOverlay0aB8ModifierV17hostingController33_7D8C997D3088FAE7935943D6C19BD572LL5StatefMp_20_initialStoredValue_fMu_ = (SwiftUICore.State._makeStorage(initialValue: {
    |16 |             let x: UIHostingController<AnyView>? = nil
    |   |                    `- error: cannot find type 'UIHostingController' in scope
    |17 |             return x
    |18 |         }()))
    +-------------------------------------------------------------------
 22 |
 23 |     // MARK: private properties
/Users/admin/builder/spi-builder-workspace/Sources/SheetOverlay/Public/SheetOverlayModifier.swift:214:28: error: cannot find type 'UIHostingController' in scope
212 |
213 | private struct _HostingControllerUpdater<T: View>: UIViewRepresentable {
214 |     var hostingController: UIHostingController<AnyView>?
    |                            `- error: cannot find type 'UIHostingController' in scope
215 |     var view: T
216 |
/Users/admin/builder/spi-builder-workspace/Sources/SheetOverlay/Public/SheetOverlayModifier.swift:217:30: error: cannot find type 'Context' in scope
215 |     var view: T
216 |
217 |     func makeUIView(context: Context) -> UIView { UIView() }
    |                              `- error: cannot find type 'Context' in scope
218 |
219 |     func updateUIView(_ uiView: UIView, context: Context) {
/Users/admin/builder/spi-builder-workspace/Sources/SheetOverlay/Public/SheetOverlayModifier.swift:217:42: error: 'UIView' is unavailable in watchOS
215 |     var view: T
216 |
217 |     func makeUIView(context: Context) -> UIView { UIView() }
    |                                          `- error: 'UIView' is unavailable in watchOS
218 |
219 |     func updateUIView(_ uiView: UIView, context: Context) {
/Applications/Xcode-27.0.0-Release.Candidate.app/Contents/Developer/Platforms/WatchOS.platform/Developer/SDKs/WatchOS27.0.sdk/System/Library/Frameworks/UIKit.framework/Headers/UIView.h:152:12: note: 'UIView' has been explicitly marked unavailable here
150 |
151 | UIKIT_EXTERN API_AVAILABLE(ios(2.0)) API_UNAVAILABLE(watchos) NS_SWIFT_UI_ACTOR
152 | @interface UIView : UIResponder <NSCoding, UIAppearance, UIAppearanceContainer, UIDynamicItem, UITraitEnvironment, UICoordinateSpace, UIFocusItem, UIFocusItemContainer, CALayerDelegate>
    |            `- note: 'UIView' has been explicitly marked unavailable here
153 |
154 | @property(class, nonatomic, readonly) Class layerClass;                        // default is [CALayer class]. Used when creating the underlying layer for the view.
/Users/admin/builder/spi-builder-workspace/Sources/SheetOverlay/Public/SheetOverlayModifier.swift:219:50: error: cannot find type 'Context' in scope
217 |     func makeUIView(context: Context) -> UIView { UIView() }
218 |
219 |     func updateUIView(_ uiView: UIView, context: Context) {
    |                                                  `- error: cannot find type 'Context' in scope
220 |         // Called every SwiftUI render cycle automatically
221 |         hostingController?.rootView = AnyView(view)
/Users/admin/builder/spi-builder-workspace/Sources/SheetOverlay/Public/SheetOverlayModifier.swift:219:33: error: 'UIView' is unavailable in watchOS
217 |     func makeUIView(context: Context) -> UIView { UIView() }
218 |
219 |     func updateUIView(_ uiView: UIView, context: Context) {
    |                                 `- error: 'UIView' is unavailable in watchOS
220 |         // Called every SwiftUI render cycle automatically
221 |         hostingController?.rootView = AnyView(view)
/Applications/Xcode-27.0.0-Release.Candidate.app/Contents/Developer/Platforms/WatchOS.platform/Developer/SDKs/WatchOS27.0.sdk/System/Library/Frameworks/UIKit.framework/Headers/UIView.h:152:12: note: 'UIView' has been explicitly marked unavailable here
150 |
151 | UIKIT_EXTERN API_AVAILABLE(ios(2.0)) API_UNAVAILABLE(watchos) NS_SWIFT_UI_ACTOR
152 | @interface UIView : UIResponder <NSCoding, UIAppearance, UIAppearanceContainer, UIDynamicItem, UITraitEnvironment, UICoordinateSpace, UIFocusItem, UIFocusItemContainer, CALayerDelegate>
    |            `- note: 'UIView' has been explicitly marked unavailable here
153 |
154 | @property(class, nonatomic, readonly) Class layerClass;                        // default is [CALayer class]. Used when creating the underlying layer for the view.
/Users/admin/builder/spi-builder-workspace/Sources/SheetOverlay/Public/SheetOverlayModifier.swift:213:52: error: cannot find type 'UIViewRepresentable' in scope
211 |
212 |
213 | private struct _HostingControllerUpdater<T: View>: UIViewRepresentable {
    |                                                    `- error: cannot find type 'UIViewRepresentable' in scope
214 |     var hostingController: UIHostingController<AnyView>?
215 |     var view: T
macro expansion @_StateInitialStoredValue:4:24: error: cannot find type 'UIHostingController' in scope
`- /Users/admin/builder/spi-builder-workspace/Sources/SheetOverlay/Public/SheetOverlayModifier.swift:21:72: note: expanded code originates here
 19 |     @State private var overlayWindow: SheetOverlayWindow?
 20 |     // Hosting reference
 21 |     @State private var hostingController: UIHostingController<AnyView>?
    |     `- note: in expansion of macro 'State' on property 'hostingController' here
    +--- macro expansion @State ----------------------------------------
    |12 | private var $hostingController = SwiftUICore.State<UIHostingController<AnyView>?>(initialValue: nil).projectedValue
    |13 |
    |14 | @SwiftUICore._StateInitialStoredValue("U3dpZnRVSUNvcmUuU3RhdGUuX21ha2VTdG9yYWdlKGluaXRpYWxWYWx1ZTogeyBsZXQgeDogVUlIb3N0aW5nQ29udHJvbGxlcjxBbnlWaWV3Pj8gPSBuaWwKcmV0dXJuIHggfSgpKQ==")
    |   | `- note: in expansion of macro '_StateInitialStoredValue' on static property '$s12SheetOverlay0aB8ModifierV17hostingController33_7D8C997D3088FAE7935943D6C19BD572LL5StatefMp_20_initialStoredValue_fMu_' here
    |15 | private static var $s12SheetOverlay0aB8ModifierV17hostingController33_7D8C997D3088FAE7935943D6C19BD572LL5StatefMp_20_initialStoredValue_fMu_ = (SwiftUICore.State._makeStorage(initialValue: {
    |16 |             let x: UIHostingController<AnyView>? = nil
    |17 |             return x
    |18 |         }()))
    |   +--- macro expansion @_StateInitialStoredValue -----------------
    |   |2 |     get {
    |   |3 |         SwiftUICore.State._makeStorage(initialValue: {
    |   |4 |                 let x: UIHostingController<AnyView>? = nil
    |   |  |                        `- error: cannot find type 'UIHostingController' in scope
    |   |5 |                 return x
    |   |6 |             }())
    |   +---------------------------------------------------------------
    +-------------------------------------------------------------------
 22 |
 23 |     // MARK: private properties
/Users/admin/builder/spi-builder-workspace/Sources/SheetOverlay/Public/SheetOverlayModifier.swift:53:21: error: generic parameter 'T' could not be inferred
 51 |                 ZStack {
 52 |                     // invisible — purpose is to catch re-renders
 53 |                     _HostingControllerUpdater(
    |                     |- error: generic parameter 'T' could not be inferred
    |                     `- note: explicitly specify the generic arguments to fix this issue
 54 |                         hostingController: hostingController,
 55 |                         view: SheetOverlayView(sheetState: $sheetState,
    :
211 |
212 |
213 | private struct _HostingControllerUpdater<T: View>: UIViewRepresentable {
    |                                          `- note: 'T' declared as parameter to type '_HostingControllerUpdater'
214 |     var hostingController: UIHostingController<AnyView>?
215 |     var view: T
/Users/admin/builder/spi-builder-workspace/Sources/SheetOverlay/Public/SheetOverlayModifier.swift:127:74: error: 'UIWindowScene' is unavailable in watchOS
125 |     private func setupOverlayWindow() {
126 |         guard overlayWindow == nil else { return }
127 |         guard let scene = UIApplication.shared.connectedScenes.first as? UIWindowScene else { return }
    |                                                                          `- error: 'UIWindowScene' is unavailable in watchOS
128 |         let window = SheetOverlayWindow(windowScene: scene,
129 |                                         sheetState: $sheetState)
/Applications/Xcode-27.0.0-Release.Candidate.app/Contents/Developer/Platforms/WatchOS.platform/Developer/SDKs/WatchOS27.0.sdk/System/Library/Frameworks/UIKit.framework/Headers/UIWindowScene.h:22:12: note: 'UIWindowScene' has been explicitly marked unavailable here
 20 |
 21 | UIKIT_EXTERN API_AVAILABLE(ios(13.0)) API_UNAVAILABLE(watchos) NS_SWIFT_UI_ACTOR
 22 | @interface UIWindowScene : UIScene
    |            `- note: 'UIWindowScene' has been explicitly marked unavailable here
 23 |
 24 | #pragma mark Geometry
SwiftCompile normal arm64_32 /Users/admin/builder/spi-builder-workspace/Sources/SheetOverlay/Public/SheetOverlayModifier.swift (in target 'SheetOverlay' from project 'SheetOverlay')
    cd /Users/admin/builder/spi-builder-workspace/.swiftpm/xcode
    builtin-SwiftPerFileCompile SheetOverlayModifier.swift
SwiftCompile normal arm64_32 Compiling\ SheetOverlayDetent.swift /Users/admin/builder/spi-builder-workspace/Sources/SheetOverlay/Public/Enums/SheetOverlayDetent.swift (in target 'SheetOverlay' from project 'SheetOverlay')
SwiftCompile normal arm64_32 /Users/admin/builder/spi-builder-workspace/Sources/SheetOverlay/Public/Enums/SheetOverlayDetent.swift (in target 'SheetOverlay' from project 'SheetOverlay')
    cd /Users/admin/builder/spi-builder-workspace/.swiftpm/xcode
    builtin-SwiftPerFileCompile SheetOverlayDetent.swift
SwiftCompile normal arm64_32 Compiling\ SheetOverlayWindow.swift /Users/admin/builder/spi-builder-workspace/Sources/SheetOverlay/Private/SheetOverlayWindow.swift (in target 'SheetOverlay' from project 'SheetOverlay')
/Users/admin/builder/spi-builder-workspace/Sources/SheetOverlay/Private/SheetOverlayWindow.swift:17:23: error: 'UIWindowScene' is unavailable in watchOS
15 |     @Binding private var sheetState: SheetOverlayState
16 |
17 |     init(windowScene: UIWindowScene, sheetState: Binding<SheetOverlayState>) {
   |                       `- error: 'UIWindowScene' is unavailable in watchOS
18 |         self._sheetState = sheetState
19 |         super.init(windowScene: windowScene)
/Applications/Xcode-27.0.0-Release.Candidate.app/Contents/Developer/Platforms/WatchOS.platform/Developer/SDKs/WatchOS27.0.sdk/System/Library/Frameworks/UIKit.framework/Headers/UIWindowScene.h:22:12: note: 'UIWindowScene' has been explicitly marked unavailable here
 20 |
 21 | UIKIT_EXTERN API_AVAILABLE(ios(13.0)) API_UNAVAILABLE(watchos) NS_SWIFT_UI_ACTOR
 22 | @interface UIWindowScene : UIScene
    |            `- note: 'UIWindowScene' has been explicitly marked unavailable here
 23 |
 24 | #pragma mark Geometry
/Users/admin/builder/spi-builder-workspace/Sources/SheetOverlay/Private/SheetOverlayWindow.swift:26:57: error: 'UIEvent' is unavailable in watchOS
24 |     }
25 |
26 |     override func hitTest(_ point: CGPoint, with event: UIEvent?) -> UIView? {
   |                                                         `- error: 'UIEvent' is unavailable in watchOS
27 |         guard sheetState.availableHeights.count > 0 else {
28 |             return nil
/Applications/Xcode-27.0.0-Release.Candidate.app/Contents/Developer/Platforms/WatchOS.platform/Developer/SDKs/WatchOS27.0.sdk/System/Library/Frameworks/UIKit.framework/Headers/UIEvent.h:62:12: note: 'UIEvent' has been explicitly marked unavailable here
60 |
61 | UIKIT_EXTERN API_AVAILABLE(ios(2.0)) API_UNAVAILABLE(watchos) NS_SWIFT_UI_ACTOR
62 | @interface UIEvent : NSObject
   |            `- note: 'UIEvent' has been explicitly marked unavailable here
63 |
64 | @property(nonatomic,readonly) UIEventType     type API_AVAILABLE(ios(3.0));
/Users/admin/builder/spi-builder-workspace/Sources/SheetOverlay/Private/SheetOverlayWindow.swift:26:70: error: 'UIView' is unavailable in watchOS
24 |     }
25 |
26 |     override func hitTest(_ point: CGPoint, with event: UIEvent?) -> UIView? {
   |                                                                      `- error: 'UIView' is unavailable in watchOS
27 |         guard sheetState.availableHeights.count > 0 else {
28 |             return nil
/Applications/Xcode-27.0.0-Release.Candidate.app/Contents/Developer/Platforms/WatchOS.platform/Developer/SDKs/WatchOS27.0.sdk/System/Library/Frameworks/UIKit.framework/Headers/UIView.h:152:12: note: 'UIView' has been explicitly marked unavailable here
150 |
151 | UIKIT_EXTERN API_AVAILABLE(ios(2.0)) API_UNAVAILABLE(watchos) NS_SWIFT_UI_ACTOR
152 | @interface UIView : UIResponder <NSCoding, UIAppearance, UIAppearanceContainer, UIDynamicItem, UITraitEnvironment, UICoordinateSpace, UIFocusItem, UIFocusItemContainer, CALayerDelegate>
    |            `- note: 'UIView' has been explicitly marked unavailable here
153 |
154 | @property(class, nonatomic, readonly) Class layerClass;                        // default is [CALayer class]. Used when creating the underlying layer for the view.
/Users/admin/builder/spi-builder-workspace/Sources/SheetOverlay/Private/SheetOverlayWindow.swift:13:42: error: 'UIWindow' is unavailable in watchOS
11 | /// SheetOverlayWindow is used to present overlaySheet over current window
12 | /// User interactions passes through it if not over the sheet
13 | internal final class SheetOverlayWindow: UIWindow {
   |                                          `- error: 'UIWindow' is unavailable in watchOS
14 |
15 |     @Binding private var sheetState: SheetOverlayState
/Applications/Xcode-27.0.0-Release.Candidate.app/Contents/Developer/Platforms/WatchOS.platform/Developer/SDKs/WatchOS27.0.sdk/System/Library/Frameworks/UIKit.framework/Headers/UIWindow.h:22:12: note: 'UIWindow' has been explicitly marked unavailable here
 20 |
 21 | UIKIT_EXTERN API_AVAILABLE(ios(2.0)) API_UNAVAILABLE(watchos) NS_SWIFT_UI_ACTOR
 22 | @interface UIWindow : UIView
    |            `- note: 'UIWindow' has been explicitly marked unavailable here
 23 |
 24 | // instantiate a UIWindow already associated with a given UIWindowScene instance, with matching frame & interface orientations.
SwiftCompile normal arm64_32 /Users/admin/builder/spi-builder-workspace/Sources/SheetOverlay/Private/SheetOverlayWindow.swift (in target 'SheetOverlay' from project 'SheetOverlay')
    cd /Users/admin/builder/spi-builder-workspace/.swiftpm/xcode
    builtin-SwiftPerFileCompile SheetOverlayWindow.swift
SwiftEmitModule normal arm64_32 Emitting\ module\ for\ SheetOverlay (in target 'SheetOverlay' from project 'SheetOverlay')
/Users/admin/builder/spi-builder-workspace/Sources/SheetOverlay/Private/Extensions/UIApplication+SafeArea.swift:10:20: error: 'UIApplication' is unavailable in watchOS
 8 | import UIKit
 9 |
10 | internal extension UIApplication {
   |                    `- error: 'UIApplication' is unavailable in watchOS
11 |
12 |     static func rootBottomSafeArea() -> CGFloat {
/Applications/Xcode-27.0.0-Release.Candidate.app/Contents/Developer/Platforms/WatchOS.platform/Developer/SDKs/WatchOS27.0.sdk/System/Library/Frameworks/UIKit.framework/Headers/UIApplication.h:85:12: note: 'UIApplication' has been explicitly marked unavailable here
 83 |
 84 | UIKIT_EXTERN API_AVAILABLE(ios(2.0)) API_UNAVAILABLE(watchos) NS_SWIFT_UI_ACTOR
 85 | @interface UIApplication : UIResponder
    |            `- note: 'UIApplication' has been explicitly marked unavailable here
 86 |
 87 | @property(class, nonatomic, readonly) UIApplication *sharedApplication NS_EXTENSION_UNAVAILABLE_IOS("Use view controller based solutions where appropriate instead.");
/Users/admin/builder/spi-builder-workspace/Sources/SheetOverlay/Private/SheetOverlayWindow.swift:17:23: error: 'UIWindowScene' is unavailable in watchOS
15 |     @Binding private var sheetState: SheetOverlayState
16 |
17 |     init(windowScene: UIWindowScene, sheetState: Binding<SheetOverlayState>) {
   |                       `- error: 'UIWindowScene' is unavailable in watchOS
18 |         self._sheetState = sheetState
19 |         super.init(windowScene: windowScene)
/Applications/Xcode-27.0.0-Release.Candidate.app/Contents/Developer/Platforms/WatchOS.platform/Developer/SDKs/WatchOS27.0.sdk/System/Library/Frameworks/UIKit.framework/Headers/UIWindowScene.h:22:12: note: 'UIWindowScene' has been explicitly marked unavailable here
 20 |
 21 | UIKIT_EXTERN API_AVAILABLE(ios(13.0)) API_UNAVAILABLE(watchos) NS_SWIFT_UI_ACTOR
 22 | @interface UIWindowScene : UIScene
    |            `- note: 'UIWindowScene' has been explicitly marked unavailable here
 23 |
 24 | #pragma mark Geometry
/Users/admin/builder/spi-builder-workspace/Sources/SheetOverlay/Private/SheetOverlayWindow.swift:26:57: error: 'UIEvent' is unavailable in watchOS
24 |     }
25 |
26 |     override func hitTest(_ point: CGPoint, with event: UIEvent?) -> UIView? {
   |                                                         `- error: 'UIEvent' is unavailable in watchOS
27 |         guard sheetState.availableHeights.count > 0 else {
28 |             return nil
/Applications/Xcode-27.0.0-Release.Candidate.app/Contents/Developer/Platforms/WatchOS.platform/Developer/SDKs/WatchOS27.0.sdk/System/Library/Frameworks/UIKit.framework/Headers/UIEvent.h:62:12: note: 'UIEvent' has been explicitly marked unavailable here
60 |
61 | UIKIT_EXTERN API_AVAILABLE(ios(2.0)) API_UNAVAILABLE(watchos) NS_SWIFT_UI_ACTOR
62 | @interface UIEvent : NSObject
   |            `- note: 'UIEvent' has been explicitly marked unavailable here
63 |
64 | @property(nonatomic,readonly) UIEventType     type API_AVAILABLE(ios(3.0));
/Users/admin/builder/spi-builder-workspace/Sources/SheetOverlay/Private/SheetOverlayWindow.swift:26:70: error: 'UIView' is unavailable in watchOS
24 |     }
25 |
26 |     override func hitTest(_ point: CGPoint, with event: UIEvent?) -> UIView? {
   |                                                                      `- error: 'UIView' is unavailable in watchOS
27 |         guard sheetState.availableHeights.count > 0 else {
28 |             return nil
/Applications/Xcode-27.0.0-Release.Candidate.app/Contents/Developer/Platforms/WatchOS.platform/Developer/SDKs/WatchOS27.0.sdk/System/Library/Frameworks/UIKit.framework/Headers/UIView.h:152:12: note: 'UIView' has been explicitly marked unavailable here
150 |
151 | UIKIT_EXTERN API_AVAILABLE(ios(2.0)) API_UNAVAILABLE(watchos) NS_SWIFT_UI_ACTOR
152 | @interface UIView : UIResponder <NSCoding, UIAppearance, UIAppearanceContainer, UIDynamicItem, UITraitEnvironment, UICoordinateSpace, UIFocusItem, UIFocusItemContainer, CALayerDelegate>
    |            `- note: 'UIView' has been explicitly marked unavailable here
153 |
154 | @property(class, nonatomic, readonly) Class layerClass;                        // default is [CALayer class]. Used when creating the underlying layer for the view.
/Users/admin/builder/spi-builder-workspace/Sources/SheetOverlay/Private/SheetOverlayWindow.swift:13:42: error: 'UIWindow' is unavailable in watchOS
11 | /// SheetOverlayWindow is used to present overlaySheet over current window
12 | /// User interactions passes through it if not over the sheet
13 | internal final class SheetOverlayWindow: UIWindow {
   |                                          `- error: 'UIWindow' is unavailable in watchOS
14 |
15 |     @Binding private var sheetState: SheetOverlayState
/Applications/Xcode-27.0.0-Release.Candidate.app/Contents/Developer/Platforms/WatchOS.platform/Developer/SDKs/WatchOS27.0.sdk/System/Library/Frameworks/UIKit.framework/Headers/UIWindow.h:22:12: note: 'UIWindow' has been explicitly marked unavailable here
 20 |
 21 | UIKIT_EXTERN API_AVAILABLE(ios(2.0)) API_UNAVAILABLE(watchos) NS_SWIFT_UI_ACTOR
 22 | @interface UIWindow : UIView
    |            `- note: 'UIWindow' has been explicitly marked unavailable here
 23 |
 24 | // instantiate a UIWindow already associated with a given UIWindowScene instance, with matching frame & interface orientations.
/Users/admin/builder/spi-builder-workspace/Sources/SheetOverlay/Public/SheetOverlayModifier.swift:21:43: error: cannot find type 'UIHostingController' in scope
 19 |     @State private var overlayWindow: SheetOverlayWindow?
 20 |     // Hosting reference
 21 |     @State private var hostingController: UIHostingController<AnyView>?
    |                                           `- error: cannot find type 'UIHostingController' in scope
 22 |
 23 |     // MARK: private properties
macro expansion @State:2:24: error: cannot find type 'UIHostingController' in scope
`- /Users/admin/builder/spi-builder-workspace/Sources/SheetOverlay/Public/SheetOverlayModifier.swift:21:72: note: expanded code originates here
 19 |     @State private var overlayWindow: SheetOverlayWindow?
 20 |     // Hosting reference
 21 |     @State private var hostingController: UIHostingController<AnyView>?
    |     `- note: in expansion of macro 'State' on property 'hostingController' here
    +--- macro expansion @State ----------------------------------------
    | 1 | private var __hostingController = SwiftUICore.State._makeStorage(({
    | 2 |             let value: UIHostingController<AnyView>? = nil
    |   |                        `- error: cannot find type 'UIHostingController' in scope
    | 3 |             return value
    | 4 |         }))
    +-------------------------------------------------------------------
 22 |
 23 |     // MARK: private properties
macro expansion @State:8:27: error: cannot find type 'UIHostingController' in scope
`- /Users/admin/builder/spi-builder-workspace/Sources/SheetOverlay/Public/SheetOverlayModifier.swift:21:72: note: expanded code originates here
 19 |     @State private var overlayWindow: SheetOverlayWindow?
 20 |     // Hosting reference
 21 |     @State private var hostingController: UIHostingController<AnyView>?
    |     `- note: in expansion of macro 'State' on property 'hostingController' here
    +--- macro expansion @State ----------------------------------------
    | 6 | @SwiftUICore._StatePropertyWrapperStorage(initialValue: "JHMxMlNoZWV0T3ZlcmxheTBhQjhNb2RpZmllclYxN2hvc3RpbmdDb250cm9sbGVyMzNfN0Q4Qzk5N0QzMDg4RkFFNzkzNTk0M0Q2QzE5QkQ1NzJMTDVTdGF0ZWZNcF8yMF9pbml0aWFsU3RvcmVkVmFsdWVfZk11Xw==")
    | 7 | private var _hostingController: SwiftUICore.State<_>! = SwiftUICore._stateNil(of: {
    | 8 |         SwiftUICore.State<UIHostingController<AnyView>?>(initialValue: nil)
    |   |                           `- error: cannot find type 'UIHostingController' in scope
    | 9 |     })
    |10 |
    +-------------------------------------------------------------------
 22 |
 23 |     // MARK: private properties
macro expansion @State:7:51: error: could not infer type for placeholder
`- /Users/admin/builder/spi-builder-workspace/Sources/SheetOverlay/Public/SheetOverlayModifier.swift:21:72: note: expanded code originates here
 19 |     @State private var overlayWindow: SheetOverlayWindow?
 20 |     // Hosting reference
 21 |     @State private var hostingController: UIHostingController<AnyView>?
    |     `- note: in expansion of macro 'State' on property 'hostingController' here
    +--- macro expansion @State ----------------------------------------
    | 5 |
    | 6 | @SwiftUICore._StatePropertyWrapperStorage(initialValue: "JHMxMlNoZWV0T3ZlcmxheTBhQjhNb2RpZmllclYxN2hvc3RpbmdDb250cm9sbGVyMzNfN0Q4Qzk5N0QzMDg4RkFFNzkzNTk0M0Q2QzE5QkQ1NzJMTDVTdGF0ZWZNcF8yMF9pbml0aWFsU3RvcmVkVmFsdWVfZk11Xw==")
    | 7 | private var _hostingController: SwiftUICore.State<_>! = SwiftUICore._stateNil(of: {
    |   |                                                   `- error: could not infer type for placeholder
    | 8 |         SwiftUICore.State<UIHostingController<AnyView>?>(initialValue: nil)
    | 9 |     })
    +-------------------------------------------------------------------
 22 |
 23 |     // MARK: private properties
macro expansion @State:12:52: error: cannot find type 'UIHostingController' in scope
`- /Users/admin/builder/spi-builder-workspace/Sources/SheetOverlay/Public/SheetOverlayModifier.swift:21:72: note: expanded code originates here
 19 |     @State private var overlayWindow: SheetOverlayWindow?
 20 |     // Hosting reference
 21 |     @State private var hostingController: UIHostingController<AnyView>?
    |     `- note: in expansion of macro 'State' on property 'hostingController' here
    +--- macro expansion @State ----------------------------------------
    |10 |
    |11 | @SwiftUICore._StateProjectedValue
    |12 | private var $hostingController = SwiftUICore.State<UIHostingController<AnyView>?>(initialValue: nil).projectedValue
    |   |                                                    `- error: cannot find type 'UIHostingController' in scope
    |13 |
    |14 | @SwiftUICore._StateInitialStoredValue("U3dpZnRVSUNvcmUuU3RhdGUuX21ha2VTdG9yYWdlKGluaXRpYWxWYWx1ZTogeyBsZXQgeDogVUlIb3N0aW5nQ29udHJvbGxlcjxBbnlWaWV3Pj8gPSBuaWwKcmV0dXJuIHggfSgpKQ==")
    +-------------------------------------------------------------------
 22 |
 23 |     // MARK: private properties
macro expansion @State:16:20: error: cannot find type 'UIHostingController' in scope
`- /Users/admin/builder/spi-builder-workspace/Sources/SheetOverlay/Public/SheetOverlayModifier.swift:21:72: note: expanded code originates here
 19 |     @State private var overlayWindow: SheetOverlayWindow?
 20 |     // Hosting reference
 21 |     @State private var hostingController: UIHostingController<AnyView>?
    |     `- note: in expansion of macro 'State' on property 'hostingController' here
    +--- macro expansion @State ----------------------------------------
    |14 | @SwiftUICore._StateInitialStoredValue("U3dpZnRVSUNvcmUuU3RhdGUuX21ha2VTdG9yYWdlKGluaXRpYWxWYWx1ZTogeyBsZXQgeDogVUlIb3N0aW5nQ29udHJvbGxlcjxBbnlWaWV3Pj8gPSBuaWwKcmV0dXJuIHggfSgpKQ==")
    |15 | private static var $s12SheetOverlay0aB8ModifierV17hostingController33_7D8C997D3088FAE7935943D6C19BD572LL5StatefMp_20_initialStoredValue_fMu_ = (SwiftUICore.State._makeStorage(initialValue: {
    |16 |             let x: UIHostingController<AnyView>? = nil
    |   |                    `- error: cannot find type 'UIHostingController' in scope
    |17 |             return x
    |18 |         }()))
    +-------------------------------------------------------------------
 22 |
 23 |     // MARK: private properties
/Users/admin/builder/spi-builder-workspace/Sources/SheetOverlay/Public/SheetOverlayModifier.swift:214:28: error: cannot find type 'UIHostingController' in scope
212 |
213 | private struct _HostingControllerUpdater<T: View>: UIViewRepresentable {
214 |     var hostingController: UIHostingController<AnyView>?
    |                            `- error: cannot find type 'UIHostingController' in scope
215 |     var view: T
216 |
/Users/admin/builder/spi-builder-workspace/Sources/SheetOverlay/Public/SheetOverlayModifier.swift:217:30: error: cannot find type 'Context' in scope
215 |     var view: T
216 |
217 |     func makeUIView(context: Context) -> UIView { UIView() }
    |                              `- error: cannot find type 'Context' in scope
218 |
219 |     func updateUIView(_ uiView: UIView, context: Context) {
/Users/admin/builder/spi-builder-workspace/Sources/SheetOverlay/Public/SheetOverlayModifier.swift:217:42: error: 'UIView' is unavailable in watchOS
215 |     var view: T
216 |
217 |     func makeUIView(context: Context) -> UIView { UIView() }
    |                                          `- error: 'UIView' is unavailable in watchOS
218 |
219 |     func updateUIView(_ uiView: UIView, context: Context) {
/Applications/Xcode-27.0.0-Release.Candidate.app/Contents/Developer/Platforms/WatchOS.platform/Developer/SDKs/WatchOS27.0.sdk/System/Library/Frameworks/UIKit.framework/Headers/UIView.h:152:12: note: 'UIView' has been explicitly marked unavailable here
150 |
151 | UIKIT_EXTERN API_AVAILABLE(ios(2.0)) API_UNAVAILABLE(watchos) NS_SWIFT_UI_ACTOR
152 | @interface UIView : UIResponder <NSCoding, UIAppearance, UIAppearanceContainer, UIDynamicItem, UITraitEnvironment, UICoordinateSpace, UIFocusItem, UIFocusItemContainer, CALayerDelegate>
    |            `- note: 'UIView' has been explicitly marked unavailable here
153 |
154 | @property(class, nonatomic, readonly) Class layerClass;                        // default is [CALayer class]. Used when creating the underlying layer for the view.
/Users/admin/builder/spi-builder-workspace/Sources/SheetOverlay/Public/SheetOverlayModifier.swift:219:50: error: cannot find type 'Context' in scope
217 |     func makeUIView(context: Context) -> UIView { UIView() }
218 |
219 |     func updateUIView(_ uiView: UIView, context: Context) {
    |                                                  `- error: cannot find type 'Context' in scope
220 |         // Called every SwiftUI render cycle automatically
221 |         hostingController?.rootView = AnyView(view)
/Users/admin/builder/spi-builder-workspace/Sources/SheetOverlay/Public/SheetOverlayModifier.swift:219:33: error: 'UIView' is unavailable in watchOS
217 |     func makeUIView(context: Context) -> UIView { UIView() }
218 |
219 |     func updateUIView(_ uiView: UIView, context: Context) {
    |                                 `- error: 'UIView' is unavailable in watchOS
220 |         // Called every SwiftUI render cycle automatically
221 |         hostingController?.rootView = AnyView(view)
/Applications/Xcode-27.0.0-Release.Candidate.app/Contents/Developer/Platforms/WatchOS.platform/Developer/SDKs/WatchOS27.0.sdk/System/Library/Frameworks/UIKit.framework/Headers/UIView.h:152:12: note: 'UIView' has been explicitly marked unavailable here
150 |
151 | UIKIT_EXTERN API_AVAILABLE(ios(2.0)) API_UNAVAILABLE(watchos) NS_SWIFT_UI_ACTOR
152 | @interface UIView : UIResponder <NSCoding, UIAppearance, UIAppearanceContainer, UIDynamicItem, UITraitEnvironment, UICoordinateSpace, UIFocusItem, UIFocusItemContainer, CALayerDelegate>
    |            `- note: 'UIView' has been explicitly marked unavailable here
153 |
154 | @property(class, nonatomic, readonly) Class layerClass;                        // default is [CALayer class]. Used when creating the underlying layer for the view.
/Users/admin/builder/spi-builder-workspace/Sources/SheetOverlay/Public/SheetOverlayModifier.swift:213:52: error: cannot find type 'UIViewRepresentable' in scope
211 |
212 |
213 | private struct _HostingControllerUpdater<T: View>: UIViewRepresentable {
    |                                                    `- error: cannot find type 'UIViewRepresentable' in scope
214 |     var hostingController: UIHostingController<AnyView>?
215 |     var view: T
Failed frontend command:
/Applications/Xcode-27.0.0-Release.Candidate.app/Contents/Developer/Toolchains/XcodeDefault.xctoolchain/usr/bin/swift-frontend -frontend -emit-module -experimental-skip-non-inlinable-function-bodies-without-types /Users/admin/builder/spi-builder-workspace/Sources/SheetOverlay/Private/Extensions/CGFloat+Utils.swift /Users/admin/builder/spi-builder-workspace/Sources/SheetOverlay/Private/Extensions/UIApplication+SafeArea.swift /Users/admin/builder/spi-builder-workspace/Sources/SheetOverlay/Private/Preferences/SheetOverlayBackground.swift /Users/admin/builder/spi-builder-workspace/Sources/SheetOverlay/Private/Preferences/SheetOverlayPreferences.swift /Users/admin/builder/spi-builder-workspace/Sources/SheetOverlay/Private/Preferences/SheetOverlayShadowConfig.swift /Users/admin/builder/spi-builder-workspace/Sources/SheetOverlay/Private/SheetOverlayState.swift /Users/admin/builder/spi-builder-workspace/Sources/SheetOverlay/Private/SheetOverlayView.swift /Users/admin/builder/spi-builder-workspace/Sources/SheetOverlay/Private/SheetOverlayWindow.swift /Users/admin/builder/spi-builder-workspace/Sources/SheetOverlay/Public/Enums/SheetOverlayDetent.swift /Users/admin/builder/spi-builder-workspace/Sources/SheetOverlay/Public/Enums/SheetOverlayKeyboardPolicy.swift /Users/admin/builder/spi-builder-workspace/Sources/SheetOverlay/Public/Extensions/View+Modifiers.swift /Users/admin/builder/spi-builder-workspace/Sources/SheetOverlay/Public/Extensions/View+Preferences.swift /Users/admin/builder/spi-builder-workspace/Sources/SheetOverlay/Public/SheetOverlayModifier.swift -target arm64_32-apple-watchos10.0 -disable-cross-import-overlay-search -load-resolved-plugin /Applications/Xcode-27.0.0-Release.Candidate.app/Contents/Developer/Platforms/WatchOS.platform/Developer/usr/lib/swift/host/plugins/libFoundationMacros.dylib\#/Applications/Xcode-27.0.0-Release.Candidate.app/Contents/Developer/Platforms/WatchOS.platform/Developer/usr/bin/swift-plugin-server\#FoundationMacros -load-resolved-plugin /Applications/Xcode-27.0.0-Release.Candidate.app/Contents/Developer/Platforms/WatchOS.platform/Developer/usr/lib/swift/host/plugins/libObservationMacros.dylib\#/Applications/Xcode-27.0.0-Release.Candidate.app/Contents/Developer/Platforms/WatchOS.platform/Developer/usr/bin/swift-plugin-server\#ObservationMacros -load-resolved-plugin /Applications/Xcode-27.0.0-Release.Candidate.app/Contents/Developer/Platforms/WatchOS.platform/Developer/usr/lib/swift/host/plugins/libPreviewsMacros.dylib\#/Applications/Xcode-27.0.0-Release.Candidate.app/Contents/Developer/Platforms/WatchOS.platform/Developer/usr/bin/swift-plugin-server\#PreviewsMacros -load-resolved-plugin /Applications/Xcode-27.0.0-Release.Candidate.app/Contents/Developer/Platforms/WatchOS.platform/Developer/usr/lib/swift/host/plugins/libSwiftMacros.dylib\#/Applications/Xcode-27.0.0-Release.Candidate.app/Contents/Developer/Platforms/WatchOS.platform/Developer/usr/bin/swift-plugin-server\#SwiftMacros -load-resolved-plugin /Applications/Xcode-27.0.0-Release.Candidate.app/Contents/Developer/Platforms/WatchOS.platform/Developer/usr/lib/swift/host/plugins/libSwiftUIMacros.dylib\#/Applications/Xcode-27.0.0-Release.Candidate.app/Contents/Developer/Platforms/WatchOS.platform/Developer/usr/bin/swift-plugin-server\#SwiftUIMacros -disable-implicit-swift-modules -Xcc -fno-implicit-modules -Xcc -fno-implicit-module-maps -explicit-swift-module-map-file /Users/admin/builder/spi-builder-workspace/.derivedData/Build/Intermediates.noindex/SheetOverlay.build/Debug-watchos/SheetOverlay-t.build/Objects-normal/arm64_32/SheetOverlay-dependencies-2.json -enable-objc-interop -sdk /Applications/Xcode-27.0.0-Release.Candidate.app/Contents/Developer/Platforms/WatchOS.platform/Developer/SDKs/WatchOS27.0.sdk -I /Users/admin/builder/spi-builder-workspace/.derivedData/Build/Products/Debug-watchos -Isystem /Applications/Xcode-27.0.0-Release.Candidate.app/Contents/Developer/Platforms/WatchOS.platform/Developer/usr/lib -F /Users/admin/builder/spi-builder-workspace/.derivedData/Build/Products/Debug-watchos -F /Applications/Xcode-27.0.0-Release.Candidate.app/Contents/Developer/Platforms/WatchOS.platform/Developer/Library/Frameworks -F /Applications/Xcode-27.0.0-Release.Candidate.app/Contents/Developer/Platforms/WatchOS.platform/Developer/SDKs/WatchOS27.0.sdk/Developer/Library/Frameworks -module-cache-path /Users/admin/builder/spi-builder-workspace/.derivedData/Build/Intermediates.noindex/SwiftExplicitPrecompiledModules -no-color-diagnostics -Xcc -fno-color-diagnostics -enable-testing -g -debug-info-format\=dwarf -dwarf-version\=4 -swift-version 6 -Onone -D SWIFT_PACKAGE -D DEBUG -D SWIFT_MODULE_RESOURCE_BUNDLE_UNAVAILABLE -D Xcode -serialize-debugging-options -enable-experimental-feature DebugDescriptionMacro -empty-abi-descriptor -validate-clang-modules-once -clang-build-session-file /Users/admin/builder/spi-builder-workspace/.derivedData/ModuleCache.noindex/Session.modulevalidation -Xcc -working-directory -Xcc /Users/admin/builder/spi-builder-workspace/.swiftpm/xcode -enable-anonymous-context-mangled-names -file-compilation-dir /Users/admin/builder/spi-builder-workspace/.swiftpm/xcode -Xcc -D_LIBCPP_HARDENING_MODE\=_LIBCPP_HARDENING_MODE_DEBUG -Xcc -ivfsstatcache -Xcc /Users/admin/builder/spi-builder-workspace/.derivedData/SDKStatCaches.noindex/watchos27.0-24R360-e829b21a6f8c9b70876ba0858053c04477534ef55a1706bf4c1112bbb242f0a2.sdkstatcache -Xcc -fmodules-prune-interval\=86400 -Xcc -fmodules-prune-after\=345600 -Xcc -I/Users/admin/builder/spi-builder-workspace/.derivedData/Build/Products/Debug-watchos/include -Xcc -I/Users/admin/builder/spi-builder-workspace/.derivedData/Build/Intermediates.noindex/SheetOverlay.build/Debug-watchos/SheetOverlay-t.build/DerivedSources-normal/arm64_32 -Xcc -I/Users/admin/builder/spi-builder-workspace/.derivedData/Build/Intermediates.noindex/SheetOverlay.build/Debug-watchos/SheetOverlay-t.build/DerivedSources/arm64_32 -Xcc -I/Users/admin/builder/spi-builder-workspace/.derivedData/Build/Intermediates.noindex/SheetOverlay.build/Debug-watchos/SheetOverlay-t.build/DerivedSources -Xcc -DSWIFT_PACKAGE -Xcc -DDEBUG\=1 -no-auto-bridging-header-chaining -module-name SheetOverlay -package-name spi_builder_workspace -const-gather-protocols-file /Users/admin/builder/spi-builder-workspace/.derivedData/Build/Intermediates.noindex/SheetOverlay.build/Debug-watchos/SheetOverlay-t.build/Objects-normal/arm64_32/SheetOverlay_const_extract_protocols.json -disable-clang-spi -clang-target arm64_32-apple-watchos27.0 -target-sdk-version 27.0 -target-sdk-name watchos27.0 -in-process-plugin-server-path /Applications/Xcode-27.0.0-Release.Candidate.app/Contents/Developer/Toolchains/XcodeDefault.xctoolchain/usr/lib/swift/host/libSwiftInProcPluginServer.dylib -emit-module-doc-path /Users/admin/builder/spi-builder-workspace/.derivedData/Build/Intermediates.noindex/SheetOverlay.build/Debug-watchos/SheetOverlay-t.build/Objects-normal/arm64_32/SheetOverlay.swiftdoc -emit-module-source-info-path /Users/admin/builder/spi-builder-workspace/.derivedData/Build/Intermediates.noindex/SheetOverlay.build/Debug-watchos/SheetOverlay-t.build/Objects-normal/arm64_32/SheetOverlay.swiftsourceinfo -emit-objc-header-path /Users/admin/builder/spi-builder-workspace/.derivedData/Build/Intermediates.noindex/SheetOverlay.build/Debug-watchos/SheetOverlay-t.build/Objects-normal/arm64_32/SheetOverlay-Swift.h -serialize-diagnostics-path /Users/admin/builder/spi-builder-workspace/.derivedData/Build/Intermediates.noindex/SheetOverlay.build/Debug-watchos/SheetOverlay-t.build/Objects-normal/arm64_32/SheetOverlay-primary-emit-module.dia -emit-dependencies-path /Users/admin/builder/spi-builder-workspace/.derivedData/Build/Intermediates.noindex/SheetOverlay.build/Debug-watchos/SheetOverlay-t.build/Objects-normal/arm64_32/SheetOverlay-primary-emit-module.d -parse-as-library -o /Users/admin/builder/spi-builder-workspace/.derivedData/Build/Intermediates.noindex/SheetOverlay.build/Debug-watchos/SheetOverlay-t.build/Objects-normal/arm64_32/SheetOverlay.swiftmodule -emit-abi-descriptor-path /Users/admin/builder/spi-builder-workspace/.derivedData/Build/Intermediates.noindex/SheetOverlay.build/Debug-watchos/SheetOverlay-t.build/Objects-normal/arm64_32/SheetOverlay.abi.json
SwiftCompile normal arm64_32 (in target 'SheetOverlay' from project 'SheetOverlay')
    cd /Users/admin/builder/spi-builder-workspace/.swiftpm/xcode

SwiftExplicitDependencyGeneratePcm arm64 /Users/admin/builder/spi-builder-workspace/.derivedData/SDKExplicitPrecompiledModules/SwiftUI-E6XJI4PF1Q2HPTXKL91GWARU6.pcm
PruneExplicitPrecompiledModules /Users/admin/builder/spi-builder-workspace/.derivedData/SDKExplicitPrecompiledModules
PruneExplicitPrecompiledModules /Users/admin/builder/spi-builder-workspace/.derivedData/Build/Intermediates.noindex/ExplicitPrecompiledModules
PruneExplicitPrecompiledModules /Users/admin/builder/spi-builder-workspace/.derivedData/Build/Intermediates.noindex/SwiftExplicitPrecompiledModules
2026-09-24 08:58:00.930 xcodebuild[624:3834] [MT] IDERunDestination: Supported platforms for the buildables in the current scheme is empty.
** BUILD FAILED **
The following build commands failed:
	SwiftEmitModule normal arm64_32 Emitting\ module\ for\ SheetOverlay (in target 'SheetOverlay' from project 'SheetOverlay')
	SwiftCompile normal arm64_32 (in target 'SheetOverlay' from project 'SheetOverlay')
	Building workspace SheetOverlay with scheme SheetOverlay
(3 failures)
Command line invocation:
    /Applications/Xcode-27.0.0-Release.Candidate.app/Contents/Developer/usr/bin/xcodebuild -IDEClonedSourcePackagesDirPathOverride=/Users/admin/builder/spi-builder-workspace/.dependencies -resolvePackageDependencies
Resolve Package Graph
Resolved source packages:
  SheetOverlay: /Users/admin/builder/spi-builder-workspace
resolved source packages: SheetOverlay
2026-09-24 08:58:07.941 xcodebuild[794:4560] [MT] IDERunDestination: Supported platforms for the buildables in the current scheme is empty.
{
  "dependencies" : [
  ],
  "manifest_display_name" : "SheetOverlay",
  "name" : "SheetOverlay",
  "path" : "/Users/admin/builder/spi-builder-workspace",
  "platforms" : [
    {
      "name" : "ios",
      "version" : "17.0"
    },
    {
      "name" : "macos",
      "version" : "14.0"
    }
  ],
  "products" : [
    {
      "name" : "SheetOverlay",
      "targets" : [
        "SheetOverlay"
      ],
      "type" : {
        "library" : [
          "automatic"
        ]
      }
    }
  ],
  "targets" : [
    {
      "c99name" : "SheetOverlay",
      "module_type" : "SwiftTarget",
      "name" : "SheetOverlay",
      "path" : "Sources/SheetOverlay",
      "product_memberships" : [
        "SheetOverlay"
      ],
      "sources" : [
        "Private/Extensions/CGFloat+Utils.swift",
        "Private/Extensions/UIApplication+SafeArea.swift",
        "Private/Preferences/SheetOverlayBackground.swift",
        "Private/Preferences/SheetOverlayPreferences.swift",
        "Private/Preferences/SheetOverlayShadowConfig.swift",
        "Private/SheetOverlayState.swift",
        "Private/SheetOverlayView.swift",
        "Private/SheetOverlayWindow.swift",
        "Public/Enums/SheetOverlayDetent.swift",
        "Public/Enums/SheetOverlayKeyboardPolicy.swift",
        "Public/Extensions/View+Modifiers.swift",
        "Public/Extensions/View+Preferences.swift",
        "Public/SheetOverlayModifier.swift"
      ],
      "type" : "library"
    }
  ],
  "tools_version" : "6.2"
}
{
  "workspace" : {
    "name" : "SheetOverlay",
    "schemes" : [
      "SheetOverlay"
    ]
  }
}
2026-09-24 08:58:09.151 xcodebuild[809:4681] [MT] IDERunDestination: Supported platforms for the buildables in the current scheme is empty.
Running build ...
env DEVELOPER_DIR=/Applications/Xcode-27.0.0-Release.Candidate.app xcrun xcodebuild -IDEClonedSourcePackagesDirPathOverride=$PWD/.dependencies -skipMacroValidation -skipPackagePluginValidation -derivedDataPath $PWD/.derivedData build -scheme SheetOverlay -destination generic/platform=watchOS
Command line invocation:
    /Applications/Xcode-27.0.0-Release.Candidate.app/Contents/Developer/usr/bin/xcodebuild -IDEClonedSourcePackagesDirPathOverride=/Users/admin/builder/spi-builder-workspace/.dependencies -skipMacroValidation -skipPackagePluginValidation -derivedDataPath /Users/admin/builder/spi-builder-workspace/.derivedData build -scheme SheetOverlay -destination generic/platform=watchOS
Resolve Package Graph
Resolved source packages:
  SheetOverlay: /Users/admin/builder/spi-builder-workspace
ComputePackagePrebuildTargetDependencyGraph
Prepare packages
CreateBuildRequest
SendProjectDescription
CreateBuildOperation
ComputeTargetDependencyGraph
note: Building targets in dependency order
note: Target dependency graph (2 targets)
    Target 'SheetOverlay-product' in project 'SheetOverlay'
        ➜ Explicit dependency on target 'SheetOverlay' in project 'SheetOverlay'
    Target 'SheetOverlay' in project 'SheetOverlay' (no dependencies)
GatherProvisioningInputs
CreateBuildDescription
ClangStatCache /Applications/Xcode-27.0.0-Release.Candidate.app/Contents/Developer/Toolchains/XcodeDefault.xctoolchain/usr/bin/clang-stat-cache /Applications/Xcode-27.0.0-Release.Candidate.app/Contents/Developer/Platforms/WatchOS.platform/Developer/SDKs/WatchOS27.0.sdk /Users/admin/builder/spi-builder-workspace/.derivedData/SDKStatCaches.noindex/watchos27.0-24R360-e829b21a6f8c9b70876ba0858053c04477534ef55a1706bf4c1112bbb242f0a2.sdkstatcache
    cd /Users/admin/builder/spi-builder-workspace/.swiftpm/xcode
    /Applications/Xcode-27.0.0-Release.Candidate.app/Contents/Developer/Toolchains/XcodeDefault.xctoolchain/usr/bin/clang-stat-cache /Applications/Xcode-27.0.0-Release.Candidate.app/Contents/Developer/Platforms/WatchOS.platform/Developer/SDKs/WatchOS27.0.sdk -o /Users/admin/builder/spi-builder-workspace/.derivedData/SDKStatCaches.noindex/watchos27.0-24R360-e829b21a6f8c9b70876ba0858053c04477534ef55a1706bf4c1112bbb242f0a2.sdkstatcache
SwiftDriver SheetOverlay normal arm64 com.apple.xcode.tools.swift.compiler (in target 'SheetOverlay' from project 'SheetOverlay')
    cd /Users/admin/builder/spi-builder-workspace/.swiftpm/xcode
    builtin-SwiftDriver -- /Applications/Xcode-27.0.0-Release.Candidate.app/Contents/Developer/Toolchains/XcodeDefault.xctoolchain/usr/bin/swiftc -parse-as-library -module-name SheetOverlay -Onone @/Users/admin/builder/spi-builder-workspace/.derivedData/Build/Intermediates.noindex/SheetOverlay.build/Debug-watchos/SheetOverlay-t.build/Objects-normal/arm64/SheetOverlay.SwiftFileList -DSWIFT_PACKAGE -DDEBUG -DSWIFT_MODULE_RESOURCE_BUNDLE_UNAVAILABLE -DXcode -plugin-path /Applications/Xcode-27.0.0-Release.Candidate.app/Contents/Developer/Toolchains/XcodeDefault.xctoolchain/usr/lib/swift/host/plugins/testing -enable-experimental-feature DebugDescriptionMacro -sdk /Applications/Xcode-27.0.0-Release.Candidate.app/Contents/Developer/Platforms/WatchOS.platform/Developer/SDKs/WatchOS27.0.sdk -target arm64-apple-watchos10.0 -g -module-cache-path /Users/admin/builder/spi-builder-workspace/.derivedData/ModuleCache.noindex -Xfrontend -serialize-debugging-options -enable-testing -index-store-path /Users/admin/builder/spi-builder-workspace/.derivedData/Index.noindex/DataStore -Xcc -D_LIBCPP_HARDENING_MODE\=_LIBCPP_HARDENING_MODE_DEBUG -swift-version 6 -I /Users/admin/builder/spi-builder-workspace/.derivedData/Build/Products/Debug-watchos -Isystem /Applications/Xcode-27.0.0-Release.Candidate.app/Contents/Developer/Platforms/WatchOS.platform/Developer/usr/lib -F /Users/admin/builder/spi-builder-workspace/.derivedData/Build/Products/Debug-watchos -F /Applications/Xcode-27.0.0-Release.Candidate.app/Contents/Developer/Platforms/WatchOS.platform/Developer/Library/Frameworks -F /Applications/Xcode-27.0.0-Release.Candidate.app/Contents/Developer/Platforms/WatchOS.platform/Developer/SDKs/WatchOS27.0.sdk/Developer/Library/Frameworks -c -j10 -enable-batch-mode -incremental -Xcc -ivfsstatcache -Xcc /Users/admin/builder/spi-builder-workspace/.derivedData/SDKStatCaches.noindex/watchos27.0-24R360-e829b21a6f8c9b70876ba0858053c04477534ef55a1706bf4c1112bbb242f0a2.sdkstatcache -output-file-map /Users/admin/builder/spi-builder-workspace/.derivedData/Build/Intermediates.noindex/SheetOverlay.build/Debug-watchos/SheetOverlay-t.build/Objects-normal/arm64/SheetOverlay-OutputFileMap.json -save-temps -no-color-diagnostics -explicit-module-build -module-cache-path /Users/admin/builder/spi-builder-workspace/.derivedData/Build/Intermediates.noindex/SwiftExplicitPrecompiledModules -clang-scanner-module-cache-path /Users/admin/builder/spi-builder-workspace/.derivedData/ModuleCache.noindex -sdk-module-cache-path /Users/admin/builder/spi-builder-workspace/.derivedData/SDKExplicitPrecompiledModules -emit-dependencies -emit-module -emit-module-path /Users/admin/builder/spi-builder-workspace/.derivedData/Build/Intermediates.noindex/SheetOverlay.build/Debug-watchos/SheetOverlay-t.build/Objects-normal/arm64/SheetOverlay.swiftmodule -serialize-diagnostics -dependency-scan-serialize-diagnostics-path /Users/admin/builder/spi-builder-workspace/.derivedData/Build/Intermediates.noindex/SheetOverlay.build/Debug-watchos/SheetOverlay-t.build/Objects-normal/arm64/SheetOverlay-dependency-scan.dia -validate-clang-modules-once -clang-build-session-file /Users/admin/builder/spi-builder-workspace/.derivedData/ModuleCache.noindex/Session.modulevalidation -Xcc -fmodules-prune-interval\=86400 -Xcc -fmodules-prune-after\=345600 -package-name spi_builder_workspace -emit-const-values -const-gather-protocols-list /Users/admin/builder/spi-builder-workspace/.derivedData/Build/Intermediates.noindex/SheetOverlay.build/Debug-watchos/SheetOverlay-t.build/Objects-normal/arm64/SheetOverlay_const_extract_protocols.json -Xcc -I/Users/admin/builder/spi-builder-workspace/.derivedData/Build/Products/Debug-watchos/include -Xcc -I/Users/admin/builder/spi-builder-workspace/.derivedData/Build/Intermediates.noindex/SheetOverlay.build/Debug-watchos/SheetOverlay-t.build/DerivedSources-normal/arm64 -Xcc -I/Users/admin/builder/spi-builder-workspace/.derivedData/Build/Intermediates.noindex/SheetOverlay.build/Debug-watchos/SheetOverlay-t.build/DerivedSources/arm64 -Xcc -I/Users/admin/builder/spi-builder-workspace/.derivedData/Build/Intermediates.noindex/SheetOverlay.build/Debug-watchos/SheetOverlay-t.build/DerivedSources -Xcc -DSWIFT_PACKAGE -Xcc -DDEBUG\=1 -emit-objc-header -emit-objc-header-path /Users/admin/builder/spi-builder-workspace/.derivedData/Build/Intermediates.noindex/SheetOverlay.build/Debug-watchos/SheetOverlay-t.build/Objects-normal/arm64/SheetOverlay-Swift.h -working-directory /Users/admin/builder/spi-builder-workspace/.swiftpm/xcode -experimental-emit-module-separately -disable-cmo
SwiftDriver SheetOverlay normal arm64_32 com.apple.xcode.tools.swift.compiler (in target 'SheetOverlay' from project 'SheetOverlay')
    cd /Users/admin/builder/spi-builder-workspace/.swiftpm/xcode
    builtin-SwiftDriver -- /Applications/Xcode-27.0.0-Release.Candidate.app/Contents/Developer/Toolchains/XcodeDefault.xctoolchain/usr/bin/swiftc -parse-as-library -module-name SheetOverlay -Onone @/Users/admin/builder/spi-builder-workspace/.derivedData/Build/Intermediates.noindex/SheetOverlay.build/Debug-watchos/SheetOverlay-t.build/Objects-normal/arm64_32/SheetOverlay.SwiftFileList -DSWIFT_PACKAGE -DDEBUG -DSWIFT_MODULE_RESOURCE_BUNDLE_UNAVAILABLE -DXcode -plugin-path /Applications/Xcode-27.0.0-Release.Candidate.app/Contents/Developer/Toolchains/XcodeDefault.xctoolchain/usr/lib/swift/host/plugins/testing -enable-experimental-feature DebugDescriptionMacro -sdk /Applications/Xcode-27.0.0-Release.Candidate.app/Contents/Developer/Platforms/WatchOS.platform/Developer/SDKs/WatchOS27.0.sdk -target arm64_32-apple-watchos10.0 -g -module-cache-path /Users/admin/builder/spi-builder-workspace/.derivedData/ModuleCache.noindex -Xfrontend -serialize-debugging-options -enable-testing -index-store-path /Users/admin/builder/spi-builder-workspace/.derivedData/Index.noindex/DataStore -Xcc -D_LIBCPP_HARDENING_MODE\=_LIBCPP_HARDENING_MODE_DEBUG -swift-version 6 -I /Users/admin/builder/spi-builder-workspace/.derivedData/Build/Products/Debug-watchos -Isystem /Applications/Xcode-27.0.0-Release.Candidate.app/Contents/Developer/Platforms/WatchOS.platform/Developer/usr/lib -F /Users/admin/builder/spi-builder-workspace/.derivedData/Build/Products/Debug-watchos -F /Applications/Xcode-27.0.0-Release.Candidate.app/Contents/Developer/Platforms/WatchOS.platform/Developer/Library/Frameworks -F /Applications/Xcode-27.0.0-Release.Candidate.app/Contents/Developer/Platforms/WatchOS.platform/Developer/SDKs/WatchOS27.0.sdk/Developer/Library/Frameworks -c -j10 -enable-batch-mode -incremental -Xcc -ivfsstatcache -Xcc /Users/admin/builder/spi-builder-workspace/.derivedData/SDKStatCaches.noindex/watchos27.0-24R360-e829b21a6f8c9b70876ba0858053c04477534ef55a1706bf4c1112bbb242f0a2.sdkstatcache -output-file-map /Users/admin/builder/spi-builder-workspace/.derivedData/Build/Intermediates.noindex/SheetOverlay.build/Debug-watchos/SheetOverlay-t.build/Objects-normal/arm64_32/SheetOverlay-OutputFileMap.json -save-temps -no-color-diagnostics -explicit-module-build -module-cache-path /Users/admin/builder/spi-builder-workspace/.derivedData/Build/Intermediates.noindex/SwiftExplicitPrecompiledModules -clang-scanner-module-cache-path /Users/admin/builder/spi-builder-workspace/.derivedData/ModuleCache.noindex -sdk-module-cache-path /Users/admin/builder/spi-builder-workspace/.derivedData/SDKExplicitPrecompiledModules -emit-dependencies -emit-module -emit-module-path /Users/admin/builder/spi-builder-workspace/.derivedData/Build/Intermediates.noindex/SheetOverlay.build/Debug-watchos/SheetOverlay-t.build/Objects-normal/arm64_32/SheetOverlay.swiftmodule -serialize-diagnostics -dependency-scan-serialize-diagnostics-path /Users/admin/builder/spi-builder-workspace/.derivedData/Build/Intermediates.noindex/SheetOverlay.build/Debug-watchos/SheetOverlay-t.build/Objects-normal/arm64_32/SheetOverlay-dependency-scan.dia -validate-clang-modules-once -clang-build-session-file /Users/admin/builder/spi-builder-workspace/.derivedData/ModuleCache.noindex/Session.modulevalidation -Xcc -fmodules-prune-interval\=86400 -Xcc -fmodules-prune-after\=345600 -package-name spi_builder_workspace -emit-const-values -const-gather-protocols-list /Users/admin/builder/spi-builder-workspace/.derivedData/Build/Intermediates.noindex/SheetOverlay.build/Debug-watchos/SheetOverlay-t.build/Objects-normal/arm64_32/SheetOverlay_const_extract_protocols.json -Xcc -I/Users/admin/builder/spi-builder-workspace/.derivedData/Build/Products/Debug-watchos/include -Xcc -I/Users/admin/builder/spi-builder-workspace/.derivedData/Build/Intermediates.noindex/SheetOverlay.build/Debug-watchos/SheetOverlay-t.build/DerivedSources-normal/arm64_32 -Xcc -I/Users/admin/builder/spi-builder-workspace/.derivedData/Build/Intermediates.noindex/SheetOverlay.build/Debug-watchos/SheetOverlay-t.build/DerivedSources/arm64_32 -Xcc -I/Users/admin/builder/spi-builder-workspace/.derivedData/Build/Intermediates.noindex/SheetOverlay.build/Debug-watchos/SheetOverlay-t.build/DerivedSources -Xcc -DSWIFT_PACKAGE -Xcc -DDEBUG\=1 -emit-objc-header -emit-objc-header-path /Users/admin/builder/spi-builder-workspace/.derivedData/Build/Intermediates.noindex/SheetOverlay.build/Debug-watchos/SheetOverlay-t.build/Objects-normal/arm64_32/SheetOverlay-Swift.h -working-directory /Users/admin/builder/spi-builder-workspace/.swiftpm/xcode -experimental-emit-module-separately -disable-cmo
SwiftEmitModule normal arm64_32 Emitting\ module\ for\ SheetOverlay (in target 'SheetOverlay' from project 'SheetOverlay')
/Users/admin/builder/spi-builder-workspace/Sources/SheetOverlay/Private/Extensions/UIApplication+SafeArea.swift:10:20: error: 'UIApplication' is unavailable in watchOS
 8 | import UIKit
 9 |
10 | internal extension UIApplication {
   |                    `- error: 'UIApplication' is unavailable in watchOS
11 |
12 |     static func rootBottomSafeArea() -> CGFloat {
/Applications/Xcode-27.0.0-Release.Candidate.app/Contents/Developer/Platforms/WatchOS.platform/Developer/SDKs/WatchOS27.0.sdk/System/Library/Frameworks/UIKit.framework/Headers/UIApplication.h:85:12: note: 'UIApplication' has been explicitly marked unavailable here
 83 |
 84 | UIKIT_EXTERN API_AVAILABLE(ios(2.0)) API_UNAVAILABLE(watchos) NS_SWIFT_UI_ACTOR
 85 | @interface UIApplication : UIResponder
    |            `- note: 'UIApplication' has been explicitly marked unavailable here
 86 |
 87 | @property(class, nonatomic, readonly) UIApplication *sharedApplication NS_EXTENSION_UNAVAILABLE_IOS("Use view controller based solutions where appropriate instead.");
/Users/admin/builder/spi-builder-workspace/Sources/SheetOverlay/Private/SheetOverlayWindow.swift:17:23: error: 'UIWindowScene' is unavailable in watchOS
15 |     @Binding private var sheetState: SheetOverlayState
16 |
17 |     init(windowScene: UIWindowScene, sheetState: Binding<SheetOverlayState>) {
   |                       `- error: 'UIWindowScene' is unavailable in watchOS
18 |         self._sheetState = sheetState
19 |         super.init(windowScene: windowScene)
/Applications/Xcode-27.0.0-Release.Candidate.app/Contents/Developer/Platforms/WatchOS.platform/Developer/SDKs/WatchOS27.0.sdk/System/Library/Frameworks/UIKit.framework/Headers/UIWindowScene.h:22:12: note: 'UIWindowScene' has been explicitly marked unavailable here
 20 |
 21 | UIKIT_EXTERN API_AVAILABLE(ios(13.0)) API_UNAVAILABLE(watchos) NS_SWIFT_UI_ACTOR
 22 | @interface UIWindowScene : UIScene
    |            `- note: 'UIWindowScene' has been explicitly marked unavailable here
 23 |
 24 | #pragma mark Geometry
/Users/admin/builder/spi-builder-workspace/Sources/SheetOverlay/Private/SheetOverlayWindow.swift:26:57: error: 'UIEvent' is unavailable in watchOS
24 |     }
25 |
26 |     override func hitTest(_ point: CGPoint, with event: UIEvent?) -> UIView? {
   |                                                         `- error: 'UIEvent' is unavailable in watchOS
27 |         guard sheetState.availableHeights.count > 0 else {
28 |             return nil
/Applications/Xcode-27.0.0-Release.Candidate.app/Contents/Developer/Platforms/WatchOS.platform/Developer/SDKs/WatchOS27.0.sdk/System/Library/Frameworks/UIKit.framework/Headers/UIEvent.h:62:12: note: 'UIEvent' has been explicitly marked unavailable here
60 |
61 | UIKIT_EXTERN API_AVAILABLE(ios(2.0)) API_UNAVAILABLE(watchos) NS_SWIFT_UI_ACTOR
62 | @interface UIEvent : NSObject
   |            `- note: 'UIEvent' has been explicitly marked unavailable here
63 |
64 | @property(nonatomic,readonly) UIEventType     type API_AVAILABLE(ios(3.0));
/Users/admin/builder/spi-builder-workspace/Sources/SheetOverlay/Private/SheetOverlayWindow.swift:26:70: error: 'UIView' is unavailable in watchOS
24 |     }
25 |
26 |     override func hitTest(_ point: CGPoint, with event: UIEvent?) -> UIView? {
   |                                                                      `- error: 'UIView' is unavailable in watchOS
27 |         guard sheetState.availableHeights.count > 0 else {
28 |             return nil
/Applications/Xcode-27.0.0-Release.Candidate.app/Contents/Developer/Platforms/WatchOS.platform/Developer/SDKs/WatchOS27.0.sdk/System/Library/Frameworks/UIKit.framework/Headers/UIView.h:152:12: note: 'UIView' has been explicitly marked unavailable here
150 |
151 | UIKIT_EXTERN API_AVAILABLE(ios(2.0)) API_UNAVAILABLE(watchos) NS_SWIFT_UI_ACTOR
152 | @interface UIView : UIResponder <NSCoding, UIAppearance, UIAppearanceContainer, UIDynamicItem, UITraitEnvironment, UICoordinateSpace, UIFocusItem, UIFocusItemContainer, CALayerDelegate>
    |            `- note: 'UIView' has been explicitly marked unavailable here
153 |
154 | @property(class, nonatomic, readonly) Class layerClass;                        // default is [CALayer class]. Used when creating the underlying layer for the view.
/Users/admin/builder/spi-builder-workspace/Sources/SheetOverlay/Private/SheetOverlayWindow.swift:13:42: error: 'UIWindow' is unavailable in watchOS
11 | /// SheetOverlayWindow is used to present overlaySheet over current window
12 | /// User interactions passes through it if not over the sheet
13 | internal final class SheetOverlayWindow: UIWindow {
   |                                          `- error: 'UIWindow' is unavailable in watchOS
14 |
15 |     @Binding private var sheetState: SheetOverlayState
/Applications/Xcode-27.0.0-Release.Candidate.app/Contents/Developer/Platforms/WatchOS.platform/Developer/SDKs/WatchOS27.0.sdk/System/Library/Frameworks/UIKit.framework/Headers/UIWindow.h:22:12: note: 'UIWindow' has been explicitly marked unavailable here
 20 |
 21 | UIKIT_EXTERN API_AVAILABLE(ios(2.0)) API_UNAVAILABLE(watchos) NS_SWIFT_UI_ACTOR
 22 | @interface UIWindow : UIView
    |            `- note: 'UIWindow' has been explicitly marked unavailable here
 23 |
 24 | // instantiate a UIWindow already associated with a given UIWindowScene instance, with matching frame & interface orientations.
/Users/admin/builder/spi-builder-workspace/Sources/SheetOverlay/Public/SheetOverlayModifier.swift:21:43: error: cannot find type 'UIHostingController' in scope
 19 |     @State private var overlayWindow: SheetOverlayWindow?
 20 |     // Hosting reference
 21 |     @State private var hostingController: UIHostingController<AnyView>?
    |                                           `- error: cannot find type 'UIHostingController' in scope
 22 |
 23 |     // MARK: private properties
macro expansion @State:2:24: error: cannot find type 'UIHostingController' in scope
`- /Users/admin/builder/spi-builder-workspace/Sources/SheetOverlay/Public/SheetOverlayModifier.swift:21:72: note: expanded code originates here
 19 |     @State private var overlayWindow: SheetOverlayWindow?
 20 |     // Hosting reference
 21 |     @State private var hostingController: UIHostingController<AnyView>?
    |     `- note: in expansion of macro 'State' on property 'hostingController' here
    +--- macro expansion @State ----------------------------------------
    | 1 | private var __hostingController = SwiftUICore.State._makeStorage(({
    | 2 |             let value: UIHostingController<AnyView>? = nil
    |   |                        `- error: cannot find type 'UIHostingController' in scope
    | 3 |             return value
    | 4 |         }))
    +-------------------------------------------------------------------
 22 |
 23 |     // MARK: private properties
macro expansion @State:8:27: error: cannot find type 'UIHostingController' in scope
`- /Users/admin/builder/spi-builder-workspace/Sources/SheetOverlay/Public/SheetOverlayModifier.swift:21:72: note: expanded code originates here
 19 |     @State private var overlayWindow: SheetOverlayWindow?
 20 |     // Hosting reference
 21 |     @State private var hostingController: UIHostingController<AnyView>?
    |     `- note: in expansion of macro 'State' on property 'hostingController' here
    +--- macro expansion @State ----------------------------------------
    | 6 | @SwiftUICore._StatePropertyWrapperStorage(initialValue: "JHMxMlNoZWV0T3ZlcmxheTBhQjhNb2RpZmllclYxN2hvc3RpbmdDb250cm9sbGVyMzNfN0Q4Qzk5N0QzMDg4RkFFNzkzNTk0M0Q2QzE5QkQ1NzJMTDVTdGF0ZWZNcF8yMF9pbml0aWFsU3RvcmVkVmFsdWVfZk11Xw==")
    | 7 | private var _hostingController: SwiftUICore.State<_>! = SwiftUICore._stateNil(of: {
    | 8 |         SwiftUICore.State<UIHostingController<AnyView>?>(initialValue: nil)
    |   |                           `- error: cannot find type 'UIHostingController' in scope
    | 9 |     })
    |10 |
    +-------------------------------------------------------------------
 22 |
 23 |     // MARK: private properties
macro expansion @State:7:51: error: could not infer type for placeholder
`- /Users/admin/builder/spi-builder-workspace/Sources/SheetOverlay/Public/SheetOverlayModifier.swift:21:72: note: expanded code originates here
 19 |     @State private var overlayWindow: SheetOverlayWindow?
 20 |     // Hosting reference
 21 |     @State private var hostingController: UIHostingController<AnyView>?
    |     `- note: in expansion of macro 'State' on property 'hostingController' here
    +--- macro expansion @State ----------------------------------------
    | 5 |
    | 6 | @SwiftUICore._StatePropertyWrapperStorage(initialValue: "JHMxMlNoZWV0T3ZlcmxheTBhQjhNb2RpZmllclYxN2hvc3RpbmdDb250cm9sbGVyMzNfN0Q4Qzk5N0QzMDg4RkFFNzkzNTk0M0Q2QzE5QkQ1NzJMTDVTdGF0ZWZNcF8yMF9pbml0aWFsU3RvcmVkVmFsdWVfZk11Xw==")
    | 7 | private var _hostingController: SwiftUICore.State<_>! = SwiftUICore._stateNil(of: {
    |   |                                                   `- error: could not infer type for placeholder
    | 8 |         SwiftUICore.State<UIHostingController<AnyView>?>(initialValue: nil)
    | 9 |     })
    +-------------------------------------------------------------------
 22 |
 23 |     // MARK: private properties
macro expansion @State:12:52: error: cannot find type 'UIHostingController' in scope
`- /Users/admin/builder/spi-builder-workspace/Sources/SheetOverlay/Public/SheetOverlayModifier.swift:21:72: note: expanded code originates here
 19 |     @State private var overlayWindow: SheetOverlayWindow?
 20 |     // Hosting reference
 21 |     @State private var hostingController: UIHostingController<AnyView>?
    |     `- note: in expansion of macro 'State' on property 'hostingController' here
    +--- macro expansion @State ----------------------------------------
    |10 |
    |11 | @SwiftUICore._StateProjectedValue
    |12 | private var $hostingController = SwiftUICore.State<UIHostingController<AnyView>?>(initialValue: nil).projectedValue
    |   |                                                    `- error: cannot find type 'UIHostingController' in scope
    |13 |
    |14 | @SwiftUICore._StateInitialStoredValue("U3dpZnRVSUNvcmUuU3RhdGUuX21ha2VTdG9yYWdlKGluaXRpYWxWYWx1ZTogeyBsZXQgeDogVUlIb3N0aW5nQ29udHJvbGxlcjxBbnlWaWV3Pj8gPSBuaWwKcmV0dXJuIHggfSgpKQ==")
    +-------------------------------------------------------------------
 22 |
 23 |     // MARK: private properties
macro expansion @State:16:20: error: cannot find type 'UIHostingController' in scope
`- /Users/admin/builder/spi-builder-workspace/Sources/SheetOverlay/Public/SheetOverlayModifier.swift:21:72: note: expanded code originates here
 19 |     @State private var overlayWindow: SheetOverlayWindow?
 20 |     // Hosting reference
 21 |     @State private var hostingController: UIHostingController<AnyView>?
    |     `- note: in expansion of macro 'State' on property 'hostingController' here
    +--- macro expansion @State ----------------------------------------
    |14 | @SwiftUICore._StateInitialStoredValue("U3dpZnRVSUNvcmUuU3RhdGUuX21ha2VTdG9yYWdlKGluaXRpYWxWYWx1ZTogeyBsZXQgeDogVUlIb3N0aW5nQ29udHJvbGxlcjxBbnlWaWV3Pj8gPSBuaWwKcmV0dXJuIHggfSgpKQ==")
    |15 | private static var $s12SheetOverlay0aB8ModifierV17hostingController33_7D8C997D3088FAE7935943D6C19BD572LL5StatefMp_20_initialStoredValue_fMu_ = (SwiftUICore.State._makeStorage(initialValue: {
    |16 |             let x: UIHostingController<AnyView>? = nil
    |   |                    `- error: cannot find type 'UIHostingController' in scope
    |17 |             return x
    |18 |         }()))
    +-------------------------------------------------------------------
 22 |
 23 |     // MARK: private properties
/Users/admin/builder/spi-builder-workspace/Sources/SheetOverlay/Public/SheetOverlayModifier.swift:214:28: error: cannot find type 'UIHostingController' in scope
212 |
213 | private struct _HostingControllerUpdater<T: View>: UIViewRepresentable {
214 |     var hostingController: UIHostingController<AnyView>?
    |                            `- error: cannot find type 'UIHostingController' in scope
215 |     var view: T
216 |
/Users/admin/builder/spi-builder-workspace/Sources/SheetOverlay/Public/SheetOverlayModifier.swift:217:30: error: cannot find type 'Context' in scope
215 |     var view: T
216 |
217 |     func makeUIView(context: Context) -> UIView { UIView() }
    |                              `- error: cannot find type 'Context' in scope
218 |
219 |     func updateUIView(_ uiView: UIView, context: Context) {
/Users/admin/builder/spi-builder-workspace/Sources/SheetOverlay/Public/SheetOverlayModifier.swift:217:42: error: 'UIView' is unavailable in watchOS
215 |     var view: T
216 |
217 |     func makeUIView(context: Context) -> UIView { UIView() }
    |                                          `- error: 'UIView' is unavailable in watchOS
218 |
219 |     func updateUIView(_ uiView: UIView, context: Context) {
/Applications/Xcode-27.0.0-Release.Candidate.app/Contents/Developer/Platforms/WatchOS.platform/Developer/SDKs/WatchOS27.0.sdk/System/Library/Frameworks/UIKit.framework/Headers/UIView.h:152:12: note: 'UIView' has been explicitly marked unavailable here
150 |
151 | UIKIT_EXTERN API_AVAILABLE(ios(2.0)) API_UNAVAILABLE(watchos) NS_SWIFT_UI_ACTOR
152 | @interface UIView : UIResponder <NSCoding, UIAppearance, UIAppearanceContainer, UIDynamicItem, UITraitEnvironment, UICoordinateSpace, UIFocusItem, UIFocusItemContainer, CALayerDelegate>
    |            `- note: 'UIView' has been explicitly marked unavailable here
153 |
154 | @property(class, nonatomic, readonly) Class layerClass;                        // default is [CALayer class]. Used when creating the underlying layer for the view.
/Users/admin/builder/spi-builder-workspace/Sources/SheetOverlay/Public/SheetOverlayModifier.swift:219:50: error: cannot find type 'Context' in scope
217 |     func makeUIView(context: Context) -> UIView { UIView() }
218 |
219 |     func updateUIView(_ uiView: UIView, context: Context) {
    |                                                  `- error: cannot find type 'Context' in scope
220 |         // Called every SwiftUI render cycle automatically
221 |         hostingController?.rootView = AnyView(view)
/Users/admin/builder/spi-builder-workspace/Sources/SheetOverlay/Public/SheetOverlayModifier.swift:219:33: error: 'UIView' is unavailable in watchOS
217 |     func makeUIView(context: Context) -> UIView { UIView() }
218 |
219 |     func updateUIView(_ uiView: UIView, context: Context) {
    |                                 `- error: 'UIView' is unavailable in watchOS
220 |         // Called every SwiftUI render cycle automatically
221 |         hostingController?.rootView = AnyView(view)
/Applications/Xcode-27.0.0-Release.Candidate.app/Contents/Developer/Platforms/WatchOS.platform/Developer/SDKs/WatchOS27.0.sdk/System/Library/Frameworks/UIKit.framework/Headers/UIView.h:152:12: note: 'UIView' has been explicitly marked unavailable here
150 |
151 | UIKIT_EXTERN API_AVAILABLE(ios(2.0)) API_UNAVAILABLE(watchos) NS_SWIFT_UI_ACTOR
152 | @interface UIView : UIResponder <NSCoding, UIAppearance, UIAppearanceContainer, UIDynamicItem, UITraitEnvironment, UICoordinateSpace, UIFocusItem, UIFocusItemContainer, CALayerDelegate>
    |            `- note: 'UIView' has been explicitly marked unavailable here
153 |
154 | @property(class, nonatomic, readonly) Class layerClass;                        // default is [CALayer class]. Used when creating the underlying layer for the view.
/Users/admin/builder/spi-builder-workspace/Sources/SheetOverlay/Public/SheetOverlayModifier.swift:213:52: error: cannot find type 'UIViewRepresentable' in scope
211 |
212 |
213 | private struct _HostingControllerUpdater<T: View>: UIViewRepresentable {
    |                                                    `- error: cannot find type 'UIViewRepresentable' in scope
214 |     var hostingController: UIHostingController<AnyView>?
215 |     var view: T
Failed frontend command:
SwiftCompile normal arm64_32 (in target 'SheetOverlay' from project 'SheetOverlay')
    cd /Users/admin/builder/spi-builder-workspace/.swiftpm/xcode

/Applications/Xcode-27.0.0-Release.Candidate.app/Contents/Developer/Toolchains/XcodeDefault.xctoolchain/usr/bin/swift-frontend -frontend -emit-module -experimental-skip-non-inlinable-function-bodies-without-types /Users/admin/builder/spi-builder-workspace/Sources/SheetOverlay/Private/Extensions/CGFloat+Utils.swift /Users/admin/builder/spi-builder-workspace/Sources/SheetOverlay/Private/Extensions/UIApplication+SafeArea.swift /Users/admin/builder/spi-builder-workspace/Sources/SheetOverlay/Private/Preferences/SheetOverlayBackground.swift /Users/admin/builder/spi-builder-workspace/Sources/SheetOverlay/Private/Preferences/SheetOverlayPreferences.swift /Users/admin/builder/spi-builder-workspace/Sources/SheetOverlay/Private/Preferences/SheetOverlayShadowConfig.swift /Users/admin/builder/spi-builder-workspace/Sources/SheetOverlay/Private/SheetOverlayState.swift /Users/admin/builder/spi-builder-workspace/Sources/SheetOverlay/Private/SheetOverlayView.swift /Users/admin/builder/spi-builder-workspace/Sources/SheetOverlay/Private/SheetOverlayWindow.swift /Users/admin/builder/spi-builder-workspace/Sources/SheetOverlay/Public/Enums/SheetOverlayDetent.swift /Users/admin/builder/spi-builder-workspace/Sources/SheetOverlay/Public/Enums/SheetOverlayKeyboardPolicy.swift /Users/admin/builder/spi-builder-workspace/Sources/SheetOverlay/Public/Extensions/View+Modifiers.swift /Users/admin/builder/spi-builder-workspace/Sources/SheetOverlay/Public/Extensions/View+Preferences.swift /Users/admin/builder/spi-builder-workspace/Sources/SheetOverlay/Public/SheetOverlayModifier.swift -target arm64_32-apple-watchos10.0 -disable-cross-import-overlay-search -load-resolved-plugin /Applications/Xcode-27.0.0-Release.Candidate.app/Contents/Developer/Platforms/WatchOS.platform/Developer/usr/lib/swift/host/plugins/libFoundationMacros.dylib\#/Applications/Xcode-27.0.0-Release.Candidate.app/Contents/Developer/Platforms/WatchOS.platform/Developer/usr/bin/swift-plugin-server\#FoundationMacros -load-resolved-plugin /Applications/Xcode-27.0.0-Release.Candidate.app/Contents/Developer/Platforms/WatchOS.platform/Developer/usr/lib/swift/host/plugins/libObservationMacros.dylib\#/Applications/Xcode-27.0.0-Release.Candidate.app/Contents/Developer/Platforms/WatchOS.platform/Developer/usr/bin/swift-plugin-server\#ObservationMacros -load-resolved-plugin /Applications/Xcode-27.0.0-Release.Candidate.app/Contents/Developer/Platforms/WatchOS.platform/Developer/usr/lib/swift/host/plugins/libPreviewsMacros.dylib\#/Applications/Xcode-27.0.0-Release.Candidate.app/Contents/Developer/Platforms/WatchOS.platform/Developer/usr/bin/swift-plugin-server\#PreviewsMacros -load-resolved-plugin /Applications/Xcode-27.0.0-Release.Candidate.app/Contents/Developer/Platforms/WatchOS.platform/Developer/usr/lib/swift/host/plugins/libSwiftMacros.dylib\#/Applications/Xcode-27.0.0-Release.Candidate.app/Contents/Developer/Platforms/WatchOS.platform/Developer/usr/bin/swift-plugin-server\#SwiftMacros -load-resolved-plugin /Applications/Xcode-27.0.0-Release.Candidate.app/Contents/Developer/Platforms/WatchOS.platform/Developer/usr/lib/swift/host/plugins/libSwiftUIMacros.dylib\#/Applications/Xcode-27.0.0-Release.Candidate.app/Contents/Developer/Platforms/WatchOS.platform/Developer/usr/bin/swift-plugin-server\#SwiftUIMacros -disable-implicit-swift-modules -Xcc -fno-implicit-modules -Xcc -fno-implicit-module-maps -explicit-swift-module-map-file /Users/admin/builder/spi-builder-workspace/.derivedData/Build/Intermediates.noindex/SheetOverlay.build/Debug-watchos/SheetOverlay-t.build/Objects-normal/arm64_32/SheetOverlay-dependencies-1.json -enable-objc-interop -sdk /Applications/Xcode-27.0.0-Release.Candidate.app/Contents/Developer/Platforms/WatchOS.platform/Developer/SDKs/WatchOS27.0.sdk -I /Users/admin/builder/spi-builder-workspace/.derivedData/Build/Products/Debug-watchos -Isystem /Applications/Xcode-27.0.0-Release.Candidate.app/Contents/Developer/Platforms/WatchOS.platform/Developer/usr/lib -F /Users/admin/builder/spi-builder-workspace/.derivedData/Build/Products/Debug-watchos -F /Applications/Xcode-27.0.0-Release.Candidate.app/Contents/Developer/Platforms/WatchOS.platform/Developer/Library/Frameworks -F /Applications/Xcode-27.0.0-Release.Candidate.app/Contents/Developer/Platforms/WatchOS.platform/Developer/SDKs/WatchOS27.0.sdk/Developer/Library/Frameworks -module-cache-path /Users/admin/builder/spi-builder-workspace/.derivedData/Build/Intermediates.noindex/SwiftExplicitPrecompiledModules -no-color-diagnostics -Xcc -fno-color-diagnostics -enable-testing -g -debug-info-format\=dwarf -dwarf-version\=4 -swift-version 6 -Onone -D SWIFT_PACKAGE -D DEBUG -D SWIFT_MODULE_RESOURCE_BUNDLE_UNAVAILABLE -D Xcode -serialize-debugging-options -enable-experimental-feature DebugDescriptionMacro -empty-abi-descriptor -validate-clang-modules-once -clang-build-session-file /Users/admin/builder/spi-builder-workspace/.derivedData/ModuleCache.noindex/Session.modulevalidation -Xcc -working-directory -Xcc /Users/admin/builder/spi-builder-workspace/.swiftpm/xcode -enable-anonymous-context-mangled-names -file-compilation-dir /Users/admin/builder/spi-builder-workspace/.swiftpm/xcode -Xcc -D_LIBCPP_HARDENING_MODE\=_LIBCPP_HARDENING_MODE_DEBUG -Xcc -ivfsstatcache -Xcc /Users/admin/builder/spi-builder-workspace/.derivedData/SDKStatCaches.noindex/watchos27.0-24R360-e829b21a6f8c9b70876ba0858053c04477534ef55a1706bf4c1112bbb242f0a2.sdkstatcache -Xcc -fmodules-prune-interval\=86400 -Xcc -fmodules-prune-after\=345600 -Xcc -I/Users/admin/builder/spi-builder-workspace/.derivedData/Build/Products/Debug-watchos/include -Xcc -I/Users/admin/builder/spi-builder-workspace/.derivedData/Build/Intermediates.noindex/SheetOverlay.build/Debug-watchos/SheetOverlay-t.build/DerivedSources-normal/arm64_32 -Xcc -I/Users/admin/builder/spi-builder-workspace/.derivedData/Build/Intermediates.noindex/SheetOverlay.build/Debug-watchos/SheetOverlay-t.build/DerivedSources/arm64_32 -Xcc -I/Users/admin/builder/spi-builder-workspace/.derivedData/Build/Intermediates.noindex/SheetOverlay.build/Debug-watchos/SheetOverlay-t.build/DerivedSources -Xcc -DSWIFT_PACKAGE -Xcc -DDEBUG\=1 -no-auto-bridging-header-chaining -module-name SheetOverlay -package-name spi_builder_workspace -const-gather-protocols-file /Users/admin/builder/spi-builder-workspace/.derivedData/Build/Intermediates.noindex/SheetOverlay.build/Debug-watchos/SheetOverlay-t.build/Objects-normal/arm64_32/SheetOverlay_const_extract_protocols.json -disable-clang-spi -clang-target arm64_32-apple-watchos27.0 -target-sdk-version 27.0 -target-sdk-name watchos27.0 -in-process-plugin-server-path /Applications/Xcode-27.0.0-Release.Candidate.app/Contents/Developer/Toolchains/XcodeDefault.xctoolchain/usr/lib/swift/host/libSwiftInProcPluginServer.dylib -emit-module-doc-path /Users/admin/builder/spi-builder-workspace/.derivedData/Build/Intermediates.noindex/SheetOverlay.build/Debug-watchos/SheetOverlay-t.build/Objects-normal/arm64_32/SheetOverlay.swiftdoc -emit-module-source-info-path /Users/admin/builder/spi-builder-workspace/.derivedData/Build/Intermediates.noindex/SheetOverlay.build/Debug-watchos/SheetOverlay-t.build/Objects-normal/arm64_32/SheetOverlay.swiftsourceinfo -emit-objc-header-path /Users/admin/builder/spi-builder-workspace/.derivedData/Build/Intermediates.noindex/SheetOverlay.build/Debug-watchos/SheetOverlay-t.build/Objects-normal/arm64_32/SheetOverlay-Swift.h -serialize-diagnostics-path /Users/admin/builder/spi-builder-workspace/.derivedData/Build/Intermediates.noindex/SheetOverlay.build/Debug-watchos/SheetOverlay-t.build/Objects-normal/arm64_32/SheetOverlay-primary-emit-module.dia -emit-dependencies-path /Users/admin/builder/spi-builder-workspace/.derivedData/Build/Intermediates.noindex/SheetOverlay.build/Debug-watchos/SheetOverlay-t.build/Objects-normal/arm64_32/SheetOverlay-primary-emit-module.d -parse-as-library -o /Users/admin/builder/spi-builder-workspace/.derivedData/Build/Intermediates.noindex/SheetOverlay.build/Debug-watchos/SheetOverlay-t.build/Objects-normal/arm64_32/SheetOverlay.swiftmodule -emit-abi-descriptor-path /Users/admin/builder/spi-builder-workspace/.derivedData/Build/Intermediates.noindex/SheetOverlay.build/Debug-watchos/SheetOverlay-t.build/Objects-normal/arm64_32/SheetOverlay.abi.json
SwiftCompile normal arm64_32 Compiling\ CGFloat+Utils.swift,\ UIApplication+SafeArea.swift /Users/admin/builder/spi-builder-workspace/Sources/SheetOverlay/Private/Extensions/CGFloat+Utils.swift /Users/admin/builder/spi-builder-workspace/Sources/SheetOverlay/Private/Extensions/UIApplication+SafeArea.swift (in target 'SheetOverlay' from project 'SheetOverlay')
SwiftCompile normal arm64_32 /Users/admin/builder/spi-builder-workspace/Sources/SheetOverlay/Private/Extensions/CGFloat+Utils.swift (in target 'SheetOverlay' from project 'SheetOverlay')
    cd /Users/admin/builder/spi-builder-workspace/.swiftpm/xcode
    builtin-SwiftPerFileCompile CGFloat+Utils.swift
SwiftCompile normal arm64_32 /Users/admin/builder/spi-builder-workspace/Sources/SheetOverlay/Private/Extensions/UIApplication+SafeArea.swift (in target 'SheetOverlay' from project 'SheetOverlay')
    cd /Users/admin/builder/spi-builder-workspace/.swiftpm/xcode
    builtin-SwiftPerFileCompile UIApplication+SafeArea.swift
/Users/admin/builder/spi-builder-workspace/Sources/SheetOverlay/Private/Extensions/UIApplication+SafeArea.swift:10:20: error: 'UIApplication' is unavailable in watchOS
 8 | import UIKit
 9 |
10 | internal extension UIApplication {
   |                    `- error: 'UIApplication' is unavailable in watchOS
11 |
12 |     static func rootBottomSafeArea() -> CGFloat {
/Applications/Xcode-27.0.0-Release.Candidate.app/Contents/Developer/Platforms/WatchOS.platform/Developer/SDKs/WatchOS27.0.sdk/System/Library/Frameworks/UIKit.framework/Headers/UIApplication.h:85:12: note: 'UIApplication' has been explicitly marked unavailable here
 83 |
 84 | UIKIT_EXTERN API_AVAILABLE(ios(2.0)) API_UNAVAILABLE(watchos) NS_SWIFT_UI_ACTOR
 85 | @interface UIApplication : UIResponder
    |            `- note: 'UIApplication' has been explicitly marked unavailable here
 86 |
 87 | @property(class, nonatomic, readonly) UIApplication *sharedApplication NS_EXTENSION_UNAVAILABLE_IOS("Use view controller based solutions where appropriate instead.");
/Users/admin/builder/spi-builder-workspace/Sources/SheetOverlay/Private/Extensions/UIApplication+SafeArea.swift:13:16: error: 'connectedScenes' is unavailable in watchOS
11 |
12 |     static func rootBottomSafeArea() -> CGFloat {
13 |         shared.connectedScenes
   |                `- error: 'connectedScenes' is unavailable in watchOS
14 |             .compactMap { $0 as? UIWindowScene }
15 |             .flatMap { $0.windows }
/Applications/Xcode-27.0.0-Release.Candidate.app/Contents/Developer/Platforms/WatchOS.platform/Developer/SDKs/WatchOS27.0.sdk/System/Library/Frameworks/UIKit.framework/Headers/UIApplication.h:189:50: note: 'connectedScenes' has been explicitly marked unavailable here
187 | #pragma mark -- UIScene --
188 | // All of the currently connected UIScene instances
189 | @property(nonatomic, readonly) NSSet<UIScene *> *connectedScenes API_AVAILABLE(ios(13.0)) API_UNAVAILABLE(watchos);
    |                                                  `- note: 'connectedScenes' has been explicitly marked unavailable here
190 |
191 | // All of the representations that currently have connected UIScene instances or had their sessions persisted by the system (ex: visible in iOS' switcher)
/Users/admin/builder/spi-builder-workspace/Sources/SheetOverlay/Private/Extensions/UIApplication+SafeArea.swift:14:34: error: 'UIWindowScene' is unavailable in watchOS
12 |     static func rootBottomSafeArea() -> CGFloat {
13 |         shared.connectedScenes
14 |             .compactMap { $0 as? UIWindowScene }
   |                                  `- error: 'UIWindowScene' is unavailable in watchOS
15 |             .flatMap { $0.windows }
16 |             .first { $0.isKeyWindow }?
/Applications/Xcode-27.0.0-Release.Candidate.app/Contents/Developer/Platforms/WatchOS.platform/Developer/SDKs/WatchOS27.0.sdk/System/Library/Frameworks/UIKit.framework/Headers/UIWindowScene.h:22:12: note: 'UIWindowScene' has been explicitly marked unavailable here
 20 |
 21 | UIKIT_EXTERN API_AVAILABLE(ios(13.0)) API_UNAVAILABLE(watchos) NS_SWIFT_UI_ACTOR
 22 | @interface UIWindowScene : UIScene
    |            `- note: 'UIWindowScene' has been explicitly marked unavailable here
 23 |
 24 | #pragma mark Geometry
/Users/admin/builder/spi-builder-workspace/Sources/SheetOverlay/Private/Extensions/UIApplication+SafeArea.swift:17:14: error: 'safeAreaInsets' is unavailable in watchOS
15 |             .flatMap { $0.windows }
16 |             .first { $0.isKeyWindow }?
17 |             .safeAreaInsets.bottom ?? 0
   |              `- error: 'safeAreaInsets' is unavailable in watchOS
18 |     }
19 |
/Applications/Xcode-27.0.0-Release.Candidate.app/Contents/Developer/Platforms/WatchOS.platform/Developer/SDKs/WatchOS27.0.sdk/System/Library/Frameworks/UIKit.framework/Headers/UIView.h:293:45: note: 'safeAreaInsets' has been explicitly marked unavailable here
291 | - (void)layoutMarginsDidChange API_AVAILABLE(ios(8.0));
292 |
293 | @property (nonatomic,readonly) UIEdgeInsets safeAreaInsets API_AVAILABLE(ios(11.0), tvos(11.0)) API_UNAVAILABLE(watchos);
    |                                             `- note: 'safeAreaInsets' has been explicitly marked unavailable here
294 | - (void)safeAreaInsetsDidChange API_AVAILABLE(ios(11.0), tvos(11.0)) API_UNAVAILABLE(watchos);
295 |
/Users/admin/builder/spi-builder-workspace/Sources/SheetOverlay/Private/Extensions/UIApplication+SafeArea.swift:21:16: error: 'connectedScenes' is unavailable in watchOS
19 |
20 |     static func rootTopSafeArea() -> CGFloat {
21 |         shared.connectedScenes
   |                `- error: 'connectedScenes' is unavailable in watchOS
22 |             .compactMap { $0 as? UIWindowScene }
23 |             .flatMap { $0.windows }
/Applications/Xcode-27.0.0-Release.Candidate.app/Contents/Developer/Platforms/WatchOS.platform/Developer/SDKs/WatchOS27.0.sdk/System/Library/Frameworks/UIKit.framework/Headers/UIApplication.h:189:50: note: 'connectedScenes' has been explicitly marked unavailable here
187 | #pragma mark -- UIScene --
188 | // All of the currently connected UIScene instances
189 | @property(nonatomic, readonly) NSSet<UIScene *> *connectedScenes API_AVAILABLE(ios(13.0)) API_UNAVAILABLE(watchos);
    |                                                  `- note: 'connectedScenes' has been explicitly marked unavailable here
190 |
191 | // All of the representations that currently have connected UIScene instances or had their sessions persisted by the system (ex: visible in iOS' switcher)
/Users/admin/builder/spi-builder-workspace/Sources/SheetOverlay/Private/Extensions/UIApplication+SafeArea.swift:22:34: error: 'UIWindowScene' is unavailable in watchOS
20 |     static func rootTopSafeArea() -> CGFloat {
21 |         shared.connectedScenes
22 |             .compactMap { $0 as? UIWindowScene }
   |                                  `- error: 'UIWindowScene' is unavailable in watchOS
23 |             .flatMap { $0.windows }
24 |             .first { $0.isKeyWindow }?
/Applications/Xcode-27.0.0-Release.Candidate.app/Contents/Developer/Platforms/WatchOS.platform/Developer/SDKs/WatchOS27.0.sdk/System/Library/Frameworks/UIKit.framework/Headers/UIWindowScene.h:22:12: note: 'UIWindowScene' has been explicitly marked unavailable here
 20 |
 21 | UIKIT_EXTERN API_AVAILABLE(ios(13.0)) API_UNAVAILABLE(watchos) NS_SWIFT_UI_ACTOR
 22 | @interface UIWindowScene : UIScene
    |            `- note: 'UIWindowScene' has been explicitly marked unavailable here
 23 |
 24 | #pragma mark Geometry
SwiftCompile normal arm64_32 Compiling\ SheetOverlayWindow.swift /Users/admin/builder/spi-builder-workspace/Sources/SheetOverlay/Private/SheetOverlayWindow.swift (in target 'SheetOverlay' from project 'SheetOverlay')
SwiftCompile normal arm64_32 /Users/admin/builder/spi-builder-workspace/Sources/SheetOverlay/Private/SheetOverlayWindow.swift (in target 'SheetOverlay' from project 'SheetOverlay')
    cd /Users/admin/builder/spi-builder-workspace/.swiftpm/xcode
    builtin-SwiftPerFileCompile SheetOverlayWindow.swift
/Users/admin/builder/spi-builder-workspace/Sources/SheetOverlay/Private/SheetOverlayWindow.swift:17:23: error: 'UIWindowScene' is unavailable in watchOS
15 |     @Binding private var sheetState: SheetOverlayState
16 |
17 |     init(windowScene: UIWindowScene, sheetState: Binding<SheetOverlayState>) {
   |                       `- error: 'UIWindowScene' is unavailable in watchOS
18 |         self._sheetState = sheetState
19 |         super.init(windowScene: windowScene)
/Applications/Xcode-27.0.0-Release.Candidate.app/Contents/Developer/Platforms/WatchOS.platform/Developer/SDKs/WatchOS27.0.sdk/System/Library/Frameworks/UIKit.framework/Headers/UIWindowScene.h:22:12: note: 'UIWindowScene' has been explicitly marked unavailable here
 20 |
 21 | UIKIT_EXTERN API_AVAILABLE(ios(13.0)) API_UNAVAILABLE(watchos) NS_SWIFT_UI_ACTOR
 22 | @interface UIWindowScene : UIScene
    |            `- note: 'UIWindowScene' has been explicitly marked unavailable here
 23 |
 24 | #pragma mark Geometry
/Users/admin/builder/spi-builder-workspace/Sources/SheetOverlay/Private/SheetOverlayWindow.swift:26:57: error: 'UIEvent' is unavailable in watchOS
24 |     }
25 |
26 |     override func hitTest(_ point: CGPoint, with event: UIEvent?) -> UIView? {
   |                                                         `- error: 'UIEvent' is unavailable in watchOS
27 |         guard sheetState.availableHeights.count > 0 else {
28 |             return nil
/Applications/Xcode-27.0.0-Release.Candidate.app/Contents/Developer/Platforms/WatchOS.platform/Developer/SDKs/WatchOS27.0.sdk/System/Library/Frameworks/UIKit.framework/Headers/UIEvent.h:62:12: note: 'UIEvent' has been explicitly marked unavailable here
60 |
61 | UIKIT_EXTERN API_AVAILABLE(ios(2.0)) API_UNAVAILABLE(watchos) NS_SWIFT_UI_ACTOR
62 | @interface UIEvent : NSObject
   |            `- note: 'UIEvent' has been explicitly marked unavailable here
63 |
64 | @property(nonatomic,readonly) UIEventType     type API_AVAILABLE(ios(3.0));
/Users/admin/builder/spi-builder-workspace/Sources/SheetOverlay/Private/SheetOverlayWindow.swift:26:70: error: 'UIView' is unavailable in watchOS
24 |     }
25 |
26 |     override func hitTest(_ point: CGPoint, with event: UIEvent?) -> UIView? {
   |                                                                      `- error: 'UIView' is unavailable in watchOS
27 |         guard sheetState.availableHeights.count > 0 else {
28 |             return nil
/Applications/Xcode-27.0.0-Release.Candidate.app/Contents/Developer/Platforms/WatchOS.platform/Developer/SDKs/WatchOS27.0.sdk/System/Library/Frameworks/UIKit.framework/Headers/UIView.h:152:12: note: 'UIView' has been explicitly marked unavailable here
150 |
151 | UIKIT_EXTERN API_AVAILABLE(ios(2.0)) API_UNAVAILABLE(watchos) NS_SWIFT_UI_ACTOR
152 | @interface UIView : UIResponder <NSCoding, UIAppearance, UIAppearanceContainer, UIDynamicItem, UITraitEnvironment, UICoordinateSpace, UIFocusItem, UIFocusItemContainer, CALayerDelegate>
    |            `- note: 'UIView' has been explicitly marked unavailable here
153 |
154 | @property(class, nonatomic, readonly) Class layerClass;                        // default is [CALayer class]. Used when creating the underlying layer for the view.
/Users/admin/builder/spi-builder-workspace/Sources/SheetOverlay/Private/SheetOverlayWindow.swift:13:42: error: 'UIWindow' is unavailable in watchOS
11 | /// SheetOverlayWindow is used to present overlaySheet over current window
12 | /// User interactions passes through it if not over the sheet
13 | internal final class SheetOverlayWindow: UIWindow {
   |                                          `- error: 'UIWindow' is unavailable in watchOS
14 |
15 |     @Binding private var sheetState: SheetOverlayState
/Applications/Xcode-27.0.0-Release.Candidate.app/Contents/Developer/Platforms/WatchOS.platform/Developer/SDKs/WatchOS27.0.sdk/System/Library/Frameworks/UIKit.framework/Headers/UIWindow.h:22:12: note: 'UIWindow' has been explicitly marked unavailable here
 20 |
 21 | UIKIT_EXTERN API_AVAILABLE(ios(2.0)) API_UNAVAILABLE(watchos) NS_SWIFT_UI_ACTOR
 22 | @interface UIWindow : UIView
    |            `- note: 'UIWindow' has been explicitly marked unavailable here
 23 |
 24 | // instantiate a UIWindow already associated with a given UIWindowScene instance, with matching frame & interface orientations.
SwiftCompile normal arm64_32 Compiling\ SheetOverlayBackground.swift,\ SheetOverlayPreferences.swift /Users/admin/builder/spi-builder-workspace/Sources/SheetOverlay/Private/Preferences/SheetOverlayBackground.swift /Users/admin/builder/spi-builder-workspace/Sources/SheetOverlay/Private/Preferences/SheetOverlayPreferences.swift (in target 'SheetOverlay' from project 'SheetOverlay')
SwiftCompile normal arm64_32 /Users/admin/builder/spi-builder-workspace/Sources/SheetOverlay/Private/Preferences/SheetOverlayBackground.swift (in target 'SheetOverlay' from project 'SheetOverlay')
    cd /Users/admin/builder/spi-builder-workspace/.swiftpm/xcode
    builtin-SwiftPerFileCompile SheetOverlayBackground.swift
SwiftCompile normal arm64_32 /Users/admin/builder/spi-builder-workspace/Sources/SheetOverlay/Private/Preferences/SheetOverlayPreferences.swift (in target 'SheetOverlay' from project 'SheetOverlay')
    cd /Users/admin/builder/spi-builder-workspace/.swiftpm/xcode
    builtin-SwiftPerFileCompile SheetOverlayPreferences.swift
SwiftCompile normal arm64_32 Compiling\ SheetOverlayKeyboardPolicy.swift /Users/admin/builder/spi-builder-workspace/Sources/SheetOverlay/Public/Enums/SheetOverlayKeyboardPolicy.swift (in target 'SheetOverlay' from project 'SheetOverlay')
SwiftCompile normal arm64_32 /Users/admin/builder/spi-builder-workspace/Sources/SheetOverlay/Public/Enums/SheetOverlayKeyboardPolicy.swift (in target 'SheetOverlay' from project 'SheetOverlay')
    cd /Users/admin/builder/spi-builder-workspace/.swiftpm/xcode
    builtin-SwiftPerFileCompile SheetOverlayKeyboardPolicy.swift
SwiftCompile normal arm64_32 Compiling\ SheetOverlayView.swift /Users/admin/builder/spi-builder-workspace/Sources/SheetOverlay/Private/SheetOverlayView.swift (in target 'SheetOverlay' from project 'SheetOverlay')
SwiftCompile normal arm64_32 /Users/admin/builder/spi-builder-workspace/Sources/SheetOverlay/Private/SheetOverlayView.swift (in target 'SheetOverlay' from project 'SheetOverlay')
    cd /Users/admin/builder/spi-builder-workspace/.swiftpm/xcode
    builtin-SwiftPerFileCompile SheetOverlayView.swift
SwiftCompile normal arm64_32 Compiling\ SheetOverlayDetent.swift /Users/admin/builder/spi-builder-workspace/Sources/SheetOverlay/Public/Enums/SheetOverlayDetent.swift (in target 'SheetOverlay' from project 'SheetOverlay')
SwiftCompile normal arm64_32 /Users/admin/builder/spi-builder-workspace/Sources/SheetOverlay/Public/Enums/SheetOverlayDetent.swift (in target 'SheetOverlay' from project 'SheetOverlay')
    cd /Users/admin/builder/spi-builder-workspace/.swiftpm/xcode
    builtin-SwiftPerFileCompile SheetOverlayDetent.swift
SwiftCompile normal arm64_32 Compiling\ SheetOverlayShadowConfig.swift,\ SheetOverlayState.swift /Users/admin/builder/spi-builder-workspace/Sources/SheetOverlay/Private/Preferences/SheetOverlayShadowConfig.swift /Users/admin/builder/spi-builder-workspace/Sources/SheetOverlay/Private/SheetOverlayState.swift (in target 'SheetOverlay' from project 'SheetOverlay')
/Users/admin/builder/spi-builder-workspace/Sources/SheetOverlay/Private/SheetOverlayState.swift:234:54: error: 'UIResponder' is unavailable in watchOS
232 |         NotificationCenter.default.addObserver(self,
233 |                                                selector: #selector(keyboardWillShow),
234 |                                                name: UIResponder.keyboardWillShowNotification,
    |                                                      `- error: 'UIResponder' is unavailable in watchOS
235 |                                                object: nil)
236 |         NotificationCenter.default.addObserver(self,
/Applications/Xcode-27.0.0-Release.Candidate.app/Contents/Developer/Platforms/WatchOS.platform/Developer/SDKs/WatchOS27.0.sdk/System/Library/Frameworks/UIKit.framework/Headers/UIResponder.h:82:12: note: 'UIResponder' has been explicitly marked unavailable here
 80 |
 81 | UIKIT_EXTERN API_AVAILABLE(ios(2.0)) API_UNAVAILABLE(watchos) NS_SWIFT_UI_ACTOR
 82 | @interface UIResponder : NSObject <UIResponderStandardEditActions>
    |            `- note: 'UIResponder' has been explicitly marked unavailable here
 83 |
 84 | @property(nonatomic, readonly, nullable) UIResponder *nextResponder;
/Users/admin/builder/spi-builder-workspace/Sources/SheetOverlay/Private/SheetOverlayState.swift:234:66: error: 'keyboardWillShowNotification' is unavailable in watchOS
232 |         NotificationCenter.default.addObserver(self,
233 |                                                selector: #selector(keyboardWillShow),
234 |                                                name: UIResponder.keyboardWillShowNotification,
    |                                                                  `- error: 'keyboardWillShowNotification' is unavailable in watchOS
235 |                                                object: nil)
236 |         NotificationCenter.default.addObserver(self,
/Applications/Xcode-27.0.0-Release.Candidate.app/Contents/Developer/Platforms/WatchOS.platform/Developer/SDKs/WatchOS27.0.sdk/System/Library/Frameworks/UIKit.framework/Headers/UIWindow.h:132:39: note: 'keyboardWillShowNotification' has been explicitly marked unavailable here
130 | // Use the various UICoordinateSpace convertRect facilities to get the frame in the desired coordinate system.
131 | // Animation key/value pairs are only available for the "will" family of notification.
132 | UIKIT_EXTERN NSNotificationName const UIKeyboardWillShowNotification API_UNAVAILABLE(tvos, watchos) NS_SWIFT_NONISOLATED;
    |                                       `- note: 'keyboardWillShowNotification' has been explicitly marked unavailable here
133 | UIKIT_EXTERN NSNotificationName const UIKeyboardDidShowNotification API_UNAVAILABLE(tvos, watchos) NS_SWIFT_NONISOLATED;
134 | UIKIT_EXTERN NSNotificationName const UIKeyboardWillHideNotification API_UNAVAILABLE(tvos, watchos) NS_SWIFT_NONISOLATED;
/Users/admin/builder/spi-builder-workspace/Sources/SheetOverlay/Private/SheetOverlayState.swift:238:54: error: 'UIResponder' is unavailable in watchOS
236 |         NotificationCenter.default.addObserver(self,
237 |                                                selector: #selector(keyboardWillHide),
238 |                                                name: UIResponder.keyboardWillHideNotification,
    |                                                      `- error: 'UIResponder' is unavailable in watchOS
239 |                                                object: nil)
240 |     }
/Applications/Xcode-27.0.0-Release.Candidate.app/Contents/Developer/Platforms/WatchOS.platform/Developer/SDKs/WatchOS27.0.sdk/System/Library/Frameworks/UIKit.framework/Headers/UIResponder.h:82:12: note: 'UIResponder' has been explicitly marked unavailable here
 80 |
 81 | UIKIT_EXTERN API_AVAILABLE(ios(2.0)) API_UNAVAILABLE(watchos) NS_SWIFT_UI_ACTOR
 82 | @interface UIResponder : NSObject <UIResponderStandardEditActions>
    |            `- note: 'UIResponder' has been explicitly marked unavailable here
 83 |
 84 | @property(nonatomic, readonly, nullable) UIResponder *nextResponder;
/Users/admin/builder/spi-builder-workspace/Sources/SheetOverlay/Private/SheetOverlayState.swift:238:66: error: 'keyboardWillHideNotification' is unavailable in watchOS
236 |         NotificationCenter.default.addObserver(self,
237 |                                                selector: #selector(keyboardWillHide),
238 |                                                name: UIResponder.keyboardWillHideNotification,
    |                                                                  `- error: 'keyboardWillHideNotification' is unavailable in watchOS
239 |                                                object: nil)
240 |     }
/Applications/Xcode-27.0.0-Release.Candidate.app/Contents/Developer/Platforms/WatchOS.platform/Developer/SDKs/WatchOS27.0.sdk/System/Library/Frameworks/UIKit.framework/Headers/UIWindow.h:134:39: note: 'keyboardWillHideNotification' has been explicitly marked unavailable here
132 | UIKIT_EXTERN NSNotificationName const UIKeyboardWillShowNotification API_UNAVAILABLE(tvos, watchos) NS_SWIFT_NONISOLATED;
133 | UIKIT_EXTERN NSNotificationName const UIKeyboardDidShowNotification API_UNAVAILABLE(tvos, watchos) NS_SWIFT_NONISOLATED;
134 | UIKIT_EXTERN NSNotificationName const UIKeyboardWillHideNotification API_UNAVAILABLE(tvos, watchos) NS_SWIFT_NONISOLATED;
    |                                       `- note: 'keyboardWillHideNotification' has been explicitly marked unavailable here
135 | UIKIT_EXTERN NSNotificationName const UIKeyboardDidHideNotification API_UNAVAILABLE(tvos, watchos) NS_SWIFT_NONISOLATED;
136 |
/Users/admin/builder/spi-builder-workspace/Sources/SheetOverlay/Private/SheetOverlayState.swift:243:50: error: 'UIResponder' is unavailable in watchOS
241 |
242 |     @objc private func keyboardWillShow(_ notification: Notification) {
243 |         guard let frame = notification.userInfo?[UIResponder.keyboardFrameEndUserInfoKey] as? CGRect,
    |                                                  `- error: 'UIResponder' is unavailable in watchOS
244 |               let duration = notification.userInfo?[UIResponder.keyboardAnimationDurationUserInfoKey] as? Double else {
245 |             return
/Applications/Xcode-27.0.0-Release.Candidate.app/Contents/Developer/Platforms/WatchOS.platform/Developer/SDKs/WatchOS27.0.sdk/System/Library/Frameworks/UIKit.framework/Headers/UIResponder.h:82:12: note: 'UIResponder' has been explicitly marked unavailable here
 80 |
 81 | UIKIT_EXTERN API_AVAILABLE(ios(2.0)) API_UNAVAILABLE(watchos) NS_SWIFT_UI_ACTOR
 82 | @interface UIResponder : NSObject <UIResponderStandardEditActions>
    |            `- note: 'UIResponder' has been explicitly marked unavailable here
 83 |
 84 | @property(nonatomic, readonly, nullable) UIResponder *nextResponder;
/Users/admin/builder/spi-builder-workspace/Sources/SheetOverlay/Private/SheetOverlayState.swift:243:62: error: 'keyboardFrameEndUserInfoKey' is unavailable in watchOS
241 |
242 |     @objc private func keyboardWillShow(_ notification: Notification) {
243 |         guard let frame = notification.userInfo?[UIResponder.keyboardFrameEndUserInfoKey] as? CGRect,
    |                                                              `- error: 'keyboardFrameEndUserInfoKey' is unavailable in watchOS
244 |               let duration = notification.userInfo?[UIResponder.keyboardAnimationDurationUserInfoKey] as? Double else {
245 |             return
/Applications/Xcode-27.0.0-Release.Candidate.app/Contents/Developer/Platforms/WatchOS.platform/Developer/SDKs/WatchOS27.0.sdk/System/Library/Frameworks/UIKit.framework/Headers/UIWindow.h:138:30: note: 'keyboardFrameEndUserInfoKey' has been explicitly marked unavailable here
136 |
137 | UIKIT_EXTERN NSString *const UIKeyboardFrameBeginUserInfoKey        API_AVAILABLE(ios(3.2)) API_UNAVAILABLE(tvos, watchos) NS_SWIFT_NONISOLATED; // NSValue of CGRect
138 | UIKIT_EXTERN NSString *const UIKeyboardFrameEndUserInfoKey          API_AVAILABLE(ios(3.2)) API_UNAVAILABLE(tvos, watchos) NS_SWIFT_NONISOLATED; // NSValue of CGRect
    |                              `- note: 'keyboardFrameEndUserInfoKey' has been explicitly marked unavailable here
139 | UIKIT_EXTERN NSString *const UIKeyboardAnimationDurationUserInfoKey API_AVAILABLE(ios(3.0)) API_UNAVAILABLE(tvos, watchos) NS_SWIFT_NONISOLATED; // NSNumber of double
140 | UIKIT_EXTERN NSString *const UIKeyboardAnimationCurveUserInfoKey    API_AVAILABLE(ios(3.0)) API_UNAVAILABLE(tvos, watchos) NS_SWIFT_NONISOLATED; // NSNumber of NSUInteger (UIViewAnimationCurve)
/Users/admin/builder/spi-builder-workspace/Sources/SheetOverlay/Private/SheetOverlayState.swift:244:53: error: 'UIResponder' is unavailable in watchOS
242 |     @objc private func keyboardWillShow(_ notification: Notification) {
243 |         guard let frame = notification.userInfo?[UIResponder.keyboardFrameEndUserInfoKey] as? CGRect,
244 |               let duration = notification.userInfo?[UIResponder.keyboardAnimationDurationUserInfoKey] as? Double else {
    |                                                     `- error: 'UIResponder' is unavailable in watchOS
245 |             return
246 |         }
/Applications/Xcode-27.0.0-Release.Candidate.app/Contents/Developer/Platforms/WatchOS.platform/Developer/SDKs/WatchOS27.0.sdk/System/Library/Frameworks/UIKit.framework/Headers/UIResponder.h:82:12: note: 'UIResponder' has been explicitly marked unavailable here
 80 |
 81 | UIKIT_EXTERN API_AVAILABLE(ios(2.0)) API_UNAVAILABLE(watchos) NS_SWIFT_UI_ACTOR
 82 | @interface UIResponder : NSObject <UIResponderStandardEditActions>
    |            `- note: 'UIResponder' has been explicitly marked unavailable here
 83 |
 84 | @property(nonatomic, readonly, nullable) UIResponder *nextResponder;
/Users/admin/builder/spi-builder-workspace/Sources/SheetOverlay/Private/SheetOverlayState.swift:244:65: error: 'keyboardAnimationDurationUserInfoKey' is unavailable in watchOS
242 |     @objc private func keyboardWillShow(_ notification: Notification) {
243 |         guard let frame = notification.userInfo?[UIResponder.keyboardFrameEndUserInfoKey] as? CGRect,
244 |               let duration = notification.userInfo?[UIResponder.keyboardAnimationDurationUserInfoKey] as? Double else {
    |                                                                 `- error: 'keyboardAnimationDurationUserInfoKey' is unavailable in watchOS
245 |             return
246 |         }
/Applications/Xcode-27.0.0-Release.Candidate.app/Contents/Developer/Platforms/WatchOS.platform/Developer/SDKs/WatchOS27.0.sdk/System/Library/Frameworks/UIKit.framework/Headers/UIWindow.h:139:30: note: 'keyboardAnimationDurationUserInfoKey' has been explicitly marked unavailable here
137 | UIKIT_EXTERN NSString *const UIKeyboardFrameBeginUserInfoKey        API_AVAILABLE(ios(3.2)) API_UNAVAILABLE(tvos, watchos) NS_SWIFT_NONISOLATED; // NSValue of CGRect
138 | UIKIT_EXTERN NSString *const UIKeyboardFrameEndUserInfoKey          API_AVAILABLE(ios(3.2)) API_UNAVAILABLE(tvos, watchos) NS_SWIFT_NONISOLATED; // NSValue of CGRect
139 | UIKIT_EXTERN NSString *const UIKeyboardAnimationDurationUserInfoKey API_AVAILABLE(ios(3.0)) API_UNAVAILABLE(tvos, watchos) NS_SWIFT_NONISOLATED; // NSNumber of double
    |                              `- note: 'keyboardAnimationDurationUserInfoKey' has been explicitly marked unavailable here
140 | UIKIT_EXTERN NSString *const UIKeyboardAnimationCurveUserInfoKey    API_AVAILABLE(ios(3.0)) API_UNAVAILABLE(tvos, watchos) NS_SWIFT_NONISOLATED; // NSNumber of NSUInteger (UIViewAnimationCurve)
141 | UIKIT_EXTERN NSString *const UIKeyboardIsLocalUserInfoKey           API_AVAILABLE(ios(9.0)) API_UNAVAILABLE(tvos, watchos) NS_SWIFT_NONISOLATED; // NSNumber of BOOL
/Users/admin/builder/spi-builder-workspace/Sources/SheetOverlay/Private/SheetOverlayState.swift:263:53: error: 'UIResponder' is unavailable in watchOS
261 |
262 |     @objc private func keyboardWillHide(_ notification: Notification) {
263 |         guard let duration = notification.userInfo?[UIResponder.keyboardAnimationDurationUserInfoKey] as? Double else {
    |                                                     `- error: 'UIResponder' is unavailable in watchOS
264 |             return
265 |         }
/Applications/Xcode-27.0.0-Release.Candidate.app/Contents/Developer/Platforms/WatchOS.platform/Developer/SDKs/WatchOS27.0.sdk/System/Library/Frameworks/UIKit.framework/Headers/UIResponder.h:82:12: note: 'UIResponder' has been explicitly marked unavailable here
 80 |
 81 | UIKIT_EXTERN API_AVAILABLE(ios(2.0)) API_UNAVAILABLE(watchos) NS_SWIFT_UI_ACTOR
 82 | @interface UIResponder : NSObject <UIResponderStandardEditActions>
    |            `- note: 'UIResponder' has been explicitly marked unavailable here
 83 |
 84 | @property(nonatomic, readonly, nullable) UIResponder *nextResponder;
/Users/admin/builder/spi-builder-workspace/Sources/SheetOverlay/Private/SheetOverlayState.swift:263:65: error: 'keyboardAnimationDurationUserInfoKey' is unavailable in watchOS
261 |
262 |     @objc private func keyboardWillHide(_ notification: Notification) {
263 |         guard let duration = notification.userInfo?[UIResponder.keyboardAnimationDurationUserInfoKey] as? Double else {
    |                                                                 `- error: 'keyboardAnimationDurationUserInfoKey' is unavailable in watchOS
264 |             return
265 |         }
/Applications/Xcode-27.0.0-Release.Candidate.app/Contents/Developer/Platforms/WatchOS.platform/Developer/SDKs/WatchOS27.0.sdk/System/Library/Frameworks/UIKit.framework/Headers/UIWindow.h:139:30: note: 'keyboardAnimationDurationUserInfoKey' has been explicitly marked unavailable here
137 | UIKIT_EXTERN NSString *const UIKeyboardFrameBeginUserInfoKey        API_AVAILABLE(ios(3.2)) API_UNAVAILABLE(tvos, watchos) NS_SWIFT_NONISOLATED; // NSValue of CGRect
138 | UIKIT_EXTERN NSString *const UIKeyboardFrameEndUserInfoKey          API_AVAILABLE(ios(3.2)) API_UNAVAILABLE(tvos, watchos) NS_SWIFT_NONISOLATED; // NSValue of CGRect
139 | UIKIT_EXTERN NSString *const UIKeyboardAnimationDurationUserInfoKey API_AVAILABLE(ios(3.0)) API_UNAVAILABLE(tvos, watchos) NS_SWIFT_NONISOLATED; // NSNumber of double
    |                              `- note: 'keyboardAnimationDurationUserInfoKey' has been explicitly marked unavailable here
140 | UIKIT_EXTERN NSString *const UIKeyboardAnimationCurveUserInfoKey    API_AVAILABLE(ios(3.0)) API_UNAVAILABLE(tvos, watchos) NS_SWIFT_NONISOLATED; // NSNumber of NSUInteger (UIViewAnimationCurve)
141 | UIKIT_EXTERN NSString *const UIKeyboardIsLocalUserInfoKey           API_AVAILABLE(ios(9.0)) API_UNAVAILABLE(tvos, watchos) NS_SWIFT_NONISOLATED; // NSNumber of BOOL
/Users/admin/builder/spi-builder-workspace/Sources/SheetOverlay/Private/SheetOverlayState.swift:289:34: error: 'UIScreen' is unavailable in watchOS
287 |
288 |         // Limit the heights to safe area + some margin
289 |         let maxHeight: CGFloat = UIScreen.main.bounds.height - UIApplication.rootTopSafeArea() - 40
    |                                  `- error: 'UIScreen' is unavailable in watchOS
290 |         let minHeight: CGFloat = UIApplication.rootBottomSafeArea() + 40
291 |
/Applications/Xcode-27.0.0-Release.Candidate.app/Contents/Developer/Platforms/WatchOS.platform/Developer/SDKs/WatchOS27.0.sdk/System/Library/Frameworks/UIKit.framework/Headers/UIScreen.h:54:12: note: 'UIScreen' has been explicitly marked unavailable here
 52 |
 53 | UIKIT_EXTERN API_AVAILABLE(ios(2.0)) API_UNAVAILABLE(visionos, watchos) NS_SWIFT_UI_ACTOR
 54 | @interface UIScreen : NSObject <UITraitEnvironment>
    |            `- note: 'UIScreen' has been explicitly marked unavailable here
 55 |
 56 | @property(class, nonatomic, readonly) NSArray<UIScreen *> *screens API_DEPRECATED("Use UIApplication.shared.openSessions to find open sessions with scenes from other screens", ios(3.2, 16.0), visionos(1.0, 1.0)) API_UNAVAILABLE(watchos); // all screens currently attached to the device
/Users/admin/builder/spi-builder-workspace/Sources/SheetOverlay/Private/SheetOverlayState.swift:289:43: error: 'main' is unavailable in watchOS
287 |
288 |         // Limit the heights to safe area + some margin
289 |         let maxHeight: CGFloat = UIScreen.main.bounds.height - UIApplication.rootTopSafeArea() - 40
    |                                           `- error: 'main' is unavailable in watchOS
290 |         let minHeight: CGFloat = UIApplication.rootBottomSafeArea() + 40
291 |
/Applications/Xcode-27.0.0-Release.Candidate.app/Contents/Developer/Platforms/WatchOS.platform/Developer/SDKs/WatchOS27.0.sdk/System/Library/Frameworks/UIKit.framework/Headers/UIScreen.h:57:49: note: 'main' has been explicitly marked unavailable here
 55 |
 56 | @property(class, nonatomic, readonly) NSArray<UIScreen *> *screens API_DEPRECATED("Use UIApplication.shared.openSessions to find open sessions with scenes from other screens", ios(3.2, 16.0), visionos(1.0, 1.0)) API_UNAVAILABLE(watchos); // all screens currently attached to the device
 57 | @property(class, nonatomic, readonly) UIScreen *mainScreen API_DEPRECATED("Use a UIScreen instance found through context instead (i.e, view.window.windowScene.screen), or for properties like UIScreen.scale with trait equivalents, use a traitCollection found through context.", ios(2.0, 26.0), tvos(9.0, 26.0), visionos(1.0, 26.0)) API_UNAVAILABLE(watchos);
    |                                                 `- note: 'main' has been explicitly marked unavailable here
 58 |
 59 | @property(nonatomic,readonly) CGRect  bounds;                // Bounds of entire screen in points
/Users/admin/builder/spi-builder-workspace/Sources/SheetOverlay/Private/SheetOverlayState.swift:289:64: error: 'UIApplication' is unavailable in watchOS
287 |
288 |         // Limit the heights to safe area + some margin
289 |         let maxHeight: CGFloat = UIScreen.main.bounds.height - UIApplication.rootTopSafeArea() - 40
    |                                                                `- error: 'UIApplication' is unavailable in watchOS
290 |         let minHeight: CGFloat = UIApplication.rootBottomSafeArea() + 40
291 |
/Applications/Xcode-27.0.0-Release.Candidate.app/Contents/Developer/Platforms/WatchOS.platform/Developer/SDKs/WatchOS27.0.sdk/System/Library/Frameworks/UIKit.framework/Headers/UIApplication.h:85:12: note: 'UIApplication' has been explicitly marked unavailable here
 83 |
 84 | UIKIT_EXTERN API_AVAILABLE(ios(2.0)) API_UNAVAILABLE(watchos) NS_SWIFT_UI_ACTOR
 85 | @interface UIApplication : UIResponder
    |            `- note: 'UIApplication' has been explicitly marked unavailable here
 86 |
 87 | @property(class, nonatomic, readonly) UIApplication *sharedApplication NS_EXTENSION_UNAVAILABLE_IOS("Use view controller based solutions where appropriate instead.");
SwiftCompile normal arm64_32 /Users/admin/builder/spi-builder-workspace/Sources/SheetOverlay/Private/Preferences/SheetOverlayShadowConfig.swift (in target 'SheetOverlay' from project 'SheetOverlay')
    cd /Users/admin/builder/spi-builder-workspace/.swiftpm/xcode
    builtin-SwiftPerFileCompile SheetOverlayShadowConfig.swift
SwiftCompile normal arm64_32 /Users/admin/builder/spi-builder-workspace/Sources/SheetOverlay/Private/SheetOverlayState.swift (in target 'SheetOverlay' from project 'SheetOverlay')
    cd /Users/admin/builder/spi-builder-workspace/.swiftpm/xcode
    builtin-SwiftPerFileCompile SheetOverlayState.swift
SwiftCompile normal arm64_32 Compiling\ View+Preferences.swift /Users/admin/builder/spi-builder-workspace/Sources/SheetOverlay/Public/Extensions/View+Preferences.swift (in target 'SheetOverlay' from project 'SheetOverlay')
SwiftCompile normal arm64_32 /Users/admin/builder/spi-builder-workspace/Sources/SheetOverlay/Public/Extensions/View+Preferences.swift (in target 'SheetOverlay' from project 'SheetOverlay')
    cd /Users/admin/builder/spi-builder-workspace/.swiftpm/xcode
    builtin-SwiftPerFileCompile View+Preferences.swift
SwiftExplicitDependencyGeneratePcm arm64 /Users/admin/builder/spi-builder-workspace/.derivedData/SDKExplicitPrecompiledModules/SwiftUI-E6XJI4PF1Q2HPTXKL91GWARU6.pcm
SwiftCompile normal arm64_32 Compiling\ View+Modifiers.swift /Users/admin/builder/spi-builder-workspace/Sources/SheetOverlay/Public/Extensions/View+Modifiers.swift (in target 'SheetOverlay' from project 'SheetOverlay')
SwiftCompile normal arm64_32 /Users/admin/builder/spi-builder-workspace/Sources/SheetOverlay/Public/Extensions/View+Modifiers.swift (in target 'SheetOverlay' from project 'SheetOverlay')
    cd /Users/admin/builder/spi-builder-workspace/.swiftpm/xcode
    builtin-SwiftPerFileCompile View+Modifiers.swift
SwiftEmitModule normal arm64 Emitting\ module\ for\ SheetOverlay (in target 'SheetOverlay' from project 'SheetOverlay')
SwiftCompile normal arm64 (in target 'SheetOverlay' from project 'SheetOverlay')
    cd /Users/admin/builder/spi-builder-workspace/.swiftpm/xcode

PruneExplicitPrecompiledModules /Users/admin/builder/spi-builder-workspace/.derivedData/Build/Intermediates.noindex/ExplicitPrecompiledModules
PruneExplicitPrecompiledModules /Users/admin/builder/spi-builder-workspace/.derivedData/SDKExplicitPrecompiledModules
PruneExplicitPrecompiledModules /Users/admin/builder/spi-builder-workspace/.derivedData/Build/Intermediates.noindex/SwiftExplicitPrecompiledModules
2026-09-24 08:58:10.139 xcodebuild[810:4705] [MT] IDERunDestination: Supported platforms for the buildables in the current scheme is empty.
** BUILD FAILED **
The following build commands failed:
	SwiftCompile normal arm64_32 (in target 'SheetOverlay' from project 'SheetOverlay')
	SwiftEmitModule normal arm64_32 Emitting\ module\ for\ SheetOverlay (in target 'SheetOverlay' from project 'SheetOverlay')
	Building workspace SheetOverlay with scheme SheetOverlay
(3 failures)
BUILD FAILURE 6.4 watchOS