Build Information
Failed to build ldk-node, reference v0.7.1 (edc891), with Swift 6.3 for watchOS using Xcode 26.4 on 14 Oct 2026 01:14:20 UTC.
Build Command
No build command. This typically means the build failed at an early stage where we determine the build command.Build Log
========================================
RunAll
========================================
Builder version: 5.1.2
Interrupt handler set up.
========================================
Checkout
========================================
Clone URL: https://github.com/lightningdevkit/ldk-node.git
Reference: v0.7.1
Initialized empty Git repository in /Users/admin/builder/spi-builder-workspace/.git/
From https://github.com/lightningdevkit/ldk-node
* tag v0.7.1 -> FETCH_HEAD
HEAD is now at edc8916 Merge pull request #1158 from tnull/2026-10-backports-0.7.1
Cloned https://github.com/lightningdevkit/ldk-node.git
Revision (git rev-parse @):
edc8916e289d39a4135b6eda66978a9f765396bb
SUCCESS checkout https://github.com/lightningdevkit/ldk-node.git at v0.7.1
========================================
Build
========================================
Selected platform: watchOS
Swift version: 6.3
Building package at path: $PWD
https://github.com/lightningdevkit/ldk-node.git
Command line invocation:
/Applications/Xcode-26.5.0.app/Contents/Developer/usr/bin/xcodebuild -IDEClonedSourcePackagesDirPathOverride=/Users/admin/builder/spi-builder-workspace/.dependencies -resolvePackageDependencies
Resolve Package Graph
failed downloading 'https://github.com/lightningdevkit/ldk-node/releases/download/v0.7.1/LDKNodeFFI.xcframework.zip' which is required by binary target 'LDKNodeFFI': badResponseStatusCode(404)fatalError
Resolve Package Graph
failed downloading 'https://github.com/lightningdevkit/ldk-node/releases/download/v0.7.1/LDKNodeFFI.xcframework.zip' which is required by binary target 'LDKNodeFFI': badResponseStatusCode(404)fatalError
Resolved source packages:
spi-builder-workspace: (null)
2026-10-13 21:14:18.972 xcodebuild[542:3145] Writing error result bundle to /var/folders/xq/y_g06wb113726d38xsyx71_h0000gn/T/ResultBundle_2026-13-10_21-14-0018.xcresult
xcodebuild: error: Could not resolve package dependencies:
failed downloading 'https://github.com/lightningdevkit/ldk-node/releases/download/v0.7.1/LDKNodeFFI.xcframework.zip' which is required by binary target 'LDKNodeFFI': badResponseStatusCode(404)
fatalError
Command line invocation:
/Applications/Xcode-26.5.0.app/Contents/Developer/usr/bin/xcodebuild -IDEClonedSourcePackagesDirPathOverride=/Users/admin/builder/spi-builder-workspace/.dependencies -resolvePackageDependencies
Resolve Package Graph
failed downloading 'https://github.com/lightningdevkit/ldk-node/releases/download/v0.7.1/LDKNodeFFI.xcframework.zip' which is required by binary target 'LDKNodeFFI': badResponseStatusCode(404)fatalError
Resolved source packages:
spi-builder-workspace: (null)
2026-10-13 21:14:20.769 xcodebuild[620:3847] Writing error result bundle to /var/folders/xq/y_g06wb113726d38xsyx71_h0000gn/T/ResultBundle_2026-13-10_21-14-0020.xcresult
xcodebuild: error: Could not resolve package dependencies:
failed downloading 'https://github.com/lightningdevkit/ldk-node/releases/download/v0.7.1/LDKNodeFFI.xcframework.zip' which is required by binary target 'LDKNodeFFI': badResponseStatusCode(404)
fatalError
BUILD FAILURE 6.3 watchOS