The Swift Package Index logo.Swift Package Index

Build Information

Failed to build AEPNotificationContent, reference main (369e18), with Swift 6.1 for watchOS using Xcode 16.3 on 20 Sep 2026 20:09:36 UTC.

Build Command

env DEVELOPER_DIR=/Applications/Xcode-16.3.0.app xcrun xcodebuild -IDEClonedSourcePackagesDirPathOverride=$PWD/.dependencies -skipMacroValidation -skipPackagePluginValidation -derivedDataPath $PWD/.derivedData build -scheme AEPNotificationContent -destination generic/platform=watchOS

Build Log

========================================
RunAll
========================================
Builder version: 5.1.0
Interrupt handler set up.
========================================
Checkout
========================================
Clone URL: https://github.com/adobe/aepsdk-notificationcontent-ios.git
Reference: main
Initialized empty Git repository in /Users/admin/builder/spi-builder-workspace/.git/
From https://github.com/adobe/aepsdk-notificationcontent-ios
 * branch            main       -> FETCH_HEAD
 * [new branch]      main       -> origin/main
HEAD is now at 369e189 Merge pull request #81 from adobe/dev-v5.0.2
Cloned https://github.com/adobe/aepsdk-notificationcontent-ios.git
Revision (git rev-parse @):
369e189f47f1e48c23007061c3ed1f5cdd44ca4a
SUCCESS checkout https://github.com/adobe/aepsdk-notificationcontent-ios.git at main
========================================
Build
========================================
Selected platform:         watchOS
Swift version:             6.1
Building package at path:  $PWD
https://github.com/adobe/aepsdk-notificationcontent-ios.git
https://github.com/adobe/aepsdk-notificationcontent-ios.git
{
  "dependencies" : [
  ],
  "manifest_display_name" : "AEPNotificationContent",
  "name" : "AEPNotificationContent",
  "path" : "/Users/admin/builder/spi-builder-workspace",
  "platforms" : [
    {
      "name" : "ios",
      "version" : "12.0"
    }
  ],
  "products" : [
    {
      "name" : "AEPNotificationContent",
      "targets" : [
        "AEPNotificationContent"
      ],
      "type" : {
        "library" : [
          "automatic"
        ]
      }
    }
  ],
  "targets" : [
    {
      "c99name" : "AEPNotificationContent",
      "module_type" : "SwiftTarget",
      "name" : "AEPNotificationContent",
      "path" : "AEPNotificationContent/Sources",
      "product_memberships" : [
        "AEPNotificationContent"
      ],
      "sources" : [
        "AEPNotificationViewController.swift",
        "Constants.swift",
        "Controllers/BasicTemplateController.swift",
        "Controllers/CarouselTemplateController.swift",
        "Controllers/FallbackTemplateController.swift",
        "Controllers/TemplateController.swift",
        "Controllers/TimerTemplateController.swift",
        "Extensions/String+LabelHeight.swift",
        "Extensions/UIColor+HexString.swift",
        "Extensions/UNNotificationContent+TemplateKeys.swift",
        "Model/BasicPayload.swift",
        "Model/CarouselItem.swift",
        "Model/CarouselPayload.swift",
        "Model/Enums/CarouselMode.swift",
        "Model/Payload.swift",
        "Model/TimerPayload.swift",
        "Model/TitleBodyPayload.swift",
        "TemplateControllerDelegate.swift",
        "Utility/ImageDownloadError.swift",
        "Utility/ImageDownloader.swift",
        "Views/TitleBodyView.swift"
      ],
      "type" : "library"
    }
  ],
  "tools_version" : "5.3"
}
Command line invocation:
    /Applications/Xcode-16.3.0.app/Contents/Developer/usr/bin/xcodebuild -IDEClonedSourcePackagesDirPathOverride=/Users/admin/builder/spi-builder-workspace/.dependencies -resolvePackageDependencies
resolved source packages:
{
  "dependencies" : [
  ],
  "manifest_display_name" : "AEPNotificationContent",
  "name" : "AEPNotificationContent",
  "path" : "/Users/admin/builder/spi-builder-workspace",
  "platforms" : [
    {
      "name" : "ios",
      "version" : "12.0"
    }
  ],
  "products" : [
    {
      "name" : "AEPNotificationContent",
      "targets" : [
        "AEPNotificationContent"
      ],
      "type" : {
        "library" : [
          "automatic"
        ]
      }
    }
  ],
  "targets" : [
    {
      "c99name" : "AEPNotificationContent",
      "module_type" : "SwiftTarget",
      "name" : "AEPNotificationContent",
      "path" : "AEPNotificationContent/Sources",
      "product_memberships" : [
        "AEPNotificationContent"
      ],
      "sources" : [
        "AEPNotificationViewController.swift",
        "Constants.swift",
        "Controllers/BasicTemplateController.swift",
        "Controllers/CarouselTemplateController.swift",
        "Controllers/FallbackTemplateController.swift",
        "Controllers/TemplateController.swift",
        "Controllers/TimerTemplateController.swift",
        "Extensions/String+LabelHeight.swift",
        "Extensions/UIColor+HexString.swift",
        "Extensions/UNNotificationContent+TemplateKeys.swift",
        "Model/BasicPayload.swift",
        "Model/CarouselItem.swift",
        "Model/CarouselPayload.swift",
        "Model/Enums/CarouselMode.swift",
        "Model/Payload.swift",
        "Model/TimerPayload.swift",
        "Model/TitleBodyPayload.swift",
        "TemplateControllerDelegate.swift",
        "Utility/ImageDownloadError.swift",
        "Utility/ImageDownloader.swift",
        "Views/TitleBodyView.swift"
      ],
      "type" : "library"
    }
  ],
  "tools_version" : "5.3"
}
{
  "project" : {
    "configurations" : [
      "Debug",
      "Release"
    ],
    "name" : "AEPNotificationContent",
    "schemes" : [
      "AEPNotificationContent",
      "AEPNotificationContentXCF",
      "DemoApp",
      "DemoAppNotificationContent",
      "DemoAppNotificationService",
      "UnitTests"
    ],
    "targets" : [
      "AEPNotificationContent",
      "AEPNotificationContentXCF",
      "DemoApp",
      "DemoAppNotificationContent",
      "DemoAppNotificationService",
      "UnitTests",
      "UITestRunner"
    ]
  }
}
{
  "workspace" : {
    "name" : "spi-builder-workspace",
    "schemes" : [
      "AEPNotificationContent"
    ]
  }
}
Running build ...
env DEVELOPER_DIR=/Applications/Xcode-16.3.0.app xcrun xcodebuild -IDEClonedSourcePackagesDirPathOverride=$PWD/.dependencies -skipMacroValidation -skipPackagePluginValidation -derivedDataPath $PWD/.derivedData build -scheme AEPNotificationContent -destination generic/platform=watchOS OTHER_SWIFT_FLAGS=-stats-output-dir .stats -strict-concurrency=complete -enable-upcoming-feature StrictConcurrency -enable-upcoming-feature DisableOutwardActorInference -enable-upcoming-feature GlobalActorIsolatedTypesUsability -enable-upcoming-feature InferSendableFromCaptures
Command line invocation:
    /Applications/Xcode-16.3.0.app/Contents/Developer/usr/bin/xcodebuild -IDEClonedSourcePackagesDirPathOverride=/Users/admin/builder/spi-builder-workspace/.dependencies -skipMacroValidation -skipPackagePluginValidation -derivedDataPath /Users/admin/builder/spi-builder-workspace/.derivedData build -scheme AEPNotificationContent -destination generic/platform=watchOS "OTHER_SWIFT_FLAGS=-stats-output-dir .stats -strict-concurrency=complete -enable-upcoming-feature StrictConcurrency -enable-upcoming-feature DisableOutwardActorInference -enable-upcoming-feature GlobalActorIsolatedTypesUsability -enable-upcoming-feature InferSendableFromCaptures"
Build settings from command line:
    OTHER_SWIFT_FLAGS = -stats-output-dir .stats -strict-concurrency=complete -enable-upcoming-feature StrictConcurrency -enable-upcoming-feature DisableOutwardActorInference -enable-upcoming-feature GlobalActorIsolatedTypesUsability -enable-upcoming-feature InferSendableFromCaptures
Resolve Package Graph
Resolved source packages:
  AEPNotificationContent: /Users/admin/builder/spi-builder-workspace
ComputePackagePrebuildTargetDependencyGraph
Prepare packages
CreateBuildRequest
SendProjectDescription
CreateBuildOperation
ComputeTargetDependencyGraph
note: Building targets in dependency order
note: Target dependency graph (2 targets)
    Target 'AEPNotificationContent' in project 'AEPNotificationContent'
        ➜ Explicit dependency on target 'AEPNotificationContent' in project 'AEPNotificationContent'
    Target 'AEPNotificationContent' in project 'AEPNotificationContent' (no dependencies)
GatherProvisioningInputs
CreateBuildDescription
ExecuteExternalTool /Applications/Xcode-16.3.0.app/Contents/Developer/Toolchains/XcodeDefault.xctoolchain/usr/bin/clang -v -E -dM -isysroot /Applications/Xcode-16.3.0.app/Contents/Developer/Platforms/WatchOS.platform/Developer/SDKs/WatchOS11.4.sdk -x c -c /dev/null
ExecuteExternalTool /Applications/Xcode-16.3.0.app/Contents/Developer/Toolchains/XcodeDefault.xctoolchain/usr/bin/swiftc --version
ExecuteExternalTool /Applications/Xcode-16.3.0.app/Contents/Developer/Toolchains/XcodeDefault.xctoolchain/usr/bin/ld -version_details
Build description signature: 9f90ca9d07adbdf31e101c9286b654f5
Build description path: /Users/admin/builder/spi-builder-workspace/.derivedData/Build/Intermediates.noindex/XCBuildData/9f90ca9d07adbdf31e101c9286b654f5.xcbuilddata
ClangStatCache /Applications/Xcode-16.3.0.app/Contents/Developer/Toolchains/XcodeDefault.xctoolchain/usr/bin/clang-stat-cache /Applications/Xcode-16.3.0.app/Contents/Developer/Platforms/WatchOS.platform/Developer/SDKs/WatchOS11.4.sdk /Users/admin/builder/spi-builder-workspace/.derivedData/SDKStatCaches.noindex/watchos11.4-22T246-43efb940ff07ba2497b70ec94253f576.sdkstatcache
    cd /Users/admin/builder/spi-builder-workspace/.swiftpm/xcode
    /Applications/Xcode-16.3.0.app/Contents/Developer/Toolchains/XcodeDefault.xctoolchain/usr/bin/clang-stat-cache /Applications/Xcode-16.3.0.app/Contents/Developer/Platforms/WatchOS.platform/Developer/SDKs/WatchOS11.4.sdk -o /Users/admin/builder/spi-builder-workspace/.derivedData/SDKStatCaches.noindex/watchos11.4-22T246-43efb940ff07ba2497b70ec94253f576.sdkstatcache
CreateBuildDirectory /Users/admin/builder/spi-builder-workspace/.derivedData/Build/Products
    cd /Users/admin/builder/spi-builder-workspace/.swiftpm/xcode
    builtin-create-build-directory /Users/admin/builder/spi-builder-workspace/.derivedData/Build/Products
CreateBuildDirectory /Users/admin/builder/spi-builder-workspace/.derivedData/Build/Intermediates.noindex
    cd /Users/admin/builder/spi-builder-workspace/.swiftpm/xcode
    builtin-create-build-directory /Users/admin/builder/spi-builder-workspace/.derivedData/Build/Intermediates.noindex
CreateBuildDirectory /Users/admin/builder/spi-builder-workspace/.derivedData/Build/Intermediates.noindex/EagerLinkingTBDs/Debug-watchos
    cd /Users/admin/builder/spi-builder-workspace/.swiftpm/xcode
    builtin-create-build-directory /Users/admin/builder/spi-builder-workspace/.derivedData/Build/Intermediates.noindex/EagerLinkingTBDs/Debug-watchos
CreateBuildDirectory /Users/admin/builder/spi-builder-workspace/.derivedData/Build/Products/Debug-watchos
    cd /Users/admin/builder/spi-builder-workspace/.swiftpm/xcode
    builtin-create-build-directory /Users/admin/builder/spi-builder-workspace/.derivedData/Build/Products/Debug-watchos
CreateBuildDirectory /Users/admin/builder/spi-builder-workspace/.derivedData/Build/Products/Debug-watchos/PackageFrameworks
    cd /Users/admin/builder/spi-builder-workspace/.swiftpm/xcode
    builtin-create-build-directory /Users/admin/builder/spi-builder-workspace/.derivedData/Build/Products/Debug-watchos/PackageFrameworks
WriteAuxiliaryFile /Users/admin/builder/spi-builder-workspace/.derivedData/Build/Intermediates.noindex/AEPNotificationContent.build/Debug-watchos/AEPNotificationContent.build/Objects-normal/arm64_32/AEPNotificationContent.SwiftConstValuesFileList (in target 'AEPNotificationContent' from project 'AEPNotificationContent')
    cd /Users/admin/builder/spi-builder-workspace
    write-file /Users/admin/builder/spi-builder-workspace/.derivedData/Build/Intermediates.noindex/AEPNotificationContent.build/Debug-watchos/AEPNotificationContent.build/Objects-normal/arm64_32/AEPNotificationContent.SwiftConstValuesFileList
WriteAuxiliaryFile /Users/admin/builder/spi-builder-workspace/.derivedData/Build/Intermediates.noindex/AEPNotificationContent.build/Debug-watchos/AEPNotificationContent.build/Objects-normal/armv7k/AEPNotificationContent.LinkFileList (in target 'AEPNotificationContent' from project 'AEPNotificationContent')
    cd /Users/admin/builder/spi-builder-workspace
    write-file /Users/admin/builder/spi-builder-workspace/.derivedData/Build/Intermediates.noindex/AEPNotificationContent.build/Debug-watchos/AEPNotificationContent.build/Objects-normal/armv7k/AEPNotificationContent.LinkFileList
WriteAuxiliaryFile /Users/admin/builder/spi-builder-workspace/.derivedData/Build/Intermediates.noindex/AEPNotificationContent.build/Debug-watchos/AEPNotificationContent.build/Objects-normal/arm64_32/AEPNotificationContent_const_extract_protocols.json (in target 'AEPNotificationContent' from project 'AEPNotificationContent')
    cd /Users/admin/builder/spi-builder-workspace
    write-file /Users/admin/builder/spi-builder-workspace/.derivedData/Build/Intermediates.noindex/AEPNotificationContent.build/Debug-watchos/AEPNotificationContent.build/Objects-normal/arm64_32/AEPNotificationContent_const_extract_protocols.json
WriteAuxiliaryFile /Users/admin/builder/spi-builder-workspace/.derivedData/Build/Intermediates.noindex/AEPNotificationContent.build/Debug-watchos/AEPNotificationContent.build/Objects-normal/armv7k/AEPNotificationContent.SwiftConstValuesFileList (in target 'AEPNotificationContent' from project 'AEPNotificationContent')
    cd /Users/admin/builder/spi-builder-workspace
    write-file /Users/admin/builder/spi-builder-workspace/.derivedData/Build/Intermediates.noindex/AEPNotificationContent.build/Debug-watchos/AEPNotificationContent.build/Objects-normal/armv7k/AEPNotificationContent.SwiftConstValuesFileList
WriteAuxiliaryFile /Users/admin/builder/spi-builder-workspace/.derivedData/Build/Intermediates.noindex/AEPNotificationContent.build/Debug-watchos/AEPNotificationContent.build/Objects-normal/arm64_32/AEPNotificationContent.SwiftFileList (in target 'AEPNotificationContent' from project 'AEPNotificationContent')
    cd /Users/admin/builder/spi-builder-workspace
    write-file /Users/admin/builder/spi-builder-workspace/.derivedData/Build/Intermediates.noindex/AEPNotificationContent.build/Debug-watchos/AEPNotificationContent.build/Objects-normal/arm64_32/AEPNotificationContent.SwiftFileList
WriteAuxiliaryFile /Users/admin/builder/spi-builder-workspace/.derivedData/Build/Intermediates.noindex/AEPNotificationContent.build/Debug-watchos/AEPNotificationContent.build/Objects-normal/armv7k/AEPNotificationContent.SwiftFileList (in target 'AEPNotificationContent' from project 'AEPNotificationContent')
    cd /Users/admin/builder/spi-builder-workspace
    write-file /Users/admin/builder/spi-builder-workspace/.derivedData/Build/Intermediates.noindex/AEPNotificationContent.build/Debug-watchos/AEPNotificationContent.build/Objects-normal/armv7k/AEPNotificationContent.SwiftFileList
WriteAuxiliaryFile /Users/admin/builder/spi-builder-workspace/.derivedData/Build/Intermediates.noindex/AEPNotificationContent.build/Debug-watchos/AEPNotificationContent.build/Objects-normal/armv7k/AEPNotificationContent-OutputFileMap.json (in target 'AEPNotificationContent' from project 'AEPNotificationContent')
    cd /Users/admin/builder/spi-builder-workspace
    write-file /Users/admin/builder/spi-builder-workspace/.derivedData/Build/Intermediates.noindex/AEPNotificationContent.build/Debug-watchos/AEPNotificationContent.build/Objects-normal/armv7k/AEPNotificationContent-OutputFileMap.json
WriteAuxiliaryFile /Users/admin/builder/spi-builder-workspace/.derivedData/Build/Intermediates.noindex/AEPNotificationContent.build/Debug-watchos/AEPNotificationContent.build/Objects-normal/armv7k/AEPNotificationContent_const_extract_protocols.json (in target 'AEPNotificationContent' from project 'AEPNotificationContent')
    cd /Users/admin/builder/spi-builder-workspace
    write-file /Users/admin/builder/spi-builder-workspace/.derivedData/Build/Intermediates.noindex/AEPNotificationContent.build/Debug-watchos/AEPNotificationContent.build/Objects-normal/armv7k/AEPNotificationContent_const_extract_protocols.json
WriteAuxiliaryFile /Users/admin/builder/spi-builder-workspace/.derivedData/Build/Intermediates.noindex/AEPNotificationContent.build/Debug-watchos/AEPNotificationContent.build/Objects-normal/arm64_32/AEPNotificationContent.LinkFileList (in target 'AEPNotificationContent' from project 'AEPNotificationContent')
    cd /Users/admin/builder/spi-builder-workspace
    write-file /Users/admin/builder/spi-builder-workspace/.derivedData/Build/Intermediates.noindex/AEPNotificationContent.build/Debug-watchos/AEPNotificationContent.build/Objects-normal/arm64_32/AEPNotificationContent.LinkFileList
WriteAuxiliaryFile /Users/admin/builder/spi-builder-workspace/.derivedData/Build/Intermediates.noindex/AEPNotificationContent.build/Debug-watchos/AEPNotificationContent.build/Objects-normal/arm64_32/AEPNotificationContent-OutputFileMap.json (in target 'AEPNotificationContent' from project 'AEPNotificationContent')
    cd /Users/admin/builder/spi-builder-workspace
    write-file /Users/admin/builder/spi-builder-workspace/.derivedData/Build/Intermediates.noindex/AEPNotificationContent.build/Debug-watchos/AEPNotificationContent.build/Objects-normal/arm64_32/AEPNotificationContent-OutputFileMap.json
WriteAuxiliaryFile /Users/admin/builder/spi-builder-workspace/.derivedData/Build/Intermediates.noindex/AEPNotificationContent.build/Debug-watchos/AEPNotificationContent.build/Objects-normal/arm64/AEPNotificationContent_const_extract_protocols.json (in target 'AEPNotificationContent' from project 'AEPNotificationContent')
    cd /Users/admin/builder/spi-builder-workspace
    write-file /Users/admin/builder/spi-builder-workspace/.derivedData/Build/Intermediates.noindex/AEPNotificationContent.build/Debug-watchos/AEPNotificationContent.build/Objects-normal/arm64/AEPNotificationContent_const_extract_protocols.json
WriteAuxiliaryFile /Users/admin/builder/spi-builder-workspace/.derivedData/Build/Intermediates.noindex/AEPNotificationContent.build/Debug-watchos/AEPNotificationContent.build/Objects-normal/arm64/AEPNotificationContent.SwiftFileList (in target 'AEPNotificationContent' from project 'AEPNotificationContent')
    cd /Users/admin/builder/spi-builder-workspace
    write-file /Users/admin/builder/spi-builder-workspace/.derivedData/Build/Intermediates.noindex/AEPNotificationContent.build/Debug-watchos/AEPNotificationContent.build/Objects-normal/arm64/AEPNotificationContent.SwiftFileList
WriteAuxiliaryFile /Users/admin/builder/spi-builder-workspace/.derivedData/Build/Intermediates.noindex/AEPNotificationContent.build/Debug-watchos/AEPNotificationContent.build/Objects-normal/arm64/AEPNotificationContent.SwiftConstValuesFileList (in target 'AEPNotificationContent' from project 'AEPNotificationContent')
    cd /Users/admin/builder/spi-builder-workspace
    write-file /Users/admin/builder/spi-builder-workspace/.derivedData/Build/Intermediates.noindex/AEPNotificationContent.build/Debug-watchos/AEPNotificationContent.build/Objects-normal/arm64/AEPNotificationContent.SwiftConstValuesFileList
WriteAuxiliaryFile /Users/admin/builder/spi-builder-workspace/.derivedData/Build/Intermediates.noindex/AEPNotificationContent.build/Debug-watchos/AEPNotificationContent.build/Objects-normal/arm64/AEPNotificationContent.LinkFileList (in target 'AEPNotificationContent' from project 'AEPNotificationContent')
    cd /Users/admin/builder/spi-builder-workspace
    write-file /Users/admin/builder/spi-builder-workspace/.derivedData/Build/Intermediates.noindex/AEPNotificationContent.build/Debug-watchos/AEPNotificationContent.build/Objects-normal/arm64/AEPNotificationContent.LinkFileList
WriteAuxiliaryFile /Users/admin/builder/spi-builder-workspace/.derivedData/Build/Intermediates.noindex/AEPNotificationContent.build/Debug-watchos/AEPNotificationContent.build/Objects-normal/arm64/AEPNotificationContent-OutputFileMap.json (in target 'AEPNotificationContent' from project 'AEPNotificationContent')
    cd /Users/admin/builder/spi-builder-workspace
    write-file /Users/admin/builder/spi-builder-workspace/.derivedData/Build/Intermediates.noindex/AEPNotificationContent.build/Debug-watchos/AEPNotificationContent.build/Objects-normal/arm64/AEPNotificationContent-OutputFileMap.json
WriteAuxiliaryFile /Users/admin/builder/spi-builder-workspace/.derivedData/Build/Intermediates.noindex/AEPNotificationContent.build/Debug-watchos/AEPNotificationContent.build/AEPNotificationContent.modulemap (in target 'AEPNotificationContent' from project 'AEPNotificationContent')
    cd /Users/admin/builder/spi-builder-workspace
    write-file /Users/admin/builder/spi-builder-workspace/.derivedData/Build/Intermediates.noindex/AEPNotificationContent.build/Debug-watchos/AEPNotificationContent.build/AEPNotificationContent.modulemap
WriteAuxiliaryFile /Users/admin/builder/spi-builder-workspace/.derivedData/Build/Intermediates.noindex/AEPNotificationContent.build/Debug-watchos/AEPNotificationContent.build/AEPNotificationContent.DependencyStaticMetadataFileList (in target 'AEPNotificationContent' from project 'AEPNotificationContent')
    cd /Users/admin/builder/spi-builder-workspace
    write-file /Users/admin/builder/spi-builder-workspace/.derivedData/Build/Intermediates.noindex/AEPNotificationContent.build/Debug-watchos/AEPNotificationContent.build/AEPNotificationContent.DependencyStaticMetadataFileList
WriteAuxiliaryFile /Users/admin/builder/spi-builder-workspace/.derivedData/Build/Intermediates.noindex/AEPNotificationContent.build/Debug-watchos/AEPNotificationContent.build/AEPNotificationContent.DependencyMetadataFileList (in target 'AEPNotificationContent' from project 'AEPNotificationContent')
    cd /Users/admin/builder/spi-builder-workspace
    write-file /Users/admin/builder/spi-builder-workspace/.derivedData/Build/Intermediates.noindex/AEPNotificationContent.build/Debug-watchos/AEPNotificationContent.build/AEPNotificationContent.DependencyMetadataFileList
Copy /Users/admin/builder/spi-builder-workspace/.derivedData/Build/Intermediates.noindex/GeneratedModuleMaps-watchos/AEPNotificationContent.modulemap /Users/admin/builder/spi-builder-workspace/.derivedData/Build/Intermediates.noindex/AEPNotificationContent.build/Debug-watchos/AEPNotificationContent.build/AEPNotificationContent.modulemap (in target 'AEPNotificationContent' from project 'AEPNotificationContent')
    cd /Users/admin/builder/spi-builder-workspace
    builtin-copy -exclude .DS_Store -exclude CVS -exclude .svn -exclude .git -exclude .hg -resolve-src-symlinks /Users/admin/builder/spi-builder-workspace/.derivedData/Build/Intermediates.noindex/AEPNotificationContent.build/Debug-watchos/AEPNotificationContent.build/AEPNotificationContent.modulemap /Users/admin/builder/spi-builder-workspace/.derivedData/Build/Intermediates.noindex/GeneratedModuleMaps-watchos
SwiftDriver AEPNotificationContent normal arm64_32 com.apple.xcode.tools.swift.compiler (in target 'AEPNotificationContent' from project 'AEPNotificationContent')
    cd /Users/admin/builder/spi-builder-workspace/.swiftpm/xcode
    builtin-SwiftDriver -- /Applications/Xcode-16.3.0.app/Contents/Developer/Toolchains/XcodeDefault.xctoolchain/usr/bin/swiftc -module-name AEPNotificationContent -Onone -enforce-exclusivity\=checked @/Users/admin/builder/spi-builder-workspace/.derivedData/Build/Intermediates.noindex/AEPNotificationContent.build/Debug-watchos/AEPNotificationContent.build/Objects-normal/arm64_32/AEPNotificationContent.SwiftFileList -DSWIFT_PACKAGE -DDEBUG -stats-output-dir .stats -strict-concurrency\=complete -enable-upcoming-feature StrictConcurrency -enable-upcoming-feature DisableOutwardActorInference -enable-upcoming-feature GlobalActorIsolatedTypesUsability -enable-upcoming-feature InferSendableFromCaptures -plugin-path /Applications/Xcode-16.3.0.app/Contents/Developer/Toolchains/XcodeDefault.xctoolchain/usr/lib/swift/host/plugins/testing -enable-experimental-feature DebugDescriptionMacro -sdk /Applications/Xcode-16.3.0.app/Contents/Developer/Platforms/WatchOS.platform/Developer/SDKs/WatchOS11.4.sdk -target arm64_32-apple-watchos5.0 -g -module-cache-path /Users/admin/builder/spi-builder-workspace/.derivedData/ModuleCache.noindex -Xfrontend -serialize-debugging-options -enable-testing -index-store-path /Users/admin/builder/spi-builder-workspace/.derivedData/Index.noindex/DataStore -swift-version 5 -I /Users/admin/builder/spi-builder-workspace/.derivedData/Build/Products/Debug-watchos -I /Applications/Xcode-16.3.0.app/Contents/Developer/Platforms/WatchOS.platform/Developer/usr/lib -F /Users/admin/builder/spi-builder-workspace/.derivedData/Build/Products/Debug-watchos -F /Applications/Xcode-16.3.0.app/Contents/Developer/Platforms/WatchOS.platform/Developer/Library/Frameworks -F /Applications/Xcode-16.3.0.app/Contents/Developer/Platforms/WatchOS.platform/Developer/SDKs/WatchOS11.4.sdk/Developer/Library/Frameworks -c -j10 -enable-batch-mode -incremental -Xcc -ivfsstatcache -Xcc /Users/admin/builder/spi-builder-workspace/.derivedData/SDKStatCaches.noindex/watchos11.4-22T246-43efb940ff07ba2497b70ec94253f576.sdkstatcache -output-file-map /Users/admin/builder/spi-builder-workspace/.derivedData/Build/Intermediates.noindex/AEPNotificationContent.build/Debug-watchos/AEPNotificationContent.build/Objects-normal/arm64_32/AEPNotificationContent-OutputFileMap.json -use-frontend-parseable-output -save-temps -no-color-diagnostics -serialize-diagnostics -emit-dependencies -emit-module -emit-module-path /Users/admin/builder/spi-builder-workspace/.derivedData/Build/Intermediates.noindex/AEPNotificationContent.build/Debug-watchos/AEPNotificationContent.build/Objects-normal/arm64_32/AEPNotificationContent.swiftmodule -validate-clang-modules-once -clang-build-session-file /Users/admin/builder/spi-builder-workspace/.derivedData/ModuleCache.noindex/Session.modulevalidation -Xcc -I/Users/admin/builder/spi-builder-workspace/.derivedData/Build/Intermediates.noindex/AEPNotificationContent.build/Debug-watchos/AEPNotificationContent.build/swift-overrides.hmap -emit-const-values -Xfrontend -const-gather-protocols-file -Xfrontend /Users/admin/builder/spi-builder-workspace/.derivedData/Build/Intermediates.noindex/AEPNotificationContent.build/Debug-watchos/AEPNotificationContent.build/Objects-normal/arm64_32/AEPNotificationContent_const_extract_protocols.json -Xcc -I/Users/admin/builder/spi-builder-workspace/.derivedData/Build/Products/Debug-watchos/include -Xcc -I/Users/admin/builder/spi-builder-workspace/.derivedData/Build/Intermediates.noindex/AEPNotificationContent.build/Debug-watchos/AEPNotificationContent.build/DerivedSources-normal/arm64_32 -Xcc -I/Users/admin/builder/spi-builder-workspace/.derivedData/Build/Intermediates.noindex/AEPNotificationContent.build/Debug-watchos/AEPNotificationContent.build/DerivedSources/arm64_32 -Xcc -I/Users/admin/builder/spi-builder-workspace/.derivedData/Build/Intermediates.noindex/AEPNotificationContent.build/Debug-watchos/AEPNotificationContent.build/DerivedSources -Xcc -DSWIFT_PACKAGE -Xcc -DDEBUG\=1 -emit-objc-header -emit-objc-header-path /Users/admin/builder/spi-builder-workspace/.derivedData/Build/Intermediates.noindex/AEPNotificationContent.build/Debug-watchos/AEPNotificationContent.build/Objects-normal/arm64_32/AEPNotificationContent-Swift.h -working-directory /Users/admin/builder/spi-builder-workspace/.swiftpm/xcode -experimental-emit-module-separately -disable-cmo
SwiftDriver AEPNotificationContent normal arm64 com.apple.xcode.tools.swift.compiler (in target 'AEPNotificationContent' from project 'AEPNotificationContent')
    cd /Users/admin/builder/spi-builder-workspace/.swiftpm/xcode
    builtin-SwiftDriver -- /Applications/Xcode-16.3.0.app/Contents/Developer/Toolchains/XcodeDefault.xctoolchain/usr/bin/swiftc -module-name AEPNotificationContent -Onone -enforce-exclusivity\=checked @/Users/admin/builder/spi-builder-workspace/.derivedData/Build/Intermediates.noindex/AEPNotificationContent.build/Debug-watchos/AEPNotificationContent.build/Objects-normal/arm64/AEPNotificationContent.SwiftFileList -DSWIFT_PACKAGE -DDEBUG -stats-output-dir .stats -strict-concurrency\=complete -enable-upcoming-feature StrictConcurrency -enable-upcoming-feature DisableOutwardActorInference -enable-upcoming-feature GlobalActorIsolatedTypesUsability -enable-upcoming-feature InferSendableFromCaptures -plugin-path /Applications/Xcode-16.3.0.app/Contents/Developer/Toolchains/XcodeDefault.xctoolchain/usr/lib/swift/host/plugins/testing -enable-experimental-feature DebugDescriptionMacro -sdk /Applications/Xcode-16.3.0.app/Contents/Developer/Platforms/WatchOS.platform/Developer/SDKs/WatchOS11.4.sdk -target arm64-apple-watchos5.0 -g -module-cache-path /Users/admin/builder/spi-builder-workspace/.derivedData/ModuleCache.noindex -Xfrontend -serialize-debugging-options -enable-testing -index-store-path /Users/admin/builder/spi-builder-workspace/.derivedData/Index.noindex/DataStore -swift-version 5 -I /Users/admin/builder/spi-builder-workspace/.derivedData/Build/Products/Debug-watchos -I /Applications/Xcode-16.3.0.app/Contents/Developer/Platforms/WatchOS.platform/Developer/usr/lib -F /Users/admin/builder/spi-builder-workspace/.derivedData/Build/Products/Debug-watchos -F /Applications/Xcode-16.3.0.app/Contents/Developer/Platforms/WatchOS.platform/Developer/Library/Frameworks -F /Applications/Xcode-16.3.0.app/Contents/Developer/Platforms/WatchOS.platform/Developer/SDKs/WatchOS11.4.sdk/Developer/Library/Frameworks -c -j10 -enable-batch-mode -incremental -Xcc -ivfsstatcache -Xcc /Users/admin/builder/spi-builder-workspace/.derivedData/SDKStatCaches.noindex/watchos11.4-22T246-43efb940ff07ba2497b70ec94253f576.sdkstatcache -output-file-map /Users/admin/builder/spi-builder-workspace/.derivedData/Build/Intermediates.noindex/AEPNotificationContent.build/Debug-watchos/AEPNotificationContent.build/Objects-normal/arm64/AEPNotificationContent-OutputFileMap.json -use-frontend-parseable-output -save-temps -no-color-diagnostics -serialize-diagnostics -emit-dependencies -emit-module -emit-module-path /Users/admin/builder/spi-builder-workspace/.derivedData/Build/Intermediates.noindex/AEPNotificationContent.build/Debug-watchos/AEPNotificationContent.build/Objects-normal/arm64/AEPNotificationContent.swiftmodule -validate-clang-modules-once -clang-build-session-file /Users/admin/builder/spi-builder-workspace/.derivedData/ModuleCache.noindex/Session.modulevalidation -Xcc -I/Users/admin/builder/spi-builder-workspace/.derivedData/Build/Intermediates.noindex/AEPNotificationContent.build/Debug-watchos/AEPNotificationContent.build/swift-overrides.hmap -emit-const-values -Xfrontend -const-gather-protocols-file -Xfrontend /Users/admin/builder/spi-builder-workspace/.derivedData/Build/Intermediates.noindex/AEPNotificationContent.build/Debug-watchos/AEPNotificationContent.build/Objects-normal/arm64/AEPNotificationContent_const_extract_protocols.json -Xcc -I/Users/admin/builder/spi-builder-workspace/.derivedData/Build/Products/Debug-watchos/include -Xcc -I/Users/admin/builder/spi-builder-workspace/.derivedData/Build/Intermediates.noindex/AEPNotificationContent.build/Debug-watchos/AEPNotificationContent.build/DerivedSources-normal/arm64 -Xcc -I/Users/admin/builder/spi-builder-workspace/.derivedData/Build/Intermediates.noindex/AEPNotificationContent.build/Debug-watchos/AEPNotificationContent.build/DerivedSources/arm64 -Xcc -I/Users/admin/builder/spi-builder-workspace/.derivedData/Build/Intermediates.noindex/AEPNotificationContent.build/Debug-watchos/AEPNotificationContent.build/DerivedSources -Xcc -DSWIFT_PACKAGE -Xcc -DDEBUG\=1 -emit-objc-header -emit-objc-header-path /Users/admin/builder/spi-builder-workspace/.derivedData/Build/Intermediates.noindex/AEPNotificationContent.build/Debug-watchos/AEPNotificationContent.build/Objects-normal/arm64/AEPNotificationContent-Swift.h -working-directory /Users/admin/builder/spi-builder-workspace/.swiftpm/xcode -experimental-emit-module-separately -disable-cmo
SwiftDriver AEPNotificationContent normal armv7k com.apple.xcode.tools.swift.compiler (in target 'AEPNotificationContent' from project 'AEPNotificationContent')
    cd /Users/admin/builder/spi-builder-workspace/.swiftpm/xcode
    builtin-SwiftDriver -- /Applications/Xcode-16.3.0.app/Contents/Developer/Toolchains/XcodeDefault.xctoolchain/usr/bin/swiftc -module-name AEPNotificationContent -Onone -enforce-exclusivity\=checked @/Users/admin/builder/spi-builder-workspace/.derivedData/Build/Intermediates.noindex/AEPNotificationContent.build/Debug-watchos/AEPNotificationContent.build/Objects-normal/armv7k/AEPNotificationContent.SwiftFileList -DSWIFT_PACKAGE -DDEBUG -stats-output-dir .stats -strict-concurrency\=complete -enable-upcoming-feature StrictConcurrency -enable-upcoming-feature DisableOutwardActorInference -enable-upcoming-feature GlobalActorIsolatedTypesUsability -enable-upcoming-feature InferSendableFromCaptures -plugin-path /Applications/Xcode-16.3.0.app/Contents/Developer/Toolchains/XcodeDefault.xctoolchain/usr/lib/swift/host/plugins/testing -enable-experimental-feature DebugDescriptionMacro -sdk /Applications/Xcode-16.3.0.app/Contents/Developer/Platforms/WatchOS.platform/Developer/SDKs/WatchOS11.4.sdk -target armv7k-apple-watchos5.0 -g -module-cache-path /Users/admin/builder/spi-builder-workspace/.derivedData/ModuleCache.noindex -Xfrontend -serialize-debugging-options -enable-testing -index-store-path /Users/admin/builder/spi-builder-workspace/.derivedData/Index.noindex/DataStore -swift-version 5 -I /Users/admin/builder/spi-builder-workspace/.derivedData/Build/Products/Debug-watchos -I /Applications/Xcode-16.3.0.app/Contents/Developer/Platforms/WatchOS.platform/Developer/usr/lib -F /Users/admin/builder/spi-builder-workspace/.derivedData/Build/Products/Debug-watchos -F /Applications/Xcode-16.3.0.app/Contents/Developer/Platforms/WatchOS.platform/Developer/Library/Frameworks -F /Applications/Xcode-16.3.0.app/Contents/Developer/Platforms/WatchOS.platform/Developer/SDKs/WatchOS11.4.sdk/Developer/Library/Frameworks -c -j10 -enable-batch-mode -incremental -Xcc -ivfsstatcache -Xcc /Users/admin/builder/spi-builder-workspace/.derivedData/SDKStatCaches.noindex/watchos11.4-22T246-43efb940ff07ba2497b70ec94253f576.sdkstatcache -output-file-map /Users/admin/builder/spi-builder-workspace/.derivedData/Build/Intermediates.noindex/AEPNotificationContent.build/Debug-watchos/AEPNotificationContent.build/Objects-normal/armv7k/AEPNotificationContent-OutputFileMap.json -use-frontend-parseable-output -save-temps -no-color-diagnostics -serialize-diagnostics -emit-dependencies -emit-module -emit-module-path /Users/admin/builder/spi-builder-workspace/.derivedData/Build/Intermediates.noindex/AEPNotificationContent.build/Debug-watchos/AEPNotificationContent.build/Objects-normal/armv7k/AEPNotificationContent.swiftmodule -validate-clang-modules-once -clang-build-session-file /Users/admin/builder/spi-builder-workspace/.derivedData/ModuleCache.noindex/Session.modulevalidation -Xcc -I/Users/admin/builder/spi-builder-workspace/.derivedData/Build/Intermediates.noindex/AEPNotificationContent.build/Debug-watchos/AEPNotificationContent.build/swift-overrides.hmap -emit-const-values -Xfrontend -const-gather-protocols-file -Xfrontend /Users/admin/builder/spi-builder-workspace/.derivedData/Build/Intermediates.noindex/AEPNotificationContent.build/Debug-watchos/AEPNotificationContent.build/Objects-normal/armv7k/AEPNotificationContent_const_extract_protocols.json -Xcc -I/Users/admin/builder/spi-builder-workspace/.derivedData/Build/Products/Debug-watchos/include -Xcc -I/Users/admin/builder/spi-builder-workspace/.derivedData/Build/Intermediates.noindex/AEPNotificationContent.build/Debug-watchos/AEPNotificationContent.build/DerivedSources-normal/armv7k -Xcc -I/Users/admin/builder/spi-builder-workspace/.derivedData/Build/Intermediates.noindex/AEPNotificationContent.build/Debug-watchos/AEPNotificationContent.build/DerivedSources/armv7k -Xcc -I/Users/admin/builder/spi-builder-workspace/.derivedData/Build/Intermediates.noindex/AEPNotificationContent.build/Debug-watchos/AEPNotificationContent.build/DerivedSources -Xcc -DSWIFT_PACKAGE -Xcc -DDEBUG\=1 -emit-objc-header -emit-objc-header-path /Users/admin/builder/spi-builder-workspace/.derivedData/Build/Intermediates.noindex/AEPNotificationContent.build/Debug-watchos/AEPNotificationContent.build/Objects-normal/armv7k/AEPNotificationContent-Swift.h -working-directory /Users/admin/builder/spi-builder-workspace/.swiftpm/xcode -experimental-emit-module-separately -disable-cmo
SwiftCompile normal arm64 Compiling\ TemplateController.swift,\ TimerTemplateController.swift /Users/admin/builder/spi-builder-workspace/AEPNotificationContent/Sources/Controllers/TemplateController.swift /Users/admin/builder/spi-builder-workspace/AEPNotificationContent/Sources/Controllers/TimerTemplateController.swift (in target 'AEPNotificationContent' from project 'AEPNotificationContent')
SwiftCompile normal arm64 /Users/admin/builder/spi-builder-workspace/AEPNotificationContent/Sources/Controllers/TemplateController.swift (in target 'AEPNotificationContent' from project 'AEPNotificationContent')
    cd /Users/admin/builder/spi-builder-workspace/.swiftpm/xcode

SwiftCompile normal arm64 /Users/admin/builder/spi-builder-workspace/AEPNotificationContent/Sources/Controllers/TimerTemplateController.swift (in target 'AEPNotificationContent' from project 'AEPNotificationContent')
    cd /Users/admin/builder/spi-builder-workspace/.swiftpm/xcode

SwiftCompile normal arm64 Compiling\ String+LabelHeight.swift,\ UIColor+HexString.swift /Users/admin/builder/spi-builder-workspace/AEPNotificationContent/Sources/Extensions/String+LabelHeight.swift /Users/admin/builder/spi-builder-workspace/AEPNotificationContent/Sources/Extensions/UIColor+HexString.swift (in target 'AEPNotificationContent' from project 'AEPNotificationContent')
SwiftCompile normal arm64 /Users/admin/builder/spi-builder-workspace/AEPNotificationContent/Sources/Extensions/String+LabelHeight.swift (in target 'AEPNotificationContent' from project 'AEPNotificationContent')
    cd /Users/admin/builder/spi-builder-workspace/.swiftpm/xcode

SwiftCompile normal arm64 /Users/admin/builder/spi-builder-workspace/AEPNotificationContent/Sources/Extensions/UIColor+HexString.swift (in target 'AEPNotificationContent' from project 'AEPNotificationContent')
    cd /Users/admin/builder/spi-builder-workspace/.swiftpm/xcode

SwiftCompile normal arm64 Compiling\ CarouselItem.swift,\ CarouselPayload.swift /Users/admin/builder/spi-builder-workspace/AEPNotificationContent/Sources/Model/CarouselItem.swift /Users/admin/builder/spi-builder-workspace/AEPNotificationContent/Sources/Model/CarouselPayload.swift (in target 'AEPNotificationContent' from project 'AEPNotificationContent')
SwiftCompile normal arm64 /Users/admin/builder/spi-builder-workspace/AEPNotificationContent/Sources/Model/CarouselItem.swift (in target 'AEPNotificationContent' from project 'AEPNotificationContent')
    cd /Users/admin/builder/spi-builder-workspace/.swiftpm/xcode

SwiftCompile normal arm64 /Users/admin/builder/spi-builder-workspace/AEPNotificationContent/Sources/Model/CarouselPayload.swift (in target 'AEPNotificationContent' from project 'AEPNotificationContent')
    cd /Users/admin/builder/spi-builder-workspace/.swiftpm/xcode

SwiftCompile normal arm64 Compiling\ AEPNotificationViewController.swift,\ Constants.swift,\ BasicTemplateController.swift /Users/admin/builder/spi-builder-workspace/AEPNotificationContent/Sources/AEPNotificationViewController.swift /Users/admin/builder/spi-builder-workspace/AEPNotificationContent/Sources/Constants.swift /Users/admin/builder/spi-builder-workspace/AEPNotificationContent/Sources/Controllers/BasicTemplateController.swift (in target 'AEPNotificationContent' from project 'AEPNotificationContent')
SwiftCompile normal arm64 /Users/admin/builder/spi-builder-workspace/AEPNotificationContent/Sources/AEPNotificationViewController.swift (in target 'AEPNotificationContent' from project 'AEPNotificationContent')
    cd /Users/admin/builder/spi-builder-workspace/.swiftpm/xcode

SwiftCompile normal arm64 /Users/admin/builder/spi-builder-workspace/AEPNotificationContent/Sources/Constants.swift (in target 'AEPNotificationContent' from project 'AEPNotificationContent')
    cd /Users/admin/builder/spi-builder-workspace/.swiftpm/xcode

SwiftCompile normal arm64 /Users/admin/builder/spi-builder-workspace/AEPNotificationContent/Sources/Controllers/BasicTemplateController.swift (in target 'AEPNotificationContent' from project 'AEPNotificationContent')
    cd /Users/admin/builder/spi-builder-workspace/.swiftpm/xcode

SwiftCompile normal arm64 Compiling\ CarouselTemplateController.swift,\ FallbackTemplateController.swift /Users/admin/builder/spi-builder-workspace/AEPNotificationContent/Sources/Controllers/CarouselTemplateController.swift /Users/admin/builder/spi-builder-workspace/AEPNotificationContent/Sources/Controllers/FallbackTemplateController.swift (in target 'AEPNotificationContent' from project 'AEPNotificationContent')
SwiftCompile normal arm64 /Users/admin/builder/spi-builder-workspace/AEPNotificationContent/Sources/Controllers/CarouselTemplateController.swift (in target 'AEPNotificationContent' from project 'AEPNotificationContent')
    cd /Users/admin/builder/spi-builder-workspace/.swiftpm/xcode

SwiftCompile normal arm64 /Users/admin/builder/spi-builder-workspace/AEPNotificationContent/Sources/Controllers/FallbackTemplateController.swift (in target 'AEPNotificationContent' from project 'AEPNotificationContent')
    cd /Users/admin/builder/spi-builder-workspace/.swiftpm/xcode

SwiftEmitModule normal arm64 Emitting\ module\ for\ AEPNotificationContent (in target 'AEPNotificationContent' from project 'AEPNotificationContent')
Failed frontend command:
/Applications/Xcode-16.3.0.app/Contents/Developer/Toolchains/XcodeDefault.xctoolchain/usr/bin/swift-frontend -frontend -emit-module -experimental-skip-non-inlinable-function-bodies-without-types /Users/admin/builder/spi-builder-workspace/AEPNotificationContent/Sources/AEPNotificationViewController.swift /Users/admin/builder/spi-builder-workspace/AEPNotificationContent/Sources/Constants.swift /Users/admin/builder/spi-builder-workspace/AEPNotificationContent/Sources/Controllers/BasicTemplateController.swift /Users/admin/builder/spi-builder-workspace/AEPNotificationContent/Sources/Controllers/CarouselTemplateController.swift /Users/admin/builder/spi-builder-workspace/AEPNotificationContent/Sources/Controllers/FallbackTemplateController.swift /Users/admin/builder/spi-builder-workspace/AEPNotificationContent/Sources/Controllers/TemplateController.swift /Users/admin/builder/spi-builder-workspace/AEPNotificationContent/Sources/Controllers/TimerTemplateController.swift /Users/admin/builder/spi-builder-workspace/AEPNotificationContent/Sources/Extensions/String+LabelHeight.swift /Users/admin/builder/spi-builder-workspace/AEPNotificationContent/Sources/Extensions/UIColor+HexString.swift /Users/admin/builder/spi-builder-workspace/AEPNotificationContent/Sources/Extensions/UNNotificationContent+TemplateKeys.swift /Users/admin/builder/spi-builder-workspace/AEPNotificationContent/Sources/Model/BasicPayload.swift /Users/admin/builder/spi-builder-workspace/AEPNotificationContent/Sources/Model/CarouselItem.swift /Users/admin/builder/spi-builder-workspace/AEPNotificationContent/Sources/Model/CarouselPayload.swift /Users/admin/builder/spi-builder-workspace/AEPNotificationContent/Sources/Model/Enums/CarouselMode.swift /Users/admin/builder/spi-builder-workspace/AEPNotificationContent/Sources/Model/Payload.swift /Users/admin/builder/spi-builder-workspace/AEPNotificationContent/Sources/Model/TimerPayload.swift /Users/admin/builder/spi-builder-workspace/AEPNotificationContent/Sources/Model/TitleBodyPayload.swift /Users/admin/builder/spi-builder-workspace/AEPNotificationContent/Sources/TemplateControllerDelegate.swift /Users/admin/builder/spi-builder-workspace/AEPNotificationContent/Sources/Utility/ImageDownloadError.swift /Users/admin/builder/spi-builder-workspace/AEPNotificationContent/Sources/Utility/ImageDownloader.swift /Users/admin/builder/spi-builder-workspace/AEPNotificationContent/Sources/Views/TitleBodyView.swift -target arm64-apple-watchos5.0 -Xllvm -aarch64-use-tbi -enable-objc-interop -sdk /Applications/Xcode-16.3.0.app/Contents/Developer/Platforms/WatchOS.platform/Developer/SDKs/WatchOS11.4.sdk -I /Users/admin/builder/spi-builder-workspace/.derivedData/Build/Products/Debug-watchos -I /Applications/Xcode-16.3.0.app/Contents/Developer/Platforms/WatchOS.platform/Developer/usr/lib -F /Users/admin/builder/spi-builder-workspace/.derivedData/Build/Products/Debug-watchos -F /Applications/Xcode-16.3.0.app/Contents/Developer/Platforms/WatchOS.platform/Developer/Library/Frameworks -F /Applications/Xcode-16.3.0.app/Contents/Developer/Platforms/WatchOS.platform/Developer/SDKs/WatchOS11.4.sdk/Developer/Library/Frameworks -no-color-diagnostics -enable-testing -g -debug-info-format\=dwarf -dwarf-version\=4 -module-cache-path /Users/admin/builder/spi-builder-workspace/.derivedData/ModuleCache.noindex -swift-version 5 -enforce-exclusivity\=checked -stats-output-dir /Users/admin/builder/spi-builder-workspace/.swiftpm/xcode/.stats -Onone -D SWIFT_PACKAGE -D DEBUG -serialize-debugging-options -const-gather-protocols-file /Users/admin/builder/spi-builder-workspace/.derivedData/Build/Intermediates.noindex/AEPNotificationContent.build/Debug-watchos/AEPNotificationContent.build/Objects-normal/arm64/AEPNotificationContent_const_extract_protocols.json -enable-upcoming-feature StrictConcurrency -enable-upcoming-feature DisableOutwardActorInference -enable-upcoming-feature GlobalActorIsolatedTypesUsability -enable-upcoming-feature InferSendableFromCaptures -enable-experimental-feature DebugDescriptionMacro -strict-concurrency\=complete -empty-abi-descriptor -plugin-path /Applications/Xcode-16.3.0.app/Contents/Developer/Toolchains/XcodeDefault.xctoolchain/usr/lib/swift/host/plugins/testing -validate-clang-modules-once -clang-build-session-file /Users/admin/builder/spi-builder-workspace/.derivedData/ModuleCache.noindex/Session.modulevalidation -Xcc -working-directory -Xcc /Users/admin/builder/spi-builder-workspace/.swiftpm/xcode -resource-dir /Applications/Xcode-16.3.0.app/Contents/Developer/Toolchains/XcodeDefault.xctoolchain/usr/lib/swift -enable-anonymous-context-mangled-names -file-compilation-dir /Users/admin/builder/spi-builder-workspace/.swiftpm/xcode -Xcc -ivfsstatcache -Xcc /Users/admin/builder/spi-builder-workspace/.derivedData/SDKStatCaches.noindex/watchos11.4-22T246-43efb940ff07ba2497b70ec94253f576.sdkstatcache -Xcc -I/Users/admin/builder/spi-builder-workspace/.derivedData/Build/Intermediates.noindex/AEPNotificationContent.build/Debug-watchos/AEPNotificationContent.build/swift-overrides.hmap -Xcc -I/Users/admin/builder/spi-builder-workspace/.derivedData/Build/Products/Debug-watchos/include -Xcc -I/Users/admin/builder/spi-builder-workspace/.derivedData/Build/Intermediates.noindex/AEPNotificationContent.build/Debug-watchos/AEPNotificationContent.build/DerivedSources-normal/arm64 -Xcc -I/Users/admin/builder/spi-builder-workspace/.derivedData/Build/Intermediates.noindex/AEPNotificationContent.build/Debug-watchos/AEPNotificationContent.build/DerivedSources/arm64 -Xcc -I/Users/admin/builder/spi-builder-workspace/.derivedData/Build/Intermediates.noindex/AEPNotificationContent.build/Debug-watchos/AEPNotificationContent.build/DerivedSources -Xcc -DSWIFT_PACKAGE -Xcc -DDEBUG\=1 -module-name AEPNotificationContent -frontend-parseable-output -disable-clang-spi -target-sdk-version 11.4 -target-sdk-name watchos11.4 -external-plugin-path /Applications/Xcode-16.3.0.app/Contents/Developer/Platforms/WatchOS.platform/Developer/usr/lib/swift/host/plugins\#/Applications/Xcode-16.3.0.app/Contents/Developer/Platforms/WatchOS.platform/Developer/usr/bin/swift-plugin-server -external-plugin-path /Applications/Xcode-16.3.0.app/Contents/Developer/Platforms/WatchOS.platform/Developer/usr/local/lib/swift/host/plugins\#/Applications/Xcode-16.3.0.app/Contents/Developer/Platforms/WatchOS.platform/Developer/usr/bin/swift-plugin-server -in-process-plugin-server-path /Applications/Xcode-16.3.0.app/Contents/Developer/Toolchains/XcodeDefault.xctoolchain/usr/lib/swift/host/libSwiftInProcPluginServer.dylib -plugin-path /Applications/Xcode-16.3.0.app/Contents/Developer/Toolchains/XcodeDefault.xctoolchain/usr/lib/swift/host/plugins -plugin-path /Applications/Xcode-16.3.0.app/Contents/Developer/Toolchains/XcodeDefault.xctoolchain/usr/local/lib/swift/host/plugins -emit-module-doc-path /Users/admin/builder/spi-builder-workspace/.derivedData/Build/Intermediates.noindex/AEPNotificationContent.build/Debug-watchos/AEPNotificationContent.build/Objects-normal/arm64/AEPNotificationContent.swiftdoc -emit-module-source-info-path /Users/admin/builder/spi-builder-workspace/.derivedData/Build/Intermediates.noindex/AEPNotificationContent.build/Debug-watchos/AEPNotificationContent.build/Objects-normal/arm64/AEPNotificationContent.swiftsourceinfo -emit-objc-header-path /Users/admin/builder/spi-builder-workspace/.derivedData/Build/Intermediates.noindex/AEPNotificationContent.build/Debug-watchos/AEPNotificationContent.build/Objects-normal/arm64/AEPNotificationContent-Swift.h -serialize-diagnostics-path /Users/admin/builder/spi-builder-workspace/.derivedData/Build/Intermediates.noindex/AEPNotificationContent.build/Debug-watchos/AEPNotificationContent.build/Objects-normal/arm64/AEPNotificationContent-master-emit-module.dia -emit-dependencies-path /Users/admin/builder/spi-builder-workspace/.derivedData/Build/Intermediates.noindex/AEPNotificationContent.build/Debug-watchos/AEPNotificationContent.build/Objects-normal/arm64/AEPNotificationContent-master-emit-module.d -o /Users/admin/builder/spi-builder-workspace/.derivedData/Build/Intermediates.noindex/AEPNotificationContent.build/Debug-watchos/AEPNotificationContent.build/Objects-normal/arm64/AEPNotificationContent.swiftmodule -emit-abi-descriptor-path /Users/admin/builder/spi-builder-workspace/.derivedData/Build/Intermediates.noindex/AEPNotificationContent.build/Debug-watchos/AEPNotificationContent.build/Objects-normal/arm64/AEPNotificationContent.abi.json
EmitSwiftModule normal arm64 (in target 'AEPNotificationContent' from project 'AEPNotificationContent')
    cd /Users/admin/builder/spi-builder-workspace/.swiftpm/xcode

/Users/admin/builder/spi-builder-workspace/AEPNotificationContent/Sources/AEPNotificationViewController.swift:54:87: error: 'UNNotificationContentExtensionResponseOption' is unavailable in watchOS
    public func didReceive(_: UNNotificationResponse, completionHandler _: @escaping (UNNotificationContentExtensionResponseOption) -> Void) {}
                                                                                      ^~~~~~~~~~~~~~~~~~~~~~~~~~~~~~~~~~~~~~~~~~~~
/Applications/Xcode-16.3.0.app/Contents/Developer/Platforms/WatchOS.platform/Developer/SDKs/WatchOS11.4.sdk/System/Library/Frameworks/UserNotificationsUI.framework/Headers/UNNotificationContentExtension.h:45:29: note: 'UNNotificationContentExtensionResponseOption' has been explicitly marked unavailable here
typedef NS_ENUM(NSUInteger, UNNotificationContentExtensionResponseOption) {
                            ^
/Users/admin/builder/spi-builder-workspace/AEPNotificationContent/Sources/AEPNotificationViewController.swift:59:26: error: method does not override any method from its superclass
    override public func viewDidLoad() {
    ~~~~~~~~             ^
/Users/admin/builder/spi-builder-workspace/AEPNotificationContent/Sources/AEPNotificationViewController.swift:65:90: error: cannot find type 'UIContentContainer' in scope
    override open func preferredContentSizeDidChange(forChildContentContainer container: UIContentContainer) {
                                                                                         ^~~~~~~~~~~~~~~~~~
/Users/admin/builder/spi-builder-workspace/AEPNotificationContent/Sources/AEPNotificationViewController.swift:111:39: error: cannot find type 'UIViewController' in scope
    func getParentViewController() -> UIViewController {
                                      ^~~~~~~~~~~~~~~~
/Users/admin/builder/spi-builder-workspace/AEPNotificationContent/Sources/AEPNotificationViewController.swift:17:43: error: cannot find type 'UIViewController' in scope
open class AEPNotificationViewController: UIViewController, UNNotificationContentExtension, TemplateControllerDelegate {
                                          ^~~~~~~~~~~~~~~~
/Users/admin/builder/spi-builder-workspace/AEPNotificationContent/Sources/AEPNotificationViewController.swift:17:61: error: 'UNNotificationContentExtension' is unavailable in watchOS
open class AEPNotificationViewController: UIViewController, UNNotificationContentExtension, TemplateControllerDelegate {
                                                            ^~~~~~~~~~~~~~~~~~~~~~~~~~~~~~
/Applications/Xcode-16.3.0.app/Contents/Developer/Platforms/WatchOS.platform/Developer/SDKs/WatchOS11.4.sdk/System/Library/Frameworks/UserNotificationsUI.framework/Headers/UNNotificationContentExtension.h:110:11: note: 'UNNotificationContentExtension' has been explicitly marked unavailable here
@protocol UNNotificationContentExtension <NSObject>
          ^
/Users/admin/builder/spi-builder-workspace/AEPNotificationContent/Sources/TemplateControllerDelegate.swift:22:39: error: cannot find type 'UIViewController' in scope
    func getParentViewController() -> UIViewController
                                      ^~~~~~~~~~~~~~~~
/Users/admin/builder/spi-builder-workspace/AEPNotificationContent/Sources/AEPNotificationViewController.swift:17:12: error: cannot declare conformance to 'NSObjectProtocol' in Swift; 'AEPNotificationViewController' should inherit 'NSObject' instead
open class AEPNotificationViewController: UIViewController, UNNotificationContentExtension, TemplateControllerDelegate {
           ^
/Users/admin/builder/spi-builder-workspace/AEPNotificationContent/Sources/AEPNotificationViewController.swift:17:12: note: add stubs for conformance
open class AEPNotificationViewController: UIViewController, UNNotificationContentExtension, TemplateControllerDelegate {
           ^
/Users/admin/builder/spi-builder-workspace/AEPNotificationContent/Sources/Controllers/BasicTemplateController.swift:40:25: error: cannot find type 'UIImageView' in scope
    lazy var imageView: UIImageView = {
                        ^~~~~~~~~~~
/Users/admin/builder/spi-builder-workspace/AEPNotificationContent/Sources/Controllers/BasicTemplateController.swift:51:14: error: value of type 'TitleBodyView' has no member 'translatesAutoresizingMaskIntoConstraints'
        view.translatesAutoresizingMaskIntoConstraints = false
        ~~~~ ^~~~~~~~~~~~~~~~~~~~~~~~~~~~~~~~~~~~~~~~~
/Users/admin/builder/spi-builder-workspace/AEPNotificationContent/Sources/Controllers/BasicTemplateController.swift:73:19: error: method does not override any method from its superclass
    override func viewDidLoad() {
    ~~~~~~~~      ^
/Users/admin/builder/spi-builder-workspace/AEPNotificationContent/Sources/Controllers/CarouselTemplateController.swift:52:31: error: cannot find type 'UIButton' in scope
    lazy var leftArrowButton: UIButton = {
                              ^~~~~~~~
/Users/admin/builder/spi-builder-workspace/AEPNotificationContent/Sources/Controllers/CarouselTemplateController.swift:68:32: error: cannot find type 'UIButton' in scope
    lazy var rightArrowButton: UIButton = {
                               ^~~~~~~~
/Users/admin/builder/spi-builder-workspace/AEPNotificationContent/Sources/Controllers/CarouselTemplateController.swift:84:27: error: cannot find type 'UIPageControl' in scope
    lazy var pageControl: UIPageControl = {
                          ^~~~~~~~~~~~~
/Users/admin/builder/spi-builder-workspace/AEPNotificationContent/Sources/Controllers/CarouselTemplateController.swift:90:26: error: cannot find type 'UIScrollView' in scope
    lazy var scrollView: UIScrollView = {
                         ^~~~~~~~~~~~
/Users/admin/builder/spi-builder-workspace/AEPNotificationContent/Sources/Controllers/CarouselTemplateController.swift:17:55: error: cannot find type 'UIScrollViewDelegate' in scope
class CarouselTemplateController: TemplateController, UIScrollViewDelegate {
                                                      ^~~~~~~~~~~~~~~~~~~~
/Users/admin/builder/spi-builder-workspace/AEPNotificationContent/Sources/Controllers/CarouselTemplateController.swift:48:14: error: value of type 'TitleBodyView' has no member 'translatesAutoresizingMaskIntoConstraints'
        view.translatesAutoresizingMaskIntoConstraints = false
        ~~~~ ^~~~~~~~~~~~~~~~~~~~~~~~~~~~~~~~~~~~~~~~~
/Users/admin/builder/spi-builder-workspace/AEPNotificationContent/Sources/Controllers/CarouselTemplateController.swift:112:19: error: method does not override any method from its superclass
    override func viewDidLoad() {
    ~~~~~~~~      ^
/Users/admin/builder/spi-builder-workspace/AEPNotificationContent/Sources/Controllers/CarouselTemplateController.swift:234:44: error: cannot find type 'UIScrollView' in scope
    func scrollViewDidScroll(_ scrollView: UIScrollView) {
                                           ^~~~~~~~~~~~
/Users/admin/builder/spi-builder-workspace/AEPNotificationContent/Sources/Controllers/CarouselTemplateController.swift:259:45: error: cannot find type 'UIPageControl' in scope
    @objc func pageControlChanged(_ sender: UIPageControl) {
                                            ^~~~~~~~~~~~~
/Users/admin/builder/spi-builder-workspace/AEPNotificationContent/Sources/Controllers/FallbackTemplateController.swift:16:35: error: cannot find type 'UIViewController' in scope
class FallbackTemplateController: UIViewController {
                                  ^~~~~~~~~~~~~~~~
/Users/admin/builder/spi-builder-workspace/AEPNotificationContent/Sources/Controllers/FallbackTemplateController.swift:22:14: error: value of type 'TitleBodyView' has no member 'translatesAutoresizingMaskIntoConstraints'
        view.translatesAutoresizingMaskIntoConstraints = false
        ~~~~ ^~~~~~~~~~~~~~~~~~~~~~~~~~~~~~~~~~~~~~~~~
/Users/admin/builder/spi-builder-workspace/AEPNotificationContent/Sources/Controllers/FallbackTemplateController.swift:26:38: error: cannot find type 'UNNotificationContent' in scope
    private let notificationContent: UNNotificationContent
                                     ^~~~~~~~~~~~~~~~~~~~~
/Users/admin/builder/spi-builder-workspace/AEPNotificationContent/Sources/Controllers/FallbackTemplateController.swift:33:31: error: cannot find type 'UNNotificationContent' in scope
    init(notificationContent: UNNotificationContent) {
                              ^~~~~~~~~~~~~~~~~~~~~
/Users/admin/builder/spi-builder-workspace/AEPNotificationContent/Sources/Controllers/FallbackTemplateController.swift:45:19: error: method does not override any method from its superclass
    override func viewDidLoad() {
    ~~~~~~~~      ^
/Users/admin/builder/spi-builder-workspace/AEPNotificationContent/Sources/Controllers/TemplateController.swift:26:32: error: cannot find type 'UIActivityIndicatorView' in scope
    lazy var loadingIndicator: UIActivityIndicatorView = {
                               ^~~~~~~~~~~~~~~~~~~~~~~
/Users/admin/builder/spi-builder-workspace/AEPNotificationContent/Sources/Controllers/TemplateController.swift:18:27: error: cannot find type 'UIViewController' in scope
class TemplateController: UIViewController {
                          ^~~~~~~~~~~~~~~~
/Users/admin/builder/spi-builder-workspace/AEPNotificationContent/Sources/Controllers/TemplateController.swift:45:24: error: cannot find type 'UITapGestureRecognizer' in scope
    var tapRecognizer: UITapGestureRecognizer?
                       ^~~~~~~~~~~~~~~~~~~~~~
/Users/admin/builder/spi-builder-workspace/AEPNotificationContent/Sources/Controllers/TimerTemplateController.swift:22:29: error: cannot find type 'UILabel' in scope
    private let timerLabel: UILabel = {
                            ^~~~~~~
/Users/admin/builder/spi-builder-workspace/AEPNotificationContent/Sources/Controllers/TimerTemplateController.swift:41:14: error: value of type 'TitleBodyView' has no member 'translatesAutoresizingMaskIntoConstraints'
        view.translatesAutoresizingMaskIntoConstraints = false
        ~~~~ ^~~~~~~~~~~~~~~~~~~~~~~~~~~~~~~~~~~~~~~~~
/Users/admin/builder/spi-builder-workspace/AEPNotificationContent/Sources/Controllers/TimerTemplateController.swift:45:28: error: cannot find type 'UIImageView' in scope
    private let imageView: UIImageView = {
                           ^~~~~~~~~~~
/Users/admin/builder/spi-builder-workspace/AEPNotificationContent/Sources/Controllers/TimerTemplateController.swift:70:19: error: method does not override any method from its superclass
    override func viewDidLoad() {
    ~~~~~~~~      ^
/Users/admin/builder/spi-builder-workspace/AEPNotificationContent/Sources/Model/CarouselItem.swift:36:59: error: cannot find type 'UNNotificationContent' in scope
    init?(dictionary: [String: Any], notificationContent: UNNotificationContent) {
                                                          ^~~~~~~~~~~~~~~~~~~~~
/Users/admin/builder/spi-builder-workspace/AEPNotificationContent/Sources/Views/TitleBodyView.swift:17:22: error: cannot find type 'UIView' in scope
class TitleBodyView: UIView {
                     ^~~~~~
/Applications/Xcode-16.3.0.app/Contents/Developer/Platforms/WatchOS.platform/Developer/SDKs/WatchOS11.4.sdk/System/Library/Frameworks/UIKit.framework/Headers/NSTextAttachment.h:23:1: note: interface 'UIView' forward declared here
@class UIView;
^
/Users/admin/builder/spi-builder-workspace/AEPNotificationContent/Sources/Views/TitleBodyView.swift:29:29: error: cannot find type 'UILabel' in scope
    private let titleLabel: UILabel = {
                            ^~~~~~~
/Users/admin/builder/spi-builder-workspace/AEPNotificationContent/Sources/Views/TitleBodyView.swift:40:28: error: cannot find type 'UILabel' in scope
    private let bodyLabel: UILabel = {
                           ^~~~~~~
/Users/admin/builder/spi-builder-workspace/AEPNotificationContent/Sources/Views/TitleBodyView.swift:51:39: error: cannot find type 'NSLayoutConstraint' in scope
    private var bodyHeightConstraint: NSLayoutConstraint!
                                      ^~~~~~~~~~~~~~~~~~
/Users/admin/builder/spi-builder-workspace/AEPNotificationContent/Sources/Views/TitleBodyView.swift:52:40: error: cannot find type 'NSLayoutConstraint' in scope
    private var titleHeightConstraint: NSLayoutConstraint!
                                       ^~~~~~~~~~~~~~~~~~
SwiftEmitModule normal armv7k Emitting\ module\ for\ AEPNotificationContent (in target 'AEPNotificationContent' from project 'AEPNotificationContent')
Failed frontend command:
/Applications/Xcode-16.3.0.app/Contents/Developer/Toolchains/XcodeDefault.xctoolchain/usr/bin/swift-frontend -frontend -emit-module -experimental-skip-non-inlinable-function-bodies-without-types /Users/admin/builder/spi-builder-workspace/AEPNotificationContent/Sources/AEPNotificationViewController.swift /Users/admin/builder/spi-builder-workspace/AEPNotificationContent/Sources/Constants.swift /Users/admin/builder/spi-builder-workspace/AEPNotificationContent/Sources/Controllers/BasicTemplateController.swift /Users/admin/builder/spi-builder-workspace/AEPNotificationContent/Sources/Controllers/CarouselTemplateController.swift /Users/admin/builder/spi-builder-workspace/AEPNotificationContent/Sources/Controllers/FallbackTemplateController.swift /Users/admin/builder/spi-builder-workspace/AEPNotificationContent/Sources/Controllers/TemplateController.swift /Users/admin/builder/spi-builder-workspace/AEPNotificationContent/Sources/Controllers/TimerTemplateController.swift /Users/admin/builder/spi-builder-workspace/AEPNotificationContent/Sources/Extensions/String+LabelHeight.swift /Users/admin/builder/spi-builder-workspace/AEPNotificationContent/Sources/Extensions/UIColor+HexString.swift /Users/admin/builder/spi-builder-workspace/AEPNotificationContent/Sources/Extensions/UNNotificationContent+TemplateKeys.swift /Users/admin/builder/spi-builder-workspace/AEPNotificationContent/Sources/Model/BasicPayload.swift /Users/admin/builder/spi-builder-workspace/AEPNotificationContent/Sources/Model/CarouselItem.swift /Users/admin/builder/spi-builder-workspace/AEPNotificationContent/Sources/Model/CarouselPayload.swift /Users/admin/builder/spi-builder-workspace/AEPNotificationContent/Sources/Model/Enums/CarouselMode.swift /Users/admin/builder/spi-builder-workspace/AEPNotificationContent/Sources/Model/Payload.swift /Users/admin/builder/spi-builder-workspace/AEPNotificationContent/Sources/Model/TimerPayload.swift /Users/admin/builder/spi-builder-workspace/AEPNotificationContent/Sources/Model/TitleBodyPayload.swift /Users/admin/builder/spi-builder-workspace/AEPNotificationContent/Sources/TemplateControllerDelegate.swift /Users/admin/builder/spi-builder-workspace/AEPNotificationContent/Sources/Utility/ImageDownloadError.swift /Users/admin/builder/spi-builder-workspace/AEPNotificationContent/Sources/Utility/ImageDownloader.swift /Users/admin/builder/spi-builder-workspace/AEPNotificationContent/Sources/Views/TitleBodyView.swift -target armv7k-apple-watchos5.0 -enable-objc-interop -sdk /Applications/Xcode-16.3.0.app/Contents/Developer/Platforms/WatchOS.platform/Developer/SDKs/WatchOS11.4.sdk -I /Users/admin/builder/spi-builder-workspace/.derivedData/Build/Products/Debug-watchos -I /Applications/Xcode-16.3.0.app/Contents/Developer/Platforms/WatchOS.platform/Developer/usr/lib -F /Users/admin/builder/spi-builder-workspace/.derivedData/Build/Products/Debug-watchos -F /Applications/Xcode-16.3.0.app/Contents/Developer/Platforms/WatchOS.platform/Developer/Library/Frameworks -F /Applications/Xcode-16.3.0.app/Contents/Developer/Platforms/WatchOS.platform/Developer/SDKs/WatchOS11.4.sdk/Developer/Library/Frameworks -no-color-diagnostics -enable-testing -g -debug-info-format\=dwarf -dwarf-version\=4 -module-cache-path /Users/admin/builder/spi-builder-workspace/.derivedData/ModuleCache.noindex -swift-version 5 -enforce-exclusivity\=checked -stats-output-dir /Users/admin/builder/spi-builder-workspace/.swiftpm/xcode/.stats -Onone -D SWIFT_PACKAGE -D DEBUG -serialize-debugging-options -const-gather-protocols-file /Users/admin/builder/spi-builder-workspace/.derivedData/Build/Intermediates.noindex/AEPNotificationContent.build/Debug-watchos/AEPNotificationContent.build/Objects-normal/armv7k/AEPNotificationContent_const_extract_protocols.json -enable-upcoming-feature StrictConcurrency -enable-upcoming-feature DisableOutwardActorInference -enable-upcoming-feature GlobalActorIsolatedTypesUsability -enable-upcoming-feature InferSendableFromCaptures -enable-experimental-feature DebugDescriptionMacro -strict-concurrency\=complete -empty-abi-descriptor -plugin-path /Applications/Xcode-16.3.0.app/Contents/Developer/Toolchains/XcodeDefault.xctoolchain/usr/lib/swift/host/plugins/testing -validate-clang-modules-once -clang-build-session-file /Users/admin/builder/spi-builder-workspace/.derivedData/ModuleCache.noindex/Session.modulevalidation -Xcc -working-directory -Xcc /Users/admin/builder/spi-builder-workspace/.swiftpm/xcode -resource-dir /Applications/Xcode-16.3.0.app/Contents/Developer/Toolchains/XcodeDefault.xctoolchain/usr/lib/swift -enable-anonymous-context-mangled-names -file-compilation-dir /Users/admin/builder/spi-builder-workspace/.swiftpm/xcode -Xcc -ivfsstatcache -Xcc /Users/admin/builder/spi-builder-workspace/.derivedData/SDKStatCaches.noindex/watchos11.4-22T246-43efb940ff07ba2497b70ec94253f576.sdkstatcache -Xcc -I/Users/admin/builder/spi-builder-workspace/.derivedData/Build/Intermediates.noindex/AEPNotificationContent.build/Debug-watchos/AEPNotificationContent.build/swift-overrides.hmap -Xcc -I/Users/admin/builder/spi-builder-workspace/.derivedData/Build/Products/Debug-watchos/include -Xcc -I/Users/admin/builder/spi-builder-workspace/.derivedData/Build/Intermediates.noindex/AEPNotificationContent.build/Debug-watchos/AEPNotificationContent.build/DerivedSources-normal/armv7k -Xcc -I/Users/admin/builder/spi-builder-workspace/.derivedData/Build/Intermediates.noindex/AEPNotificationContent.build/Debug-watchos/AEPNotificationContent.build/DerivedSources/armv7k -Xcc -I/Users/admin/builder/spi-builder-workspace/.derivedData/Build/Intermediates.noindex/AEPNotificationContent.build/Debug-watchos/AEPNotificationContent.build/DerivedSources -Xcc -DSWIFT_PACKAGE -Xcc -DDEBUG\=1 -module-name AEPNotificationContent -frontend-parseable-output -disable-clang-spi -target-sdk-version 11.4 -target-sdk-name watchos11.4 -external-plugin-path /Applications/Xcode-16.3.0.app/Contents/Developer/Platforms/WatchOS.platform/Developer/usr/lib/swift/host/plugins\#/Applications/Xcode-16.3.0.app/Contents/Developer/Platforms/WatchOS.platform/Developer/usr/bin/swift-plugin-server -external-plugin-path /Applications/Xcode-16.3.0.app/Contents/Developer/Platforms/WatchOS.platform/Developer/usr/local/lib/swift/host/plugins\#/Applications/Xcode-16.3.0.app/Contents/Developer/Platforms/WatchOS.platform/Developer/usr/bin/swift-plugin-server -in-process-plugin-server-path /Applications/Xcode-16.3.0.app/Contents/Developer/Toolchains/XcodeDefault.xctoolchain/usr/lib/swift/host/libSwiftInProcPluginServer.dylib -plugin-path /Applications/Xcode-16.3.0.app/Contents/Developer/Toolchains/XcodeDefault.xctoolchain/usr/lib/swift/host/plugins -plugin-path /Applications/Xcode-16.3.0.app/Contents/Developer/Toolchains/XcodeDefault.xctoolchain/usr/local/lib/swift/host/plugins -emit-module-doc-path /Users/admin/builder/spi-builder-workspace/.derivedData/Build/Intermediates.noindex/AEPNotificationContent.build/Debug-watchos/AEPNotificationContent.build/Objects-normal/armv7k/AEPNotificationContent.swiftdoc -emit-module-source-info-path /Users/admin/builder/spi-builder-workspace/.derivedData/Build/Intermediates.noindex/AEPNotificationContent.build/Debug-watchos/AEPNotificationContent.build/Objects-normal/armv7k/AEPNotificationContent.swiftsourceinfo -emit-objc-header-path /Users/admin/builder/spi-builder-workspace/.derivedData/Build/Intermediates.noindex/AEPNotificationContent.build/Debug-watchos/AEPNotificationContent.build/Objects-normal/armv7k/AEPNotificationContent-Swift.h -serialize-diagnostics-path /Users/admin/builder/spi-builder-workspace/.derivedData/Build/Intermediates.noindex/AEPNotificationContent.build/Debug-watchos/AEPNotificationContent.build/Objects-normal/armv7k/AEPNotificationContent-master-emit-module.dia -emit-dependencies-path /Users/admin/builder/spi-builder-workspace/.derivedData/Build/Intermediates.noindex/AEPNotificationContent.build/Debug-watchos/AEPNotificationContent.build/Objects-normal/armv7k/AEPNotificationContent-master-emit-module.d -o /Users/admin/builder/spi-builder-workspace/.derivedData/Build/Intermediates.noindex/AEPNotificationContent.build/Debug-watchos/AEPNotificationContent.build/Objects-normal/armv7k/AEPNotificationContent.swiftmodule -emit-abi-descriptor-path /Users/admin/builder/spi-builder-workspace/.derivedData/Build/Intermediates.noindex/AEPNotificationContent.build/Debug-watchos/AEPNotificationContent.build/Objects-normal/armv7k/AEPNotificationContent.abi.json
EmitSwiftModule normal armv7k (in target 'AEPNotificationContent' from project 'AEPNotificationContent')
    cd /Users/admin/builder/spi-builder-workspace/.swiftpm/xcode

/Users/admin/builder/spi-builder-workspace/AEPNotificationContent/Sources/AEPNotificationViewController.swift:54:87: error: 'UNNotificationContentExtensionResponseOption' is unavailable in watchOS
    public func didReceive(_: UNNotificationResponse, completionHandler _: @escaping (UNNotificationContentExtensionResponseOption) -> Void) {}
                                                                                      ^~~~~~~~~~~~~~~~~~~~~~~~~~~~~~~~~~~~~~~~~~~~
/Applications/Xcode-16.3.0.app/Contents/Developer/Platforms/WatchOS.platform/Developer/SDKs/WatchOS11.4.sdk/System/Library/Frameworks/UserNotificationsUI.framework/Headers/UNNotificationContentExtension.h:45:29: note: 'UNNotificationContentExtensionResponseOption' has been explicitly marked unavailable here
typedef NS_ENUM(NSUInteger, UNNotificationContentExtensionResponseOption) {
                            ^
/Users/admin/builder/spi-builder-workspace/AEPNotificationContent/Sources/AEPNotificationViewController.swift:59:26: error: method does not override any method from its superclass
    override public func viewDidLoad() {
    ~~~~~~~~             ^
/Users/admin/builder/spi-builder-workspace/AEPNotificationContent/Sources/AEPNotificationViewController.swift:65:90: error: cannot find type 'UIContentContainer' in scope
    override open func preferredContentSizeDidChange(forChildContentContainer container: UIContentContainer) {
                                                                                         ^~~~~~~~~~~~~~~~~~
/Users/admin/builder/spi-builder-workspace/AEPNotificationContent/Sources/AEPNotificationViewController.swift:111:39: error: cannot find type 'UIViewController' in scope
    func getParentViewController() -> UIViewController {
                                      ^~~~~~~~~~~~~~~~
/Users/admin/builder/spi-builder-workspace/AEPNotificationContent/Sources/AEPNotificationViewController.swift:17:43: error: cannot find type 'UIViewController' in scope
open class AEPNotificationViewController: UIViewController, UNNotificationContentExtension, TemplateControllerDelegate {
                                          ^~~~~~~~~~~~~~~~
/Users/admin/builder/spi-builder-workspace/AEPNotificationContent/Sources/AEPNotificationViewController.swift:17:61: error: 'UNNotificationContentExtension' is unavailable in watchOS
open class AEPNotificationViewController: UIViewController, UNNotificationContentExtension, TemplateControllerDelegate {
                                                            ^~~~~~~~~~~~~~~~~~~~~~~~~~~~~~
/Applications/Xcode-16.3.0.app/Contents/Developer/Platforms/WatchOS.platform/Developer/SDKs/WatchOS11.4.sdk/System/Library/Frameworks/UserNotificationsUI.framework/Headers/UNNotificationContentExtension.h:110:11: note: 'UNNotificationContentExtension' has been explicitly marked unavailable here
@protocol UNNotificationContentExtension <NSObject>
          ^
/Users/admin/builder/spi-builder-workspace/AEPNotificationContent/Sources/TemplateControllerDelegate.swift:22:39: error: cannot find type 'UIViewController' in scope
    func getParentViewController() -> UIViewController
                                      ^~~~~~~~~~~~~~~~
/Users/admin/builder/spi-builder-workspace/AEPNotificationContent/Sources/AEPNotificationViewController.swift:17:12: error: cannot declare conformance to 'NSObjectProtocol' in Swift; 'AEPNotificationViewController' should inherit 'NSObject' instead
open class AEPNotificationViewController: UIViewController, UNNotificationContentExtension, TemplateControllerDelegate {
           ^
/Users/admin/builder/spi-builder-workspace/AEPNotificationContent/Sources/AEPNotificationViewController.swift:17:12: note: add stubs for conformance
open class AEPNotificationViewController: UIViewController, UNNotificationContentExtension, TemplateControllerDelegate {
           ^
/Users/admin/builder/spi-builder-workspace/AEPNotificationContent/Sources/Controllers/BasicTemplateController.swift:40:25: error: cannot find type 'UIImageView' in scope
    lazy var imageView: UIImageView = {
                        ^~~~~~~~~~~
/Users/admin/builder/spi-builder-workspace/AEPNotificationContent/Sources/Controllers/BasicTemplateController.swift:51:14: error: value of type 'TitleBodyView' has no member 'translatesAutoresizingMaskIntoConstraints'
        view.translatesAutoresizingMaskIntoConstraints = false
        ~~~~ ^~~~~~~~~~~~~~~~~~~~~~~~~~~~~~~~~~~~~~~~~
/Users/admin/builder/spi-builder-workspace/AEPNotificationContent/Sources/Controllers/BasicTemplateController.swift:73:19: error: method does not override any method from its superclass
    override func viewDidLoad() {
    ~~~~~~~~      ^
/Users/admin/builder/spi-builder-workspace/AEPNotificationContent/Sources/Controllers/CarouselTemplateController.swift:52:31: error: cannot find type 'UIButton' in scope
    lazy var leftArrowButton: UIButton = {
                              ^~~~~~~~
/Users/admin/builder/spi-builder-workspace/AEPNotificationContent/Sources/Controllers/CarouselTemplateController.swift:68:32: error: cannot find type 'UIButton' in scope
    lazy var rightArrowButton: UIButton = {
                               ^~~~~~~~
/Users/admin/builder/spi-builder-workspace/AEPNotificationContent/Sources/Controllers/CarouselTemplateController.swift:84:27: error: cannot find type 'UIPageControl' in scope
    lazy var pageControl: UIPageControl = {
                          ^~~~~~~~~~~~~
/Users/admin/builder/spi-builder-workspace/AEPNotificationContent/Sources/Controllers/CarouselTemplateController.swift:90:26: error: cannot find type 'UIScrollView' in scope
    lazy var scrollView: UIScrollView = {
                         ^~~~~~~~~~~~
/Users/admin/builder/spi-builder-workspace/AEPNotificationContent/Sources/Controllers/CarouselTemplateController.swift:17:55: error: cannot find type 'UIScrollViewDelegate' in scope
class CarouselTemplateController: TemplateController, UIScrollViewDelegate {
                                                      ^~~~~~~~~~~~~~~~~~~~
/Users/admin/builder/spi-builder-workspace/AEPNotificationContent/Sources/Controllers/CarouselTemplateController.swift:48:14: error: value of type 'TitleBodyView' has no member 'translatesAutoresizingMaskIntoConstraints'
        view.translatesAutoresizingMaskIntoConstraints = false
        ~~~~ ^~~~~~~~~~~~~~~~~~~~~~~~~~~~~~~~~~~~~~~~~
/Users/admin/builder/spi-builder-workspace/AEPNotificationContent/Sources/Controllers/CarouselTemplateController.swift:112:19: error: method does not override any method from its superclass
    override func viewDidLoad() {
    ~~~~~~~~      ^
/Users/admin/builder/spi-builder-workspace/AEPNotificationContent/Sources/Controllers/CarouselTemplateController.swift:234:44: error: cannot find type 'UIScrollView' in scope
    func scrollViewDidScroll(_ scrollView: UIScrollView) {
                                           ^~~~~~~~~~~~
/Users/admin/builder/spi-builder-workspace/AEPNotificationContent/Sources/Controllers/CarouselTemplateController.swift:259:45: error: cannot find type 'UIPageControl' in scope
    @objc func pageControlChanged(_ sender: UIPageControl) {
                                            ^~~~~~~~~~~~~
/Users/admin/builder/spi-builder-workspace/AEPNotificationContent/Sources/Controllers/FallbackTemplateController.swift:16:35: error: cannot find type 'UIViewController' in scope
class FallbackTemplateController: UIViewController {
                                  ^~~~~~~~~~~~~~~~
/Users/admin/builder/spi-builder-workspace/AEPNotificationContent/Sources/Controllers/FallbackTemplateController.swift:22:14: error: value of type 'TitleBodyView' has no member 'translatesAutoresizingMaskIntoConstraints'
        view.translatesAutoresizingMaskIntoConstraints = false
        ~~~~ ^~~~~~~~~~~~~~~~~~~~~~~~~~~~~~~~~~~~~~~~~
/Users/admin/builder/spi-builder-workspace/AEPNotificationContent/Sources/Controllers/FallbackTemplateController.swift:26:38: error: cannot find type 'UNNotificationContent' in scope
    private let notificationContent: UNNotificationContent
                                     ^~~~~~~~~~~~~~~~~~~~~
/Users/admin/builder/spi-builder-workspace/AEPNotificationContent/Sources/Controllers/FallbackTemplateController.swift:33:31: error: cannot find type 'UNNotificationContent' in scope
    init(notificationContent: UNNotificationContent) {
                              ^~~~~~~~~~~~~~~~~~~~~
/Users/admin/builder/spi-builder-workspace/AEPNotificationContent/Sources/Controllers/FallbackTemplateController.swift:45:19: error: method does not override any method from its superclass
    override func viewDidLoad() {
    ~~~~~~~~      ^
/Users/admin/builder/spi-builder-workspace/AEPNotificationContent/Sources/Controllers/TemplateController.swift:26:32: error: cannot find type 'UIActivityIndicatorView' in scope
    lazy var loadingIndicator: UIActivityIndicatorView = {
                               ^~~~~~~~~~~~~~~~~~~~~~~
/Users/admin/builder/spi-builder-workspace/AEPNotificationContent/Sources/Controllers/TemplateController.swift:18:27: error: cannot find type 'UIViewController' in scope
class TemplateController: UIViewController {
                          ^~~~~~~~~~~~~~~~
/Users/admin/builder/spi-builder-workspace/AEPNotificationContent/Sources/Controllers/TemplateController.swift:45:24: error: cannot find type 'UITapGestureRecognizer' in scope
    var tapRecognizer: UITapGestureRecognizer?
                       ^~~~~~~~~~~~~~~~~~~~~~
/Users/admin/builder/spi-builder-workspace/AEPNotificationContent/Sources/Controllers/TimerTemplateController.swift:22:29: error: cannot find type 'UILabel' in scope
    private let timerLabel: UILabel = {
                            ^~~~~~~
/Users/admin/builder/spi-builder-workspace/AEPNotificationContent/Sources/Controllers/TimerTemplateController.swift:41:14: error: value of type 'TitleBodyView' has no member 'translatesAutoresizingMaskIntoConstraints'
        view.translatesAutoresizingMaskIntoConstraints = false
        ~~~~ ^~~~~~~~~~~~~~~~~~~~~~~~~~~~~~~~~~~~~~~~~
/Users/admin/builder/spi-builder-workspace/AEPNotificationContent/Sources/Controllers/TimerTemplateController.swift:45:28: error: cannot find type 'UIImageView' in scope
    private let imageView: UIImageView = {
                           ^~~~~~~~~~~
/Users/admin/builder/spi-builder-workspace/AEPNotificationContent/Sources/Controllers/TimerTemplateController.swift:70:19: error: method does not override any method from its superclass
    override func viewDidLoad() {
    ~~~~~~~~      ^
/Users/admin/builder/spi-builder-workspace/AEPNotificationContent/Sources/Model/CarouselItem.swift:36:59: error: cannot find type 'UNNotificationContent' in scope
    init?(dictionary: [String: Any], notificationContent: UNNotificationContent) {
                                                          ^~~~~~~~~~~~~~~~~~~~~
/Users/admin/builder/spi-builder-workspace/AEPNotificationContent/Sources/Views/TitleBodyView.swift:17:22: error: cannot find type 'UIView' in scope
class TitleBodyView: UIView {
                     ^~~~~~
/Applications/Xcode-16.3.0.app/Contents/Developer/Platforms/WatchOS.platform/Developer/SDKs/WatchOS11.4.sdk/System/Library/Frameworks/UIKit.framework/Headers/NSTextAttachment.h:23:1: note: interface 'UIView' forward declared here
@class UIView;
^
/Users/admin/builder/spi-builder-workspace/AEPNotificationContent/Sources/Views/TitleBodyView.swift:29:29: error: cannot find type 'UILabel' in scope
    private let titleLabel: UILabel = {
                            ^~~~~~~
/Users/admin/builder/spi-builder-workspace/AEPNotificationContent/Sources/Views/TitleBodyView.swift:40:28: error: cannot find type 'UILabel' in scope
    private let bodyLabel: UILabel = {
                           ^~~~~~~
/Users/admin/builder/spi-builder-workspace/AEPNotificationContent/Sources/Views/TitleBodyView.swift:51:39: error: cannot find type 'NSLayoutConstraint' in scope
    private var bodyHeightConstraint: NSLayoutConstraint!
                                      ^~~~~~~~~~~~~~~~~~
/Users/admin/builder/spi-builder-workspace/AEPNotificationContent/Sources/Views/TitleBodyView.swift:52:40: error: cannot find type 'NSLayoutConstraint' in scope
    private var titleHeightConstraint: NSLayoutConstraint!
                                       ^~~~~~~~~~~~~~~~~~
SwiftCompile normal arm64 Compiling\ CarouselMode.swift,\ Payload.swift /Users/admin/builder/spi-builder-workspace/AEPNotificationContent/Sources/Model/Enums/CarouselMode.swift /Users/admin/builder/spi-builder-workspace/AEPNotificationContent/Sources/Model/Payload.swift (in target 'AEPNotificationContent' from project 'AEPNotificationContent')
SwiftCompile normal arm64 /Users/admin/builder/spi-builder-workspace/AEPNotificationContent/Sources/Model/Enums/CarouselMode.swift (in target 'AEPNotificationContent' from project 'AEPNotificationContent')
    cd /Users/admin/builder/spi-builder-workspace/.swiftpm/xcode

SwiftCompile normal arm64 /Users/admin/builder/spi-builder-workspace/AEPNotificationContent/Sources/Model/Payload.swift (in target 'AEPNotificationContent' from project 'AEPNotificationContent')
    cd /Users/admin/builder/spi-builder-workspace/.swiftpm/xcode

SwiftCompile normal arm64 Compiling\ TimerPayload.swift,\ TitleBodyPayload.swift /Users/admin/builder/spi-builder-workspace/AEPNotificationContent/Sources/Model/TimerPayload.swift /Users/admin/builder/spi-builder-workspace/AEPNotificationContent/Sources/Model/TitleBodyPayload.swift (in target 'AEPNotificationContent' from project 'AEPNotificationContent')
SwiftCompile normal arm64 /Users/admin/builder/spi-builder-workspace/AEPNotificationContent/Sources/Model/TimerPayload.swift (in target 'AEPNotificationContent' from project 'AEPNotificationContent')
    cd /Users/admin/builder/spi-builder-workspace/.swiftpm/xcode

SwiftCompile normal arm64 /Users/admin/builder/spi-builder-workspace/AEPNotificationContent/Sources/Model/TitleBodyPayload.swift (in target 'AEPNotificationContent' from project 'AEPNotificationContent')
    cd /Users/admin/builder/spi-builder-workspace/.swiftpm/xcode

SwiftCompile normal arm64 Compiling\ TemplateControllerDelegate.swift,\ ImageDownloadError.swift /Users/admin/builder/spi-builder-workspace/AEPNotificationContent/Sources/TemplateControllerDelegate.swift /Users/admin/builder/spi-builder-workspace/AEPNotificationContent/Sources/Utility/ImageDownloadError.swift (in target 'AEPNotificationContent' from project 'AEPNotificationContent')
SwiftCompile normal arm64 /Users/admin/builder/spi-builder-workspace/AEPNotificationContent/Sources/TemplateControllerDelegate.swift (in target 'AEPNotificationContent' from project 'AEPNotificationContent')
    cd /Users/admin/builder/spi-builder-workspace/.swiftpm/xcode

SwiftCompile normal arm64 /Users/admin/builder/spi-builder-workspace/AEPNotificationContent/Sources/Utility/ImageDownloadError.swift (in target 'AEPNotificationContent' from project 'AEPNotificationContent')
    cd /Users/admin/builder/spi-builder-workspace/.swiftpm/xcode

SwiftEmitModule normal arm64_32 Emitting\ module\ for\ AEPNotificationContent (in target 'AEPNotificationContent' from project 'AEPNotificationContent')
Command SwiftEmitModule failed with a nonzero exit code
** BUILD FAILED **
The following build commands failed:
	SwiftEmitModule normal arm64 Emitting\ module\ for\ AEPNotificationContent (in target 'AEPNotificationContent' from project 'AEPNotificationContent')
	EmitSwiftModule normal arm64 (in target 'AEPNotificationContent' from project 'AEPNotificationContent')
	SwiftEmitModule normal armv7k Emitting\ module\ for\ AEPNotificationContent (in target 'AEPNotificationContent' from project 'AEPNotificationContent')
	EmitSwiftModule normal armv7k (in target 'AEPNotificationContent' from project 'AEPNotificationContent')
	SwiftEmitModule normal arm64_32 Emitting\ module\ for\ AEPNotificationContent (in target 'AEPNotificationContent' from project 'AEPNotificationContent')
	Building workspace spi-builder-workspace with scheme AEPNotificationContent
(6 failures)
Command line invocation:
    /Applications/Xcode-16.3.0.app/Contents/Developer/usr/bin/xcodebuild -IDEClonedSourcePackagesDirPathOverride=/Users/admin/builder/spi-builder-workspace/.dependencies -resolvePackageDependencies
Resolve Package Graph
Resolved source packages:
  AEPNotificationContent: /Users/admin/builder/spi-builder-workspace
resolved source packages: AEPNotificationContent
{
  "dependencies" : [
  ],
  "manifest_display_name" : "AEPNotificationContent",
  "name" : "AEPNotificationContent",
  "path" : "/Users/admin/builder/spi-builder-workspace",
  "platforms" : [
    {
      "name" : "ios",
      "version" : "12.0"
    }
  ],
  "products" : [
    {
      "name" : "AEPNotificationContent",
      "targets" : [
        "AEPNotificationContent"
      ],
      "type" : {
        "library" : [
          "automatic"
        ]
      }
    }
  ],
  "targets" : [
    {
      "c99name" : "AEPNotificationContent",
      "module_type" : "SwiftTarget",
      "name" : "AEPNotificationContent",
      "path" : "AEPNotificationContent/Sources",
      "product_memberships" : [
        "AEPNotificationContent"
      ],
      "sources" : [
        "AEPNotificationViewController.swift",
        "Constants.swift",
        "Controllers/BasicTemplateController.swift",
        "Controllers/CarouselTemplateController.swift",
        "Controllers/FallbackTemplateController.swift",
        "Controllers/TemplateController.swift",
        "Controllers/TimerTemplateController.swift",
        "Extensions/String+LabelHeight.swift",
        "Extensions/UIColor+HexString.swift",
        "Extensions/UNNotificationContent+TemplateKeys.swift",
        "Model/BasicPayload.swift",
        "Model/CarouselItem.swift",
        "Model/CarouselPayload.swift",
        "Model/Enums/CarouselMode.swift",
        "Model/Payload.swift",
        "Model/TimerPayload.swift",
        "Model/TitleBodyPayload.swift",
        "TemplateControllerDelegate.swift",
        "Utility/ImageDownloadError.swift",
        "Utility/ImageDownloader.swift",
        "Views/TitleBodyView.swift"
      ],
      "type" : "library"
    }
  ],
  "tools_version" : "5.3"
}
{
  "workspace" : {
    "name" : "spi-builder-workspace",
    "schemes" : [
      "AEPNotificationContent"
    ]
  }
}
Running build ...
env DEVELOPER_DIR=/Applications/Xcode-16.3.0.app xcrun xcodebuild -IDEClonedSourcePackagesDirPathOverride=$PWD/.dependencies -skipMacroValidation -skipPackagePluginValidation -derivedDataPath $PWD/.derivedData build -scheme AEPNotificationContent -destination generic/platform=watchOS
Command line invocation:
    /Applications/Xcode-16.3.0.app/Contents/Developer/usr/bin/xcodebuild -IDEClonedSourcePackagesDirPathOverride=/Users/admin/builder/spi-builder-workspace/.dependencies -skipMacroValidation -skipPackagePluginValidation -derivedDataPath /Users/admin/builder/spi-builder-workspace/.derivedData build -scheme AEPNotificationContent -destination generic/platform=watchOS
Resolve Package Graph
Resolved source packages:
  AEPNotificationContent: /Users/admin/builder/spi-builder-workspace
ComputePackagePrebuildTargetDependencyGraph
Prepare packages
CreateBuildRequest
SendProjectDescription
CreateBuildOperation
ComputeTargetDependencyGraph
note: Building targets in dependency order
note: Target dependency graph (2 targets)
    Target 'AEPNotificationContent' in project 'AEPNotificationContent'
        ➜ Explicit dependency on target 'AEPNotificationContent' in project 'AEPNotificationContent'
    Target 'AEPNotificationContent' in project 'AEPNotificationContent' (no dependencies)
GatherProvisioningInputs
CreateBuildDescription
ExecuteExternalTool /Applications/Xcode-16.3.0.app/Contents/Developer/Toolchains/XcodeDefault.xctoolchain/usr/bin/clang -v -E -dM -isysroot /Applications/Xcode-16.3.0.app/Contents/Developer/Platforms/WatchOS.platform/Developer/SDKs/WatchOS11.4.sdk -x c -c /dev/null
ExecuteExternalTool /Applications/Xcode-16.3.0.app/Contents/Developer/Toolchains/XcodeDefault.xctoolchain/usr/bin/swiftc --version
ExecuteExternalTool /Applications/Xcode-16.3.0.app/Contents/Developer/Toolchains/XcodeDefault.xctoolchain/usr/bin/ld -version_details
Build description signature: 65d04a66748e1e730a7d6daf3988d644
Build description path: /Users/admin/builder/spi-builder-workspace/.derivedData/Build/Intermediates.noindex/XCBuildData/65d04a66748e1e730a7d6daf3988d644.xcbuilddata
ClangStatCache /Applications/Xcode-16.3.0.app/Contents/Developer/Toolchains/XcodeDefault.xctoolchain/usr/bin/clang-stat-cache /Applications/Xcode-16.3.0.app/Contents/Developer/Platforms/WatchOS.platform/Developer/SDKs/WatchOS11.4.sdk /Users/admin/builder/spi-builder-workspace/.derivedData/SDKStatCaches.noindex/watchos11.4-22T246-43efb940ff07ba2497b70ec94253f576.sdkstatcache
    cd /Users/admin/builder/spi-builder-workspace/.swiftpm/xcode
    /Applications/Xcode-16.3.0.app/Contents/Developer/Toolchains/XcodeDefault.xctoolchain/usr/bin/clang-stat-cache /Applications/Xcode-16.3.0.app/Contents/Developer/Platforms/WatchOS.platform/Developer/SDKs/WatchOS11.4.sdk -o /Users/admin/builder/spi-builder-workspace/.derivedData/SDKStatCaches.noindex/watchos11.4-22T246-43efb940ff07ba2497b70ec94253f576.sdkstatcache
SwiftDriver AEPNotificationContent normal armv7k com.apple.xcode.tools.swift.compiler (in target 'AEPNotificationContent' from project 'AEPNotificationContent')
    cd /Users/admin/builder/spi-builder-workspace/.swiftpm/xcode
    builtin-SwiftDriver -- /Applications/Xcode-16.3.0.app/Contents/Developer/Toolchains/XcodeDefault.xctoolchain/usr/bin/swiftc -module-name AEPNotificationContent -Onone -enforce-exclusivity\=checked @/Users/admin/builder/spi-builder-workspace/.derivedData/Build/Intermediates.noindex/AEPNotificationContent.build/Debug-watchos/AEPNotificationContent.build/Objects-normal/armv7k/AEPNotificationContent.SwiftFileList -DSWIFT_PACKAGE -DDEBUG -DXcode -plugin-path /Applications/Xcode-16.3.0.app/Contents/Developer/Toolchains/XcodeDefault.xctoolchain/usr/lib/swift/host/plugins/testing -enable-experimental-feature DebugDescriptionMacro -sdk /Applications/Xcode-16.3.0.app/Contents/Developer/Platforms/WatchOS.platform/Developer/SDKs/WatchOS11.4.sdk -target armv7k-apple-watchos5.0 -g -module-cache-path /Users/admin/builder/spi-builder-workspace/.derivedData/ModuleCache.noindex -Xfrontend -serialize-debugging-options -enable-testing -index-store-path /Users/admin/builder/spi-builder-workspace/.derivedData/Index.noindex/DataStore -swift-version 5 -I /Users/admin/builder/spi-builder-workspace/.derivedData/Build/Products/Debug-watchos -I /Applications/Xcode-16.3.0.app/Contents/Developer/Platforms/WatchOS.platform/Developer/usr/lib -F /Users/admin/builder/spi-builder-workspace/.derivedData/Build/Products/Debug-watchos -F /Applications/Xcode-16.3.0.app/Contents/Developer/Platforms/WatchOS.platform/Developer/Library/Frameworks -F /Applications/Xcode-16.3.0.app/Contents/Developer/Platforms/WatchOS.platform/Developer/SDKs/WatchOS11.4.sdk/Developer/Library/Frameworks -c -j10 -enable-batch-mode -incremental -Xcc -ivfsstatcache -Xcc /Users/admin/builder/spi-builder-workspace/.derivedData/SDKStatCaches.noindex/watchos11.4-22T246-43efb940ff07ba2497b70ec94253f576.sdkstatcache -output-file-map /Users/admin/builder/spi-builder-workspace/.derivedData/Build/Intermediates.noindex/AEPNotificationContent.build/Debug-watchos/AEPNotificationContent.build/Objects-normal/armv7k/AEPNotificationContent-OutputFileMap.json -use-frontend-parseable-output -save-temps -no-color-diagnostics -serialize-diagnostics -emit-dependencies -emit-module -emit-module-path /Users/admin/builder/spi-builder-workspace/.derivedData/Build/Intermediates.noindex/AEPNotificationContent.build/Debug-watchos/AEPNotificationContent.build/Objects-normal/armv7k/AEPNotificationContent.swiftmodule -validate-clang-modules-once -clang-build-session-file /Users/admin/builder/spi-builder-workspace/.derivedData/ModuleCache.noindex/Session.modulevalidation -Xcc -I/Users/admin/builder/spi-builder-workspace/.derivedData/Build/Intermediates.noindex/AEPNotificationContent.build/Debug-watchos/AEPNotificationContent.build/swift-overrides.hmap -emit-const-values -Xfrontend -const-gather-protocols-file -Xfrontend /Users/admin/builder/spi-builder-workspace/.derivedData/Build/Intermediates.noindex/AEPNotificationContent.build/Debug-watchos/AEPNotificationContent.build/Objects-normal/armv7k/AEPNotificationContent_const_extract_protocols.json -Xcc -I/Users/admin/builder/spi-builder-workspace/.derivedData/Build/Products/Debug-watchos/include -Xcc -I/Users/admin/builder/spi-builder-workspace/.derivedData/Build/Intermediates.noindex/AEPNotificationContent.build/Debug-watchos/AEPNotificationContent.build/DerivedSources-normal/armv7k -Xcc -I/Users/admin/builder/spi-builder-workspace/.derivedData/Build/Intermediates.noindex/AEPNotificationContent.build/Debug-watchos/AEPNotificationContent.build/DerivedSources/armv7k -Xcc -I/Users/admin/builder/spi-builder-workspace/.derivedData/Build/Intermediates.noindex/AEPNotificationContent.build/Debug-watchos/AEPNotificationContent.build/DerivedSources -Xcc -DSWIFT_PACKAGE -Xcc -DDEBUG\=1 -emit-objc-header -emit-objc-header-path /Users/admin/builder/spi-builder-workspace/.derivedData/Build/Intermediates.noindex/AEPNotificationContent.build/Debug-watchos/AEPNotificationContent.build/Objects-normal/armv7k/AEPNotificationContent-Swift.h -working-directory /Users/admin/builder/spi-builder-workspace/.swiftpm/xcode -experimental-emit-module-separately -disable-cmo
SwiftDriver AEPNotificationContent normal arm64 com.apple.xcode.tools.swift.compiler (in target 'AEPNotificationContent' from project 'AEPNotificationContent')
    cd /Users/admin/builder/spi-builder-workspace/.swiftpm/xcode
    builtin-SwiftDriver -- /Applications/Xcode-16.3.0.app/Contents/Developer/Toolchains/XcodeDefault.xctoolchain/usr/bin/swiftc -module-name AEPNotificationContent -Onone -enforce-exclusivity\=checked @/Users/admin/builder/spi-builder-workspace/.derivedData/Build/Intermediates.noindex/AEPNotificationContent.build/Debug-watchos/AEPNotificationContent.build/Objects-normal/arm64/AEPNotificationContent.SwiftFileList -DSWIFT_PACKAGE -DDEBUG -DXcode -plugin-path /Applications/Xcode-16.3.0.app/Contents/Developer/Toolchains/XcodeDefault.xctoolchain/usr/lib/swift/host/plugins/testing -enable-experimental-feature DebugDescriptionMacro -sdk /Applications/Xcode-16.3.0.app/Contents/Developer/Platforms/WatchOS.platform/Developer/SDKs/WatchOS11.4.sdk -target arm64-apple-watchos5.0 -g -module-cache-path /Users/admin/builder/spi-builder-workspace/.derivedData/ModuleCache.noindex -Xfrontend -serialize-debugging-options -enable-testing -index-store-path /Users/admin/builder/spi-builder-workspace/.derivedData/Index.noindex/DataStore -swift-version 5 -I /Users/admin/builder/spi-builder-workspace/.derivedData/Build/Products/Debug-watchos -I /Applications/Xcode-16.3.0.app/Contents/Developer/Platforms/WatchOS.platform/Developer/usr/lib -F /Users/admin/builder/spi-builder-workspace/.derivedData/Build/Products/Debug-watchos -F /Applications/Xcode-16.3.0.app/Contents/Developer/Platforms/WatchOS.platform/Developer/Library/Frameworks -F /Applications/Xcode-16.3.0.app/Contents/Developer/Platforms/WatchOS.platform/Developer/SDKs/WatchOS11.4.sdk/Developer/Library/Frameworks -c -j10 -enable-batch-mode -incremental -Xcc -ivfsstatcache -Xcc /Users/admin/builder/spi-builder-workspace/.derivedData/SDKStatCaches.noindex/watchos11.4-22T246-43efb940ff07ba2497b70ec94253f576.sdkstatcache -output-file-map /Users/admin/builder/spi-builder-workspace/.derivedData/Build/Intermediates.noindex/AEPNotificationContent.build/Debug-watchos/AEPNotificationContent.build/Objects-normal/arm64/AEPNotificationContent-OutputFileMap.json -use-frontend-parseable-output -save-temps -no-color-diagnostics -serialize-diagnostics -emit-dependencies -emit-module -emit-module-path /Users/admin/builder/spi-builder-workspace/.derivedData/Build/Intermediates.noindex/AEPNotificationContent.build/Debug-watchos/AEPNotificationContent.build/Objects-normal/arm64/AEPNotificationContent.swiftmodule -validate-clang-modules-once -clang-build-session-file /Users/admin/builder/spi-builder-workspace/.derivedData/ModuleCache.noindex/Session.modulevalidation -Xcc -I/Users/admin/builder/spi-builder-workspace/.derivedData/Build/Intermediates.noindex/AEPNotificationContent.build/Debug-watchos/AEPNotificationContent.build/swift-overrides.hmap -emit-const-values -Xfrontend -const-gather-protocols-file -Xfrontend /Users/admin/builder/spi-builder-workspace/.derivedData/Build/Intermediates.noindex/AEPNotificationContent.build/Debug-watchos/AEPNotificationContent.build/Objects-normal/arm64/AEPNotificationContent_const_extract_protocols.json -Xcc -I/Users/admin/builder/spi-builder-workspace/.derivedData/Build/Products/Debug-watchos/include -Xcc -I/Users/admin/builder/spi-builder-workspace/.derivedData/Build/Intermediates.noindex/AEPNotificationContent.build/Debug-watchos/AEPNotificationContent.build/DerivedSources-normal/arm64 -Xcc -I/Users/admin/builder/spi-builder-workspace/.derivedData/Build/Intermediates.noindex/AEPNotificationContent.build/Debug-watchos/AEPNotificationContent.build/DerivedSources/arm64 -Xcc -I/Users/admin/builder/spi-builder-workspace/.derivedData/Build/Intermediates.noindex/AEPNotificationContent.build/Debug-watchos/AEPNotificationContent.build/DerivedSources -Xcc -DSWIFT_PACKAGE -Xcc -DDEBUG\=1 -emit-objc-header -emit-objc-header-path /Users/admin/builder/spi-builder-workspace/.derivedData/Build/Intermediates.noindex/AEPNotificationContent.build/Debug-watchos/AEPNotificationContent.build/Objects-normal/arm64/AEPNotificationContent-Swift.h -working-directory /Users/admin/builder/spi-builder-workspace/.swiftpm/xcode -experimental-emit-module-separately -disable-cmo
SwiftDriver AEPNotificationContent normal arm64_32 com.apple.xcode.tools.swift.compiler (in target 'AEPNotificationContent' from project 'AEPNotificationContent')
    cd /Users/admin/builder/spi-builder-workspace/.swiftpm/xcode
    builtin-SwiftDriver -- /Applications/Xcode-16.3.0.app/Contents/Developer/Toolchains/XcodeDefault.xctoolchain/usr/bin/swiftc -module-name AEPNotificationContent -Onone -enforce-exclusivity\=checked @/Users/admin/builder/spi-builder-workspace/.derivedData/Build/Intermediates.noindex/AEPNotificationContent.build/Debug-watchos/AEPNotificationContent.build/Objects-normal/arm64_32/AEPNotificationContent.SwiftFileList -DSWIFT_PACKAGE -DDEBUG -DXcode -plugin-path /Applications/Xcode-16.3.0.app/Contents/Developer/Toolchains/XcodeDefault.xctoolchain/usr/lib/swift/host/plugins/testing -enable-experimental-feature DebugDescriptionMacro -sdk /Applications/Xcode-16.3.0.app/Contents/Developer/Platforms/WatchOS.platform/Developer/SDKs/WatchOS11.4.sdk -target arm64_32-apple-watchos5.0 -g -module-cache-path /Users/admin/builder/spi-builder-workspace/.derivedData/ModuleCache.noindex -Xfrontend -serialize-debugging-options -enable-testing -index-store-path /Users/admin/builder/spi-builder-workspace/.derivedData/Index.noindex/DataStore -swift-version 5 -I /Users/admin/builder/spi-builder-workspace/.derivedData/Build/Products/Debug-watchos -I /Applications/Xcode-16.3.0.app/Contents/Developer/Platforms/WatchOS.platform/Developer/usr/lib -F /Users/admin/builder/spi-builder-workspace/.derivedData/Build/Products/Debug-watchos -F /Applications/Xcode-16.3.0.app/Contents/Developer/Platforms/WatchOS.platform/Developer/Library/Frameworks -F /Applications/Xcode-16.3.0.app/Contents/Developer/Platforms/WatchOS.platform/Developer/SDKs/WatchOS11.4.sdk/Developer/Library/Frameworks -c -j10 -enable-batch-mode -incremental -Xcc -ivfsstatcache -Xcc /Users/admin/builder/spi-builder-workspace/.derivedData/SDKStatCaches.noindex/watchos11.4-22T246-43efb940ff07ba2497b70ec94253f576.sdkstatcache -output-file-map /Users/admin/builder/spi-builder-workspace/.derivedData/Build/Intermediates.noindex/AEPNotificationContent.build/Debug-watchos/AEPNotificationContent.build/Objects-normal/arm64_32/AEPNotificationContent-OutputFileMap.json -use-frontend-parseable-output -save-temps -no-color-diagnostics -serialize-diagnostics -emit-dependencies -emit-module -emit-module-path /Users/admin/builder/spi-builder-workspace/.derivedData/Build/Intermediates.noindex/AEPNotificationContent.build/Debug-watchos/AEPNotificationContent.build/Objects-normal/arm64_32/AEPNotificationContent.swiftmodule -validate-clang-modules-once -clang-build-session-file /Users/admin/builder/spi-builder-workspace/.derivedData/ModuleCache.noindex/Session.modulevalidation -Xcc -I/Users/admin/builder/spi-builder-workspace/.derivedData/Build/Intermediates.noindex/AEPNotificationContent.build/Debug-watchos/AEPNotificationContent.build/swift-overrides.hmap -emit-const-values -Xfrontend -const-gather-protocols-file -Xfrontend /Users/admin/builder/spi-builder-workspace/.derivedData/Build/Intermediates.noindex/AEPNotificationContent.build/Debug-watchos/AEPNotificationContent.build/Objects-normal/arm64_32/AEPNotificationContent_const_extract_protocols.json -Xcc -I/Users/admin/builder/spi-builder-workspace/.derivedData/Build/Products/Debug-watchos/include -Xcc -I/Users/admin/builder/spi-builder-workspace/.derivedData/Build/Intermediates.noindex/AEPNotificationContent.build/Debug-watchos/AEPNotificationContent.build/DerivedSources-normal/arm64_32 -Xcc -I/Users/admin/builder/spi-builder-workspace/.derivedData/Build/Intermediates.noindex/AEPNotificationContent.build/Debug-watchos/AEPNotificationContent.build/DerivedSources/arm64_32 -Xcc -I/Users/admin/builder/spi-builder-workspace/.derivedData/Build/Intermediates.noindex/AEPNotificationContent.build/Debug-watchos/AEPNotificationContent.build/DerivedSources -Xcc -DSWIFT_PACKAGE -Xcc -DDEBUG\=1 -emit-objc-header -emit-objc-header-path /Users/admin/builder/spi-builder-workspace/.derivedData/Build/Intermediates.noindex/AEPNotificationContent.build/Debug-watchos/AEPNotificationContent.build/Objects-normal/arm64_32/AEPNotificationContent-Swift.h -working-directory /Users/admin/builder/spi-builder-workspace/.swiftpm/xcode -experimental-emit-module-separately -disable-cmo
SwiftCompile normal arm64 Compiling\ AEPNotificationViewController.swift,\ Constants.swift,\ BasicTemplateController.swift /Users/admin/builder/spi-builder-workspace/AEPNotificationContent/Sources/AEPNotificationViewController.swift /Users/admin/builder/spi-builder-workspace/AEPNotificationContent/Sources/Constants.swift /Users/admin/builder/spi-builder-workspace/AEPNotificationContent/Sources/Controllers/BasicTemplateController.swift (in target 'AEPNotificationContent' from project 'AEPNotificationContent')
SwiftCompile normal arm64 /Users/admin/builder/spi-builder-workspace/AEPNotificationContent/Sources/AEPNotificationViewController.swift (in target 'AEPNotificationContent' from project 'AEPNotificationContent')
    cd /Users/admin/builder/spi-builder-workspace/.swiftpm/xcode

SwiftCompile normal arm64 /Users/admin/builder/spi-builder-workspace/AEPNotificationContent/Sources/Constants.swift (in target 'AEPNotificationContent' from project 'AEPNotificationContent')
    cd /Users/admin/builder/spi-builder-workspace/.swiftpm/xcode

SwiftCompile normal arm64 /Users/admin/builder/spi-builder-workspace/AEPNotificationContent/Sources/Controllers/BasicTemplateController.swift (in target 'AEPNotificationContent' from project 'AEPNotificationContent')
    cd /Users/admin/builder/spi-builder-workspace/.swiftpm/xcode

SwiftCompile normal arm64 Compiling\ String+LabelHeight.swift,\ UIColor+HexString.swift /Users/admin/builder/spi-builder-workspace/AEPNotificationContent/Sources/Extensions/String+LabelHeight.swift /Users/admin/builder/spi-builder-workspace/AEPNotificationContent/Sources/Extensions/UIColor+HexString.swift (in target 'AEPNotificationContent' from project 'AEPNotificationContent')
SwiftCompile normal arm64 /Users/admin/builder/spi-builder-workspace/AEPNotificationContent/Sources/Extensions/String+LabelHeight.swift (in target 'AEPNotificationContent' from project 'AEPNotificationContent')
    cd /Users/admin/builder/spi-builder-workspace/.swiftpm/xcode

SwiftCompile normal arm64 /Users/admin/builder/spi-builder-workspace/AEPNotificationContent/Sources/Extensions/UIColor+HexString.swift (in target 'AEPNotificationContent' from project 'AEPNotificationContent')
    cd /Users/admin/builder/spi-builder-workspace/.swiftpm/xcode

SwiftEmitModule normal arm64 Emitting\ module\ for\ AEPNotificationContent (in target 'AEPNotificationContent' from project 'AEPNotificationContent')
Failed frontend command:
/Applications/Xcode-16.3.0.app/Contents/Developer/Toolchains/XcodeDefault.xctoolchain/usr/bin/swift-frontend -frontend -emit-module -experimental-skip-non-inlinable-function-bodies-without-types /Users/admin/builder/spi-builder-workspace/AEPNotificationContent/Sources/AEPNotificationViewController.swift /Users/admin/builder/spi-builder-workspace/AEPNotificationContent/Sources/Constants.swift /Users/admin/builder/spi-builder-workspace/AEPNotificationContent/Sources/Controllers/BasicTemplateController.swift /Users/admin/builder/spi-builder-workspace/AEPNotificationContent/Sources/Controllers/CarouselTemplateController.swift /Users/admin/builder/spi-builder-workspace/AEPNotificationContent/Sources/Controllers/FallbackTemplateController.swift /Users/admin/builder/spi-builder-workspace/AEPNotificationContent/Sources/Controllers/TemplateController.swift /Users/admin/builder/spi-builder-workspace/AEPNotificationContent/Sources/Controllers/TimerTemplateController.swift /Users/admin/builder/spi-builder-workspace/AEPNotificationContent/Sources/Extensions/String+LabelHeight.swift /Users/admin/builder/spi-builder-workspace/AEPNotificationContent/Sources/Extensions/UIColor+HexString.swift /Users/admin/builder/spi-builder-workspace/AEPNotificationContent/Sources/Extensions/UNNotificationContent+TemplateKeys.swift /Users/admin/builder/spi-builder-workspace/AEPNotificationContent/Sources/Model/BasicPayload.swift /Users/admin/builder/spi-builder-workspace/AEPNotificationContent/Sources/Model/CarouselItem.swift /Users/admin/builder/spi-builder-workspace/AEPNotificationContent/Sources/Model/CarouselPayload.swift /Users/admin/builder/spi-builder-workspace/AEPNotificationContent/Sources/Model/Enums/CarouselMode.swift /Users/admin/builder/spi-builder-workspace/AEPNotificationContent/Sources/Model/Payload.swift /Users/admin/builder/spi-builder-workspace/AEPNotificationContent/Sources/Model/TimerPayload.swift /Users/admin/builder/spi-builder-workspace/AEPNotificationContent/Sources/Model/TitleBodyPayload.swift /Users/admin/builder/spi-builder-workspace/AEPNotificationContent/Sources/TemplateControllerDelegate.swift /Users/admin/builder/spi-builder-workspace/AEPNotificationContent/Sources/Utility/ImageDownloadError.swift /Users/admin/builder/spi-builder-workspace/AEPNotificationContent/Sources/Utility/ImageDownloader.swift /Users/admin/builder/spi-builder-workspace/AEPNotificationContent/Sources/Views/TitleBodyView.swift -target arm64-apple-watchos5.0 -Xllvm -aarch64-use-tbi -enable-objc-interop -sdk /Applications/Xcode-16.3.0.app/Contents/Developer/Platforms/WatchOS.platform/Developer/SDKs/WatchOS11.4.sdk -I /Users/admin/builder/spi-builder-workspace/.derivedData/Build/Products/Debug-watchos -I /Applications/Xcode-16.3.0.app/Contents/Developer/Platforms/WatchOS.platform/Developer/usr/lib -F /Users/admin/builder/spi-builder-workspace/.derivedData/Build/Products/Debug-watchos -F /Applications/Xcode-16.3.0.app/Contents/Developer/Platforms/WatchOS.platform/Developer/Library/Frameworks -F /Applications/Xcode-16.3.0.app/Contents/Developer/Platforms/WatchOS.platform/Developer/SDKs/WatchOS11.4.sdk/Developer/Library/Frameworks -no-color-diagnostics -enable-testing -g -debug-info-format\=dwarf -dwarf-version\=4 -module-cache-path /Users/admin/builder/spi-builder-workspace/.derivedData/ModuleCache.noindex -swift-version 5 -enforce-exclusivity\=checked -Onone -D SWIFT_PACKAGE -D DEBUG -D Xcode -serialize-debugging-options -const-gather-protocols-file /Users/admin/builder/spi-builder-workspace/.derivedData/Build/Intermediates.noindex/AEPNotificationContent.build/Debug-watchos/AEPNotificationContent.build/Objects-normal/arm64/AEPNotificationContent_const_extract_protocols.json -enable-experimental-feature DebugDescriptionMacro -empty-abi-descriptor -plugin-path /Applications/Xcode-16.3.0.app/Contents/Developer/Toolchains/XcodeDefault.xctoolchain/usr/lib/swift/host/plugins/testing -validate-clang-modules-once -clang-build-session-file /Users/admin/builder/spi-builder-workspace/.derivedData/ModuleCache.noindex/Session.modulevalidation -Xcc -working-directory -Xcc /Users/admin/builder/spi-builder-workspace/.swiftpm/xcode -resource-dir /Applications/Xcode-16.3.0.app/Contents/Developer/Toolchains/XcodeDefault.xctoolchain/usr/lib/swift -enable-anonymous-context-mangled-names -file-compilation-dir /Users/admin/builder/spi-builder-workspace/.swiftpm/xcode -Xcc -ivfsstatcache -Xcc /Users/admin/builder/spi-builder-workspace/.derivedData/SDKStatCaches.noindex/watchos11.4-22T246-43efb940ff07ba2497b70ec94253f576.sdkstatcache -Xcc -I/Users/admin/builder/spi-builder-workspace/.derivedData/Build/Intermediates.noindex/AEPNotificationContent.build/Debug-watchos/AEPNotificationContent.build/swift-overrides.hmap -Xcc -I/Users/admin/builder/spi-builder-workspace/.derivedData/Build/Products/Debug-watchos/include -Xcc -I/Users/admin/builder/spi-builder-workspace/.derivedData/Build/Intermediates.noindex/AEPNotificationContent.build/Debug-watchos/AEPNotificationContent.build/DerivedSources-normal/arm64 -Xcc -I/Users/admin/builder/spi-builder-workspace/.derivedData/Build/Intermediates.noindex/AEPNotificationContent.build/Debug-watchos/AEPNotificationContent.build/DerivedSources/arm64 -Xcc -I/Users/admin/builder/spi-builder-workspace/.derivedData/Build/Intermediates.noindex/AEPNotificationContent.build/Debug-watchos/AEPNotificationContent.build/DerivedSources -Xcc -DSWIFT_PACKAGE -Xcc -DDEBUG\=1 -module-name AEPNotificationContent -frontend-parseable-output -disable-clang-spi -target-sdk-version 11.4 -target-sdk-name watchos11.4 -external-plugin-path /Applications/Xcode-16.3.0.app/Contents/Developer/Platforms/WatchOS.platform/Developer/usr/lib/swift/host/plugins\#/Applications/Xcode-16.3.0.app/Contents/Developer/Platforms/WatchOS.platform/Developer/usr/bin/swift-plugin-server -external-plugin-path /Applications/Xcode-16.3.0.app/Contents/Developer/Platforms/WatchOS.platform/Developer/usr/local/lib/swift/host/plugins\#/Applications/Xcode-16.3.0.app/Contents/Developer/Platforms/WatchOS.platform/Developer/usr/bin/swift-plugin-server -in-process-plugin-server-path /Applications/Xcode-16.3.0.app/Contents/Developer/Toolchains/XcodeDefault.xctoolchain/usr/lib/swift/host/libSwiftInProcPluginServer.dylib -plugin-path /Applications/Xcode-16.3.0.app/Contents/Developer/Toolchains/XcodeDefault.xctoolchain/usr/lib/swift/host/plugins -plugin-path /Applications/Xcode-16.3.0.app/Contents/Developer/Toolchains/XcodeDefault.xctoolchain/usr/local/lib/swift/host/plugins -emit-module-doc-path /Users/admin/builder/spi-builder-workspace/.derivedData/Build/Intermediates.noindex/AEPNotificationContent.build/Debug-watchos/AEPNotificationContent.build/Objects-normal/arm64/AEPNotificationContent.swiftdoc -emit-module-source-info-path /Users/admin/builder/spi-builder-workspace/.derivedData/Build/Intermediates.noindex/AEPNotificationContent.build/Debug-watchos/AEPNotificationContent.build/Objects-normal/arm64/AEPNotificationContent.swiftsourceinfo -emit-objc-header-path /Users/admin/builder/spi-builder-workspace/.derivedData/Build/Intermediates.noindex/AEPNotificationContent.build/Debug-watchos/AEPNotificationContent.build/Objects-normal/arm64/AEPNotificationContent-Swift.h -serialize-diagnostics-path /Users/admin/builder/spi-builder-workspace/.derivedData/Build/Intermediates.noindex/AEPNotificationContent.build/Debug-watchos/AEPNotificationContent.build/Objects-normal/arm64/AEPNotificationContent-master-emit-module.dia -emit-dependencies-path /Users/admin/builder/spi-builder-workspace/.derivedData/Build/Intermediates.noindex/AEPNotificationContent.build/Debug-watchos/AEPNotificationContent.build/Objects-normal/arm64/AEPNotificationContent-master-emit-module.d -o /Users/admin/builder/spi-builder-workspace/.derivedData/Build/Intermediates.noindex/AEPNotificationContent.build/Debug-watchos/AEPNotificationContent.build/Objects-normal/arm64/AEPNotificationContent.swiftmodule -emit-abi-descriptor-path /Users/admin/builder/spi-builder-workspace/.derivedData/Build/Intermediates.noindex/AEPNotificationContent.build/Debug-watchos/AEPNotificationContent.build/Objects-normal/arm64/AEPNotificationContent.abi.json
EmitSwiftModule normal arm64 (in target 'AEPNotificationContent' from project 'AEPNotificationContent')
    cd /Users/admin/builder/spi-builder-workspace/.swiftpm/xcode

/Users/admin/builder/spi-builder-workspace/AEPNotificationContent/Sources/AEPNotificationViewController.swift:54:87: error: 'UNNotificationContentExtensionResponseOption' is unavailable in watchOS
    public func didReceive(_: UNNotificationResponse, completionHandler _: @escaping (UNNotificationContentExtensionResponseOption) -> Void) {}
                                                                                      ^~~~~~~~~~~~~~~~~~~~~~~~~~~~~~~~~~~~~~~~~~~~
/Applications/Xcode-16.3.0.app/Contents/Developer/Platforms/WatchOS.platform/Developer/SDKs/WatchOS11.4.sdk/System/Library/Frameworks/UserNotificationsUI.framework/Headers/UNNotificationContentExtension.h:45:29: note: 'UNNotificationContentExtensionResponseOption' has been explicitly marked unavailable here
typedef NS_ENUM(NSUInteger, UNNotificationContentExtensionResponseOption) {
                            ^
/Users/admin/builder/spi-builder-workspace/AEPNotificationContent/Sources/AEPNotificationViewController.swift:59:26: error: method does not override any method from its superclass
    override public func viewDidLoad() {
    ~~~~~~~~             ^
/Users/admin/builder/spi-builder-workspace/AEPNotificationContent/Sources/AEPNotificationViewController.swift:65:90: error: cannot find type 'UIContentContainer' in scope
    override open func preferredContentSizeDidChange(forChildContentContainer container: UIContentContainer) {
                                                                                         ^~~~~~~~~~~~~~~~~~
/Users/admin/builder/spi-builder-workspace/AEPNotificationContent/Sources/AEPNotificationViewController.swift:111:39: error: cannot find type 'UIViewController' in scope
    func getParentViewController() -> UIViewController {
                                      ^~~~~~~~~~~~~~~~
/Users/admin/builder/spi-builder-workspace/AEPNotificationContent/Sources/AEPNotificationViewController.swift:17:43: error: cannot find type 'UIViewController' in scope
open class AEPNotificationViewController: UIViewController, UNNotificationContentExtension, TemplateControllerDelegate {
                                          ^~~~~~~~~~~~~~~~
/Users/admin/builder/spi-builder-workspace/AEPNotificationContent/Sources/AEPNotificationViewController.swift:17:61: error: 'UNNotificationContentExtension' is unavailable in watchOS
open class AEPNotificationViewController: UIViewController, UNNotificationContentExtension, TemplateControllerDelegate {
                                                            ^~~~~~~~~~~~~~~~~~~~~~~~~~~~~~
/Applications/Xcode-16.3.0.app/Contents/Developer/Platforms/WatchOS.platform/Developer/SDKs/WatchOS11.4.sdk/System/Library/Frameworks/UserNotificationsUI.framework/Headers/UNNotificationContentExtension.h:110:11: note: 'UNNotificationContentExtension' has been explicitly marked unavailable here
@protocol UNNotificationContentExtension <NSObject>
          ^
/Users/admin/builder/spi-builder-workspace/AEPNotificationContent/Sources/TemplateControllerDelegate.swift:22:39: error: cannot find type 'UIViewController' in scope
    func getParentViewController() -> UIViewController
                                      ^~~~~~~~~~~~~~~~
/Users/admin/builder/spi-builder-workspace/AEPNotificationContent/Sources/AEPNotificationViewController.swift:17:12: error: cannot declare conformance to 'NSObjectProtocol' in Swift; 'AEPNotificationViewController' should inherit 'NSObject' instead
open class AEPNotificationViewController: UIViewController, UNNotificationContentExtension, TemplateControllerDelegate {
           ^
/Users/admin/builder/spi-builder-workspace/AEPNotificationContent/Sources/AEPNotificationViewController.swift:17:12: note: add stubs for conformance
open class AEPNotificationViewController: UIViewController, UNNotificationContentExtension, TemplateControllerDelegate {
           ^
/Users/admin/builder/spi-builder-workspace/AEPNotificationContent/Sources/Controllers/BasicTemplateController.swift:40:25: error: cannot find type 'UIImageView' in scope
    lazy var imageView: UIImageView = {
                        ^~~~~~~~~~~
/Users/admin/builder/spi-builder-workspace/AEPNotificationContent/Sources/Controllers/BasicTemplateController.swift:51:14: error: value of type 'TitleBodyView' has no member 'translatesAutoresizingMaskIntoConstraints'
        view.translatesAutoresizingMaskIntoConstraints = false
        ~~~~ ^~~~~~~~~~~~~~~~~~~~~~~~~~~~~~~~~~~~~~~~~
/Users/admin/builder/spi-builder-workspace/AEPNotificationContent/Sources/Controllers/BasicTemplateController.swift:73:19: error: method does not override any method from its superclass
    override func viewDidLoad() {
    ~~~~~~~~      ^
/Users/admin/builder/spi-builder-workspace/AEPNotificationContent/Sources/Controllers/CarouselTemplateController.swift:52:31: error: cannot find type 'UIButton' in scope
    lazy var leftArrowButton: UIButton = {
                              ^~~~~~~~
/Users/admin/builder/spi-builder-workspace/AEPNotificationContent/Sources/Controllers/CarouselTemplateController.swift:68:32: error: cannot find type 'UIButton' in scope
    lazy var rightArrowButton: UIButton = {
                               ^~~~~~~~
/Users/admin/builder/spi-builder-workspace/AEPNotificationContent/Sources/Controllers/CarouselTemplateController.swift:84:27: error: cannot find type 'UIPageControl' in scope
    lazy var pageControl: UIPageControl = {
                          ^~~~~~~~~~~~~
/Users/admin/builder/spi-builder-workspace/AEPNotificationContent/Sources/Controllers/CarouselTemplateController.swift:90:26: error: cannot find type 'UIScrollView' in scope
    lazy var scrollView: UIScrollView = {
                         ^~~~~~~~~~~~
/Users/admin/builder/spi-builder-workspace/AEPNotificationContent/Sources/Controllers/CarouselTemplateController.swift:17:55: error: cannot find type 'UIScrollViewDelegate' in scope
class CarouselTemplateController: TemplateController, UIScrollViewDelegate {
                                                      ^~~~~~~~~~~~~~~~~~~~
/Users/admin/builder/spi-builder-workspace/AEPNotificationContent/Sources/Controllers/CarouselTemplateController.swift:48:14: error: value of type 'TitleBodyView' has no member 'translatesAutoresizingMaskIntoConstraints'
        view.translatesAutoresizingMaskIntoConstraints = false
        ~~~~ ^~~~~~~~~~~~~~~~~~~~~~~~~~~~~~~~~~~~~~~~~
/Users/admin/builder/spi-builder-workspace/AEPNotificationContent/Sources/Controllers/CarouselTemplateController.swift:112:19: error: method does not override any method from its superclass
    override func viewDidLoad() {
    ~~~~~~~~      ^
/Users/admin/builder/spi-builder-workspace/AEPNotificationContent/Sources/Controllers/CarouselTemplateController.swift:234:44: error: cannot find type 'UIScrollView' in scope
    func scrollViewDidScroll(_ scrollView: UIScrollView) {
                                           ^~~~~~~~~~~~
/Users/admin/builder/spi-builder-workspace/AEPNotificationContent/Sources/Controllers/CarouselTemplateController.swift:259:45: error: cannot find type 'UIPageControl' in scope
    @objc func pageControlChanged(_ sender: UIPageControl) {
                                            ^~~~~~~~~~~~~
/Users/admin/builder/spi-builder-workspace/AEPNotificationContent/Sources/Controllers/FallbackTemplateController.swift:16:35: error: cannot find type 'UIViewController' in scope
class FallbackTemplateController: UIViewController {
                                  ^~~~~~~~~~~~~~~~
/Users/admin/builder/spi-builder-workspace/AEPNotificationContent/Sources/Controllers/FallbackTemplateController.swift:22:14: error: value of type 'TitleBodyView' has no member 'translatesAutoresizingMaskIntoConstraints'
        view.translatesAutoresizingMaskIntoConstraints = false
        ~~~~ ^~~~~~~~~~~~~~~~~~~~~~~~~~~~~~~~~~~~~~~~~
/Users/admin/builder/spi-builder-workspace/AEPNotificationContent/Sources/Controllers/FallbackTemplateController.swift:26:38: error: cannot find type 'UNNotificationContent' in scope
    private let notificationContent: UNNotificationContent
                                     ^~~~~~~~~~~~~~~~~~~~~
/Users/admin/builder/spi-builder-workspace/AEPNotificationContent/Sources/Controllers/FallbackTemplateController.swift:33:31: error: cannot find type 'UNNotificationContent' in scope
    init(notificationContent: UNNotificationContent) {
                              ^~~~~~~~~~~~~~~~~~~~~
/Users/admin/builder/spi-builder-workspace/AEPNotificationContent/Sources/Controllers/FallbackTemplateController.swift:45:19: error: method does not override any method from its superclass
    override func viewDidLoad() {
    ~~~~~~~~      ^
/Users/admin/builder/spi-builder-workspace/AEPNotificationContent/Sources/Controllers/TemplateController.swift:26:32: error: cannot find type 'UIActivityIndicatorView' in scope
    lazy var loadingIndicator: UIActivityIndicatorView = {
                               ^~~~~~~~~~~~~~~~~~~~~~~
/Users/admin/builder/spi-builder-workspace/AEPNotificationContent/Sources/Controllers/TemplateController.swift:18:27: error: cannot find type 'UIViewController' in scope
class TemplateController: UIViewController {
                          ^~~~~~~~~~~~~~~~
/Users/admin/builder/spi-builder-workspace/AEPNotificationContent/Sources/Controllers/TemplateController.swift:45:24: error: cannot find type 'UITapGestureRecognizer' in scope
    var tapRecognizer: UITapGestureRecognizer?
                       ^~~~~~~~~~~~~~~~~~~~~~
/Users/admin/builder/spi-builder-workspace/AEPNotificationContent/Sources/Controllers/TimerTemplateController.swift:22:29: error: cannot find type 'UILabel' in scope
    private let timerLabel: UILabel = {
                            ^~~~~~~
/Users/admin/builder/spi-builder-workspace/AEPNotificationContent/Sources/Controllers/TimerTemplateController.swift:41:14: error: value of type 'TitleBodyView' has no member 'translatesAutoresizingMaskIntoConstraints'
        view.translatesAutoresizingMaskIntoConstraints = false
        ~~~~ ^~~~~~~~~~~~~~~~~~~~~~~~~~~~~~~~~~~~~~~~~
/Users/admin/builder/spi-builder-workspace/AEPNotificationContent/Sources/Controllers/TimerTemplateController.swift:45:28: error: cannot find type 'UIImageView' in scope
    private let imageView: UIImageView = {
                           ^~~~~~~~~~~
/Users/admin/builder/spi-builder-workspace/AEPNotificationContent/Sources/Controllers/TimerTemplateController.swift:70:19: error: method does not override any method from its superclass
    override func viewDidLoad() {
    ~~~~~~~~      ^
/Users/admin/builder/spi-builder-workspace/AEPNotificationContent/Sources/Model/CarouselItem.swift:36:59: error: cannot find type 'UNNotificationContent' in scope
    init?(dictionary: [String: Any], notificationContent: UNNotificationContent) {
                                                          ^~~~~~~~~~~~~~~~~~~~~
/Users/admin/builder/spi-builder-workspace/AEPNotificationContent/Sources/Views/TitleBodyView.swift:17:22: error: cannot find type 'UIView' in scope
class TitleBodyView: UIView {
                     ^~~~~~
/Applications/Xcode-16.3.0.app/Contents/Developer/Platforms/WatchOS.platform/Developer/SDKs/WatchOS11.4.sdk/System/Library/Frameworks/UIKit.framework/Headers/NSTextAttachment.h:23:1: note: interface 'UIView' forward declared here
@class UIView;
^
/Users/admin/builder/spi-builder-workspace/AEPNotificationContent/Sources/Views/TitleBodyView.swift:29:29: error: cannot find type 'UILabel' in scope
    private let titleLabel: UILabel = {
                            ^~~~~~~
/Users/admin/builder/spi-builder-workspace/AEPNotificationContent/Sources/Views/TitleBodyView.swift:40:28: error: cannot find type 'UILabel' in scope
    private let bodyLabel: UILabel = {
                           ^~~~~~~
/Users/admin/builder/spi-builder-workspace/AEPNotificationContent/Sources/Views/TitleBodyView.swift:51:39: error: cannot find type 'NSLayoutConstraint' in scope
    private var bodyHeightConstraint: NSLayoutConstraint!
                                      ^~~~~~~~~~~~~~~~~~
/Users/admin/builder/spi-builder-workspace/AEPNotificationContent/Sources/Views/TitleBodyView.swift:52:40: error: cannot find type 'NSLayoutConstraint' in scope
    private var titleHeightConstraint: NSLayoutConstraint!
                                       ^~~~~~~~~~~~~~~~~~
SwiftEmitModule normal arm64_32 Emitting\ module\ for\ AEPNotificationContent (in target 'AEPNotificationContent' from project 'AEPNotificationContent')
EmitSwiftModule normal arm64_32 (in target 'AEPNotificationContent' from project 'AEPNotificationContent')
    cd /Users/admin/builder/spi-builder-workspace/.swiftpm/xcode

SwiftCompile normal arm64 Compiling\ TemplateControllerDelegate.swift,\ ImageDownloadError.swift /Users/admin/builder/spi-builder-workspace/AEPNotificationContent/Sources/TemplateControllerDelegate.swift /Users/admin/builder/spi-builder-workspace/AEPNotificationContent/Sources/Utility/ImageDownloadError.swift (in target 'AEPNotificationContent' from project 'AEPNotificationContent')
SwiftCompile normal arm64 /Users/admin/builder/spi-builder-workspace/AEPNotificationContent/Sources/TemplateControllerDelegate.swift (in target 'AEPNotificationContent' from project 'AEPNotificationContent')
    cd /Users/admin/builder/spi-builder-workspace/.swiftpm/xcode

SwiftCompile normal arm64 /Users/admin/builder/spi-builder-workspace/AEPNotificationContent/Sources/Utility/ImageDownloadError.swift (in target 'AEPNotificationContent' from project 'AEPNotificationContent')
    cd /Users/admin/builder/spi-builder-workspace/.swiftpm/xcode

SwiftCompile normal arm64_32 Compiling\ AEPNotificationViewController.swift,\ Constants.swift,\ BasicTemplateController.swift /Users/admin/builder/spi-builder-workspace/AEPNotificationContent/Sources/AEPNotificationViewController.swift /Users/admin/builder/spi-builder-workspace/AEPNotificationContent/Sources/Constants.swift /Users/admin/builder/spi-builder-workspace/AEPNotificationContent/Sources/Controllers/BasicTemplateController.swift (in target 'AEPNotificationContent' from project 'AEPNotificationContent')
SwiftCompile normal arm64_32 /Users/admin/builder/spi-builder-workspace/AEPNotificationContent/Sources/AEPNotificationViewController.swift (in target 'AEPNotificationContent' from project 'AEPNotificationContent')
    cd /Users/admin/builder/spi-builder-workspace/.swiftpm/xcode

SwiftCompile normal arm64_32 /Users/admin/builder/spi-builder-workspace/AEPNotificationContent/Sources/Constants.swift (in target 'AEPNotificationContent' from project 'AEPNotificationContent')
    cd /Users/admin/builder/spi-builder-workspace/.swiftpm/xcode

SwiftCompile normal arm64_32 /Users/admin/builder/spi-builder-workspace/AEPNotificationContent/Sources/Controllers/BasicTemplateController.swift (in target 'AEPNotificationContent' from project 'AEPNotificationContent')
    cd /Users/admin/builder/spi-builder-workspace/.swiftpm/xcode

SwiftEmitModule normal armv7k Emitting\ module\ for\ AEPNotificationContent (in target 'AEPNotificationContent' from project 'AEPNotificationContent')
Failed frontend command:
/Applications/Xcode-16.3.0.app/Contents/Developer/Toolchains/XcodeDefault.xctoolchain/usr/bin/swift-frontend -frontend -emit-module -experimental-skip-non-inlinable-function-bodies-without-types /Users/admin/builder/spi-builder-workspace/AEPNotificationContent/Sources/AEPNotificationViewController.swift /Users/admin/builder/spi-builder-workspace/AEPNotificationContent/Sources/Constants.swift /Users/admin/builder/spi-builder-workspace/AEPNotificationContent/Sources/Controllers/BasicTemplateController.swift /Users/admin/builder/spi-builder-workspace/AEPNotificationContent/Sources/Controllers/CarouselTemplateController.swift /Users/admin/builder/spi-builder-workspace/AEPNotificationContent/Sources/Controllers/FallbackTemplateController.swift /Users/admin/builder/spi-builder-workspace/AEPNotificationContent/Sources/Controllers/TemplateController.swift /Users/admin/builder/spi-builder-workspace/AEPNotificationContent/Sources/Controllers/TimerTemplateController.swift /Users/admin/builder/spi-builder-workspace/AEPNotificationContent/Sources/Extensions/String+LabelHeight.swift /Users/admin/builder/spi-builder-workspace/AEPNotificationContent/Sources/Extensions/UIColor+HexString.swift /Users/admin/builder/spi-builder-workspace/AEPNotificationContent/Sources/Extensions/UNNotificationContent+TemplateKeys.swift /Users/admin/builder/spi-builder-workspace/AEPNotificationContent/Sources/Model/BasicPayload.swift /Users/admin/builder/spi-builder-workspace/AEPNotificationContent/Sources/Model/CarouselItem.swift /Users/admin/builder/spi-builder-workspace/AEPNotificationContent/Sources/Model/CarouselPayload.swift /Users/admin/builder/spi-builder-workspace/AEPNotificationContent/Sources/Model/Enums/CarouselMode.swift /Users/admin/builder/spi-builder-workspace/AEPNotificationContent/Sources/Model/Payload.swift /Users/admin/builder/spi-builder-workspace/AEPNotificationContent/Sources/Model/TimerPayload.swift /Users/admin/builder/spi-builder-workspace/AEPNotificationContent/Sources/Model/TitleBodyPayload.swift /Users/admin/builder/spi-builder-workspace/AEPNotificationContent/Sources/TemplateControllerDelegate.swift /Users/admin/builder/spi-builder-workspace/AEPNotificationContent/Sources/Utility/ImageDownloadError.swift /Users/admin/builder/spi-builder-workspace/AEPNotificationContent/Sources/Utility/ImageDownloader.swift /Users/admin/builder/spi-builder-workspace/AEPNotificationContent/Sources/Views/TitleBodyView.swift -target armv7k-apple-watchos5.0 -enable-objc-interop -sdk /Applications/Xcode-16.3.0.app/Contents/Developer/Platforms/WatchOS.platform/Developer/SDKs/WatchOS11.4.sdk -I /Users/admin/builder/spi-builder-workspace/.derivedData/Build/Products/Debug-watchos -I /Applications/Xcode-16.3.0.app/Contents/Developer/Platforms/WatchOS.platform/Developer/usr/lib -F /Users/admin/builder/spi-builder-workspace/.derivedData/Build/Products/Debug-watchos -F /Applications/Xcode-16.3.0.app/Contents/Developer/Platforms/WatchOS.platform/Developer/Library/Frameworks -F /Applications/Xcode-16.3.0.app/Contents/Developer/Platforms/WatchOS.platform/Developer/SDKs/WatchOS11.4.sdk/Developer/Library/Frameworks -no-color-diagnostics -enable-testing -g -debug-info-format\=dwarf -dwarf-version\=4 -module-cache-path /Users/admin/builder/spi-builder-workspace/.derivedData/ModuleCache.noindex -swift-version 5 -enforce-exclusivity\=checked -Onone -D SWIFT_PACKAGE -D DEBUG -D Xcode -serialize-debugging-options -const-gather-protocols-file /Users/admin/builder/spi-builder-workspace/.derivedData/Build/Intermediates.noindex/AEPNotificationContent.build/Debug-watchos/AEPNotificationContent.build/Objects-normal/armv7k/AEPNotificationContent_const_extract_protocols.json -enable-experimental-feature DebugDescriptionMacro -empty-abi-descriptor -plugin-path /Applications/Xcode-16.3.0.app/Contents/Developer/Toolchains/XcodeDefault.xctoolchain/usr/lib/swift/host/plugins/testing -validate-clang-modules-once -clang-build-session-file /Users/admin/builder/spi-builder-workspace/.derivedData/ModuleCache.noindex/Session.modulevalidation -Xcc -working-directory -Xcc /Users/admin/builder/spi-builder-workspace/.swiftpm/xcode -resource-dir /Applications/Xcode-16.3.0.app/Contents/Developer/Toolchains/XcodeDefault.xctoolchain/usr/lib/swift -enable-anonymous-context-mangled-names -file-compilation-dir /Users/admin/builder/spi-builder-workspace/.swiftpm/xcode -Xcc -ivfsstatcache -Xcc /Users/admin/builder/spi-builder-workspace/.derivedData/SDKStatCaches.noindex/watchos11.4-22T246-43efb940ff07ba2497b70ec94253f576.sdkstatcache -Xcc -I/Users/admin/builder/spi-builder-workspace/.derivedData/Build/Intermediates.noindex/AEPNotificationContent.build/Debug-watchos/AEPNotificationContent.build/swift-overrides.hmap -Xcc -I/Users/admin/builder/spi-builder-workspace/.derivedData/Build/Products/Debug-watchos/include -Xcc -I/Users/admin/builder/spi-builder-workspace/.derivedData/Build/Intermediates.noindex/AEPNotificationContent.build/Debug-watchos/AEPNotificationContent.build/DerivedSources-normal/armv7k -Xcc -I/Users/admin/builder/spi-builder-workspace/.derivedData/Build/Intermediates.noindex/AEPNotificationContent.build/Debug-watchos/AEPNotificationContent.build/DerivedSources/armv7k -Xcc -I/Users/admin/builder/spi-builder-workspace/.derivedData/Build/Intermediates.noindex/AEPNotificationContent.build/Debug-watchos/AEPNotificationContent.build/DerivedSources -Xcc -DSWIFT_PACKAGE -Xcc -DDEBUG\=1 -module-name AEPNotificationContent -frontend-parseable-output -disable-clang-spi -target-sdk-version 11.4 -target-sdk-name watchos11.4 -external-plugin-path /Applications/Xcode-16.3.0.app/Contents/Developer/Platforms/WatchOS.platform/Developer/usr/lib/swift/host/plugins\#/Applications/Xcode-16.3.0.app/Contents/Developer/Platforms/WatchOS.platform/Developer/usr/bin/swift-plugin-server -external-plugin-path /Applications/Xcode-16.3.0.app/Contents/Developer/Platforms/WatchOS.platform/Developer/usr/local/lib/swift/host/plugins\#/Applications/Xcode-16.3.0.app/Contents/Developer/Platforms/WatchOS.platform/Developer/usr/bin/swift-plugin-server -in-process-plugin-server-path /Applications/Xcode-16.3.0.app/Contents/Developer/Toolchains/XcodeDefault.xctoolchain/usr/lib/swift/host/libSwiftInProcPluginServer.dylib -plugin-path /Applications/Xcode-16.3.0.app/Contents/Developer/Toolchains/XcodeDefault.xctoolchain/usr/lib/swift/host/plugins -plugin-path /Applications/Xcode-16.3.0.app/Contents/Developer/Toolchains/XcodeDefault.xctoolchain/usr/local/lib/swift/host/plugins -emit-module-doc-path /Users/admin/builder/spi-builder-workspace/.derivedData/Build/Intermediates.noindex/AEPNotificationContent.build/Debug-watchos/AEPNotificationContent.build/Objects-normal/armv7k/AEPNotificationContent.swiftdoc -emit-module-source-info-path /Users/admin/builder/spi-builder-workspace/.derivedData/Build/Intermediates.noindex/AEPNotificationContent.build/Debug-watchos/AEPNotificationContent.build/Objects-normal/armv7k/AEPNotificationContent.swiftsourceinfo -emit-objc-header-path /Users/admin/builder/spi-builder-workspace/.derivedData/Build/Intermediates.noindex/AEPNotificationContent.build/Debug-watchos/AEPNotificationContent.build/Objects-normal/armv7k/AEPNotificationContent-Swift.h -serialize-diagnostics-path /Users/admin/builder/spi-builder-workspace/.derivedData/Build/Intermediates.noindex/AEPNotificationContent.build/Debug-watchos/AEPNotificationContent.build/Objects-normal/armv7k/AEPNotificationContent-master-emit-module.dia -emit-dependencies-path /Users/admin/builder/spi-builder-workspace/.derivedData/Build/Intermediates.noindex/AEPNotificationContent.build/Debug-watchos/AEPNotificationContent.build/Objects-normal/armv7k/AEPNotificationContent-master-emit-module.d -o /Users/admin/builder/spi-builder-workspace/.derivedData/Build/Intermediates.noindex/AEPNotificationContent.build/Debug-watchos/AEPNotificationContent.build/Objects-normal/armv7k/AEPNotificationContent.swiftmodule -emit-abi-descriptor-path /Users/admin/builder/spi-builder-workspace/.derivedData/Build/Intermediates.noindex/AEPNotificationContent.build/Debug-watchos/AEPNotificationContent.build/Objects-normal/armv7k/AEPNotificationContent.abi.json
EmitSwiftModule normal armv7k (in target 'AEPNotificationContent' from project 'AEPNotificationContent')
    cd /Users/admin/builder/spi-builder-workspace/.swiftpm/xcode

/Users/admin/builder/spi-builder-workspace/AEPNotificationContent/Sources/AEPNotificationViewController.swift:54:87: error: 'UNNotificationContentExtensionResponseOption' is unavailable in watchOS
    public func didReceive(_: UNNotificationResponse, completionHandler _: @escaping (UNNotificationContentExtensionResponseOption) -> Void) {}
                                                                                      ^~~~~~~~~~~~~~~~~~~~~~~~~~~~~~~~~~~~~~~~~~~~
/Applications/Xcode-16.3.0.app/Contents/Developer/Platforms/WatchOS.platform/Developer/SDKs/WatchOS11.4.sdk/System/Library/Frameworks/UserNotificationsUI.framework/Headers/UNNotificationContentExtension.h:45:29: note: 'UNNotificationContentExtensionResponseOption' has been explicitly marked unavailable here
typedef NS_ENUM(NSUInteger, UNNotificationContentExtensionResponseOption) {
                            ^
/Users/admin/builder/spi-builder-workspace/AEPNotificationContent/Sources/AEPNotificationViewController.swift:59:26: error: method does not override any method from its superclass
    override public func viewDidLoad() {
    ~~~~~~~~             ^
/Users/admin/builder/spi-builder-workspace/AEPNotificationContent/Sources/AEPNotificationViewController.swift:65:90: error: cannot find type 'UIContentContainer' in scope
    override open func preferredContentSizeDidChange(forChildContentContainer container: UIContentContainer) {
                                                                                         ^~~~~~~~~~~~~~~~~~
/Users/admin/builder/spi-builder-workspace/AEPNotificationContent/Sources/AEPNotificationViewController.swift:111:39: error: cannot find type 'UIViewController' in scope
    func getParentViewController() -> UIViewController {
                                      ^~~~~~~~~~~~~~~~
/Users/admin/builder/spi-builder-workspace/AEPNotificationContent/Sources/AEPNotificationViewController.swift:17:43: error: cannot find type 'UIViewController' in scope
open class AEPNotificationViewController: UIViewController, UNNotificationContentExtension, TemplateControllerDelegate {
                                          ^~~~~~~~~~~~~~~~
/Users/admin/builder/spi-builder-workspace/AEPNotificationContent/Sources/AEPNotificationViewController.swift:17:61: error: 'UNNotificationContentExtension' is unavailable in watchOS
open class AEPNotificationViewController: UIViewController, UNNotificationContentExtension, TemplateControllerDelegate {
                                                            ^~~~~~~~~~~~~~~~~~~~~~~~~~~~~~
/Applications/Xcode-16.3.0.app/Contents/Developer/Platforms/WatchOS.platform/Developer/SDKs/WatchOS11.4.sdk/System/Library/Frameworks/UserNotificationsUI.framework/Headers/UNNotificationContentExtension.h:110:11: note: 'UNNotificationContentExtension' has been explicitly marked unavailable here
@protocol UNNotificationContentExtension <NSObject>
          ^
/Users/admin/builder/spi-builder-workspace/AEPNotificationContent/Sources/TemplateControllerDelegate.swift:22:39: error: cannot find type 'UIViewController' in scope
    func getParentViewController() -> UIViewController
                                      ^~~~~~~~~~~~~~~~
/Users/admin/builder/spi-builder-workspace/AEPNotificationContent/Sources/AEPNotificationViewController.swift:17:12: error: cannot declare conformance to 'NSObjectProtocol' in Swift; 'AEPNotificationViewController' should inherit 'NSObject' instead
open class AEPNotificationViewController: UIViewController, UNNotificationContentExtension, TemplateControllerDelegate {
           ^
/Users/admin/builder/spi-builder-workspace/AEPNotificationContent/Sources/AEPNotificationViewController.swift:17:12: note: add stubs for conformance
open class AEPNotificationViewController: UIViewController, UNNotificationContentExtension, TemplateControllerDelegate {
           ^
/Users/admin/builder/spi-builder-workspace/AEPNotificationContent/Sources/Controllers/BasicTemplateController.swift:40:25: error: cannot find type 'UIImageView' in scope
    lazy var imageView: UIImageView = {
                        ^~~~~~~~~~~
/Users/admin/builder/spi-builder-workspace/AEPNotificationContent/Sources/Controllers/BasicTemplateController.swift:51:14: error: value of type 'TitleBodyView' has no member 'translatesAutoresizingMaskIntoConstraints'
        view.translatesAutoresizingMaskIntoConstraints = false
        ~~~~ ^~~~~~~~~~~~~~~~~~~~~~~~~~~~~~~~~~~~~~~~~
/Users/admin/builder/spi-builder-workspace/AEPNotificationContent/Sources/Controllers/BasicTemplateController.swift:73:19: error: method does not override any method from its superclass
    override func viewDidLoad() {
    ~~~~~~~~      ^
/Users/admin/builder/spi-builder-workspace/AEPNotificationContent/Sources/Controllers/CarouselTemplateController.swift:52:31: error: cannot find type 'UIButton' in scope
    lazy var leftArrowButton: UIButton = {
                              ^~~~~~~~
/Users/admin/builder/spi-builder-workspace/AEPNotificationContent/Sources/Controllers/CarouselTemplateController.swift:68:32: error: cannot find type 'UIButton' in scope
    lazy var rightArrowButton: UIButton = {
                               ^~~~~~~~
/Users/admin/builder/spi-builder-workspace/AEPNotificationContent/Sources/Controllers/CarouselTemplateController.swift:84:27: error: cannot find type 'UIPageControl' in scope
    lazy var pageControl: UIPageControl = {
                          ^~~~~~~~~~~~~
/Users/admin/builder/spi-builder-workspace/AEPNotificationContent/Sources/Controllers/CarouselTemplateController.swift:90:26: error: cannot find type 'UIScrollView' in scope
    lazy var scrollView: UIScrollView = {
                         ^~~~~~~~~~~~
/Users/admin/builder/spi-builder-workspace/AEPNotificationContent/Sources/Controllers/CarouselTemplateController.swift:17:55: error: cannot find type 'UIScrollViewDelegate' in scope
class CarouselTemplateController: TemplateController, UIScrollViewDelegate {
                                                      ^~~~~~~~~~~~~~~~~~~~
/Users/admin/builder/spi-builder-workspace/AEPNotificationContent/Sources/Controllers/CarouselTemplateController.swift:48:14: error: value of type 'TitleBodyView' has no member 'translatesAutoresizingMaskIntoConstraints'
        view.translatesAutoresizingMaskIntoConstraints = false
        ~~~~ ^~~~~~~~~~~~~~~~~~~~~~~~~~~~~~~~~~~~~~~~~
/Users/admin/builder/spi-builder-workspace/AEPNotificationContent/Sources/Controllers/CarouselTemplateController.swift:112:19: error: method does not override any method from its superclass
    override func viewDidLoad() {
    ~~~~~~~~      ^
/Users/admin/builder/spi-builder-workspace/AEPNotificationContent/Sources/Controllers/CarouselTemplateController.swift:234:44: error: cannot find type 'UIScrollView' in scope
    func scrollViewDidScroll(_ scrollView: UIScrollView) {
                                           ^~~~~~~~~~~~
/Users/admin/builder/spi-builder-workspace/AEPNotificationContent/Sources/Controllers/CarouselTemplateController.swift:259:45: error: cannot find type 'UIPageControl' in scope
    @objc func pageControlChanged(_ sender: UIPageControl) {
                                            ^~~~~~~~~~~~~
/Users/admin/builder/spi-builder-workspace/AEPNotificationContent/Sources/Controllers/FallbackTemplateController.swift:16:35: error: cannot find type 'UIViewController' in scope
class FallbackTemplateController: UIViewController {
                                  ^~~~~~~~~~~~~~~~
/Users/admin/builder/spi-builder-workspace/AEPNotificationContent/Sources/Controllers/FallbackTemplateController.swift:22:14: error: value of type 'TitleBodyView' has no member 'translatesAutoresizingMaskIntoConstraints'
        view.translatesAutoresizingMaskIntoConstraints = false
        ~~~~ ^~~~~~~~~~~~~~~~~~~~~~~~~~~~~~~~~~~~~~~~~
/Users/admin/builder/spi-builder-workspace/AEPNotificationContent/Sources/Controllers/FallbackTemplateController.swift:26:38: error: cannot find type 'UNNotificationContent' in scope
    private let notificationContent: UNNotificationContent
                                     ^~~~~~~~~~~~~~~~~~~~~
/Users/admin/builder/spi-builder-workspace/AEPNotificationContent/Sources/Controllers/FallbackTemplateController.swift:33:31: error: cannot find type 'UNNotificationContent' in scope
    init(notificationContent: UNNotificationContent) {
                              ^~~~~~~~~~~~~~~~~~~~~
/Users/admin/builder/spi-builder-workspace/AEPNotificationContent/Sources/Controllers/FallbackTemplateController.swift:45:19: error: method does not override any method from its superclass
    override func viewDidLoad() {
    ~~~~~~~~      ^
/Users/admin/builder/spi-builder-workspace/AEPNotificationContent/Sources/Controllers/TemplateController.swift:26:32: error: cannot find type 'UIActivityIndicatorView' in scope
    lazy var loadingIndicator: UIActivityIndicatorView = {
                               ^~~~~~~~~~~~~~~~~~~~~~~
/Users/admin/builder/spi-builder-workspace/AEPNotificationContent/Sources/Controllers/TemplateController.swift:18:27: error: cannot find type 'UIViewController' in scope
class TemplateController: UIViewController {
                          ^~~~~~~~~~~~~~~~
/Users/admin/builder/spi-builder-workspace/AEPNotificationContent/Sources/Controllers/TemplateController.swift:45:24: error: cannot find type 'UITapGestureRecognizer' in scope
    var tapRecognizer: UITapGestureRecognizer?
                       ^~~~~~~~~~~~~~~~~~~~~~
/Users/admin/builder/spi-builder-workspace/AEPNotificationContent/Sources/Controllers/TimerTemplateController.swift:22:29: error: cannot find type 'UILabel' in scope
    private let timerLabel: UILabel = {
                            ^~~~~~~
/Users/admin/builder/spi-builder-workspace/AEPNotificationContent/Sources/Controllers/TimerTemplateController.swift:41:14: error: value of type 'TitleBodyView' has no member 'translatesAutoresizingMaskIntoConstraints'
        view.translatesAutoresizingMaskIntoConstraints = false
        ~~~~ ^~~~~~~~~~~~~~~~~~~~~~~~~~~~~~~~~~~~~~~~~
/Users/admin/builder/spi-builder-workspace/AEPNotificationContent/Sources/Controllers/TimerTemplateController.swift:45:28: error: cannot find type 'UIImageView' in scope
    private let imageView: UIImageView = {
                           ^~~~~~~~~~~
/Users/admin/builder/spi-builder-workspace/AEPNotificationContent/Sources/Controllers/TimerTemplateController.swift:70:19: error: method does not override any method from its superclass
    override func viewDidLoad() {
    ~~~~~~~~      ^
/Users/admin/builder/spi-builder-workspace/AEPNotificationContent/Sources/Model/CarouselItem.swift:36:59: error: cannot find type 'UNNotificationContent' in scope
    init?(dictionary: [String: Any], notificationContent: UNNotificationContent) {
                                                          ^~~~~~~~~~~~~~~~~~~~~
/Users/admin/builder/spi-builder-workspace/AEPNotificationContent/Sources/Views/TitleBodyView.swift:17:22: error: cannot find type 'UIView' in scope
class TitleBodyView: UIView {
                     ^~~~~~
/Applications/Xcode-16.3.0.app/Contents/Developer/Platforms/WatchOS.platform/Developer/SDKs/WatchOS11.4.sdk/System/Library/Frameworks/UIKit.framework/Headers/NSTextAttachment.h:23:1: note: interface 'UIView' forward declared here
@class UIView;
^
/Users/admin/builder/spi-builder-workspace/AEPNotificationContent/Sources/Views/TitleBodyView.swift:29:29: error: cannot find type 'UILabel' in scope
    private let titleLabel: UILabel = {
                            ^~~~~~~
/Users/admin/builder/spi-builder-workspace/AEPNotificationContent/Sources/Views/TitleBodyView.swift:40:28: error: cannot find type 'UILabel' in scope
    private let bodyLabel: UILabel = {
                           ^~~~~~~
/Users/admin/builder/spi-builder-workspace/AEPNotificationContent/Sources/Views/TitleBodyView.swift:51:39: error: cannot find type 'NSLayoutConstraint' in scope
    private var bodyHeightConstraint: NSLayoutConstraint!
                                      ^~~~~~~~~~~~~~~~~~
/Users/admin/builder/spi-builder-workspace/AEPNotificationContent/Sources/Views/TitleBodyView.swift:52:40: error: cannot find type 'NSLayoutConstraint' in scope
    private var titleHeightConstraint: NSLayoutConstraint!
                                       ^~~~~~~~~~~~~~~~~~
SwiftCompile normal arm64_32 Compiling\ CarouselItem.swift,\ CarouselPayload.swift /Users/admin/builder/spi-builder-workspace/AEPNotificationContent/Sources/Model/CarouselItem.swift /Users/admin/builder/spi-builder-workspace/AEPNotificationContent/Sources/Model/CarouselPayload.swift (in target 'AEPNotificationContent' from project 'AEPNotificationContent')
SwiftCompile normal arm64_32 /Users/admin/builder/spi-builder-workspace/AEPNotificationContent/Sources/Model/CarouselItem.swift (in target 'AEPNotificationContent' from project 'AEPNotificationContent')
    cd /Users/admin/builder/spi-builder-workspace/.swiftpm/xcode

SwiftCompile normal arm64_32 /Users/admin/builder/spi-builder-workspace/AEPNotificationContent/Sources/Model/CarouselPayload.swift (in target 'AEPNotificationContent' from project 'AEPNotificationContent')
    cd /Users/admin/builder/spi-builder-workspace/.swiftpm/xcode

SwiftCompile normal arm64_32 Compiling\ UNNotificationContent+TemplateKeys.swift,\ BasicPayload.swift /Users/admin/builder/spi-builder-workspace/AEPNotificationContent/Sources/Extensions/UNNotificationContent+TemplateKeys.swift /Users/admin/builder/spi-builder-workspace/AEPNotificationContent/Sources/Model/BasicPayload.swift (in target 'AEPNotificationContent' from project 'AEPNotificationContent')
SwiftCompile normal arm64_32 /Users/admin/builder/spi-builder-workspace/AEPNotificationContent/Sources/Extensions/UNNotificationContent+TemplateKeys.swift (in target 'AEPNotificationContent' from project 'AEPNotificationContent')
    cd /Users/admin/builder/spi-builder-workspace/.swiftpm/xcode

SwiftCompile normal arm64_32 /Users/admin/builder/spi-builder-workspace/AEPNotificationContent/Sources/Model/BasicPayload.swift (in target 'AEPNotificationContent' from project 'AEPNotificationContent')
    cd /Users/admin/builder/spi-builder-workspace/.swiftpm/xcode

SwiftCompile normal armv7k Compiling\ TemplateController.swift,\ TimerTemplateController.swift /Users/admin/builder/spi-builder-workspace/AEPNotificationContent/Sources/Controllers/TemplateController.swift /Users/admin/builder/spi-builder-workspace/AEPNotificationContent/Sources/Controllers/TimerTemplateController.swift (in target 'AEPNotificationContent' from project 'AEPNotificationContent')
SwiftCompile normal armv7k /Users/admin/builder/spi-builder-workspace/AEPNotificationContent/Sources/Controllers/TemplateController.swift (in target 'AEPNotificationContent' from project 'AEPNotificationContent')
    cd /Users/admin/builder/spi-builder-workspace/.swiftpm/xcode

SwiftCompile normal armv7k /Users/admin/builder/spi-builder-workspace/AEPNotificationContent/Sources/Controllers/TimerTemplateController.swift (in target 'AEPNotificationContent' from project 'AEPNotificationContent')
    cd /Users/admin/builder/spi-builder-workspace/.swiftpm/xcode

SwiftCompile normal armv7k Compiling\ TimerPayload.swift,\ TitleBodyPayload.swift /Users/admin/builder/spi-builder-workspace/AEPNotificationContent/Sources/Model/TimerPayload.swift /Users/admin/builder/spi-builder-workspace/AEPNotificationContent/Sources/Model/TitleBodyPayload.swift (in target 'AEPNotificationContent' from project 'AEPNotificationContent')
Command SwiftCompile failed with a nonzero exit code
** BUILD FAILED **
The following build commands failed:
	SwiftEmitModule normal arm64 Emitting\ module\ for\ AEPNotificationContent (in target 'AEPNotificationContent' from project 'AEPNotificationContent')
	EmitSwiftModule normal arm64 (in target 'AEPNotificationContent' from project 'AEPNotificationContent')
	SwiftEmitModule normal armv7k Emitting\ module\ for\ AEPNotificationContent (in target 'AEPNotificationContent' from project 'AEPNotificationContent')
	EmitSwiftModule normal armv7k (in target 'AEPNotificationContent' from project 'AEPNotificationContent')
	SwiftCompile normal armv7k Compiling\ TimerPayload.swift,\ TitleBodyPayload.swift /Users/admin/builder/spi-builder-workspace/AEPNotificationContent/Sources/Model/TimerPayload.swift /Users/admin/builder/spi-builder-workspace/AEPNotificationContent/Sources/Model/TitleBodyPayload.swift (in target 'AEPNotificationContent' from project 'AEPNotificationContent')
	Building workspace spi-builder-workspace with scheme AEPNotificationContent
(6 failures)
BUILD FAILURE 6.1 watchOS