Build Information
Failed to build FluidGradient, reference main (9ddda4), with Swift 6.4 for watchOS using Xcode 27.0 on 24 Sep 2026 18:15:08 UTC.
Build Command
env DEVELOPER_DIR=/Applications/Xcode-27.0.0-Release.Candidate.app xcrun xcodebuild -IDEClonedSourcePackagesDirPathOverride=$PWD/.dependencies -skipMacroValidation -skipPackagePluginValidation -derivedDataPath $PWD/.derivedData build -scheme FluidGradient -destination generic/platform=watchOSBuild Log
========================================
RunAll
========================================
Builder version: 5.1.0
Interrupt handler set up.
========================================
Checkout
========================================
Clone URL: https://github.com/Cindori/FluidGradient.git
Reference: main
Initialized empty Git repository in /Users/admin/builder/spi-builder-workspace/.git/
From https://github.com/Cindori/FluidGradient
* branch main -> FETCH_HEAD
* [new branch] main -> origin/main
HEAD is now at 9ddda4c Fix badge colors
Cloned https://github.com/Cindori/FluidGradient.git
Revision (git rev-parse @):
9ddda4cf23671ef0228e88681ec6210cb3e0d7f7
SUCCESS checkout https://github.com/Cindori/FluidGradient.git at main
========================================
Build
========================================
Selected platform: watchOS
Swift version: 6.4
Building package at path: $PWD
https://github.com/Cindori/FluidGradient.git
Command line invocation:
/Applications/Xcode-27.0.0-Release.Candidate.app/Contents/Developer/usr/bin/xcodebuild -IDEClonedSourcePackagesDirPathOverride=/Users/admin/builder/spi-builder-workspace/.dependencies -resolvePackageDependencies
Resolve Package Graph
Resolve Package Graph
Resolved source packages:
FluidGradient: /Users/admin/builder/spi-builder-workspace
resolved source packages: FluidGradient
2026-09-24 14:14:16.289 xcodebuild[529:3014] [MT] IDERunDestination: Supported platforms for the buildables in the current scheme is empty.
{
"dependencies" : [
],
"manifest_display_name" : "FluidGradient",
"name" : "FluidGradient",
"path" : "/Users/admin/builder/spi-builder-workspace",
"platforms" : [
{
"name" : "macos",
"version" : "11.0"
},
{
"name" : "ios",
"version" : "14.0"
}
],
"products" : [
{
"name" : "FluidGradient",
"targets" : [
"FluidGradient"
],
"type" : {
"library" : [
"automatic"
]
}
}
],
"targets" : [
{
"c99name" : "FluidGradient",
"module_type" : "SwiftTarget",
"name" : "FluidGradient",
"path" : "Sources/FluidGradient",
"product_memberships" : [
"FluidGradient"
],
"sources" : [
"BlobLayer.swift",
"CGPoint+Extensions.swift",
"FluidGradient.swift",
"FluidGradientView.swift",
"ResizableLayer.swift"
],
"type" : "library"
}
],
"tools_version" : "5.7"
}
{
"workspace" : {
"name" : "FluidGradient",
"schemes" : [
"FluidGradient"
]
}
}
2026-09-24 14:14:57.349 xcodebuild[664:4200] [MT] IDERunDestination: Supported platforms for the buildables in the current scheme is empty.
Running build ...
env DEVELOPER_DIR=/Applications/Xcode-27.0.0-Release.Candidate.app xcrun xcodebuild -IDEClonedSourcePackagesDirPathOverride=$PWD/.dependencies -skipMacroValidation -skipPackagePluginValidation -derivedDataPath $PWD/.derivedData build -scheme FluidGradient -destination generic/platform=watchOS
Command line invocation:
/Applications/Xcode-27.0.0-Release.Candidate.app/Contents/Developer/usr/bin/xcodebuild -IDEClonedSourcePackagesDirPathOverride=/Users/admin/builder/spi-builder-workspace/.dependencies -skipMacroValidation -skipPackagePluginValidation -derivedDataPath /Users/admin/builder/spi-builder-workspace/.derivedData build -scheme FluidGradient -destination generic/platform=watchOS
Resolve Package Graph
Resolved source packages:
FluidGradient: /Users/admin/builder/spi-builder-workspace
ComputePackagePrebuildTargetDependencyGraph
Prepare packages
CreateBuildRequest
SendProjectDescription
CreateBuildOperation
ComputeTargetDependencyGraph
note: Building targets in dependency order
note: Target dependency graph (2 targets)
Target 'FluidGradient-product' in project 'FluidGradient'
➜ Explicit dependency on target 'FluidGradient' in project 'FluidGradient'
Target 'FluidGradient' in project 'FluidGradient' (no dependencies)
GatherProvisioningInputs
CreateBuildDescription
ExecuteExternalTool /Applications/Xcode-27.0.0-Release.Candidate.app/Contents/Developer/Toolchains/XcodeDefault.xctoolchain/usr/bin/clang -v -E -dM -isysroot /Applications/Xcode-27.0.0-Release.Candidate.app/Contents/Developer/Platforms/WatchOS.platform/Developer/SDKs/WatchOS27.0.sdk -x c -c /dev/null
ExecuteExternalTool /Applications/Xcode-27.0.0-Release.Candidate.app/Contents/Developer/Toolchains/XcodeDefault.xctoolchain/usr/bin/swiftc --version
ExecuteExternalTool /Applications/Xcode-27.0.0-Release.Candidate.app/Contents/Developer/Toolchains/XcodeDefault.xctoolchain/usr/bin/ld -version_details
Build description signature: a397947ac26cc9304b9ecd7268a54af7
Build description path: /Users/admin/builder/spi-builder-workspace/.derivedData/Build/Intermediates.noindex/XCBuildData/a397947ac26cc9304b9ecd7268a54af7.xcbuilddata
CreateBuildDirectory /Users/admin/builder/spi-builder-workspace/.derivedData/SDKExplicitPrecompiledModules
cd /Users/admin/builder/spi-builder-workspace/.swiftpm/xcode
builtin-create-build-directory /Users/admin/builder/spi-builder-workspace/.derivedData/SDKExplicitPrecompiledModules
CreateBuildDirectory /Users/admin/builder/spi-builder-workspace/.derivedData/ModuleCache.noindex
cd /Users/admin/builder/spi-builder-workspace/.swiftpm/xcode
builtin-create-build-directory /Users/admin/builder/spi-builder-workspace/.derivedData/ModuleCache.noindex
CreateBuildDirectory /Users/admin/builder/spi-builder-workspace/.derivedData/CompilationCache.noindex
cd /Users/admin/builder/spi-builder-workspace/.swiftpm/xcode
builtin-create-build-directory /Users/admin/builder/spi-builder-workspace/.derivedData/CompilationCache.noindex
CreateBuildDirectory /Users/admin/builder/spi-builder-workspace/.derivedData/Build/Intermediates.noindex
cd /Users/admin/builder/spi-builder-workspace/.swiftpm/xcode
builtin-create-build-directory /Users/admin/builder/spi-builder-workspace/.derivedData/Build/Intermediates.noindex
CreateBuildDirectory /Users/admin/builder/spi-builder-workspace/.derivedData/Build/Products
cd /Users/admin/builder/spi-builder-workspace/.swiftpm/xcode
builtin-create-build-directory /Users/admin/builder/spi-builder-workspace/.derivedData/Build/Products
ClangStatCache /Applications/Xcode-27.0.0-Release.Candidate.app/Contents/Developer/Toolchains/XcodeDefault.xctoolchain/usr/bin/clang-stat-cache /Applications/Xcode-27.0.0-Release.Candidate.app/Contents/Developer/Platforms/WatchOS.platform/Developer/SDKs/WatchOS27.0.sdk /Users/admin/builder/spi-builder-workspace/.derivedData/SDKStatCaches.noindex/watchos27.0-24R360-e829b21a6f8c9b70876ba0858053c04477534ef55a1706bf4c1112bbb242f0a2.sdkstatcache
cd /Users/admin/builder/spi-builder-workspace/.swiftpm/xcode
/Applications/Xcode-27.0.0-Release.Candidate.app/Contents/Developer/Toolchains/XcodeDefault.xctoolchain/usr/bin/clang-stat-cache /Applications/Xcode-27.0.0-Release.Candidate.app/Contents/Developer/Platforms/WatchOS.platform/Developer/SDKs/WatchOS27.0.sdk -o /Users/admin/builder/spi-builder-workspace/.derivedData/SDKStatCaches.noindex/watchos27.0-24R360-e829b21a6f8c9b70876ba0858053c04477534ef55a1706bf4c1112bbb242f0a2.sdkstatcache
CreateBuildDirectory /Users/admin/builder/spi-builder-workspace/.derivedData/Build/Intermediates.noindex/SwiftExplicitPrecompiledModules
cd /Users/admin/builder/spi-builder-workspace/.swiftpm/xcode
builtin-create-build-directory /Users/admin/builder/spi-builder-workspace/.derivedData/Build/Intermediates.noindex/SwiftExplicitPrecompiledModules
CreateBuildDirectory /Users/admin/builder/spi-builder-workspace/.derivedData/Build/Intermediates.noindex/PrecompiledHeaders
cd /Users/admin/builder/spi-builder-workspace/.swiftpm/xcode
builtin-create-build-directory /Users/admin/builder/spi-builder-workspace/.derivedData/Build/Intermediates.noindex/PrecompiledHeaders
CreateBuildDirectory /Users/admin/builder/spi-builder-workspace/.derivedData/Build/Intermediates.noindex/ExplicitPrecompiledModules
cd /Users/admin/builder/spi-builder-workspace/.swiftpm/xcode
builtin-create-build-directory /Users/admin/builder/spi-builder-workspace/.derivedData/Build/Intermediates.noindex/ExplicitPrecompiledModules
CreateBuildDirectory /Users/admin/builder/spi-builder-workspace/.derivedData/Build/Intermediates.noindex/EagerLinkingTBDs/Debug-watchos
cd /Users/admin/builder/spi-builder-workspace/.swiftpm/xcode
builtin-create-build-directory /Users/admin/builder/spi-builder-workspace/.derivedData/Build/Intermediates.noindex/EagerLinkingTBDs/Debug-watchos
CreateBuildDirectory /Users/admin/builder/spi-builder-workspace/.derivedData/Build/Products/Debug-watchos
cd /Users/admin/builder/spi-builder-workspace/.swiftpm/xcode
builtin-create-build-directory /Users/admin/builder/spi-builder-workspace/.derivedData/Build/Products/Debug-watchos
CreateBuildDirectory /Users/admin/builder/spi-builder-workspace/.derivedData/Build/Products/Debug-watchos/PackageFrameworks
cd /Users/admin/builder/spi-builder-workspace/.swiftpm/xcode
builtin-create-build-directory /Users/admin/builder/spi-builder-workspace/.derivedData/Build/Products/Debug-watchos/PackageFrameworks
WriteAuxiliaryFile /Users/admin/builder/spi-builder-workspace/.derivedData/Build/Intermediates.noindex/FluidGradient.build/Debug-watchos/FluidGradient-t.build/FluidGradient.modulemap (in target 'FluidGradient' from project 'FluidGradient')
cd /Users/admin/builder/spi-builder-workspace
write-file /Users/admin/builder/spi-builder-workspace/.derivedData/Build/Intermediates.noindex/FluidGradient.build/Debug-watchos/FluidGradient-t.build/FluidGradient.modulemap
WriteAuxiliaryFile /Users/admin/builder/spi-builder-workspace/.derivedData/Build/Intermediates.noindex/FluidGradient.build/Debug-watchos/FluidGradient-t.build/Objects-normal/arm64/FluidGradient_const_extract_protocols.json (in target 'FluidGradient' from project 'FluidGradient')
cd /Users/admin/builder/spi-builder-workspace
write-file /Users/admin/builder/spi-builder-workspace/.derivedData/Build/Intermediates.noindex/FluidGradient.build/Debug-watchos/FluidGradient-t.build/Objects-normal/arm64/FluidGradient_const_extract_protocols.json
WriteAuxiliaryFile /Users/admin/builder/spi-builder-workspace/.derivedData/Build/Intermediates.noindex/FluidGradient.build/Debug-watchos/FluidGradient-t.build/Objects-normal/arm64_32/FluidGradient-OutputFileMap.json (in target 'FluidGradient' from project 'FluidGradient')
cd /Users/admin/builder/spi-builder-workspace
write-file /Users/admin/builder/spi-builder-workspace/.derivedData/Build/Intermediates.noindex/FluidGradient.build/Debug-watchos/FluidGradient-t.build/Objects-normal/arm64_32/FluidGradient-OutputFileMap.json
WriteAuxiliaryFile /Users/admin/builder/spi-builder-workspace/.derivedData/Build/Intermediates.noindex/FluidGradient.build/Debug-watchos/FluidGradient-t.build/Objects-normal/arm64/FluidGradient.SwiftConstValuesFileList (in target 'FluidGradient' from project 'FluidGradient')
cd /Users/admin/builder/spi-builder-workspace
write-file /Users/admin/builder/spi-builder-workspace/.derivedData/Build/Intermediates.noindex/FluidGradient.build/Debug-watchos/FluidGradient-t.build/Objects-normal/arm64/FluidGradient.SwiftConstValuesFileList
WriteAuxiliaryFile /Users/admin/builder/spi-builder-workspace/.derivedData/Build/Intermediates.noindex/FluidGradient.build/Debug-watchos/FluidGradient-t.build/Objects-normal/arm64_32/FluidGradient.SwiftConstValuesFileList (in target 'FluidGradient' from project 'FluidGradient')
cd /Users/admin/builder/spi-builder-workspace
write-file /Users/admin/builder/spi-builder-workspace/.derivedData/Build/Intermediates.noindex/FluidGradient.build/Debug-watchos/FluidGradient-t.build/Objects-normal/arm64_32/FluidGradient.SwiftConstValuesFileList
WriteAuxiliaryFile /Users/admin/builder/spi-builder-workspace/.derivedData/Build/Intermediates.noindex/FluidGradient.build/Debug-watchos/FluidGradient-t.build/Objects-normal/arm64_32/FluidGradient_const_extract_protocols.json (in target 'FluidGradient' from project 'FluidGradient')
cd /Users/admin/builder/spi-builder-workspace
write-file /Users/admin/builder/spi-builder-workspace/.derivedData/Build/Intermediates.noindex/FluidGradient.build/Debug-watchos/FluidGradient-t.build/Objects-normal/arm64_32/FluidGradient_const_extract_protocols.json
WriteAuxiliaryFile /Users/admin/builder/spi-builder-workspace/.derivedData/Build/Intermediates.noindex/FluidGradient.build/Debug-watchos/FluidGradient-t.build/Objects-normal/arm64_32/FluidGradient.SwiftFileList (in target 'FluidGradient' from project 'FluidGradient')
cd /Users/admin/builder/spi-builder-workspace
write-file /Users/admin/builder/spi-builder-workspace/.derivedData/Build/Intermediates.noindex/FluidGradient.build/Debug-watchos/FluidGradient-t.build/Objects-normal/arm64_32/FluidGradient.SwiftFileList
WriteAuxiliaryFile /Users/admin/builder/spi-builder-workspace/.derivedData/Build/Intermediates.noindex/FluidGradient.build/Debug-watchos/FluidGradient-t.build/Objects-normal/arm64_32/FluidGradient.LinkFileList (in target 'FluidGradient' from project 'FluidGradient')
cd /Users/admin/builder/spi-builder-workspace
write-file /Users/admin/builder/spi-builder-workspace/.derivedData/Build/Intermediates.noindex/FluidGradient.build/Debug-watchos/FluidGradient-t.build/Objects-normal/arm64_32/FluidGradient.LinkFileList
WriteAuxiliaryFile /Users/admin/builder/spi-builder-workspace/.derivedData/Build/Intermediates.noindex/FluidGradient.build/Debug-watchos/FluidGradient-t.build/Objects-normal/arm64/FluidGradient.SwiftFileList (in target 'FluidGradient' from project 'FluidGradient')
cd /Users/admin/builder/spi-builder-workspace
write-file /Users/admin/builder/spi-builder-workspace/.derivedData/Build/Intermediates.noindex/FluidGradient.build/Debug-watchos/FluidGradient-t.build/Objects-normal/arm64/FluidGradient.SwiftFileList
WriteAuxiliaryFile /Users/admin/builder/spi-builder-workspace/.derivedData/Build/Intermediates.noindex/FluidGradient.build/Debug-watchos/FluidGradient-t.build/Objects-normal/arm64/FluidGradient.LinkFileList (in target 'FluidGradient' from project 'FluidGradient')
cd /Users/admin/builder/spi-builder-workspace
write-file /Users/admin/builder/spi-builder-workspace/.derivedData/Build/Intermediates.noindex/FluidGradient.build/Debug-watchos/FluidGradient-t.build/Objects-normal/arm64/FluidGradient.LinkFileList
WriteAuxiliaryFile /Users/admin/builder/spi-builder-workspace/.derivedData/Build/Intermediates.noindex/FluidGradient.build/Debug-watchos/FluidGradient-t.build/Objects-normal/arm64/FluidGradient-OutputFileMap.json (in target 'FluidGradient' from project 'FluidGradient')
cd /Users/admin/builder/spi-builder-workspace
write-file /Users/admin/builder/spi-builder-workspace/.derivedData/Build/Intermediates.noindex/FluidGradient.build/Debug-watchos/FluidGradient-t.build/Objects-normal/arm64/FluidGradient-OutputFileMap.json
WriteAuxiliaryFile /Users/admin/builder/spi-builder-workspace/.derivedData/Build/Intermediates.noindex/FluidGradient.build/Debug-watchos/FluidGradient-t.build/FluidGradient.DependencyStaticMetadataFileList (in target 'FluidGradient' from project 'FluidGradient')
cd /Users/admin/builder/spi-builder-workspace
write-file /Users/admin/builder/spi-builder-workspace/.derivedData/Build/Intermediates.noindex/FluidGradient.build/Debug-watchos/FluidGradient-t.build/FluidGradient.DependencyStaticMetadataFileList
WriteAuxiliaryFile /Users/admin/builder/spi-builder-workspace/.derivedData/Build/Intermediates.noindex/FluidGradient.build/Debug-watchos/FluidGradient-t.build/FluidGradient.DependencyMetadataFileList (in target 'FluidGradient' from project 'FluidGradient')
cd /Users/admin/builder/spi-builder-workspace
write-file /Users/admin/builder/spi-builder-workspace/.derivedData/Build/Intermediates.noindex/FluidGradient.build/Debug-watchos/FluidGradient-t.build/FluidGradient.DependencyMetadataFileList
Copy /Users/admin/builder/spi-builder-workspace/.derivedData/Build/Intermediates.noindex/GeneratedModuleMaps-watchos/FluidGradient.modulemap /Users/admin/builder/spi-builder-workspace/.derivedData/Build/Intermediates.noindex/FluidGradient.build/Debug-watchos/FluidGradient-t.build/FluidGradient.modulemap (in target 'FluidGradient' from project 'FluidGradient')
cd /Users/admin/builder/spi-builder-workspace
builtin-copy -exclude .DS_Store -exclude CVS -exclude .svn -exclude .git -exclude .hg -resolve-src-symlinks /Users/admin/builder/spi-builder-workspace/.derivedData/Build/Intermediates.noindex/FluidGradient.build/Debug-watchos/FluidGradient-t.build/FluidGradient.modulemap /Users/admin/builder/spi-builder-workspace/.derivedData/Build/Intermediates.noindex/GeneratedModuleMaps-watchos
SwiftDriver FluidGradient normal arm64 com.apple.xcode.tools.swift.compiler (in target 'FluidGradient' from project 'FluidGradient')
cd /Users/admin/builder/spi-builder-workspace/.swiftpm/xcode
builtin-SwiftDriver -- /Applications/Xcode-27.0.0-Release.Candidate.app/Contents/Developer/Toolchains/XcodeDefault.xctoolchain/usr/bin/swiftc -parse-as-library -module-name FluidGradient -Onone @/Users/admin/builder/spi-builder-workspace/.derivedData/Build/Intermediates.noindex/FluidGradient.build/Debug-watchos/FluidGradient-t.build/Objects-normal/arm64/FluidGradient.SwiftFileList -DSWIFT_PACKAGE -DDEBUG -DSWIFT_MODULE_RESOURCE_BUNDLE_UNAVAILABLE -DXcode -plugin-path /Applications/Xcode-27.0.0-Release.Candidate.app/Contents/Developer/Toolchains/XcodeDefault.xctoolchain/usr/lib/swift/host/plugins/testing -enable-experimental-feature DebugDescriptionMacro -sdk /Applications/Xcode-27.0.0-Release.Candidate.app/Contents/Developer/Platforms/WatchOS.platform/Developer/SDKs/WatchOS27.0.sdk -target arm64-apple-watchos9.0 -g -module-cache-path /Users/admin/builder/spi-builder-workspace/.derivedData/ModuleCache.noindex -Xfrontend -serialize-debugging-options -enable-testing -index-store-path /Users/admin/builder/spi-builder-workspace/.derivedData/Index.noindex/DataStore -Xcc -D_LIBCPP_HARDENING_MODE\=_LIBCPP_HARDENING_MODE_DEBUG -swift-version 5 -I /Users/admin/builder/spi-builder-workspace/.derivedData/Build/Products/Debug-watchos -Isystem /Applications/Xcode-27.0.0-Release.Candidate.app/Contents/Developer/Platforms/WatchOS.platform/Developer/usr/lib -F /Users/admin/builder/spi-builder-workspace/.derivedData/Build/Products/Debug-watchos -F /Applications/Xcode-27.0.0-Release.Candidate.app/Contents/Developer/Platforms/WatchOS.platform/Developer/Library/Frameworks -F /Applications/Xcode-27.0.0-Release.Candidate.app/Contents/Developer/Platforms/WatchOS.platform/Developer/SDKs/WatchOS27.0.sdk/Developer/Library/Frameworks -c -j10 -enable-batch-mode -incremental -Xcc -ivfsstatcache -Xcc /Users/admin/builder/spi-builder-workspace/.derivedData/SDKStatCaches.noindex/watchos27.0-24R360-e829b21a6f8c9b70876ba0858053c04477534ef55a1706bf4c1112bbb242f0a2.sdkstatcache -output-file-map /Users/admin/builder/spi-builder-workspace/.derivedData/Build/Intermediates.noindex/FluidGradient.build/Debug-watchos/FluidGradient-t.build/Objects-normal/arm64/FluidGradient-OutputFileMap.json -save-temps -no-color-diagnostics -explicit-module-build -module-cache-path /Users/admin/builder/spi-builder-workspace/.derivedData/Build/Intermediates.noindex/SwiftExplicitPrecompiledModules -clang-scanner-module-cache-path /Users/admin/builder/spi-builder-workspace/.derivedData/ModuleCache.noindex -sdk-module-cache-path /Users/admin/builder/spi-builder-workspace/.derivedData/SDKExplicitPrecompiledModules -emit-dependencies -emit-module -emit-module-path /Users/admin/builder/spi-builder-workspace/.derivedData/Build/Intermediates.noindex/FluidGradient.build/Debug-watchos/FluidGradient-t.build/Objects-normal/arm64/FluidGradient.swiftmodule -serialize-diagnostics -dependency-scan-serialize-diagnostics-path /Users/admin/builder/spi-builder-workspace/.derivedData/Build/Intermediates.noindex/FluidGradient.build/Debug-watchos/FluidGradient-t.build/Objects-normal/arm64/FluidGradient-dependency-scan.dia -validate-clang-modules-once -clang-build-session-file /Users/admin/builder/spi-builder-workspace/.derivedData/ModuleCache.noindex/Session.modulevalidation -Xcc -fmodules-prune-interval\=86400 -Xcc -fmodules-prune-after\=345600 -emit-const-values -const-gather-protocols-list /Users/admin/builder/spi-builder-workspace/.derivedData/Build/Intermediates.noindex/FluidGradient.build/Debug-watchos/FluidGradient-t.build/Objects-normal/arm64/FluidGradient_const_extract_protocols.json -Xcc -I/Users/admin/builder/spi-builder-workspace/.derivedData/Build/Products/Debug-watchos/include -Xcc -I/Users/admin/builder/spi-builder-workspace/.derivedData/Build/Intermediates.noindex/FluidGradient.build/Debug-watchos/FluidGradient-t.build/DerivedSources-normal/arm64 -Xcc -I/Users/admin/builder/spi-builder-workspace/.derivedData/Build/Intermediates.noindex/FluidGradient.build/Debug-watchos/FluidGradient-t.build/DerivedSources/arm64 -Xcc -I/Users/admin/builder/spi-builder-workspace/.derivedData/Build/Intermediates.noindex/FluidGradient.build/Debug-watchos/FluidGradient-t.build/DerivedSources -Xcc -DSWIFT_PACKAGE -Xcc -DDEBUG\=1 -emit-objc-header -emit-objc-header-path /Users/admin/builder/spi-builder-workspace/.derivedData/Build/Intermediates.noindex/FluidGradient.build/Debug-watchos/FluidGradient-t.build/Objects-normal/arm64/FluidGradient-Swift.h -working-directory /Users/admin/builder/spi-builder-workspace/.swiftpm/xcode -experimental-emit-module-separately -disable-cmo
SwiftDriver FluidGradient normal arm64_32 com.apple.xcode.tools.swift.compiler (in target 'FluidGradient' from project 'FluidGradient')
cd /Users/admin/builder/spi-builder-workspace/.swiftpm/xcode
builtin-SwiftDriver -- /Applications/Xcode-27.0.0-Release.Candidate.app/Contents/Developer/Toolchains/XcodeDefault.xctoolchain/usr/bin/swiftc -parse-as-library -module-name FluidGradient -Onone @/Users/admin/builder/spi-builder-workspace/.derivedData/Build/Intermediates.noindex/FluidGradient.build/Debug-watchos/FluidGradient-t.build/Objects-normal/arm64_32/FluidGradient.SwiftFileList -DSWIFT_PACKAGE -DDEBUG -DSWIFT_MODULE_RESOURCE_BUNDLE_UNAVAILABLE -DXcode -plugin-path /Applications/Xcode-27.0.0-Release.Candidate.app/Contents/Developer/Toolchains/XcodeDefault.xctoolchain/usr/lib/swift/host/plugins/testing -enable-experimental-feature DebugDescriptionMacro -sdk /Applications/Xcode-27.0.0-Release.Candidate.app/Contents/Developer/Platforms/WatchOS.platform/Developer/SDKs/WatchOS27.0.sdk -target arm64_32-apple-watchos9.0 -g -module-cache-path /Users/admin/builder/spi-builder-workspace/.derivedData/ModuleCache.noindex -Xfrontend -serialize-debugging-options -enable-testing -index-store-path /Users/admin/builder/spi-builder-workspace/.derivedData/Index.noindex/DataStore -Xcc -D_LIBCPP_HARDENING_MODE\=_LIBCPP_HARDENING_MODE_DEBUG -swift-version 5 -I /Users/admin/builder/spi-builder-workspace/.derivedData/Build/Products/Debug-watchos -Isystem /Applications/Xcode-27.0.0-Release.Candidate.app/Contents/Developer/Platforms/WatchOS.platform/Developer/usr/lib -F /Users/admin/builder/spi-builder-workspace/.derivedData/Build/Products/Debug-watchos -F /Applications/Xcode-27.0.0-Release.Candidate.app/Contents/Developer/Platforms/WatchOS.platform/Developer/Library/Frameworks -F /Applications/Xcode-27.0.0-Release.Candidate.app/Contents/Developer/Platforms/WatchOS.platform/Developer/SDKs/WatchOS27.0.sdk/Developer/Library/Frameworks -c -j10 -enable-batch-mode -incremental -Xcc -ivfsstatcache -Xcc /Users/admin/builder/spi-builder-workspace/.derivedData/SDKStatCaches.noindex/watchos27.0-24R360-e829b21a6f8c9b70876ba0858053c04477534ef55a1706bf4c1112bbb242f0a2.sdkstatcache -output-file-map /Users/admin/builder/spi-builder-workspace/.derivedData/Build/Intermediates.noindex/FluidGradient.build/Debug-watchos/FluidGradient-t.build/Objects-normal/arm64_32/FluidGradient-OutputFileMap.json -save-temps -no-color-diagnostics -explicit-module-build -module-cache-path /Users/admin/builder/spi-builder-workspace/.derivedData/Build/Intermediates.noindex/SwiftExplicitPrecompiledModules -clang-scanner-module-cache-path /Users/admin/builder/spi-builder-workspace/.derivedData/ModuleCache.noindex -sdk-module-cache-path /Users/admin/builder/spi-builder-workspace/.derivedData/SDKExplicitPrecompiledModules -emit-dependencies -emit-module -emit-module-path /Users/admin/builder/spi-builder-workspace/.derivedData/Build/Intermediates.noindex/FluidGradient.build/Debug-watchos/FluidGradient-t.build/Objects-normal/arm64_32/FluidGradient.swiftmodule -serialize-diagnostics -dependency-scan-serialize-diagnostics-path /Users/admin/builder/spi-builder-workspace/.derivedData/Build/Intermediates.noindex/FluidGradient.build/Debug-watchos/FluidGradient-t.build/Objects-normal/arm64_32/FluidGradient-dependency-scan.dia -validate-clang-modules-once -clang-build-session-file /Users/admin/builder/spi-builder-workspace/.derivedData/ModuleCache.noindex/Session.modulevalidation -Xcc -fmodules-prune-interval\=86400 -Xcc -fmodules-prune-after\=345600 -emit-const-values -const-gather-protocols-list /Users/admin/builder/spi-builder-workspace/.derivedData/Build/Intermediates.noindex/FluidGradient.build/Debug-watchos/FluidGradient-t.build/Objects-normal/arm64_32/FluidGradient_const_extract_protocols.json -Xcc -I/Users/admin/builder/spi-builder-workspace/.derivedData/Build/Products/Debug-watchos/include -Xcc -I/Users/admin/builder/spi-builder-workspace/.derivedData/Build/Intermediates.noindex/FluidGradient.build/Debug-watchos/FluidGradient-t.build/DerivedSources-normal/arm64_32 -Xcc -I/Users/admin/builder/spi-builder-workspace/.derivedData/Build/Intermediates.noindex/FluidGradient.build/Debug-watchos/FluidGradient-t.build/DerivedSources/arm64_32 -Xcc -I/Users/admin/builder/spi-builder-workspace/.derivedData/Build/Intermediates.noindex/FluidGradient.build/Debug-watchos/FluidGradient-t.build/DerivedSources -Xcc -DSWIFT_PACKAGE -Xcc -DDEBUG\=1 -emit-objc-header -emit-objc-header-path /Users/admin/builder/spi-builder-workspace/.derivedData/Build/Intermediates.noindex/FluidGradient.build/Debug-watchos/FluidGradient-t.build/Objects-normal/arm64_32/FluidGradient-Swift.h -working-directory /Users/admin/builder/spi-builder-workspace/.swiftpm/xcode -experimental-emit-module-separately -disable-cmo
SwiftExplicitDependencyGeneratePcm arm64_32 /Users/admin/builder/spi-builder-workspace/.derivedData/SDKExplicitPrecompiledModules/_Builtin_stddef-H44EFHQX6XSS5MZ7QP6YJZ76.pcm
SwiftExplicitDependencyGeneratePcm arm64_32 /Users/admin/builder/spi-builder-workspace/.derivedData/SDKExplicitPrecompiledModules/_AvailabilityInternal-244WAN3Z1QBT7PIA64EZEFY1R.pcm
SwiftExplicitDependencyGeneratePcm arm64_32 /Users/admin/builder/spi-builder-workspace/.derivedData/SDKExplicitPrecompiledModules/_Builtin_stdarg-D305JG44A2WPI6CJY37X3QJE8.pcm
SwiftExplicitDependencyGeneratePcm arm64_32 /Users/admin/builder/spi-builder-workspace/.derivedData/SDKExplicitPrecompiledModules/_SwiftConcurrencyShims-6RTBPQ03V7BM9SPRK8SUE055H.pcm
SwiftExplicitDependencyGeneratePcm arm64_32 /Users/admin/builder/spi-builder-workspace/.derivedData/SDKExplicitPrecompiledModules/DeveloperToolsSupport-DZU5G1OCMNWU0AQRULIFHUJ1Z.pcm
SwiftExplicitDependencyGeneratePcm arm64_32 /Users/admin/builder/spi-builder-workspace/.derivedData/SDKExplicitPrecompiledModules/ptrcheck-7ELIH9BTIGVKX3UBITM9N72WD.pcm
SwiftExplicitDependencyGeneratePcm arm64_32 /Users/admin/builder/spi-builder-workspace/.derivedData/SDKExplicitPrecompiledModules/_Builtin_stdbool-A967K8W8YUYEC9SN52KJ7OO88.pcm
SwiftExplicitDependencyGeneratePcm arm64_32 /Users/admin/builder/spi-builder-workspace/.derivedData/SDKExplicitPrecompiledModules/_Builtin_float-6KO8O3PEWRCA4WC6PPLOYO6WJ.pcm
SwiftExplicitDependencyGeneratePcm arm64_32 /Users/admin/builder/spi-builder-workspace/.derivedData/SDKExplicitPrecompiledModules/ptrauth-BFXF358ME5AK535N5A9Z766WU.pcm
SwiftExplicitDependencyGeneratePcm arm64_32 /Users/admin/builder/spi-builder-workspace/.derivedData/SDKExplicitPrecompiledModules/SwiftShims-9CQQGWTSNTN9EB5NSHDWUJICH.pcm
SwiftExplicitDependencyGeneratePcm arm64 /Users/admin/builder/spi-builder-workspace/.derivedData/SDKExplicitPrecompiledModules/SwiftShims-4MXFZPV6FEB0XBYXCGPWAMQGL.pcm
SwiftExplicitDependencyGeneratePcm arm64 /Users/admin/builder/spi-builder-workspace/.derivedData/SDKExplicitPrecompiledModules/ptrcheck-AIF0NDOYZ8ORBNHQAQR5NNB8M.pcm
SwiftExplicitDependencyGeneratePcm arm64 /Users/admin/builder/spi-builder-workspace/.derivedData/SDKExplicitPrecompiledModules/_Builtin_stdarg-A7UU8LE6MP85SM26YO7PBZNUQ.pcm
SwiftExplicitDependencyGeneratePcm arm64 /Users/admin/builder/spi-builder-workspace/.derivedData/SDKExplicitPrecompiledModules/_Builtin_stddef-1FU30Y8SWFB7OUUHMJQH5J6FM.pcm
SwiftExplicitDependencyGeneratePcm arm64 /Users/admin/builder/spi-builder-workspace/.derivedData/SDKExplicitPrecompiledModules/_AvailabilityInternal-BUNV3UXM65NT37THI4W1AM0SF.pcm
SwiftExplicitDependencyGeneratePcm arm64 /Users/admin/builder/spi-builder-workspace/.derivedData/SDKExplicitPrecompiledModules/_SwiftConcurrencyShims-659N52XSKR5F0QSB880BH2FJR.pcm
SwiftExplicitDependencyGeneratePcm arm64 /Users/admin/builder/spi-builder-workspace/.derivedData/SDKExplicitPrecompiledModules/DeveloperToolsSupport-E7CNISCB36UE8XQ9IOHK9XDX1.pcm
SwiftExplicitDependencyGeneratePcm arm64 /Users/admin/builder/spi-builder-workspace/.derivedData/SDKExplicitPrecompiledModules/_Builtin_float-C0CW5Q4HGBQYKE77TC42IAFB5.pcm
SwiftExplicitDependencyGeneratePcm arm64 /Users/admin/builder/spi-builder-workspace/.derivedData/SDKExplicitPrecompiledModules/ptrauth-3TZ9WJCGLYD25HQPWH4968ONX.pcm
SwiftExplicitDependencyGeneratePcm arm64 /Users/admin/builder/spi-builder-workspace/.derivedData/SDKExplicitPrecompiledModules/_Builtin_stdbool-83J96QSOFE9VX04AAS6310UAE.pcm
SwiftExplicitDependencyGeneratePcm arm64_32 /Users/admin/builder/spi-builder-workspace/.derivedData/SDKExplicitPrecompiledModules/_DarwinFoundation1-2GWF9RFMPLQW4PDHS3NARVI3G.pcm
SwiftExplicitDependencyGeneratePcm arm64 /Users/admin/builder/spi-builder-workspace/.derivedData/SDKExplicitPrecompiledModules/_DarwinFoundation1-7SPX3MD0HMP55E4OLNCPNDQ53.pcm
SwiftExplicitDependencyGeneratePcm arm64_32 /Users/admin/builder/spi-builder-workspace/.derivedData/SDKExplicitPrecompiledModules/_Builtin_limits-3VKBU2AFTD65PAJZ5CJ3LHFM2.pcm
SwiftExplicitDependencyGeneratePcm arm64_32 /Users/admin/builder/spi-builder-workspace/.derivedData/SDKExplicitPrecompiledModules/_DarwinFoundation2-9MY8GOSYRO0M9MKNXF6D3MBNK.pcm
SwiftExplicitDependencyGeneratePcm arm64 /Users/admin/builder/spi-builder-workspace/.derivedData/SDKExplicitPrecompiledModules/_Builtin_limits-9GWPA2B0H20DYUNYHYCWKABJG.pcm
SwiftExplicitDependencyGeneratePcm arm64 /Users/admin/builder/spi-builder-workspace/.derivedData/SDKExplicitPrecompiledModules/_DarwinFoundation2-D0XAPJU49S5E9XMKYOFGSTB1Q.pcm
SwiftExplicitDependencyGeneratePcm arm64_32 /Users/admin/builder/spi-builder-workspace/.derivedData/SDKExplicitPrecompiledModules/_Builtin_stdint-1HMXWI3V0V4TXHRWZOMZGZ80Y.pcm
SwiftExplicitDependencyGeneratePcm arm64_32 /Users/admin/builder/spi-builder-workspace/.derivedData/SDKExplicitPrecompiledModules/sys_types-8TLLMW08ZJWDGIIPKOYFGHHZW.pcm
SwiftExplicitDependencyGeneratePcm arm64_32 /Users/admin/builder/spi-builder-workspace/.derivedData/SDKExplicitPrecompiledModules/string_h-BFVLUQUSBZWYMLCU9QI7VZALW.pcm
SwiftExplicitDependencyGeneratePcm arm64_32 /Users/admin/builder/spi-builder-workspace/.derivedData/SDKExplicitPrecompiledModules/_Builtin_tgmath-23PGCKURCQILXMK0MYZRYDCOU.pcm
SwiftExplicitDependencyGeneratePcm arm64 /Users/admin/builder/spi-builder-workspace/.derivedData/SDKExplicitPrecompiledModules/_Builtin_tgmath-8NQ96OZ0YHXEC24JI95P01UF8.pcm
SwiftExplicitDependencyGeneratePcm arm64 /Users/admin/builder/spi-builder-workspace/.derivedData/SDKExplicitPrecompiledModules/sys_types-2KXQLI78OUCDP779AE68GZJ2.pcm
SwiftExplicitDependencyGeneratePcm arm64 /Users/admin/builder/spi-builder-workspace/.derivedData/SDKExplicitPrecompiledModules/string_h-E6PRXK75PHIPCZFWOFCQ3QBMK.pcm
SwiftExplicitDependencyGeneratePcm arm64 /Users/admin/builder/spi-builder-workspace/.derivedData/SDKExplicitPrecompiledModules/_Builtin_stdint-8XMILLJZEGRN2XG7XZUXZ5RLX.pcm
SwiftExplicitDependencyGeneratePcm arm64_32 /Users/admin/builder/spi-builder-workspace/.derivedData/SDKExplicitPrecompiledModules/_Builtin_stdatomic-1TY035TURL76BF2U98PZPPZRX.pcm
SwiftExplicitDependencyGeneratePcm arm64_32 /Users/admin/builder/spi-builder-workspace/.derivedData/SDKExplicitPrecompiledModules/_Builtin_intrinsics-196IIAKDQVU42DLOZP9OQCV76.pcm
SwiftExplicitDependencyGeneratePcm arm64_32 /Users/admin/builder/spi-builder-workspace/.derivedData/SDKExplicitPrecompiledModules/_DarwinFoundation3-3DUTYQDQSD9HUAAVY947NMWOI.pcm
SwiftExplicitDependencyGeneratePcm arm64 /Users/admin/builder/spi-builder-workspace/.derivedData/SDKExplicitPrecompiledModules/_DarwinFoundation3-B97LRG0E9GON2NUE65TVG81HU.pcm
SwiftExplicitDependencyGeneratePcm arm64 /Users/admin/builder/spi-builder-workspace/.derivedData/SDKExplicitPrecompiledModules/_Builtin_stdatomic-7JEFA3KBJJJN6TKJWY3OG1VG5.pcm
SwiftExplicitDependencyGeneratePcm arm64 /Users/admin/builder/spi-builder-workspace/.derivedData/SDKExplicitPrecompiledModules/_Builtin_intrinsics-75960HIPCIYA06IUW8FIIPQT.pcm
SwiftExplicitDependencyGeneratePcm arm64_32 /Users/admin/builder/spi-builder-workspace/.derivedData/SDKExplicitPrecompiledModules/_Builtin_inttypes-D2KPCR4PEX9AQA33NGLUT5SBR.pcm
SwiftExplicitDependencyGeneratePcm arm64 /Users/admin/builder/spi-builder-workspace/.derivedData/SDKExplicitPrecompiledModules/_Builtin_inttypes-3UQSCM7WNM9EK4HZML8TY5J3D.pcm
SwiftExplicitDependencyGeneratePcm arm64_32 /Users/admin/builder/spi-builder-workspace/.derivedData/SDKExplicitPrecompiledModules/Darwin-3FVT1SKLN2ZQ5RVOABMTQBB34.pcm
SwiftExplicitDependencyGeneratePcm arm64 /Users/admin/builder/spi-builder-workspace/.derivedData/SDKExplicitPrecompiledModules/Darwin-3984OXKFNSPE77NT743WK8SEX.pcm
SwiftExplicitDependencyGeneratePcm arm64_32 /Users/admin/builder/spi-builder-workspace/.derivedData/SDKExplicitPrecompiledModules/simd-21UNWYOBUZI1LVSQ99S1XBLMO.pcm
SwiftExplicitDependencyGeneratePcm arm64 /Users/admin/builder/spi-builder-workspace/.derivedData/SDKExplicitPrecompiledModules/simd-EH08NODU6574T74ZKU61VP9BW.pcm
SwiftExplicitDependencyGeneratePcm arm64_32 /Users/admin/builder/spi-builder-workspace/.derivedData/SDKExplicitPrecompiledModules/ObjectiveC-6IJNELR2E80E7LUKESVCP2KET.pcm
SwiftExplicitDependencyGeneratePcm arm64_32 /Users/admin/builder/spi-builder-workspace/.derivedData/SDKExplicitPrecompiledModules/MachO-56838ZJ0NC1EBAJ0O6O8QMPDX.pcm
SwiftExplicitDependencyGeneratePcm arm64 /Users/admin/builder/spi-builder-workspace/.derivedData/SDKExplicitPrecompiledModules/ObjectiveC-72IVD3VS2RS8Q28D9PIMY0KQP.pcm
SwiftExplicitDependencyGeneratePcm arm64 /Users/admin/builder/spi-builder-workspace/.derivedData/SDKExplicitPrecompiledModules/MachO-2U90NNSAQILBNBPS1SA4F8TYP.pcm
SwiftExplicitDependencyGeneratePcm arm64_32 /Users/admin/builder/spi-builder-workspace/.derivedData/SDKExplicitPrecompiledModules/os_object-5YWTC6L4756IWSTPGXS5NM0D0.pcm
SwiftExplicitDependencyGeneratePcm arm64 /Users/admin/builder/spi-builder-workspace/.derivedData/SDKExplicitPrecompiledModules/os_object-3SDKD7F87FTZ26OON37DRYT6O.pcm
SwiftExplicitDependencyGeneratePcm arm64_32 /Users/admin/builder/spi-builder-workspace/.derivedData/SDKExplicitPrecompiledModules/os_workgroup-5JHTPDMNBUNHLJI8LPHKQK1JK.pcm
SwiftExplicitDependencyGeneratePcm arm64 /Users/admin/builder/spi-builder-workspace/.derivedData/SDKExplicitPrecompiledModules/os_workgroup-89GG5G7YC2D0ZTK6AZXXQ20DH.pcm
SwiftExplicitDependencyGeneratePcm arm64_32 /Users/admin/builder/spi-builder-workspace/.derivedData/SDKExplicitPrecompiledModules/Spatial-CWVWNML3T0NXVHZDKVLD3X1YZ.pcm
SwiftExplicitDependencyGeneratePcm arm64_32 /Users/admin/builder/spi-builder-workspace/.derivedData/SDKExplicitPrecompiledModules/Dispatch-2P62F1T4XV63S4P99TUDTOK2Q.pcm
SwiftExplicitDependencyGeneratePcm arm64 /Users/admin/builder/spi-builder-workspace/.derivedData/SDKExplicitPrecompiledModules/Dispatch-1NLJOVAK60XP0DUB05XA59EIM.pcm
SwiftExplicitDependencyGeneratePcm arm64 /Users/admin/builder/spi-builder-workspace/.derivedData/SDKExplicitPrecompiledModules/Spatial-44FJGYXFAT2AQAW9Z6T7YS02U.pcm
SwiftExplicitDependencyGeneratePcm arm64_32 /Users/admin/builder/spi-builder-workspace/.derivedData/SDKExplicitPrecompiledModules/CoreFoundation-8E6Y4BA3EXYKUGJ24GT9LGV3N.pcm
SwiftExplicitDependencyGeneratePcm arm64_32 /Users/admin/builder/spi-builder-workspace/.derivedData/SDKExplicitPrecompiledModules/XPC-81Y45QFY96XYYFCW2GT6FY8S4.pcm
SwiftExplicitDependencyGeneratePcm arm64 /Users/admin/builder/spi-builder-workspace/.derivedData/SDKExplicitPrecompiledModules/CoreFoundation-8T2L24YC5NU7WO6WQJWRY7W08.pcm
SwiftExplicitDependencyGeneratePcm arm64 /Users/admin/builder/spi-builder-workspace/.derivedData/SDKExplicitPrecompiledModules/XPC-40DR0X1DHKGCV4J1IOLFS8MOU.pcm
SwiftExplicitDependencyGeneratePcm arm64_32 /Users/admin/builder/spi-builder-workspace/.derivedData/SDKExplicitPrecompiledModules/os-E5IGB442IA6SBB25TTCOLK2OC.pcm
SwiftExplicitDependencyGeneratePcm arm64 /Users/admin/builder/spi-builder-workspace/.derivedData/SDKExplicitPrecompiledModules/os-5DIL6Z9LFIGLMZAHM7X2T5435.pcm
SwiftExplicitDependencyGeneratePcm arm64_32 /Users/admin/builder/spi-builder-workspace/.derivedData/SDKExplicitPrecompiledModules/CoreAudioTypes-9GVB1DHA32M46R4A9NWSI3I2K.pcm
SwiftExplicitDependencyGeneratePcm arm64_32 /Users/admin/builder/spi-builder-workspace/.derivedData/SDKExplicitPrecompiledModules/CoreGraphics-9FDXYX6BKBUT6TJ2VF819E7T5.pcm
SwiftExplicitDependencyGeneratePcm arm64_32 /Users/admin/builder/spi-builder-workspace/.derivedData/SDKExplicitPrecompiledModules/Security-D7TOWF88VWF67TB9HAFP5UWB1.pcm
SwiftExplicitDependencyGeneratePcm arm64 /Users/admin/builder/spi-builder-workspace/.derivedData/SDKExplicitPrecompiledModules/CoreGraphics-DWNZ73GEH98SBJXZ7DEXB420K.pcm
SwiftExplicitDependencyGeneratePcm arm64 /Users/admin/builder/spi-builder-workspace/.derivedData/SDKExplicitPrecompiledModules/Security-6RZ6YBRU8WCUHRFFRVUK5WKMM.pcm
SwiftExplicitDependencyGeneratePcm arm64 /Users/admin/builder/spi-builder-workspace/.derivedData/SDKExplicitPrecompiledModules/CoreAudioTypes-A9MF7N5LT63G21HNFVM6BT14B.pcm
SwiftExplicitDependencyGeneratePcm arm64_32 /Users/admin/builder/spi-builder-workspace/.derivedData/SDKExplicitPrecompiledModules/CoreAudio-5W6MX6OUPWBMUR8VD5LHT1PZF.pcm
SwiftExplicitDependencyGeneratePcm arm64 /Users/admin/builder/spi-builder-workspace/.derivedData/SDKExplicitPrecompiledModules/CoreAudio-1B79RJJTP71GE6UY9WLESAN3C.pcm
SwiftExplicitDependencyGeneratePcm arm64_32 /Users/admin/builder/spi-builder-workspace/.derivedData/SDKExplicitPrecompiledModules/Foundation-BJ2VQGI3OGR34500MEQ1VKHPH.pcm
SwiftExplicitDependencyGeneratePcm arm64 /Users/admin/builder/spi-builder-workspace/.derivedData/SDKExplicitPrecompiledModules/Foundation-DLBKUSGXN8QHAT8W0OARR9S8A.pcm
SwiftExplicitDependencyGeneratePcm arm64_32 /Users/admin/builder/spi-builder-workspace/.derivedData/SDKExplicitPrecompiledModules/CoreText-C9X2REPZN2V5BSU4G80FCETDR.pcm
SwiftExplicitDependencyGeneratePcm arm64_32 /Users/admin/builder/spi-builder-workspace/.derivedData/SDKExplicitPrecompiledModules/CoreVideo-2P8HI0403J99LBDPKNFJ5D4DL.pcm
SwiftExplicitDependencyGeneratePcm arm64 /Users/admin/builder/spi-builder-workspace/.derivedData/SDKExplicitPrecompiledModules/CoreVideo-8MRR5MNWUOAW2DBPGUQ8FKK4.pcm
SwiftExplicitDependencyGeneratePcm arm64 /Users/admin/builder/spi-builder-workspace/.derivedData/SDKExplicitPrecompiledModules/CoreText-970YJN6NIYGK1316L35Z0O8QT.pcm
SwiftExplicitDependencyGeneratePcm arm64_32 /Users/admin/builder/spi-builder-workspace/.derivedData/SDKExplicitPrecompiledModules/CoreMedia-AO387T8CHWTTZODD1DGT0UAFA.pcm
SwiftExplicitDependencyGeneratePcm arm64 /Users/admin/builder/spi-builder-workspace/.derivedData/SDKExplicitPrecompiledModules/CoreMedia-1AJVCUZNAO74KIKMFVFUUHWDI.pcm
SwiftExplicitDependencyGeneratePcm arm64_32 /Users/admin/builder/spi-builder-workspace/.derivedData/SDKExplicitPrecompiledModules/UserNotifications-6TBN8TEAKO014N1T2QD926XED.pcm
SwiftExplicitDependencyGeneratePcm arm64_32 /Users/admin/builder/spi-builder-workspace/.derivedData/SDKExplicitPrecompiledModules/UniformTypeIdentifiers-CJZ3NTHPSBH4XWX5EVOG56UZS.pcm
SwiftExplicitDependencyGeneratePcm arm64_32 /Users/admin/builder/spi-builder-workspace/.derivedData/SDKExplicitPrecompiledModules/CoreData-7AU1AFQWUH88EAPDKVMLJPKVD.pcm
SwiftExplicitDependencyGeneratePcm arm64_32 /Users/admin/builder/spi-builder-workspace/.derivedData/SDKExplicitPrecompiledModules/_LocationEssentials-AQ1OL9QKC3LQLY5CNSRM1HB53.pcm
SwiftExplicitDependencyGeneratePcm arm64_32 /Users/admin/builder/spi-builder-workspace/.derivedData/SDKExplicitPrecompiledModules/OSLog-D9AVFY0KWO7RVBIQ73CBIJVCN.pcm
SwiftExplicitDependencyGeneratePcm arm64_32 /Users/admin/builder/spi-builder-workspace/.derivedData/SDKExplicitPrecompiledModules/DataDetection-U9BF7WHFVA6BZGFXXXP272PS.pcm
SwiftExplicitDependencyGeneratePcm arm64_32 /Users/admin/builder/spi-builder-workspace/.derivedData/SDKExplicitPrecompiledModules/Symbols-1H97WMG76HU94F5VGJR19PXFY.pcm
SwiftExplicitDependencyGeneratePcm arm64_32 /Users/admin/builder/spi-builder-workspace/.derivedData/SDKExplicitPrecompiledModules/CoreTransferable-5D4IR6X37682FPHJ5CBPTKQV6.pcm
SwiftExplicitDependencyGeneratePcm arm64_32 /Users/admin/builder/spi-builder-workspace/.derivedData/SDKExplicitPrecompiledModules/UIUtilities-9YFVNIMRC5HRVOIARNWHP1E3H.pcm
SwiftExplicitDependencyGeneratePcm arm64_32 /Users/admin/builder/spi-builder-workspace/.derivedData/SDKExplicitPrecompiledModules/SceneKit-DKNLHKM5FJBQ79LSNMSSMBUBR.pcm
SwiftExplicitDependencyGeneratePcm arm64 /Users/admin/builder/spi-builder-workspace/.derivedData/SDKExplicitPrecompiledModules/OSLog-B7VGO357Y3GJG35TST7DKDSI3.pcm
SwiftExplicitDependencyGeneratePcm arm64 /Users/admin/builder/spi-builder-workspace/.derivedData/SDKExplicitPrecompiledModules/CoreTransferable-9PPG3SLJ55T4LITIFYX2M0NOZ.pcm
SwiftExplicitDependencyGeneratePcm arm64 /Users/admin/builder/spi-builder-workspace/.derivedData/SDKExplicitPrecompiledModules/SceneKit-5HZKIL7XETTTD8TOHYPN8JKRJ.pcm
SwiftExplicitDependencyGeneratePcm arm64 /Users/admin/builder/spi-builder-workspace/.derivedData/SDKExplicitPrecompiledModules/QuartzCore-94KFMWNOU7ZLUZNB4T5DLZC9D.pcm
SwiftExplicitDependencyGeneratePcm arm64 /Users/admin/builder/spi-builder-workspace/.derivedData/SDKExplicitPrecompiledModules/UniformTypeIdentifiers-8L08Q8DQJV8C4AW84YVGFGTRN.pcm
SwiftExplicitDependencyGeneratePcm arm64 /Users/admin/builder/spi-builder-workspace/.derivedData/SDKExplicitPrecompiledModules/Symbols-3EFABTJ9L5PQDJ7RQCYQWEJMM.pcm
SwiftExplicitDependencyGeneratePcm arm64_32 /Users/admin/builder/spi-builder-workspace/.derivedData/SDKExplicitPrecompiledModules/CoreLocation-8XU5YMYM4P11RQMYCQAG65ITK.pcm
SwiftExplicitDependencyGeneratePcm arm64 /Users/admin/builder/spi-builder-workspace/.derivedData/SDKExplicitPrecompiledModules/DataDetection-7BNVI1SZW5ISQL5SX4WL2X7I5.pcm
SwiftExplicitDependencyGeneratePcm arm64 /Users/admin/builder/spi-builder-workspace/.derivedData/SDKExplicitPrecompiledModules/Accessibility-27QMG6ZQ1NKYTNBYFPM1XKNFC.pcm
SwiftExplicitDependencyGeneratePcm arm64 /Users/admin/builder/spi-builder-workspace/.derivedData/SDKExplicitPrecompiledModules/_LocationEssentials-5ZZDGDXB6HLQUC72SJW7YJ7MK.pcm
SwiftExplicitDependencyGeneratePcm arm64 /Users/admin/builder/spi-builder-workspace/.derivedData/SDKExplicitPrecompiledModules/CoreData-9JFJC4UET8BAO5IPV2JU6W9V8.pcm
SwiftExplicitDependencyGeneratePcm arm64 /Users/admin/builder/spi-builder-workspace/.derivedData/SDKExplicitPrecompiledModules/UIUtilities-IR7RNW23VAUKYI9MLCS9NL9A.pcm
SwiftExplicitDependencyGeneratePcm arm64 /Users/admin/builder/spi-builder-workspace/.derivedData/SDKExplicitPrecompiledModules/UserNotifications-ARAH8MEQ0C2L0FBO39HITJMAO.pcm
SwiftExplicitDependencyGeneratePcm arm64_32 /Users/admin/builder/spi-builder-workspace/.derivedData/SDKExplicitPrecompiledModules/Accessibility-F385OMZ5GYBUY5O4QAJB4NRII.pcm
SwiftExplicitDependencyGeneratePcm arm64_32 /Users/admin/builder/spi-builder-workspace/.derivedData/SDKExplicitPrecompiledModules/QuartzCore-6375NPYACK5NYVHPMC1QQ8MC2.pcm
SwiftExplicitDependencyGeneratePcm arm64_32 /Users/admin/builder/spi-builder-workspace/.derivedData/SDKExplicitPrecompiledModules/CoreMotion-1XGTVTE5PP32UHME8AC63TL6.pcm
SwiftExplicitDependencyGeneratePcm arm64 /Users/admin/builder/spi-builder-workspace/.derivedData/SDKExplicitPrecompiledModules/SwiftUICore-C1DST1IX2Z0PTH5SJJZ1IULRB.pcm
SwiftExplicitDependencyGeneratePcm arm64 /Users/admin/builder/spi-builder-workspace/.derivedData/SDKExplicitPrecompiledModules/CoreLocation-ACKJ9K7ABI14F97Y46Y6SRR17.pcm
SwiftExplicitDependencyGeneratePcm arm64_32 /Users/admin/builder/spi-builder-workspace/.derivedData/SDKExplicitPrecompiledModules/UIKit-6PPV7YPZ89CZPHYAP072QH8B6.pcm
SwiftExplicitDependencyGeneratePcm arm64_32 /Users/admin/builder/spi-builder-workspace/.derivedData/SDKExplicitPrecompiledModules/SwiftUICore-3Q7WLRD8MR9R3NGIPUBQCP6F6.pcm
SwiftExplicitDependencyGeneratePcm arm64 /Users/admin/builder/spi-builder-workspace/.derivedData/SDKExplicitPrecompiledModules/CoreMotion-6RD5K48QT1F4L9CATNFD2O7YB.pcm
SwiftExplicitDependencyGeneratePcm arm64 /Users/admin/builder/spi-builder-workspace/.derivedData/SDKExplicitPrecompiledModules/UIKit-27R3P1YMV4C6JLDT661G3MRIA.pcm
SwiftExplicitDependencyGeneratePcm arm64_32 /Users/admin/builder/spi-builder-workspace/.derivedData/SDKExplicitPrecompiledModules/MapKit-CWGB4YMP1VX1NYQN5FULFD5DR.pcm
SwiftExplicitDependencyGeneratePcm arm64_32 /Users/admin/builder/spi-builder-workspace/.derivedData/SDKExplicitPrecompiledModules/HomeKit-DUDZOMSN3UK8GNTNBNMPIWJRN.pcm
SwiftExplicitDependencyGeneratePcm arm64 /Users/admin/builder/spi-builder-workspace/.derivedData/SDKExplicitPrecompiledModules/MapKit-EJJWC7IL56MPLQMI93GJRE5OG.pcm
SwiftExplicitDependencyGeneratePcm arm64 /Users/admin/builder/spi-builder-workspace/.derivedData/SDKExplicitPrecompiledModules/HomeKit-DTS1N4AWILAL1URZ5IOXV5221.pcm
SwiftExplicitDependencyGeneratePcm arm64_32 /Users/admin/builder/spi-builder-workspace/.derivedData/SDKExplicitPrecompiledModules/WatchKit-FHF6WTKLC2APGK3LA2XJ6516.pcm
SwiftExplicitDependencyGeneratePcm arm64 /Users/admin/builder/spi-builder-workspace/.derivedData/SDKExplicitPrecompiledModules/WatchKit-3VT3K8YON6FJ6OWSUFJMFMP8J.pcm
SwiftExplicitDependencyGeneratePcm arm64_32 /Users/admin/builder/spi-builder-workspace/.derivedData/SDKExplicitPrecompiledModules/SwiftUI-9AYG9OCT5VOJK7V4MX1WYR86T.pcm
SwiftEmitModule normal arm64_32 Emitting\ module\ for\ FluidGradient (in target 'FluidGradient' from project 'FluidGradient')
/Users/admin/builder/spi-builder-workspace/Sources/FluidGradient/BlobLayer.swift:11:25: error: 'CAGradientLayer' is unavailable in watchOS
9 |
10 | /// A CALayer that draws a single blob on the screen
11 | public class BlobLayer: CAGradientLayer {
| `- error: 'CAGradientLayer' is unavailable in watchOS
12 | init(color: Color) {
13 | super.init()
/Applications/Xcode-27.0.0-Release.Candidate.app/Contents/Developer/Platforms/WatchOS.platform/Developer/SDKs/WatchOS27.0.sdk/System/Library/Frameworks/QuartzCore.framework/Headers/CAGradientLayer.h:20:12: note: 'CAGradientLayer' has been explicitly marked unavailable here
18 |
19 | API_AVAILABLE(macos(10.6), ios(3.0), tvos(9.0)) API_UNAVAILABLE(watchos)
20 | @interface CAGradientLayer : CALayer
| `- note: 'CAGradientLayer' has been explicitly marked unavailable here
21 |
22 | /* The array of CGColorRef objects defining the color of each gradient
/Users/admin/builder/spi-builder-workspace/Sources/FluidGradient/FluidGradient.swift:42:33: error: cannot find type 'UIViewRepresentable' in scope
40 | typealias SystemRepresentable = NSViewRepresentable
41 | #else
42 | typealias SystemRepresentable = UIViewRepresentable
| `- error: cannot find type 'UIViewRepresentable' in scope
43 | #endif
44 |
/Users/admin/builder/spi-builder-workspace/Sources/FluidGradient/FluidGradient.swift:54:32: error: cannot find type 'Context' in scope
52 | @Binding var blurValue: CGFloat
53 |
54 | func makeView(context: Context) -> FluidGradientView {
| `- error: cannot find type 'Context' in scope
55 | context.coordinator.view
56 | }
/Users/admin/builder/spi-builder-workspace/Sources/FluidGradient/FluidGradient.swift:58:61: error: cannot find type 'Context' in scope
56 | }
57 |
58 | func updateView(_ view: FluidGradientView, context: Context) {
| `- error: cannot find type 'Context' in scope
59 | context.coordinator.create(blobs: blobs, highlights: highlights)
60 | DispatchQueue.main.async {
/Users/admin/builder/spi-builder-workspace/Sources/FluidGradient/FluidGradient.swift:73:34: error: cannot find type 'Context' in scope
71 | }
72 | #else
73 | func makeUIView(context: Context) -> FluidGradientView {
| `- error: cannot find type 'Context' in scope
74 | makeView(context: context)
75 | }
/Users/admin/builder/spi-builder-workspace/Sources/FluidGradient/FluidGradient.swift:76:63: error: cannot find type 'Context' in scope
74 | makeView(context: context)
75 | }
76 | func updateUIView(_ view: FluidGradientView, context: Context) {
| `- error: cannot find type 'Context' in scope
77 | updateView(view, context: context)
78 | }
/Users/admin/builder/spi-builder-workspace/Sources/FluidGradient/FluidGradientView.swift:18:31: error: 'UIView' is unavailable in watchOS
16 | import UIKit
17 | public typealias SystemColor = UIColor
18 | public typealias SystemView = UIView
| `- error: 'UIView' is unavailable in watchOS
19 | #endif
20 |
/Applications/Xcode-27.0.0-Release.Candidate.app/Contents/Developer/Platforms/WatchOS.platform/Developer/SDKs/WatchOS27.0.sdk/System/Library/Frameworks/UIKit.framework/Headers/UIView.h:152:12: note: 'UIView' has been explicitly marked unavailable here
150 |
151 | UIKIT_EXTERN API_AVAILABLE(ios(2.0)) API_UNAVAILABLE(watchos) NS_SWIFT_UI_ACTOR
152 | @interface UIView : UIResponder <NSCoding, UIAppearance, UIAppearanceContainer, UIDynamicItem, UITraitEnvironment, UICoordinateSpace, UIFocusItem, UIFocusItemContainer, CALayerDelegate>
| `- note: 'UIView' has been explicitly marked unavailable here
153 |
154 | @property(class, nonatomic, readonly) Class layerClass; // default is [CALayer class]. Used when creating the underlying layer for the view.
/Users/admin/builder/spi-builder-workspace/Sources/FluidGradient/FluidGradientView.swift:71:50: error: 'CALayer' is unavailable in watchOS
69 |
70 | /// Create blobs and add to specified layer
71 | public func create(_ colors: [Color], layer: CALayer) {
| `- error: 'CALayer' is unavailable in watchOS
72 | // Remove blobs at the end if colors are removed
73 | let count = layer.sublayers?.count ?? 0
/Applications/Xcode-27.0.0-Release.Candidate.app/Contents/Developer/Platforms/WatchOS.platform/Developer/SDKs/WatchOS27.0.sdk/System/Library/Frameworks/QuartzCore.framework/Headers/CALayer.h:117:12: note: 'CALayer' has been explicitly marked unavailable here
115 |
116 | API_AVAILABLE(macos(10.5), ios(2.0), tvos(9.0)) API_UNAVAILABLE(watchos)
117 | @interface CALayer : NSObject <NSSecureCoding, CAMediaTiming>
| `- note: 'CALayer' has been explicitly marked unavailable here
118 |
119 | /** Layer creation and initialization. **/
/Users/admin/builder/spi-builder-workspace/Sources/FluidGradient/ResizableLayer.swift:11:30: error: 'CALayer' is unavailable in watchOS
9 |
10 | /// An implementation of ``CALayer`` that resizes its sublayers
11 | public class ResizableLayer: CALayer {
| `- error: 'CALayer' is unavailable in watchOS
12 | override init() {
13 | super.init()
/Applications/Xcode-27.0.0-Release.Candidate.app/Contents/Developer/Platforms/WatchOS.platform/Developer/SDKs/WatchOS27.0.sdk/System/Library/Frameworks/QuartzCore.framework/Headers/CALayer.h:117:12: note: 'CALayer' has been explicitly marked unavailable here
115 |
116 | API_AVAILABLE(macos(10.5), ios(2.0), tvos(9.0)) API_UNAVAILABLE(watchos)
117 | @interface CALayer : NSObject <NSSecureCoding, CAMediaTiming>
| `- note: 'CALayer' has been explicitly marked unavailable here
118 |
119 | /** Layer creation and initialization. **/
Failed frontend command:
SwiftCompile normal arm64_32 (in target 'FluidGradient' from project 'FluidGradient')
cd /Users/admin/builder/spi-builder-workspace/.swiftpm/xcode
/Applications/Xcode-27.0.0-Release.Candidate.app/Contents/Developer/Toolchains/XcodeDefault.xctoolchain/usr/bin/swift-frontend -frontend -emit-module -experimental-skip-non-inlinable-function-bodies-without-types /Users/admin/builder/spi-builder-workspace/Sources/FluidGradient/BlobLayer.swift /Users/admin/builder/spi-builder-workspace/Sources/FluidGradient/CGPoint+Extensions.swift /Users/admin/builder/spi-builder-workspace/Sources/FluidGradient/FluidGradient.swift /Users/admin/builder/spi-builder-workspace/Sources/FluidGradient/FluidGradientView.swift /Users/admin/builder/spi-builder-workspace/Sources/FluidGradient/ResizableLayer.swift -target arm64_32-apple-watchos9.0 -disable-cross-import-overlay-search -load-resolved-plugin /Applications/Xcode-27.0.0-Release.Candidate.app/Contents/Developer/Platforms/WatchOS.platform/Developer/usr/lib/swift/host/plugins/libFoundationMacros.dylib\#/Applications/Xcode-27.0.0-Release.Candidate.app/Contents/Developer/Platforms/WatchOS.platform/Developer/usr/bin/swift-plugin-server\#FoundationMacros -load-resolved-plugin /Applications/Xcode-27.0.0-Release.Candidate.app/Contents/Developer/Platforms/WatchOS.platform/Developer/usr/lib/swift/host/plugins/libObservationMacros.dylib\#/Applications/Xcode-27.0.0-Release.Candidate.app/Contents/Developer/Platforms/WatchOS.platform/Developer/usr/bin/swift-plugin-server\#ObservationMacros -load-resolved-plugin /Applications/Xcode-27.0.0-Release.Candidate.app/Contents/Developer/Platforms/WatchOS.platform/Developer/usr/lib/swift/host/plugins/libPreviewsMacros.dylib\#/Applications/Xcode-27.0.0-Release.Candidate.app/Contents/Developer/Platforms/WatchOS.platform/Developer/usr/bin/swift-plugin-server\#PreviewsMacros -load-resolved-plugin /Applications/Xcode-27.0.0-Release.Candidate.app/Contents/Developer/Platforms/WatchOS.platform/Developer/usr/lib/swift/host/plugins/libSwiftMacros.dylib\#/Applications/Xcode-27.0.0-Release.Candidate.app/Contents/Developer/Platforms/WatchOS.platform/Developer/usr/bin/swift-plugin-server\#SwiftMacros -load-resolved-plugin /Applications/Xcode-27.0.0-Release.Candidate.app/Contents/Developer/Platforms/WatchOS.platform/Developer/usr/lib/swift/host/plugins/libSwiftUIMacros.dylib\#/Applications/Xcode-27.0.0-Release.Candidate.app/Contents/Developer/Platforms/WatchOS.platform/Developer/usr/bin/swift-plugin-server\#SwiftUIMacros -disable-implicit-swift-modules -Xcc -fno-implicit-modules -Xcc -fno-implicit-module-maps -explicit-swift-module-map-file /Users/admin/builder/spi-builder-workspace/.derivedData/Build/Intermediates.noindex/FluidGradient.build/Debug-watchos/FluidGradient-t.build/Objects-normal/arm64_32/FluidGradient-dependencies-2.json -enable-objc-interop -sdk /Applications/Xcode-27.0.0-Release.Candidate.app/Contents/Developer/Platforms/WatchOS.platform/Developer/SDKs/WatchOS27.0.sdk -I /Users/admin/builder/spi-builder-workspace/.derivedData/Build/Products/Debug-watchos -Isystem /Applications/Xcode-27.0.0-Release.Candidate.app/Contents/Developer/Platforms/WatchOS.platform/Developer/usr/lib -F /Users/admin/builder/spi-builder-workspace/.derivedData/Build/Products/Debug-watchos -F /Applications/Xcode-27.0.0-Release.Candidate.app/Contents/Developer/Platforms/WatchOS.platform/Developer/Library/Frameworks -F /Applications/Xcode-27.0.0-Release.Candidate.app/Contents/Developer/Platforms/WatchOS.platform/Developer/SDKs/WatchOS27.0.sdk/Developer/Library/Frameworks -module-cache-path /Users/admin/builder/spi-builder-workspace/.derivedData/Build/Intermediates.noindex/SwiftExplicitPrecompiledModules -no-color-diagnostics -Xcc -fno-color-diagnostics -enable-testing -g -debug-info-format\=dwarf -dwarf-version\=4 -swift-version 5 -Onone -D SWIFT_PACKAGE -D DEBUG -D SWIFT_MODULE_RESOURCE_BUNDLE_UNAVAILABLE -D Xcode -serialize-debugging-options -enable-experimental-feature DebugDescriptionMacro -empty-abi-descriptor -validate-clang-modules-once -clang-build-session-file /Users/admin/builder/spi-builder-workspace/.derivedData/ModuleCache.noindex/Session.modulevalidation -Xcc -working-directory -Xcc /Users/admin/builder/spi-builder-workspace/.swiftpm/xcode -enable-anonymous-context-mangled-names -file-compilation-dir /Users/admin/builder/spi-builder-workspace/.swiftpm/xcode -Xcc -D_LIBCPP_HARDENING_MODE\=_LIBCPP_HARDENING_MODE_DEBUG -Xcc -ivfsstatcache -Xcc /Users/admin/builder/spi-builder-workspace/.derivedData/SDKStatCaches.noindex/watchos27.0-24R360-e829b21a6f8c9b70876ba0858053c04477534ef55a1706bf4c1112bbb242f0a2.sdkstatcache -Xcc -fmodules-prune-interval\=86400 -Xcc -fmodules-prune-after\=345600 -Xcc -I/Users/admin/builder/spi-builder-workspace/.derivedData/Build/Products/Debug-watchos/include -Xcc -I/Users/admin/builder/spi-builder-workspace/.derivedData/Build/Intermediates.noindex/FluidGradient.build/Debug-watchos/FluidGradient-t.build/DerivedSources-normal/arm64_32 -Xcc -I/Users/admin/builder/spi-builder-workspace/.derivedData/Build/Intermediates.noindex/FluidGradient.build/Debug-watchos/FluidGradient-t.build/DerivedSources/arm64_32 -Xcc -I/Users/admin/builder/spi-builder-workspace/.derivedData/Build/Intermediates.noindex/FluidGradient.build/Debug-watchos/FluidGradient-t.build/DerivedSources -Xcc -DSWIFT_PACKAGE -Xcc -DDEBUG\=1 -no-auto-bridging-header-chaining -module-name FluidGradient -const-gather-protocols-file /Users/admin/builder/spi-builder-workspace/.derivedData/Build/Intermediates.noindex/FluidGradient.build/Debug-watchos/FluidGradient-t.build/Objects-normal/arm64_32/FluidGradient_const_extract_protocols.json -disable-clang-spi -clang-target arm64_32-apple-watchos27.0 -target-sdk-version 27.0 -target-sdk-name watchos27.0 -in-process-plugin-server-path /Applications/Xcode-27.0.0-Release.Candidate.app/Contents/Developer/Toolchains/XcodeDefault.xctoolchain/usr/lib/swift/host/libSwiftInProcPluginServer.dylib -emit-module-doc-path /Users/admin/builder/spi-builder-workspace/.derivedData/Build/Intermediates.noindex/FluidGradient.build/Debug-watchos/FluidGradient-t.build/Objects-normal/arm64_32/FluidGradient.swiftdoc -emit-module-source-info-path /Users/admin/builder/spi-builder-workspace/.derivedData/Build/Intermediates.noindex/FluidGradient.build/Debug-watchos/FluidGradient-t.build/Objects-normal/arm64_32/FluidGradient.swiftsourceinfo -emit-objc-header-path /Users/admin/builder/spi-builder-workspace/.derivedData/Build/Intermediates.noindex/FluidGradient.build/Debug-watchos/FluidGradient-t.build/Objects-normal/arm64_32/FluidGradient-Swift.h -serialize-diagnostics-path /Users/admin/builder/spi-builder-workspace/.derivedData/Build/Intermediates.noindex/FluidGradient.build/Debug-watchos/FluidGradient-t.build/Objects-normal/arm64_32/FluidGradient-primary-emit-module.dia -emit-dependencies-path /Users/admin/builder/spi-builder-workspace/.derivedData/Build/Intermediates.noindex/FluidGradient.build/Debug-watchos/FluidGradient-t.build/Objects-normal/arm64_32/FluidGradient-primary-emit-module.d -parse-as-library -o /Users/admin/builder/spi-builder-workspace/.derivedData/Build/Intermediates.noindex/FluidGradient.build/Debug-watchos/FluidGradient-t.build/Objects-normal/arm64_32/FluidGradient.swiftmodule -emit-abi-descriptor-path /Users/admin/builder/spi-builder-workspace/.derivedData/Build/Intermediates.noindex/FluidGradient.build/Debug-watchos/FluidGradient-t.build/Objects-normal/arm64_32/FluidGradient.abi.json
SwiftCompile normal arm64_32 Compiling\ CGPoint+Extensions.swift /Users/admin/builder/spi-builder-workspace/Sources/FluidGradient/CGPoint+Extensions.swift (in target 'FluidGradient' from project 'FluidGradient')
SwiftCompile normal arm64_32 /Users/admin/builder/spi-builder-workspace/Sources/FluidGradient/CGPoint+Extensions.swift (in target 'FluidGradient' from project 'FluidGradient')
cd /Users/admin/builder/spi-builder-workspace/.swiftpm/xcode
builtin-SwiftPerFileCompile CGPoint+Extensions.swift
SwiftCompile normal arm64_32 Compiling\ FluidGradientView.swift /Users/admin/builder/spi-builder-workspace/Sources/FluidGradient/FluidGradientView.swift (in target 'FluidGradient' from project 'FluidGradient')
SwiftCompile normal arm64_32 /Users/admin/builder/spi-builder-workspace/Sources/FluidGradient/FluidGradientView.swift (in target 'FluidGradient' from project 'FluidGradient')
cd /Users/admin/builder/spi-builder-workspace/.swiftpm/xcode
builtin-SwiftPerFileCompile FluidGradientView.swift
/Users/admin/builder/spi-builder-workspace/Sources/FluidGradient/FluidGradientView.swift:18:31: error: 'UIView' is unavailable in watchOS
16 | import UIKit
17 | public typealias SystemColor = UIColor
18 | public typealias SystemView = UIView
| `- error: 'UIView' is unavailable in watchOS
19 | #endif
20 |
/Applications/Xcode-27.0.0-Release.Candidate.app/Contents/Developer/Platforms/WatchOS.platform/Developer/SDKs/WatchOS27.0.sdk/System/Library/Frameworks/UIKit.framework/Headers/UIView.h:152:12: note: 'UIView' has been explicitly marked unavailable here
150 |
151 | UIKIT_EXTERN API_AVAILABLE(ios(2.0)) API_UNAVAILABLE(watchos) NS_SWIFT_UI_ACTOR
152 | @interface UIView : UIResponder <NSCoding, UIAppearance, UIAppearanceContainer, UIDynamicItem, UITraitEnvironment, UICoordinateSpace, UIFocusItem, UIFocusItemContainer, CALayerDelegate>
| `- note: 'UIView' has been explicitly marked unavailable here
153 |
154 | @property(class, nonatomic, readonly) Class layerClass; // default is [CALayer class]. Used when creating the underlying layer for the view.
/Users/admin/builder/spi-builder-workspace/Sources/FluidGradient/FluidGradientView.swift:71:50: error: 'CALayer' is unavailable in watchOS
69 |
70 | /// Create blobs and add to specified layer
71 | public func create(_ colors: [Color], layer: CALayer) {
| `- error: 'CALayer' is unavailable in watchOS
72 | // Remove blobs at the end if colors are removed
73 | let count = layer.sublayers?.count ?? 0
/Applications/Xcode-27.0.0-Release.Candidate.app/Contents/Developer/Platforms/WatchOS.platform/Developer/SDKs/WatchOS27.0.sdk/System/Library/Frameworks/QuartzCore.framework/Headers/CALayer.h:117:12: note: 'CALayer' has been explicitly marked unavailable here
115 |
116 | API_AVAILABLE(macos(10.5), ios(2.0), tvos(9.0)) API_UNAVAILABLE(watchos)
117 | @interface CALayer : NSObject <NSSecureCoding, CAMediaTiming>
| `- note: 'CALayer' has been explicitly marked unavailable here
118 |
119 | /** Layer creation and initialization. **/
SwiftCompile normal arm64_32 Compiling\ ResizableLayer.swift /Users/admin/builder/spi-builder-workspace/Sources/FluidGradient/ResizableLayer.swift (in target 'FluidGradient' from project 'FluidGradient')
SwiftCompile normal arm64_32 /Users/admin/builder/spi-builder-workspace/Sources/FluidGradient/ResizableLayer.swift (in target 'FluidGradient' from project 'FluidGradient')
cd /Users/admin/builder/spi-builder-workspace/.swiftpm/xcode
builtin-SwiftPerFileCompile ResizableLayer.swift
SwiftCompile normal arm64_32 Compiling\ BlobLayer.swift /Users/admin/builder/spi-builder-workspace/Sources/FluidGradient/BlobLayer.swift (in target 'FluidGradient' from project 'FluidGradient')
/Users/admin/builder/spi-builder-workspace/Sources/FluidGradient/BlobLayer.swift:11:25: error: 'CAGradientLayer' is unavailable in watchOS
9 |
10 | /// A CALayer that draws a single blob on the screen
11 | public class BlobLayer: CAGradientLayer {
| `- error: 'CAGradientLayer' is unavailable in watchOS
12 | init(color: Color) {
13 | super.init()
/Applications/Xcode-27.0.0-Release.Candidate.app/Contents/Developer/Platforms/WatchOS.platform/Developer/SDKs/WatchOS27.0.sdk/System/Library/Frameworks/QuartzCore.framework/Headers/CAGradientLayer.h:20:12: note: 'CAGradientLayer' has been explicitly marked unavailable here
18 |
19 | API_AVAILABLE(macos(10.6), ios(3.0), tvos(9.0)) API_UNAVAILABLE(watchos)
20 | @interface CAGradientLayer : CALayer
| `- note: 'CAGradientLayer' has been explicitly marked unavailable here
21 |
22 | /* The array of CGColorRef objects defining the color of each gradient
/Users/admin/builder/spi-builder-workspace/Sources/FluidGradient/BlobLayer.swift:15:22: error: 'radial' is unavailable in watchOS
13 | super.init()
14 |
15 | self.type = .radial
| `- error: 'radial' is unavailable in watchOS
16 | #if os(OSX)
17 | autoresizingMask = [.layerWidthSizable, .layerHeightSizable]
/Applications/Xcode-27.0.0-Release.Candidate.app/Contents/Developer/Platforms/WatchOS.platform/Developer/SDKs/WatchOS27.0.sdk/System/Library/Frameworks/QuartzCore.framework/Headers/CAGradientLayer.h:64:37: note: 'radial' has been explicitly marked unavailable here
62 | * 2' respectively. */
63 |
64 | CA_EXTERN CAGradientLayerType const kCAGradientLayerRadial
| `- note: 'radial' has been explicitly marked unavailable here
65 | API_AVAILABLE(macos(10.6), ios(3.2), tvos(9.0)) API_UNAVAILABLE(watchos);
66 |
/Users/admin/builder/spi-builder-workspace/Sources/FluidGradient/BlobLayer.swift:55:25: error: 'CASpringAnimation' is unavailable in watchOS
53 | let currentLayer = self.presentation() ?? self
54 |
55 | let animation = CASpringAnimation()
| `- error: 'CASpringAnimation' is unavailable in watchOS
56 | animation.mass = 10/speed
57 | animation.damping = 50
/Applications/Xcode-27.0.0-Release.Candidate.app/Contents/Developer/Platforms/WatchOS.platform/Developer/SDKs/WatchOS27.0.sdk/System/Library/Frameworks/QuartzCore.framework/Headers/CAAnimation.h:259:12: note: 'CASpringAnimation' has been explicitly marked unavailable here
257 |
258 | API_AVAILABLE(macos(10.11), ios(9.0), tvos(9.0)) API_UNAVAILABLE(watchos)
259 | @interface CASpringAnimation : CABasicAnimation
| `- note: 'CASpringAnimation' has been explicitly marked unavailable here
260 |
261 | /* The mass of the object attached to the end of the spring. Must be greater
/Users/admin/builder/spi-builder-workspace/Sources/FluidGradient/BlobLayer.swift:61:30: error: 'CAMediaTimingFillMode' is unavailable in watchOS
59 |
60 | animation.isRemovedOnCompletion = false
61 | animation.fillMode = CAMediaTimingFillMode.forwards
| `- error: 'CAMediaTimingFillMode' is unavailable in watchOS
62 |
63 | let position = newPosition()
/Applications/Xcode-27.0.0-Release.Candidate.app/Contents/Developer/Platforms/WatchOS.platform/Developer/SDKs/WatchOS27.0.sdk/System/Library/Frameworks/QuartzCore.framework/Headers/CAMediaTiming.h:32:20: note: 'CAMediaTimingFillMode' has been explicitly marked unavailable here
30 | @class NSString;
31 |
32 | typedef NSString * CAMediaTimingFillMode NS_TYPED_ENUM API_AVAILABLE(macos(10.5), ios(2.0), tvos(9.0)) API_UNAVAILABLE(watchos);
| `- note: 'CAMediaTimingFillMode' has been explicitly marked unavailable here
33 |
34 | NS_HEADER_AUDIT_BEGIN(nullability, sendability)
/Users/admin/builder/spi-builder-workspace/Sources/FluidGradient/BlobLayer.swift:61:52: error: 'forwards' is unavailable in watchOS
59 |
60 | animation.isRemovedOnCompletion = false
61 | animation.fillMode = CAMediaTimingFillMode.forwards
| `- error: 'forwards' is unavailable in watchOS
62 |
63 | let position = newPosition()
/Applications/Xcode-27.0.0-Release.Candidate.app/Contents/Developer/Platforms/WatchOS.platform/Developer/SDKs/WatchOS27.0.sdk/System/Library/Frameworks/QuartzCore.framework/Headers/CAMediaTiming.h:86:39: note: 'forwards' has been explicitly marked unavailable here
84 | /* `fillMode' options. */
85 |
86 | CA_EXTERN CAMediaTimingFillMode const kCAFillModeForwards
| `- note: 'forwards' has been explicitly marked unavailable here
87 | API_AVAILABLE(macos(10.5), ios(2.0), tvos(9.0)) API_UNAVAILABLE(watchos);
88 | CA_EXTERN CAMediaTimingFillMode const kCAFillModeBackwards
/Users/admin/builder/spi-builder-workspace/Sources/FluidGradient/BlobLayer.swift:67:42: error: 'CASpringAnimation' is unavailable in watchOS
65 |
66 | // Center point
67 | let start = animation.copy() as! CASpringAnimation
| `- error: 'CASpringAnimation' is unavailable in watchOS
68 | start.keyPath = "startPoint"
69 | start.fromValue = currentLayer.startPoint
/Applications/Xcode-27.0.0-Release.Candidate.app/Contents/Developer/Platforms/WatchOS.platform/Developer/SDKs/WatchOS27.0.sdk/System/Library/Frameworks/QuartzCore.framework/Headers/CAAnimation.h:259:12: note: 'CASpringAnimation' has been explicitly marked unavailable here
257 |
258 | API_AVAILABLE(macos(10.11), ios(9.0), tvos(9.0)) API_UNAVAILABLE(watchos)
259 | @interface CASpringAnimation : CABasicAnimation
| `- note: 'CASpringAnimation' has been explicitly marked unavailable here
260 |
261 | /* The mass of the object attached to the end of the spring. Must be greater
/Users/admin/builder/spi-builder-workspace/Sources/FluidGradient/BlobLayer.swift:73:40: error: 'CASpringAnimation' is unavailable in watchOS
71 |
72 | // Radius
73 | let end = animation.copy() as! CASpringAnimation
| `- error: 'CASpringAnimation' is unavailable in watchOS
74 | end.keyPath = "endPoint"
75 | end.fromValue = currentLayer.endPoint
/Applications/Xcode-27.0.0-Release.Candidate.app/Contents/Developer/Platforms/WatchOS.platform/Developer/SDKs/WatchOS27.0.sdk/System/Library/Frameworks/QuartzCore.framework/Headers/CAAnimation.h:259:12: note: 'CASpringAnimation' has been explicitly marked unavailable here
257 |
258 | API_AVAILABLE(macos(10.11), ios(9.0), tvos(9.0)) API_UNAVAILABLE(watchos)
259 | @interface CASpringAnimation : CABasicAnimation
| `- note: 'CASpringAnimation' has been explicitly marked unavailable here
260 |
261 | /* The mass of the object attached to the end of the spring. Must be greater
SwiftCompile normal arm64_32 /Users/admin/builder/spi-builder-workspace/Sources/FluidGradient/BlobLayer.swift (in target 'FluidGradient' from project 'FluidGradient')
cd /Users/admin/builder/spi-builder-workspace/.swiftpm/xcode
builtin-SwiftPerFileCompile BlobLayer.swift
SwiftCompile normal arm64_32 Compiling\ FluidGradient.swift /Users/admin/builder/spi-builder-workspace/Sources/FluidGradient/FluidGradient.swift (in target 'FluidGradient' from project 'FluidGradient')
/Users/admin/builder/spi-builder-workspace/Sources/FluidGradient/FluidGradient.swift:42:33: error: cannot find type 'UIViewRepresentable' in scope
40 | typealias SystemRepresentable = NSViewRepresentable
41 | #else
42 | typealias SystemRepresentable = UIViewRepresentable
| `- error: cannot find type 'UIViewRepresentable' in scope
43 | #endif
44 |
/Users/admin/builder/spi-builder-workspace/Sources/FluidGradient/FluidGradient.swift:54:32: error: cannot find type 'Context' in scope
52 | @Binding var blurValue: CGFloat
53 |
54 | func makeView(context: Context) -> FluidGradientView {
| `- error: cannot find type 'Context' in scope
55 | context.coordinator.view
56 | }
/Users/admin/builder/spi-builder-workspace/Sources/FluidGradient/FluidGradient.swift:58:61: error: cannot find type 'Context' in scope
56 | }
57 |
58 | func updateView(_ view: FluidGradientView, context: Context) {
| `- error: cannot find type 'Context' in scope
59 | context.coordinator.create(blobs: blobs, highlights: highlights)
60 | DispatchQueue.main.async {
/Users/admin/builder/spi-builder-workspace/Sources/FluidGradient/FluidGradient.swift:73:34: error: cannot find type 'Context' in scope
71 | }
72 | #else
73 | func makeUIView(context: Context) -> FluidGradientView {
| `- error: cannot find type 'Context' in scope
74 | makeView(context: context)
75 | }
/Users/admin/builder/spi-builder-workspace/Sources/FluidGradient/FluidGradient.swift:76:63: error: cannot find type 'Context' in scope
74 | makeView(context: context)
75 | }
76 | func updateUIView(_ view: FluidGradientView, context: Context) {
| `- error: cannot find type 'Context' in scope
77 | updateView(view, context: context)
78 | }
SwiftCompile normal arm64_32 /Users/admin/builder/spi-builder-workspace/Sources/FluidGradient/FluidGradient.swift (in target 'FluidGradient' from project 'FluidGradient')
cd /Users/admin/builder/spi-builder-workspace/.swiftpm/xcode
builtin-SwiftPerFileCompile FluidGradient.swift
SwiftExplicitDependencyGeneratePcm arm64 /Users/admin/builder/spi-builder-workspace/.derivedData/SDKExplicitPrecompiledModules/SwiftUI-APXDH8ULYLM6FD17YRA73TULO.pcm
SwiftEmitModule normal arm64 Emitting\ module\ for\ FluidGradient (in target 'FluidGradient' from project 'FluidGradient')
/Users/admin/builder/spi-builder-workspace/Sources/FluidGradient/BlobLayer.swift:11:25: error: 'CAGradientLayer' is unavailable in watchOS
9 |
10 | /// A CALayer that draws a single blob on the screen
11 | public class BlobLayer: CAGradientLayer {
| `- error: 'CAGradientLayer' is unavailable in watchOS
12 | init(color: Color) {
13 | super.init()
/Applications/Xcode-27.0.0-Release.Candidate.app/Contents/Developer/Platforms/WatchOS.platform/Developer/SDKs/WatchOS27.0.sdk/System/Library/Frameworks/QuartzCore.framework/Headers/CAGradientLayer.h:20:12: note: 'CAGradientLayer' has been explicitly marked unavailable here
18 |
19 | API_AVAILABLE(macos(10.6), ios(3.0), tvos(9.0)) API_UNAVAILABLE(watchos)
20 | @interface CAGradientLayer : CALayer
| `- note: 'CAGradientLayer' has been explicitly marked unavailable here
21 |
22 | /* The array of CGColorRef objects defining the color of each gradient
/Users/admin/builder/spi-builder-workspace/Sources/FluidGradient/FluidGradient.swift:42:33: error: cannot find type 'UIViewRepresentable' in scope
40 | typealias SystemRepresentable = NSViewRepresentable
41 | #else
42 | typealias SystemRepresentable = UIViewRepresentable
| `- error: cannot find type 'UIViewRepresentable' in scope
43 | #endif
44 |
/Users/admin/builder/spi-builder-workspace/Sources/FluidGradient/FluidGradient.swift:54:32: error: cannot find type 'Context' in scope
52 | @Binding var blurValue: CGFloat
53 |
54 | func makeView(context: Context) -> FluidGradientView {
| `- error: cannot find type 'Context' in scope
55 | context.coordinator.view
56 | }
/Users/admin/builder/spi-builder-workspace/Sources/FluidGradient/FluidGradient.swift:58:61: error: cannot find type 'Context' in scope
56 | }
57 |
58 | func updateView(_ view: FluidGradientView, context: Context) {
| `- error: cannot find type 'Context' in scope
59 | context.coordinator.create(blobs: blobs, highlights: highlights)
60 | DispatchQueue.main.async {
/Users/admin/builder/spi-builder-workspace/Sources/FluidGradient/FluidGradient.swift:73:34: error: cannot find type 'Context' in scope
71 | }
72 | #else
73 | func makeUIView(context: Context) -> FluidGradientView {
| `- error: cannot find type 'Context' in scope
74 | makeView(context: context)
75 | }
/Users/admin/builder/spi-builder-workspace/Sources/FluidGradient/FluidGradient.swift:76:63: error: cannot find type 'Context' in scope
74 | makeView(context: context)
75 | }
76 | func updateUIView(_ view: FluidGradientView, context: Context) {
| `- error: cannot find type 'Context' in scope
77 | updateView(view, context: context)
78 | }
SwiftCompile normal arm64 (in target 'FluidGradient' from project 'FluidGradient')
cd /Users/admin/builder/spi-builder-workspace/.swiftpm/xcode
SwiftCompile normal arm64 Compiling\ CGPoint+Extensions.swift /Users/admin/builder/spi-builder-workspace/Sources/FluidGradient/CGPoint+Extensions.swift (in target 'FluidGradient' from project 'FluidGradient')
SwiftCompile normal arm64 /Users/admin/builder/spi-builder-workspace/Sources/FluidGradient/CGPoint+Extensions.swift (in target 'FluidGradient' from project 'FluidGradient')
cd /Users/admin/builder/spi-builder-workspace/.swiftpm/xcode
builtin-SwiftPerFileCompile CGPoint+Extensions.swift
SwiftCompile normal arm64 Compiling\ BlobLayer.swift /Users/admin/builder/spi-builder-workspace/Sources/FluidGradient/BlobLayer.swift (in target 'FluidGradient' from project 'FluidGradient')
/Users/admin/builder/spi-builder-workspace/Sources/FluidGradient/BlobLayer.swift:11:25: error: 'CAGradientLayer' is unavailable in watchOS
9 |
10 | /// A CALayer that draws a single blob on the screen
11 | public class BlobLayer: CAGradientLayer {
| `- error: 'CAGradientLayer' is unavailable in watchOS
12 | init(color: Color) {
13 | super.init()
/Applications/Xcode-27.0.0-Release.Candidate.app/Contents/Developer/Platforms/WatchOS.platform/Developer/SDKs/WatchOS27.0.sdk/System/Library/Frameworks/QuartzCore.framework/Headers/CAGradientLayer.h:20:12: note: 'CAGradientLayer' has been explicitly marked unavailable here
18 |
19 | API_AVAILABLE(macos(10.6), ios(3.0), tvos(9.0)) API_UNAVAILABLE(watchos)
20 | @interface CAGradientLayer : CALayer
| `- note: 'CAGradientLayer' has been explicitly marked unavailable here
21 |
22 | /* The array of CGColorRef objects defining the color of each gradient
/Users/admin/builder/spi-builder-workspace/Sources/FluidGradient/BlobLayer.swift:15:22: error: 'radial' is unavailable in watchOS
13 | super.init()
14 |
15 | self.type = .radial
| `- error: 'radial' is unavailable in watchOS
16 | #if os(OSX)
17 | autoresizingMask = [.layerWidthSizable, .layerHeightSizable]
/Applications/Xcode-27.0.0-Release.Candidate.app/Contents/Developer/Platforms/WatchOS.platform/Developer/SDKs/WatchOS27.0.sdk/System/Library/Frameworks/QuartzCore.framework/Headers/CAGradientLayer.h:64:37: note: 'radial' has been explicitly marked unavailable here
62 | * 2' respectively. */
63 |
64 | CA_EXTERN CAGradientLayerType const kCAGradientLayerRadial
| `- note: 'radial' has been explicitly marked unavailable here
65 | API_AVAILABLE(macos(10.6), ios(3.2), tvos(9.0)) API_UNAVAILABLE(watchos);
66 |
/Users/admin/builder/spi-builder-workspace/Sources/FluidGradient/BlobLayer.swift:55:25: error: 'CASpringAnimation' is unavailable in watchOS
53 | let currentLayer = self.presentation() ?? self
54 |
55 | let animation = CASpringAnimation()
| `- error: 'CASpringAnimation' is unavailable in watchOS
56 | animation.mass = 10/speed
57 | animation.damping = 50
/Applications/Xcode-27.0.0-Release.Candidate.app/Contents/Developer/Platforms/WatchOS.platform/Developer/SDKs/WatchOS27.0.sdk/System/Library/Frameworks/QuartzCore.framework/Headers/CAAnimation.h:259:12: note: 'CASpringAnimation' has been explicitly marked unavailable here
257 |
258 | API_AVAILABLE(macos(10.11), ios(9.0), tvos(9.0)) API_UNAVAILABLE(watchos)
259 | @interface CASpringAnimation : CABasicAnimation
| `- note: 'CASpringAnimation' has been explicitly marked unavailable here
260 |
261 | /* The mass of the object attached to the end of the spring. Must be greater
/Users/admin/builder/spi-builder-workspace/Sources/FluidGradient/BlobLayer.swift:61:30: error: 'CAMediaTimingFillMode' is unavailable in watchOS
59 |
60 | animation.isRemovedOnCompletion = false
61 | animation.fillMode = CAMediaTimingFillMode.forwards
| `- error: 'CAMediaTimingFillMode' is unavailable in watchOS
62 |
63 | let position = newPosition()
/Applications/Xcode-27.0.0-Release.Candidate.app/Contents/Developer/Platforms/WatchOS.platform/Developer/SDKs/WatchOS27.0.sdk/System/Library/Frameworks/QuartzCore.framework/Headers/CAMediaTiming.h:32:20: note: 'CAMediaTimingFillMode' has been explicitly marked unavailable here
30 | @class NSString;
31 |
32 | typedef NSString * CAMediaTimingFillMode NS_TYPED_ENUM API_AVAILABLE(macos(10.5), ios(2.0), tvos(9.0)) API_UNAVAILABLE(watchos);
| `- note: 'CAMediaTimingFillMode' has been explicitly marked unavailable here
33 |
34 | NS_HEADER_AUDIT_BEGIN(nullability, sendability)
/Users/admin/builder/spi-builder-workspace/Sources/FluidGradient/BlobLayer.swift:61:52: error: 'forwards' is unavailable in watchOS
59 |
60 | animation.isRemovedOnCompletion = false
61 | animation.fillMode = CAMediaTimingFillMode.forwards
| `- error: 'forwards' is unavailable in watchOS
62 |
63 | let position = newPosition()
/Applications/Xcode-27.0.0-Release.Candidate.app/Contents/Developer/Platforms/WatchOS.platform/Developer/SDKs/WatchOS27.0.sdk/System/Library/Frameworks/QuartzCore.framework/Headers/CAMediaTiming.h:86:39: note: 'forwards' has been explicitly marked unavailable here
84 | /* `fillMode' options. */
85 |
86 | CA_EXTERN CAMediaTimingFillMode const kCAFillModeForwards
| `- note: 'forwards' has been explicitly marked unavailable here
87 | API_AVAILABLE(macos(10.5), ios(2.0), tvos(9.0)) API_UNAVAILABLE(watchos);
88 | CA_EXTERN CAMediaTimingFillMode const kCAFillModeBackwards
/Users/admin/builder/spi-builder-workspace/Sources/FluidGradient/BlobLayer.swift:67:42: error: 'CASpringAnimation' is unavailable in watchOS
65 |
66 | // Center point
67 | let start = animation.copy() as! CASpringAnimation
| `- error: 'CASpringAnimation' is unavailable in watchOS
68 | start.keyPath = "startPoint"
69 | start.fromValue = currentLayer.startPoint
/Applications/Xcode-27.0.0-Release.Candidate.app/Contents/Developer/Platforms/WatchOS.platform/Developer/SDKs/WatchOS27.0.sdk/System/Library/Frameworks/QuartzCore.framework/Headers/CAAnimation.h:259:12: note: 'CASpringAnimation' has been explicitly marked unavailable here
257 |
258 | API_AVAILABLE(macos(10.11), ios(9.0), tvos(9.0)) API_UNAVAILABLE(watchos)
259 | @interface CASpringAnimation : CABasicAnimation
| `- note: 'CASpringAnimation' has been explicitly marked unavailable here
260 |
261 | /* The mass of the object attached to the end of the spring. Must be greater
/Users/admin/builder/spi-builder-workspace/Sources/FluidGradient/BlobLayer.swift:73:40: error: 'CASpringAnimation' is unavailable in watchOS
71 |
72 | // Radius
73 | let end = animation.copy() as! CASpringAnimation
| `- error: 'CASpringAnimation' is unavailable in watchOS
74 | end.keyPath = "endPoint"
75 | end.fromValue = currentLayer.endPoint
/Applications/Xcode-27.0.0-Release.Candidate.app/Contents/Developer/Platforms/WatchOS.platform/Developer/SDKs/WatchOS27.0.sdk/System/Library/Frameworks/QuartzCore.framework/Headers/CAAnimation.h:259:12: note: 'CASpringAnimation' has been explicitly marked unavailable here
257 |
258 | API_AVAILABLE(macos(10.11), ios(9.0), tvos(9.0)) API_UNAVAILABLE(watchos)
259 | @interface CASpringAnimation : CABasicAnimation
| `- note: 'CASpringAnimation' has been explicitly marked unavailable here
260 |
261 | /* The mass of the object attached to the end of the spring. Must be greater
SwiftCompile normal arm64 /Users/admin/builder/spi-builder-workspace/Sources/FluidGradient/BlobLayer.swift (in target 'FluidGradient' from project 'FluidGradient')
cd /Users/admin/builder/spi-builder-workspace/.swiftpm/xcode
builtin-SwiftPerFileCompile BlobLayer.swift
SwiftCompile normal arm64 Compiling\ ResizableLayer.swift /Users/admin/builder/spi-builder-workspace/Sources/FluidGradient/ResizableLayer.swift (in target 'FluidGradient' from project 'FluidGradient')
SwiftCompile normal arm64 /Users/admin/builder/spi-builder-workspace/Sources/FluidGradient/ResizableLayer.swift (in target 'FluidGradient' from project 'FluidGradient')
cd /Users/admin/builder/spi-builder-workspace/.swiftpm/xcode
builtin-SwiftPerFileCompile ResizableLayer.swift
SwiftCompile normal arm64 Compiling\ FluidGradientView.swift /Users/admin/builder/spi-builder-workspace/Sources/FluidGradient/FluidGradientView.swift (in target 'FluidGradient' from project 'FluidGradient')
SwiftCompile normal arm64 /Users/admin/builder/spi-builder-workspace/Sources/FluidGradient/FluidGradientView.swift (in target 'FluidGradient' from project 'FluidGradient')
cd /Users/admin/builder/spi-builder-workspace/.swiftpm/xcode
builtin-SwiftPerFileCompile FluidGradientView.swift
PruneExplicitPrecompiledModules /Users/admin/builder/spi-builder-workspace/.derivedData/Build/Intermediates.noindex/SwiftExplicitPrecompiledModules
PruneExplicitPrecompiledModules /Users/admin/builder/spi-builder-workspace/.derivedData/SDKExplicitPrecompiledModules
PruneExplicitPrecompiledModules /Users/admin/builder/spi-builder-workspace/.derivedData/Build/Intermediates.noindex/ExplicitPrecompiledModules
2026-09-24 14:14:58.874 xcodebuild[665:4246] [MT] IDERunDestination: Supported platforms for the buildables in the current scheme is empty.
** BUILD FAILED **
The following build commands failed:
SwiftCompile normal arm64_32 (in target 'FluidGradient' from project 'FluidGradient')
SwiftEmitModule normal arm64_32 Emitting\ module\ for\ FluidGradient (in target 'FluidGradient' from project 'FluidGradient')
Building workspace FluidGradient with scheme FluidGradient
(3 failures)
Command line invocation:
/Applications/Xcode-27.0.0-Release.Candidate.app/Contents/Developer/usr/bin/xcodebuild -IDEClonedSourcePackagesDirPathOverride=/Users/admin/builder/spi-builder-workspace/.dependencies -resolvePackageDependencies
Resolve Package Graph
Resolved source packages:
FluidGradient: /Users/admin/builder/spi-builder-workspace
resolved source packages: FluidGradient
2026-09-24 14:15:05.379 xcodebuild[813:4809] [MT] IDERunDestination: Supported platforms for the buildables in the current scheme is empty.
{
"dependencies" : [
],
"manifest_display_name" : "FluidGradient",
"name" : "FluidGradient",
"path" : "/Users/admin/builder/spi-builder-workspace",
"platforms" : [
{
"name" : "macos",
"version" : "11.0"
},
{
"name" : "ios",
"version" : "14.0"
}
],
"products" : [
{
"name" : "FluidGradient",
"targets" : [
"FluidGradient"
],
"type" : {
"library" : [
"automatic"
]
}
}
],
"targets" : [
{
"c99name" : "FluidGradient",
"module_type" : "SwiftTarget",
"name" : "FluidGradient",
"path" : "Sources/FluidGradient",
"product_memberships" : [
"FluidGradient"
],
"sources" : [
"BlobLayer.swift",
"CGPoint+Extensions.swift",
"FluidGradient.swift",
"FluidGradientView.swift",
"ResizableLayer.swift"
],
"type" : "library"
}
],
"tools_version" : "5.7"
}
{
"workspace" : {
"name" : "FluidGradient",
"schemes" : [
"FluidGradient"
]
}
}
2026-09-24 14:15:06.540 xcodebuild[821:4883] [MT] IDERunDestination: Supported platforms for the buildables in the current scheme is empty.
Running build ...
env DEVELOPER_DIR=/Applications/Xcode-27.0.0-Release.Candidate.app xcrun xcodebuild -IDEClonedSourcePackagesDirPathOverride=$PWD/.dependencies -skipMacroValidation -skipPackagePluginValidation -derivedDataPath $PWD/.derivedData build -scheme FluidGradient -destination generic/platform=watchOS
Command line invocation:
/Applications/Xcode-27.0.0-Release.Candidate.app/Contents/Developer/usr/bin/xcodebuild -IDEClonedSourcePackagesDirPathOverride=/Users/admin/builder/spi-builder-workspace/.dependencies -skipMacroValidation -skipPackagePluginValidation -derivedDataPath /Users/admin/builder/spi-builder-workspace/.derivedData build -scheme FluidGradient -destination generic/platform=watchOS
Resolve Package Graph
Resolved source packages:
FluidGradient: /Users/admin/builder/spi-builder-workspace
ComputePackagePrebuildTargetDependencyGraph
Prepare packages
CreateBuildRequest
SendProjectDescription
CreateBuildOperation
ComputeTargetDependencyGraph
note: Building targets in dependency order
note: Target dependency graph (2 targets)
Target 'FluidGradient-product' in project 'FluidGradient'
➜ Explicit dependency on target 'FluidGradient' in project 'FluidGradient'
Target 'FluidGradient' in project 'FluidGradient' (no dependencies)
GatherProvisioningInputs
CreateBuildDescription
ClangStatCache /Applications/Xcode-27.0.0-Release.Candidate.app/Contents/Developer/Toolchains/XcodeDefault.xctoolchain/usr/bin/clang-stat-cache /Applications/Xcode-27.0.0-Release.Candidate.app/Contents/Developer/Platforms/WatchOS.platform/Developer/SDKs/WatchOS27.0.sdk /Users/admin/builder/spi-builder-workspace/.derivedData/SDKStatCaches.noindex/watchos27.0-24R360-e829b21a6f8c9b70876ba0858053c04477534ef55a1706bf4c1112bbb242f0a2.sdkstatcache
cd /Users/admin/builder/spi-builder-workspace/.swiftpm/xcode
/Applications/Xcode-27.0.0-Release.Candidate.app/Contents/Developer/Toolchains/XcodeDefault.xctoolchain/usr/bin/clang-stat-cache /Applications/Xcode-27.0.0-Release.Candidate.app/Contents/Developer/Platforms/WatchOS.platform/Developer/SDKs/WatchOS27.0.sdk -o /Users/admin/builder/spi-builder-workspace/.derivedData/SDKStatCaches.noindex/watchos27.0-24R360-e829b21a6f8c9b70876ba0858053c04477534ef55a1706bf4c1112bbb242f0a2.sdkstatcache
SwiftDriver FluidGradient normal arm64 com.apple.xcode.tools.swift.compiler (in target 'FluidGradient' from project 'FluidGradient')
cd /Users/admin/builder/spi-builder-workspace/.swiftpm/xcode
builtin-SwiftDriver -- /Applications/Xcode-27.0.0-Release.Candidate.app/Contents/Developer/Toolchains/XcodeDefault.xctoolchain/usr/bin/swiftc -parse-as-library -module-name FluidGradient -Onone @/Users/admin/builder/spi-builder-workspace/.derivedData/Build/Intermediates.noindex/FluidGradient.build/Debug-watchos/FluidGradient-t.build/Objects-normal/arm64/FluidGradient.SwiftFileList -DSWIFT_PACKAGE -DDEBUG -DSWIFT_MODULE_RESOURCE_BUNDLE_UNAVAILABLE -DXcode -plugin-path /Applications/Xcode-27.0.0-Release.Candidate.app/Contents/Developer/Toolchains/XcodeDefault.xctoolchain/usr/lib/swift/host/plugins/testing -enable-experimental-feature DebugDescriptionMacro -sdk /Applications/Xcode-27.0.0-Release.Candidate.app/Contents/Developer/Platforms/WatchOS.platform/Developer/SDKs/WatchOS27.0.sdk -target arm64-apple-watchos9.0 -g -module-cache-path /Users/admin/builder/spi-builder-workspace/.derivedData/ModuleCache.noindex -Xfrontend -serialize-debugging-options -enable-testing -index-store-path /Users/admin/builder/spi-builder-workspace/.derivedData/Index.noindex/DataStore -Xcc -D_LIBCPP_HARDENING_MODE\=_LIBCPP_HARDENING_MODE_DEBUG -swift-version 5 -I /Users/admin/builder/spi-builder-workspace/.derivedData/Build/Products/Debug-watchos -Isystem /Applications/Xcode-27.0.0-Release.Candidate.app/Contents/Developer/Platforms/WatchOS.platform/Developer/usr/lib -F /Users/admin/builder/spi-builder-workspace/.derivedData/Build/Products/Debug-watchos -F /Applications/Xcode-27.0.0-Release.Candidate.app/Contents/Developer/Platforms/WatchOS.platform/Developer/Library/Frameworks -F /Applications/Xcode-27.0.0-Release.Candidate.app/Contents/Developer/Platforms/WatchOS.platform/Developer/SDKs/WatchOS27.0.sdk/Developer/Library/Frameworks -c -j10 -enable-batch-mode -incremental -Xcc -ivfsstatcache -Xcc /Users/admin/builder/spi-builder-workspace/.derivedData/SDKStatCaches.noindex/watchos27.0-24R360-e829b21a6f8c9b70876ba0858053c04477534ef55a1706bf4c1112bbb242f0a2.sdkstatcache -output-file-map /Users/admin/builder/spi-builder-workspace/.derivedData/Build/Intermediates.noindex/FluidGradient.build/Debug-watchos/FluidGradient-t.build/Objects-normal/arm64/FluidGradient-OutputFileMap.json -save-temps -no-color-diagnostics -explicit-module-build -module-cache-path /Users/admin/builder/spi-builder-workspace/.derivedData/Build/Intermediates.noindex/SwiftExplicitPrecompiledModules -clang-scanner-module-cache-path /Users/admin/builder/spi-builder-workspace/.derivedData/ModuleCache.noindex -sdk-module-cache-path /Users/admin/builder/spi-builder-workspace/.derivedData/SDKExplicitPrecompiledModules -emit-dependencies -emit-module -emit-module-path /Users/admin/builder/spi-builder-workspace/.derivedData/Build/Intermediates.noindex/FluidGradient.build/Debug-watchos/FluidGradient-t.build/Objects-normal/arm64/FluidGradient.swiftmodule -serialize-diagnostics -dependency-scan-serialize-diagnostics-path /Users/admin/builder/spi-builder-workspace/.derivedData/Build/Intermediates.noindex/FluidGradient.build/Debug-watchos/FluidGradient-t.build/Objects-normal/arm64/FluidGradient-dependency-scan.dia -validate-clang-modules-once -clang-build-session-file /Users/admin/builder/spi-builder-workspace/.derivedData/ModuleCache.noindex/Session.modulevalidation -Xcc -fmodules-prune-interval\=86400 -Xcc -fmodules-prune-after\=345600 -emit-const-values -const-gather-protocols-list /Users/admin/builder/spi-builder-workspace/.derivedData/Build/Intermediates.noindex/FluidGradient.build/Debug-watchos/FluidGradient-t.build/Objects-normal/arm64/FluidGradient_const_extract_protocols.json -Xcc -I/Users/admin/builder/spi-builder-workspace/.derivedData/Build/Products/Debug-watchos/include -Xcc -I/Users/admin/builder/spi-builder-workspace/.derivedData/Build/Intermediates.noindex/FluidGradient.build/Debug-watchos/FluidGradient-t.build/DerivedSources-normal/arm64 -Xcc -I/Users/admin/builder/spi-builder-workspace/.derivedData/Build/Intermediates.noindex/FluidGradient.build/Debug-watchos/FluidGradient-t.build/DerivedSources/arm64 -Xcc -I/Users/admin/builder/spi-builder-workspace/.derivedData/Build/Intermediates.noindex/FluidGradient.build/Debug-watchos/FluidGradient-t.build/DerivedSources -Xcc -DSWIFT_PACKAGE -Xcc -DDEBUG\=1 -emit-objc-header -emit-objc-header-path /Users/admin/builder/spi-builder-workspace/.derivedData/Build/Intermediates.noindex/FluidGradient.build/Debug-watchos/FluidGradient-t.build/Objects-normal/arm64/FluidGradient-Swift.h -working-directory /Users/admin/builder/spi-builder-workspace/.swiftpm/xcode -experimental-emit-module-separately -disable-cmo
SwiftDriver FluidGradient normal arm64_32 com.apple.xcode.tools.swift.compiler (in target 'FluidGradient' from project 'FluidGradient')
cd /Users/admin/builder/spi-builder-workspace/.swiftpm/xcode
builtin-SwiftDriver -- /Applications/Xcode-27.0.0-Release.Candidate.app/Contents/Developer/Toolchains/XcodeDefault.xctoolchain/usr/bin/swiftc -parse-as-library -module-name FluidGradient -Onone @/Users/admin/builder/spi-builder-workspace/.derivedData/Build/Intermediates.noindex/FluidGradient.build/Debug-watchos/FluidGradient-t.build/Objects-normal/arm64_32/FluidGradient.SwiftFileList -DSWIFT_PACKAGE -DDEBUG -DSWIFT_MODULE_RESOURCE_BUNDLE_UNAVAILABLE -DXcode -plugin-path /Applications/Xcode-27.0.0-Release.Candidate.app/Contents/Developer/Toolchains/XcodeDefault.xctoolchain/usr/lib/swift/host/plugins/testing -enable-experimental-feature DebugDescriptionMacro -sdk /Applications/Xcode-27.0.0-Release.Candidate.app/Contents/Developer/Platforms/WatchOS.platform/Developer/SDKs/WatchOS27.0.sdk -target arm64_32-apple-watchos9.0 -g -module-cache-path /Users/admin/builder/spi-builder-workspace/.derivedData/ModuleCache.noindex -Xfrontend -serialize-debugging-options -enable-testing -index-store-path /Users/admin/builder/spi-builder-workspace/.derivedData/Index.noindex/DataStore -Xcc -D_LIBCPP_HARDENING_MODE\=_LIBCPP_HARDENING_MODE_DEBUG -swift-version 5 -I /Users/admin/builder/spi-builder-workspace/.derivedData/Build/Products/Debug-watchos -Isystem /Applications/Xcode-27.0.0-Release.Candidate.app/Contents/Developer/Platforms/WatchOS.platform/Developer/usr/lib -F /Users/admin/builder/spi-builder-workspace/.derivedData/Build/Products/Debug-watchos -F /Applications/Xcode-27.0.0-Release.Candidate.app/Contents/Developer/Platforms/WatchOS.platform/Developer/Library/Frameworks -F /Applications/Xcode-27.0.0-Release.Candidate.app/Contents/Developer/Platforms/WatchOS.platform/Developer/SDKs/WatchOS27.0.sdk/Developer/Library/Frameworks -c -j10 -enable-batch-mode -incremental -Xcc -ivfsstatcache -Xcc /Users/admin/builder/spi-builder-workspace/.derivedData/SDKStatCaches.noindex/watchos27.0-24R360-e829b21a6f8c9b70876ba0858053c04477534ef55a1706bf4c1112bbb242f0a2.sdkstatcache -output-file-map /Users/admin/builder/spi-builder-workspace/.derivedData/Build/Intermediates.noindex/FluidGradient.build/Debug-watchos/FluidGradient-t.build/Objects-normal/arm64_32/FluidGradient-OutputFileMap.json -save-temps -no-color-diagnostics -explicit-module-build -module-cache-path /Users/admin/builder/spi-builder-workspace/.derivedData/Build/Intermediates.noindex/SwiftExplicitPrecompiledModules -clang-scanner-module-cache-path /Users/admin/builder/spi-builder-workspace/.derivedData/ModuleCache.noindex -sdk-module-cache-path /Users/admin/builder/spi-builder-workspace/.derivedData/SDKExplicitPrecompiledModules -emit-dependencies -emit-module -emit-module-path /Users/admin/builder/spi-builder-workspace/.derivedData/Build/Intermediates.noindex/FluidGradient.build/Debug-watchos/FluidGradient-t.build/Objects-normal/arm64_32/FluidGradient.swiftmodule -serialize-diagnostics -dependency-scan-serialize-diagnostics-path /Users/admin/builder/spi-builder-workspace/.derivedData/Build/Intermediates.noindex/FluidGradient.build/Debug-watchos/FluidGradient-t.build/Objects-normal/arm64_32/FluidGradient-dependency-scan.dia -validate-clang-modules-once -clang-build-session-file /Users/admin/builder/spi-builder-workspace/.derivedData/ModuleCache.noindex/Session.modulevalidation -Xcc -fmodules-prune-interval\=86400 -Xcc -fmodules-prune-after\=345600 -emit-const-values -const-gather-protocols-list /Users/admin/builder/spi-builder-workspace/.derivedData/Build/Intermediates.noindex/FluidGradient.build/Debug-watchos/FluidGradient-t.build/Objects-normal/arm64_32/FluidGradient_const_extract_protocols.json -Xcc -I/Users/admin/builder/spi-builder-workspace/.derivedData/Build/Products/Debug-watchos/include -Xcc -I/Users/admin/builder/spi-builder-workspace/.derivedData/Build/Intermediates.noindex/FluidGradient.build/Debug-watchos/FluidGradient-t.build/DerivedSources-normal/arm64_32 -Xcc -I/Users/admin/builder/spi-builder-workspace/.derivedData/Build/Intermediates.noindex/FluidGradient.build/Debug-watchos/FluidGradient-t.build/DerivedSources/arm64_32 -Xcc -I/Users/admin/builder/spi-builder-workspace/.derivedData/Build/Intermediates.noindex/FluidGradient.build/Debug-watchos/FluidGradient-t.build/DerivedSources -Xcc -DSWIFT_PACKAGE -Xcc -DDEBUG\=1 -emit-objc-header -emit-objc-header-path /Users/admin/builder/spi-builder-workspace/.derivedData/Build/Intermediates.noindex/FluidGradient.build/Debug-watchos/FluidGradient-t.build/Objects-normal/arm64_32/FluidGradient-Swift.h -working-directory /Users/admin/builder/spi-builder-workspace/.swiftpm/xcode -experimental-emit-module-separately -disable-cmo
SwiftEmitModule normal arm64_32 Emitting\ module\ for\ FluidGradient (in target 'FluidGradient' from project 'FluidGradient')
SwiftCompile normal arm64_32 (in target 'FluidGradient' from project 'FluidGradient')
cd /Users/admin/builder/spi-builder-workspace/.swiftpm/xcode
/Users/admin/builder/spi-builder-workspace/Sources/FluidGradient/BlobLayer.swift:11:25: error: 'CAGradientLayer' is unavailable in watchOS
9 |
10 | /// A CALayer that draws a single blob on the screen
11 | public class BlobLayer: CAGradientLayer {
| `- error: 'CAGradientLayer' is unavailable in watchOS
12 | init(color: Color) {
13 | super.init()
/Applications/Xcode-27.0.0-Release.Candidate.app/Contents/Developer/Platforms/WatchOS.platform/Developer/SDKs/WatchOS27.0.sdk/System/Library/Frameworks/QuartzCore.framework/Headers/CAGradientLayer.h:20:12: note: 'CAGradientLayer' has been explicitly marked unavailable here
18 |
19 | API_AVAILABLE(macos(10.6), ios(3.0), tvos(9.0)) API_UNAVAILABLE(watchos)
20 | @interface CAGradientLayer : CALayer
| `- note: 'CAGradientLayer' has been explicitly marked unavailable here
21 |
22 | /* The array of CGColorRef objects defining the color of each gradient
/Users/admin/builder/spi-builder-workspace/Sources/FluidGradient/FluidGradient.swift:42:33: error: cannot find type 'UIViewRepresentable' in scope
40 | typealias SystemRepresentable = NSViewRepresentable
41 | #else
42 | typealias SystemRepresentable = UIViewRepresentable
| `- error: cannot find type 'UIViewRepresentable' in scope
43 | #endif
44 |
/Users/admin/builder/spi-builder-workspace/Sources/FluidGradient/FluidGradient.swift:54:32: error: cannot find type 'Context' in scope
52 | @Binding var blurValue: CGFloat
53 |
54 | func makeView(context: Context) -> FluidGradientView {
| `- error: cannot find type 'Context' in scope
55 | context.coordinator.view
56 | }
/Users/admin/builder/spi-builder-workspace/Sources/FluidGradient/FluidGradient.swift:58:61: error: cannot find type 'Context' in scope
56 | }
57 |
58 | func updateView(_ view: FluidGradientView, context: Context) {
| `- error: cannot find type 'Context' in scope
59 | context.coordinator.create(blobs: blobs, highlights: highlights)
60 | DispatchQueue.main.async {
/Users/admin/builder/spi-builder-workspace/Sources/FluidGradient/FluidGradient.swift:73:34: error: cannot find type 'Context' in scope
71 | }
72 | #else
73 | func makeUIView(context: Context) -> FluidGradientView {
| `- error: cannot find type 'Context' in scope
74 | makeView(context: context)
75 | }
/Users/admin/builder/spi-builder-workspace/Sources/FluidGradient/FluidGradient.swift:76:63: error: cannot find type 'Context' in scope
74 | makeView(context: context)
75 | }
76 | func updateUIView(_ view: FluidGradientView, context: Context) {
| `- error: cannot find type 'Context' in scope
77 | updateView(view, context: context)
78 | }
/Users/admin/builder/spi-builder-workspace/Sources/FluidGradient/FluidGradientView.swift:18:31: error: 'UIView' is unavailable in watchOS
16 | import UIKit
17 | public typealias SystemColor = UIColor
18 | public typealias SystemView = UIView
| `- error: 'UIView' is unavailable in watchOS
19 | #endif
20 |
/Applications/Xcode-27.0.0-Release.Candidate.app/Contents/Developer/Platforms/WatchOS.platform/Developer/SDKs/WatchOS27.0.sdk/System/Library/Frameworks/UIKit.framework/Headers/UIView.h:152:12: note: 'UIView' has been explicitly marked unavailable here
150 |
151 | UIKIT_EXTERN API_AVAILABLE(ios(2.0)) API_UNAVAILABLE(watchos) NS_SWIFT_UI_ACTOR
152 | @interface UIView : UIResponder <NSCoding, UIAppearance, UIAppearanceContainer, UIDynamicItem, UITraitEnvironment, UICoordinateSpace, UIFocusItem, UIFocusItemContainer, CALayerDelegate>
| `- note: 'UIView' has been explicitly marked unavailable here
153 |
154 | @property(class, nonatomic, readonly) Class layerClass; // default is [CALayer class]. Used when creating the underlying layer for the view.
/Users/admin/builder/spi-builder-workspace/Sources/FluidGradient/FluidGradientView.swift:71:50: error: 'CALayer' is unavailable in watchOS
69 |
70 | /// Create blobs and add to specified layer
71 | public func create(_ colors: [Color], layer: CALayer) {
| `- error: 'CALayer' is unavailable in watchOS
72 | // Remove blobs at the end if colors are removed
73 | let count = layer.sublayers?.count ?? 0
/Applications/Xcode-27.0.0-Release.Candidate.app/Contents/Developer/Platforms/WatchOS.platform/Developer/SDKs/WatchOS27.0.sdk/System/Library/Frameworks/QuartzCore.framework/Headers/CALayer.h:117:12: note: 'CALayer' has been explicitly marked unavailable here
115 |
116 | API_AVAILABLE(macos(10.5), ios(2.0), tvos(9.0)) API_UNAVAILABLE(watchos)
117 | @interface CALayer : NSObject <NSSecureCoding, CAMediaTiming>
| `- note: 'CALayer' has been explicitly marked unavailable here
118 |
119 | /** Layer creation and initialization. **/
/Users/admin/builder/spi-builder-workspace/Sources/FluidGradient/ResizableLayer.swift:11:30: error: 'CALayer' is unavailable in watchOS
9 |
10 | /// An implementation of ``CALayer`` that resizes its sublayers
11 | public class ResizableLayer: CALayer {
| `- error: 'CALayer' is unavailable in watchOS
12 | override init() {
13 | super.init()
/Applications/Xcode-27.0.0-Release.Candidate.app/Contents/Developer/Platforms/WatchOS.platform/Developer/SDKs/WatchOS27.0.sdk/System/Library/Frameworks/QuartzCore.framework/Headers/CALayer.h:117:12: note: 'CALayer' has been explicitly marked unavailable here
115 |
116 | API_AVAILABLE(macos(10.5), ios(2.0), tvos(9.0)) API_UNAVAILABLE(watchos)
117 | @interface CALayer : NSObject <NSSecureCoding, CAMediaTiming>
| `- note: 'CALayer' has been explicitly marked unavailable here
118 |
119 | /** Layer creation and initialization. **/
SwiftCompile normal arm64_32 Compiling\ FluidGradient.swift /Users/admin/builder/spi-builder-workspace/Sources/FluidGradient/FluidGradient.swift (in target 'FluidGradient' from project 'FluidGradient')
SwiftCompile normal arm64_32 /Users/admin/builder/spi-builder-workspace/Sources/FluidGradient/FluidGradient.swift (in target 'FluidGradient' from project 'FluidGradient')
cd /Users/admin/builder/spi-builder-workspace/.swiftpm/xcode
builtin-SwiftPerFileCompile FluidGradient.swift
/Users/admin/builder/spi-builder-workspace/Sources/FluidGradient/FluidGradient.swift:42:33: error: cannot find type 'UIViewRepresentable' in scope
40 | typealias SystemRepresentable = NSViewRepresentable
41 | #else
42 | typealias SystemRepresentable = UIViewRepresentable
| `- error: cannot find type 'UIViewRepresentable' in scope
43 | #endif
44 |
/Users/admin/builder/spi-builder-workspace/Sources/FluidGradient/FluidGradient.swift:54:32: error: cannot find type 'Context' in scope
52 | @Binding var blurValue: CGFloat
53 |
54 | func makeView(context: Context) -> FluidGradientView {
| `- error: cannot find type 'Context' in scope
55 | context.coordinator.view
56 | }
/Users/admin/builder/spi-builder-workspace/Sources/FluidGradient/FluidGradient.swift:58:61: error: cannot find type 'Context' in scope
56 | }
57 |
58 | func updateView(_ view: FluidGradientView, context: Context) {
| `- error: cannot find type 'Context' in scope
59 | context.coordinator.create(blobs: blobs, highlights: highlights)
60 | DispatchQueue.main.async {
/Users/admin/builder/spi-builder-workspace/Sources/FluidGradient/FluidGradient.swift:73:34: error: cannot find type 'Context' in scope
71 | }
72 | #else
73 | func makeUIView(context: Context) -> FluidGradientView {
| `- error: cannot find type 'Context' in scope
74 | makeView(context: context)
75 | }
/Users/admin/builder/spi-builder-workspace/Sources/FluidGradient/FluidGradient.swift:76:63: error: cannot find type 'Context' in scope
74 | makeView(context: context)
75 | }
76 | func updateUIView(_ view: FluidGradientView, context: Context) {
| `- error: cannot find type 'Context' in scope
77 | updateView(view, context: context)
78 | }
SwiftCompile normal arm64_32 Compiling\ BlobLayer.swift /Users/admin/builder/spi-builder-workspace/Sources/FluidGradient/BlobLayer.swift (in target 'FluidGradient' from project 'FluidGradient')
/Users/admin/builder/spi-builder-workspace/Sources/FluidGradient/BlobLayer.swift:11:25: error: 'CAGradientLayer' is unavailable in watchOS
9 |
10 | /// A CALayer that draws a single blob on the screen
11 | public class BlobLayer: CAGradientLayer {
| `- error: 'CAGradientLayer' is unavailable in watchOS
12 | init(color: Color) {
13 | super.init()
/Applications/Xcode-27.0.0-Release.Candidate.app/Contents/Developer/Platforms/WatchOS.platform/Developer/SDKs/WatchOS27.0.sdk/System/Library/Frameworks/QuartzCore.framework/Headers/CAGradientLayer.h:20:12: note: 'CAGradientLayer' has been explicitly marked unavailable here
18 |
19 | API_AVAILABLE(macos(10.6), ios(3.0), tvos(9.0)) API_UNAVAILABLE(watchos)
20 | @interface CAGradientLayer : CALayer
| `- note: 'CAGradientLayer' has been explicitly marked unavailable here
21 |
22 | /* The array of CGColorRef objects defining the color of each gradient
/Users/admin/builder/spi-builder-workspace/Sources/FluidGradient/BlobLayer.swift:15:22: error: 'radial' is unavailable in watchOS
13 | super.init()
14 |
15 | self.type = .radial
| `- error: 'radial' is unavailable in watchOS
16 | #if os(OSX)
17 | autoresizingMask = [.layerWidthSizable, .layerHeightSizable]
/Applications/Xcode-27.0.0-Release.Candidate.app/Contents/Developer/Platforms/WatchOS.platform/Developer/SDKs/WatchOS27.0.sdk/System/Library/Frameworks/QuartzCore.framework/Headers/CAGradientLayer.h:64:37: note: 'radial' has been explicitly marked unavailable here
62 | * 2' respectively. */
63 |
64 | CA_EXTERN CAGradientLayerType const kCAGradientLayerRadial
| `- note: 'radial' has been explicitly marked unavailable here
65 | API_AVAILABLE(macos(10.6), ios(3.2), tvos(9.0)) API_UNAVAILABLE(watchos);
66 |
/Users/admin/builder/spi-builder-workspace/Sources/FluidGradient/BlobLayer.swift:55:25: error: 'CASpringAnimation' is unavailable in watchOS
53 | let currentLayer = self.presentation() ?? self
54 |
55 | let animation = CASpringAnimation()
| `- error: 'CASpringAnimation' is unavailable in watchOS
56 | animation.mass = 10/speed
57 | animation.damping = 50
/Applications/Xcode-27.0.0-Release.Candidate.app/Contents/Developer/Platforms/WatchOS.platform/Developer/SDKs/WatchOS27.0.sdk/System/Library/Frameworks/QuartzCore.framework/Headers/CAAnimation.h:259:12: note: 'CASpringAnimation' has been explicitly marked unavailable here
257 |
258 | API_AVAILABLE(macos(10.11), ios(9.0), tvos(9.0)) API_UNAVAILABLE(watchos)
259 | @interface CASpringAnimation : CABasicAnimation
| `- note: 'CASpringAnimation' has been explicitly marked unavailable here
260 |
261 | /* The mass of the object attached to the end of the spring. Must be greater
/Users/admin/builder/spi-builder-workspace/Sources/FluidGradient/BlobLayer.swift:61:30: error: 'CAMediaTimingFillMode' is unavailable in watchOS
59 |
60 | animation.isRemovedOnCompletion = false
61 | animation.fillMode = CAMediaTimingFillMode.forwards
| `- error: 'CAMediaTimingFillMode' is unavailable in watchOS
62 |
63 | let position = newPosition()
/Applications/Xcode-27.0.0-Release.Candidate.app/Contents/Developer/Platforms/WatchOS.platform/Developer/SDKs/WatchOS27.0.sdk/System/Library/Frameworks/QuartzCore.framework/Headers/CAMediaTiming.h:32:20: note: 'CAMediaTimingFillMode' has been explicitly marked unavailable here
30 | @class NSString;
31 |
32 | typedef NSString * CAMediaTimingFillMode NS_TYPED_ENUM API_AVAILABLE(macos(10.5), ios(2.0), tvos(9.0)) API_UNAVAILABLE(watchos);
| `- note: 'CAMediaTimingFillMode' has been explicitly marked unavailable here
33 |
34 | NS_HEADER_AUDIT_BEGIN(nullability, sendability)
/Users/admin/builder/spi-builder-workspace/Sources/FluidGradient/BlobLayer.swift:61:52: error: 'forwards' is unavailable in watchOS
59 |
60 | animation.isRemovedOnCompletion = false
61 | animation.fillMode = CAMediaTimingFillMode.forwards
| `- error: 'forwards' is unavailable in watchOS
62 |
63 | let position = newPosition()
/Applications/Xcode-27.0.0-Release.Candidate.app/Contents/Developer/Platforms/WatchOS.platform/Developer/SDKs/WatchOS27.0.sdk/System/Library/Frameworks/QuartzCore.framework/Headers/CAMediaTiming.h:86:39: note: 'forwards' has been explicitly marked unavailable here
84 | /* `fillMode' options. */
85 |
86 | CA_EXTERN CAMediaTimingFillMode const kCAFillModeForwards
| `- note: 'forwards' has been explicitly marked unavailable here
87 | API_AVAILABLE(macos(10.5), ios(2.0), tvos(9.0)) API_UNAVAILABLE(watchos);
88 | CA_EXTERN CAMediaTimingFillMode const kCAFillModeBackwards
/Users/admin/builder/spi-builder-workspace/Sources/FluidGradient/BlobLayer.swift:67:42: error: 'CASpringAnimation' is unavailable in watchOS
65 |
66 | // Center point
67 | let start = animation.copy() as! CASpringAnimation
| `- error: 'CASpringAnimation' is unavailable in watchOS
68 | start.keyPath = "startPoint"
69 | start.fromValue = currentLayer.startPoint
/Applications/Xcode-27.0.0-Release.Candidate.app/Contents/Developer/Platforms/WatchOS.platform/Developer/SDKs/WatchOS27.0.sdk/System/Library/Frameworks/QuartzCore.framework/Headers/CAAnimation.h:259:12: note: 'CASpringAnimation' has been explicitly marked unavailable here
257 |
258 | API_AVAILABLE(macos(10.11), ios(9.0), tvos(9.0)) API_UNAVAILABLE(watchos)
259 | @interface CASpringAnimation : CABasicAnimation
| `- note: 'CASpringAnimation' has been explicitly marked unavailable here
260 |
261 | /* The mass of the object attached to the end of the spring. Must be greater
/Users/admin/builder/spi-builder-workspace/Sources/FluidGradient/BlobLayer.swift:73:40: error: 'CASpringAnimation' is unavailable in watchOS
71 |
72 | // Radius
73 | let end = animation.copy() as! CASpringAnimation
| `- error: 'CASpringAnimation' is unavailable in watchOS
74 | end.keyPath = "endPoint"
75 | end.fromValue = currentLayer.endPoint
/Applications/Xcode-27.0.0-Release.Candidate.app/Contents/Developer/Platforms/WatchOS.platform/Developer/SDKs/WatchOS27.0.sdk/System/Library/Frameworks/QuartzCore.framework/Headers/CAAnimation.h:259:12: note: 'CASpringAnimation' has been explicitly marked unavailable here
257 |
258 | API_AVAILABLE(macos(10.11), ios(9.0), tvos(9.0)) API_UNAVAILABLE(watchos)
259 | @interface CASpringAnimation : CABasicAnimation
| `- note: 'CASpringAnimation' has been explicitly marked unavailable here
260 |
261 | /* The mass of the object attached to the end of the spring. Must be greater
SwiftCompile normal arm64_32 /Users/admin/builder/spi-builder-workspace/Sources/FluidGradient/BlobLayer.swift (in target 'FluidGradient' from project 'FluidGradient')
cd /Users/admin/builder/spi-builder-workspace/.swiftpm/xcode
builtin-SwiftPerFileCompile BlobLayer.swift
SwiftCompile normal arm64 Compiling\ BlobLayer.swift /Users/admin/builder/spi-builder-workspace/Sources/FluidGradient/BlobLayer.swift (in target 'FluidGradient' from project 'FluidGradient')
SwiftCompile normal arm64 /Users/admin/builder/spi-builder-workspace/Sources/FluidGradient/BlobLayer.swift (in target 'FluidGradient' from project 'FluidGradient')
cd /Users/admin/builder/spi-builder-workspace/.swiftpm/xcode
builtin-SwiftPerFileCompile BlobLayer.swift
/Users/admin/builder/spi-builder-workspace/Sources/FluidGradient/BlobLayer.swift:11:25: error: 'CAGradientLayer' is unavailable in watchOS
9 |
10 | /// A CALayer that draws a single blob on the screen
11 | public class BlobLayer: CAGradientLayer {
| `- error: 'CAGradientLayer' is unavailable in watchOS
12 | init(color: Color) {
13 | super.init()
/Applications/Xcode-27.0.0-Release.Candidate.app/Contents/Developer/Platforms/WatchOS.platform/Developer/SDKs/WatchOS27.0.sdk/System/Library/Frameworks/QuartzCore.framework/Headers/CAGradientLayer.h:20:12: note: 'CAGradientLayer' has been explicitly marked unavailable here
18 |
19 | API_AVAILABLE(macos(10.6), ios(3.0), tvos(9.0)) API_UNAVAILABLE(watchos)
20 | @interface CAGradientLayer : CALayer
| `- note: 'CAGradientLayer' has been explicitly marked unavailable here
21 |
22 | /* The array of CGColorRef objects defining the color of each gradient
/Users/admin/builder/spi-builder-workspace/Sources/FluidGradient/BlobLayer.swift:15:22: error: 'radial' is unavailable in watchOS
13 | super.init()
14 |
15 | self.type = .radial
| `- error: 'radial' is unavailable in watchOS
16 | #if os(OSX)
17 | autoresizingMask = [.layerWidthSizable, .layerHeightSizable]
/Applications/Xcode-27.0.0-Release.Candidate.app/Contents/Developer/Platforms/WatchOS.platform/Developer/SDKs/WatchOS27.0.sdk/System/Library/Frameworks/QuartzCore.framework/Headers/CAGradientLayer.h:64:37: note: 'radial' has been explicitly marked unavailable here
62 | * 2' respectively. */
63 |
64 | CA_EXTERN CAGradientLayerType const kCAGradientLayerRadial
| `- note: 'radial' has been explicitly marked unavailable here
65 | API_AVAILABLE(macos(10.6), ios(3.2), tvos(9.0)) API_UNAVAILABLE(watchos);
66 |
/Users/admin/builder/spi-builder-workspace/Sources/FluidGradient/BlobLayer.swift:55:25: error: 'CASpringAnimation' is unavailable in watchOS
53 | let currentLayer = self.presentation() ?? self
54 |
55 | let animation = CASpringAnimation()
| `- error: 'CASpringAnimation' is unavailable in watchOS
56 | animation.mass = 10/speed
57 | animation.damping = 50
/Applications/Xcode-27.0.0-Release.Candidate.app/Contents/Developer/Platforms/WatchOS.platform/Developer/SDKs/WatchOS27.0.sdk/System/Library/Frameworks/QuartzCore.framework/Headers/CAAnimation.h:259:12: note: 'CASpringAnimation' has been explicitly marked unavailable here
257 |
258 | API_AVAILABLE(macos(10.11), ios(9.0), tvos(9.0)) API_UNAVAILABLE(watchos)
259 | @interface CASpringAnimation : CABasicAnimation
| `- note: 'CASpringAnimation' has been explicitly marked unavailable here
260 |
261 | /* The mass of the object attached to the end of the spring. Must be greater
/Users/admin/builder/spi-builder-workspace/Sources/FluidGradient/BlobLayer.swift:61:30: error: 'CAMediaTimingFillMode' is unavailable in watchOS
59 |
60 | animation.isRemovedOnCompletion = false
61 | animation.fillMode = CAMediaTimingFillMode.forwards
| `- error: 'CAMediaTimingFillMode' is unavailable in watchOS
62 |
63 | let position = newPosition()
/Applications/Xcode-27.0.0-Release.Candidate.app/Contents/Developer/Platforms/WatchOS.platform/Developer/SDKs/WatchOS27.0.sdk/System/Library/Frameworks/QuartzCore.framework/Headers/CAMediaTiming.h:32:20: note: 'CAMediaTimingFillMode' has been explicitly marked unavailable here
30 | @class NSString;
31 |
32 | typedef NSString * CAMediaTimingFillMode NS_TYPED_ENUM API_AVAILABLE(macos(10.5), ios(2.0), tvos(9.0)) API_UNAVAILABLE(watchos);
| `- note: 'CAMediaTimingFillMode' has been explicitly marked unavailable here
33 |
34 | NS_HEADER_AUDIT_BEGIN(nullability, sendability)
/Users/admin/builder/spi-builder-workspace/Sources/FluidGradient/BlobLayer.swift:61:52: error: 'forwards' is unavailable in watchOS
59 |
60 | animation.isRemovedOnCompletion = false
61 | animation.fillMode = CAMediaTimingFillMode.forwards
| `- error: 'forwards' is unavailable in watchOS
62 |
63 | let position = newPosition()
/Applications/Xcode-27.0.0-Release.Candidate.app/Contents/Developer/Platforms/WatchOS.platform/Developer/SDKs/WatchOS27.0.sdk/System/Library/Frameworks/QuartzCore.framework/Headers/CAMediaTiming.h:86:39: note: 'forwards' has been explicitly marked unavailable here
84 | /* `fillMode' options. */
85 |
86 | CA_EXTERN CAMediaTimingFillMode const kCAFillModeForwards
| `- note: 'forwards' has been explicitly marked unavailable here
87 | API_AVAILABLE(macos(10.5), ios(2.0), tvos(9.0)) API_UNAVAILABLE(watchos);
88 | CA_EXTERN CAMediaTimingFillMode const kCAFillModeBackwards
/Users/admin/builder/spi-builder-workspace/Sources/FluidGradient/BlobLayer.swift:67:42: error: 'CASpringAnimation' is unavailable in watchOS
65 |
66 | // Center point
67 | let start = animation.copy() as! CASpringAnimation
| `- error: 'CASpringAnimation' is unavailable in watchOS
68 | start.keyPath = "startPoint"
69 | start.fromValue = currentLayer.startPoint
/Applications/Xcode-27.0.0-Release.Candidate.app/Contents/Developer/Platforms/WatchOS.platform/Developer/SDKs/WatchOS27.0.sdk/System/Library/Frameworks/QuartzCore.framework/Headers/CAAnimation.h:259:12: note: 'CASpringAnimation' has been explicitly marked unavailable here
257 |
258 | API_AVAILABLE(macos(10.11), ios(9.0), tvos(9.0)) API_UNAVAILABLE(watchos)
259 | @interface CASpringAnimation : CABasicAnimation
| `- note: 'CASpringAnimation' has been explicitly marked unavailable here
260 |
261 | /* The mass of the object attached to the end of the spring. Must be greater
/Users/admin/builder/spi-builder-workspace/Sources/FluidGradient/BlobLayer.swift:73:40: error: 'CASpringAnimation' is unavailable in watchOS
71 |
72 | // Radius
73 | let end = animation.copy() as! CASpringAnimation
| `- error: 'CASpringAnimation' is unavailable in watchOS
74 | end.keyPath = "endPoint"
75 | end.fromValue = currentLayer.endPoint
/Applications/Xcode-27.0.0-Release.Candidate.app/Contents/Developer/Platforms/WatchOS.platform/Developer/SDKs/WatchOS27.0.sdk/System/Library/Frameworks/QuartzCore.framework/Headers/CAAnimation.h:259:12: note: 'CASpringAnimation' has been explicitly marked unavailable here
257 |
258 | API_AVAILABLE(macos(10.11), ios(9.0), tvos(9.0)) API_UNAVAILABLE(watchos)
259 | @interface CASpringAnimation : CABasicAnimation
| `- note: 'CASpringAnimation' has been explicitly marked unavailable here
260 |
261 | /* The mass of the object attached to the end of the spring. Must be greater
SwiftCompile normal arm64_32 Compiling\ CGPoint+Extensions.swift /Users/admin/builder/spi-builder-workspace/Sources/FluidGradient/CGPoint+Extensions.swift (in target 'FluidGradient' from project 'FluidGradient')
SwiftCompile normal arm64_32 /Users/admin/builder/spi-builder-workspace/Sources/FluidGradient/CGPoint+Extensions.swift (in target 'FluidGradient' from project 'FluidGradient')
cd /Users/admin/builder/spi-builder-workspace/.swiftpm/xcode
builtin-SwiftPerFileCompile CGPoint+Extensions.swift
SwiftCompile normal arm64_32 Compiling\ ResizableLayer.swift /Users/admin/builder/spi-builder-workspace/Sources/FluidGradient/ResizableLayer.swift (in target 'FluidGradient' from project 'FluidGradient')
SwiftCompile normal arm64_32 /Users/admin/builder/spi-builder-workspace/Sources/FluidGradient/ResizableLayer.swift (in target 'FluidGradient' from project 'FluidGradient')
cd /Users/admin/builder/spi-builder-workspace/.swiftpm/xcode
builtin-SwiftPerFileCompile ResizableLayer.swift
SwiftCompile normal arm64 Compiling\ FluidGradientView.swift /Users/admin/builder/spi-builder-workspace/Sources/FluidGradient/FluidGradientView.swift (in target 'FluidGradient' from project 'FluidGradient')
/Users/admin/builder/spi-builder-workspace/Sources/FluidGradient/FluidGradientView.swift:18:31: error: 'UIView' is unavailable in watchOS
16 | import UIKit
17 | public typealias SystemColor = UIColor
18 | public typealias SystemView = UIView
| `- error: 'UIView' is unavailable in watchOS
19 | #endif
20 |
/Applications/Xcode-27.0.0-Release.Candidate.app/Contents/Developer/Platforms/WatchOS.platform/Developer/SDKs/WatchOS27.0.sdk/System/Library/Frameworks/UIKit.framework/Headers/UIView.h:152:12: note: 'UIView' has been explicitly marked unavailable here
150 |
151 | UIKIT_EXTERN API_AVAILABLE(ios(2.0)) API_UNAVAILABLE(watchos) NS_SWIFT_UI_ACTOR
152 | @interface UIView : UIResponder <NSCoding, UIAppearance, UIAppearanceContainer, UIDynamicItem, UITraitEnvironment, UICoordinateSpace, UIFocusItem, UIFocusItemContainer, CALayerDelegate>
| `- note: 'UIView' has been explicitly marked unavailable here
153 |
154 | @property(class, nonatomic, readonly) Class layerClass; // default is [CALayer class]. Used when creating the underlying layer for the view.
/Users/admin/builder/spi-builder-workspace/Sources/FluidGradient/FluidGradientView.swift:71:50: error: 'CALayer' is unavailable in watchOS
69 |
70 | /// Create blobs and add to specified layer
71 | public func create(_ colors: [Color], layer: CALayer) {
| `- error: 'CALayer' is unavailable in watchOS
72 | // Remove blobs at the end if colors are removed
73 | let count = layer.sublayers?.count ?? 0
/Applications/Xcode-27.0.0-Release.Candidate.app/Contents/Developer/Platforms/WatchOS.platform/Developer/SDKs/WatchOS27.0.sdk/System/Library/Frameworks/QuartzCore.framework/Headers/CALayer.h:117:12: note: 'CALayer' has been explicitly marked unavailable here
115 |
116 | API_AVAILABLE(macos(10.5), ios(2.0), tvos(9.0)) API_UNAVAILABLE(watchos)
117 | @interface CALayer : NSObject <NSSecureCoding, CAMediaTiming>
| `- note: 'CALayer' has been explicitly marked unavailable here
118 |
119 | /** Layer creation and initialization. **/
SwiftCompile normal arm64 /Users/admin/builder/spi-builder-workspace/Sources/FluidGradient/FluidGradientView.swift (in target 'FluidGradient' from project 'FluidGradient')
cd /Users/admin/builder/spi-builder-workspace/.swiftpm/xcode
builtin-SwiftPerFileCompile FluidGradientView.swift
SwiftCompile normal arm64 Compiling\ FluidGradient.swift /Users/admin/builder/spi-builder-workspace/Sources/FluidGradient/FluidGradient.swift (in target 'FluidGradient' from project 'FluidGradient')
/Users/admin/builder/spi-builder-workspace/Sources/FluidGradient/FluidGradient.swift:42:33: error: cannot find type 'UIViewRepresentable' in scope
40 | typealias SystemRepresentable = NSViewRepresentable
41 | #else
42 | typealias SystemRepresentable = UIViewRepresentable
| `- error: cannot find type 'UIViewRepresentable' in scope
43 | #endif
44 |
/Users/admin/builder/spi-builder-workspace/Sources/FluidGradient/FluidGradient.swift:54:32: error: cannot find type 'Context' in scope
52 | @Binding var blurValue: CGFloat
53 |
54 | func makeView(context: Context) -> FluidGradientView {
| `- error: cannot find type 'Context' in scope
55 | context.coordinator.view
56 | }
/Users/admin/builder/spi-builder-workspace/Sources/FluidGradient/FluidGradient.swift:58:61: error: cannot find type 'Context' in scope
56 | }
57 |
58 | func updateView(_ view: FluidGradientView, context: Context) {
| `- error: cannot find type 'Context' in scope
59 | context.coordinator.create(blobs: blobs, highlights: highlights)
60 | DispatchQueue.main.async {
/Users/admin/builder/spi-builder-workspace/Sources/FluidGradient/FluidGradient.swift:73:34: error: cannot find type 'Context' in scope
71 | }
72 | #else
73 | func makeUIView(context: Context) -> FluidGradientView {
| `- error: cannot find type 'Context' in scope
74 | makeView(context: context)
75 | }
/Users/admin/builder/spi-builder-workspace/Sources/FluidGradient/FluidGradient.swift:76:63: error: cannot find type 'Context' in scope
74 | makeView(context: context)
75 | }
76 | func updateUIView(_ view: FluidGradientView, context: Context) {
| `- error: cannot find type 'Context' in scope
77 | updateView(view, context: context)
78 | }
SwiftCompile normal arm64 /Users/admin/builder/spi-builder-workspace/Sources/FluidGradient/FluidGradient.swift (in target 'FluidGradient' from project 'FluidGradient')
cd /Users/admin/builder/spi-builder-workspace/.swiftpm/xcode
builtin-SwiftPerFileCompile FluidGradient.swift
SwiftCompile normal arm64 Compiling\ ResizableLayer.swift /Users/admin/builder/spi-builder-workspace/Sources/FluidGradient/ResizableLayer.swift (in target 'FluidGradient' from project 'FluidGradient')
SwiftCompile normal arm64 /Users/admin/builder/spi-builder-workspace/Sources/FluidGradient/ResizableLayer.swift (in target 'FluidGradient' from project 'FluidGradient')
cd /Users/admin/builder/spi-builder-workspace/.swiftpm/xcode
builtin-SwiftPerFileCompile ResizableLayer.swift
SwiftEmitModule normal arm64 Emitting\ module\ for\ FluidGradient (in target 'FluidGradient' from project 'FluidGradient')
/Users/admin/builder/spi-builder-workspace/Sources/FluidGradient/BlobLayer.swift:11:25: error: 'CAGradientLayer' is unavailable in watchOS
9 |
10 | /// A CALayer that draws a single blob on the screen
11 | public class BlobLayer: CAGradientLayer {
| `- error: 'CAGradientLayer' is unavailable in watchOS
12 | init(color: Color) {
13 | super.init()
/Applications/Xcode-27.0.0-Release.Candidate.app/Contents/Developer/Platforms/WatchOS.platform/Developer/SDKs/WatchOS27.0.sdk/System/Library/Frameworks/QuartzCore.framework/Headers/CAGradientLayer.h:20:12: note: 'CAGradientLayer' has been explicitly marked unavailable here
18 |
19 | API_AVAILABLE(macos(10.6), ios(3.0), tvos(9.0)) API_UNAVAILABLE(watchos)
20 | @interface CAGradientLayer : CALayer
| `- note: 'CAGradientLayer' has been explicitly marked unavailable here
21 |
22 | /* The array of CGColorRef objects defining the color of each gradient
/Users/admin/builder/spi-builder-workspace/Sources/FluidGradient/FluidGradient.swift:42:33: error: cannot find type 'UIViewRepresentable' in scope
40 | typealias SystemRepresentable = NSViewRepresentable
41 | #else
42 | typealias SystemRepresentable = UIViewRepresentable
| `- error: cannot find type 'UIViewRepresentable' in scope
43 | #endif
44 |
/Users/admin/builder/spi-builder-workspace/Sources/FluidGradient/FluidGradient.swift:54:32: error: cannot find type 'Context' in scope
52 | @Binding var blurValue: CGFloat
53 |
54 | func makeView(context: Context) -> FluidGradientView {
| `- error: cannot find type 'Context' in scope
55 | context.coordinator.view
56 | }
/Users/admin/builder/spi-builder-workspace/Sources/FluidGradient/FluidGradient.swift:58:61: error: cannot find type 'Context' in scope
56 | }
57 |
58 | func updateView(_ view: FluidGradientView, context: Context) {
| `- error: cannot find type 'Context' in scope
59 | context.coordinator.create(blobs: blobs, highlights: highlights)
60 | DispatchQueue.main.async {
/Users/admin/builder/spi-builder-workspace/Sources/FluidGradient/FluidGradient.swift:73:34: error: cannot find type 'Context' in scope
71 | }
72 | #else
73 | func makeUIView(context: Context) -> FluidGradientView {
| `- error: cannot find type 'Context' in scope
74 | makeView(context: context)
75 | }
/Users/admin/builder/spi-builder-workspace/Sources/FluidGradient/FluidGradient.swift:76:63: error: cannot find type 'Context' in scope
74 | makeView(context: context)
75 | }
76 | func updateUIView(_ view: FluidGradientView, context: Context) {
| `- error: cannot find type 'Context' in scope
77 | updateView(view, context: context)
78 | }
/Users/admin/builder/spi-builder-workspace/Sources/FluidGradient/FluidGradientView.swift:18:31: error: 'UIView' is unavailable in watchOS
16 | import UIKit
17 | public typealias SystemColor = UIColor
18 | public typealias SystemView = UIView
| `- error: 'UIView' is unavailable in watchOS
19 | #endif
20 |
/Applications/Xcode-27.0.0-Release.Candidate.app/Contents/Developer/Platforms/WatchOS.platform/Developer/SDKs/WatchOS27.0.sdk/System/Library/Frameworks/UIKit.framework/Headers/UIView.h:152:12: note: 'UIView' has been explicitly marked unavailable here
150 |
151 | UIKIT_EXTERN API_AVAILABLE(ios(2.0)) API_UNAVAILABLE(watchos) NS_SWIFT_UI_ACTOR
152 | @interface UIView : UIResponder <NSCoding, UIAppearance, UIAppearanceContainer, UIDynamicItem, UITraitEnvironment, UICoordinateSpace, UIFocusItem, UIFocusItemContainer, CALayerDelegate>
| `- note: 'UIView' has been explicitly marked unavailable here
153 |
154 | @property(class, nonatomic, readonly) Class layerClass; // default is [CALayer class]. Used when creating the underlying layer for the view.
/Users/admin/builder/spi-builder-workspace/Sources/FluidGradient/FluidGradientView.swift:71:50: error: 'CALayer' is unavailable in watchOS
69 |
70 | /// Create blobs and add to specified layer
71 | public func create(_ colors: [Color], layer: CALayer) {
| `- error: 'CALayer' is unavailable in watchOS
72 | // Remove blobs at the end if colors are removed
73 | let count = layer.sublayers?.count ?? 0
/Applications/Xcode-27.0.0-Release.Candidate.app/Contents/Developer/Platforms/WatchOS.platform/Developer/SDKs/WatchOS27.0.sdk/System/Library/Frameworks/QuartzCore.framework/Headers/CALayer.h:117:12: note: 'CALayer' has been explicitly marked unavailable here
115 |
116 | API_AVAILABLE(macos(10.5), ios(2.0), tvos(9.0)) API_UNAVAILABLE(watchos)
117 | @interface CALayer : NSObject <NSSecureCoding, CAMediaTiming>
| `- note: 'CALayer' has been explicitly marked unavailable here
118 |
119 | /** Layer creation and initialization. **/
/Users/admin/builder/spi-builder-workspace/Sources/FluidGradient/ResizableLayer.swift:11:30: error: 'CALayer' is unavailable in watchOS
9 |
10 | /// An implementation of ``CALayer`` that resizes its sublayers
11 | public class ResizableLayer: CALayer {
| `- error: 'CALayer' is unavailable in watchOS
12 | override init() {
13 | super.init()
/Applications/Xcode-27.0.0-Release.Candidate.app/Contents/Developer/Platforms/WatchOS.platform/Developer/SDKs/WatchOS27.0.sdk/System/Library/Frameworks/QuartzCore.framework/Headers/CALayer.h:117:12: note: 'CALayer' has been explicitly marked unavailable here
115 |
116 | API_AVAILABLE(macos(10.5), ios(2.0), tvos(9.0)) API_UNAVAILABLE(watchos)
117 | @interface CALayer : NSObject <NSSecureCoding, CAMediaTiming>
| `- note: 'CALayer' has been explicitly marked unavailable here
118 |
119 | /** Layer creation and initialization. **/
Failed frontend command:
/Applications/Xcode-27.0.0-Release.Candidate.app/Contents/Developer/Toolchains/XcodeDefault.xctoolchain/usr/bin/swift-frontend -frontend -emit-module -experimental-skip-non-inlinable-function-bodies-without-types /Users/admin/builder/spi-builder-workspace/Sources/FluidGradient/BlobLayer.swift /Users/admin/builder/spi-builder-workspace/Sources/FluidGradient/CGPoint+Extensions.swift /Users/admin/builder/spi-builder-workspace/Sources/FluidGradient/FluidGradient.swift /Users/admin/builder/spi-builder-workspace/Sources/FluidGradient/FluidGradientView.swift /Users/admin/builder/spi-builder-workspace/Sources/FluidGradient/ResizableLayer.swift -target arm64-apple-watchos9.0 -disable-cross-import-overlay-search -load-resolved-plugin /Applications/Xcode-27.0.0-Release.Candidate.app/Contents/Developer/Platforms/WatchOS.platform/Developer/usr/lib/swift/host/plugins/libFoundationMacros.dylib\#/Applications/Xcode-27.0.0-Release.Candidate.app/Contents/Developer/Platforms/WatchOS.platform/Developer/usr/bin/swift-plugin-server\#FoundationMacros -load-resolved-plugin /Applications/Xcode-27.0.0-Release.Candidate.app/Contents/Developer/Platforms/WatchOS.platform/Developer/usr/lib/swift/host/plugins/libObservationMacros.dylib\#/Applications/Xcode-27.0.0-Release.Candidate.app/Contents/Developer/Platforms/WatchOS.platform/Developer/usr/bin/swift-plugin-server\#ObservationMacros -load-resolved-plugin /Applications/Xcode-27.0.0-Release.Candidate.app/Contents/Developer/Platforms/WatchOS.platform/Developer/usr/lib/swift/host/plugins/libPreviewsMacros.dylib\#/Applications/Xcode-27.0.0-Release.Candidate.app/Contents/Developer/Platforms/WatchOS.platform/Developer/usr/bin/swift-plugin-server\#PreviewsMacros -load-resolved-plugin /Applications/Xcode-27.0.0-Release.Candidate.app/Contents/Developer/Platforms/WatchOS.platform/Developer/usr/lib/swift/host/plugins/libSwiftMacros.dylib\#/Applications/Xcode-27.0.0-Release.Candidate.app/Contents/Developer/Platforms/WatchOS.platform/Developer/usr/bin/swift-plugin-server\#SwiftMacros -load-resolved-plugin /Applications/Xcode-27.0.0-Release.Candidate.app/Contents/Developer/Platforms/WatchOS.platform/Developer/usr/lib/swift/host/plugins/libSwiftUIMacros.dylib\#/Applications/Xcode-27.0.0-Release.Candidate.app/Contents/Developer/Platforms/WatchOS.platform/Developer/usr/bin/swift-plugin-server\#SwiftUIMacros -disable-implicit-swift-modules -Xcc -fno-implicit-modules -Xcc -fno-implicit-module-maps -explicit-swift-module-map-file /Users/admin/builder/spi-builder-workspace/.derivedData/Build/Intermediates.noindex/FluidGradient.build/Debug-watchos/FluidGradient-t.build/Objects-normal/arm64/FluidGradient-dependencies-1.json -Xllvm -aarch64-use-tbi -enable-objc-interop -stack-check -sdk /Applications/Xcode-27.0.0-Release.Candidate.app/Contents/Developer/Platforms/WatchOS.platform/Developer/SDKs/WatchOS27.0.sdk -I /Users/admin/builder/spi-builder-workspace/.derivedData/Build/Products/Debug-watchos -Isystem /Applications/Xcode-27.0.0-Release.Candidate.app/Contents/Developer/Platforms/WatchOS.platform/Developer/usr/lib -F /Users/admin/builder/spi-builder-workspace/.derivedData/Build/Products/Debug-watchos -F /Applications/Xcode-27.0.0-Release.Candidate.app/Contents/Developer/Platforms/WatchOS.platform/Developer/Library/Frameworks -F /Applications/Xcode-27.0.0-Release.Candidate.app/Contents/Developer/Platforms/WatchOS.platform/Developer/SDKs/WatchOS27.0.sdk/Developer/Library/Frameworks -module-cache-path /Users/admin/builder/spi-builder-workspace/.derivedData/Build/Intermediates.noindex/SwiftExplicitPrecompiledModules -no-color-diagnostics -Xcc -fno-color-diagnostics -enable-testing -g -debug-info-format\=dwarf -dwarf-version\=4 -swift-version 5 -Onone -D SWIFT_PACKAGE -D DEBUG -D SWIFT_MODULE_RESOURCE_BUNDLE_UNAVAILABLE -D Xcode -serialize-debugging-options -enable-experimental-feature DebugDescriptionMacro -empty-abi-descriptor -validate-clang-modules-once -clang-build-session-file /Users/admin/builder/spi-builder-workspace/.derivedData/ModuleCache.noindex/Session.modulevalidation -Xcc -working-directory -Xcc /Users/admin/builder/spi-builder-workspace/.swiftpm/xcode -enable-anonymous-context-mangled-names -file-compilation-dir /Users/admin/builder/spi-builder-workspace/.swiftpm/xcode -Xcc -D_LIBCPP_HARDENING_MODE\=_LIBCPP_HARDENING_MODE_DEBUG -Xcc -ivfsstatcache -Xcc /Users/admin/builder/spi-builder-workspace/.derivedData/SDKStatCaches.noindex/watchos27.0-24R360-e829b21a6f8c9b70876ba0858053c04477534ef55a1706bf4c1112bbb242f0a2.sdkstatcache -Xcc -fmodules-prune-interval\=86400 -Xcc -fmodules-prune-after\=345600 -Xcc -I/Users/admin/builder/spi-builder-workspace/.derivedData/Build/Products/Debug-watchos/include -Xcc -I/Users/admin/builder/spi-builder-workspace/.derivedData/Build/Intermediates.noindex/FluidGradient.build/Debug-watchos/FluidGradient-t.build/DerivedSources-normal/arm64 -Xcc -I/Users/admin/builder/spi-builder-workspace/.derivedData/Build/Intermediates.noindex/FluidGradient.build/Debug-watchos/FluidGradient-t.build/DerivedSources/arm64 -Xcc -I/Users/admin/builder/spi-builder-workspace/.derivedData/Build/Intermediates.noindex/FluidGradient.build/Debug-watchos/FluidGradient-t.build/DerivedSources -Xcc -DSWIFT_PACKAGE -Xcc -DDEBUG\=1 -no-auto-bridging-header-chaining -module-name FluidGradient -const-gather-protocols-file /Users/admin/builder/spi-builder-workspace/.derivedData/Build/Intermediates.noindex/FluidGradient.build/Debug-watchos/FluidGradient-t.build/Objects-normal/arm64/FluidGradient_const_extract_protocols.json -disable-clang-spi -clang-target arm64-apple-watchos27.0 -target-sdk-version 27.0 -target-sdk-name watchos27.0 -in-process-plugin-server-path /Applications/Xcode-27.0.0-Release.Candidate.app/Contents/Developer/Toolchains/XcodeDefault.xctoolchain/usr/lib/swift/host/libSwiftInProcPluginServer.dylib -emit-module-doc-path /Users/admin/builder/spi-builder-workspace/.derivedData/Build/Intermediates.noindex/FluidGradient.build/Debug-watchos/FluidGradient-t.build/Objects-normal/arm64/FluidGradient.swiftdoc -emit-module-source-info-path /Users/admin/builder/spi-builder-workspace/.derivedData/Build/Intermediates.noindex/FluidGradient.build/Debug-watchos/FluidGradient-t.build/Objects-normal/arm64/FluidGradient.swiftsourceinfo -emit-objc-header-path /Users/admin/builder/spi-builder-workspace/.derivedData/Build/Intermediates.noindex/FluidGradient.build/Debug-watchos/FluidGradient-t.build/Objects-normal/arm64/FluidGradient-Swift.h -serialize-diagnostics-path /Users/admin/builder/spi-builder-workspace/.derivedData/Build/Intermediates.noindex/FluidGradient.build/Debug-watchos/FluidGradient-t.build/Objects-normal/arm64/FluidGradient-primary-emit-module.dia -emit-dependencies-path /Users/admin/builder/spi-builder-workspace/.derivedData/Build/Intermediates.noindex/FluidGradient.build/Debug-watchos/FluidGradient-t.build/Objects-normal/arm64/FluidGradient-primary-emit-module.d -parse-as-library -o /Users/admin/builder/spi-builder-workspace/.derivedData/Build/Intermediates.noindex/FluidGradient.build/Debug-watchos/FluidGradient-t.build/Objects-normal/arm64/FluidGradient.swiftmodule -emit-abi-descriptor-path /Users/admin/builder/spi-builder-workspace/.derivedData/Build/Intermediates.noindex/FluidGradient.build/Debug-watchos/FluidGradient-t.build/Objects-normal/arm64/FluidGradient.abi.json
SwiftCompile normal arm64 (in target 'FluidGradient' from project 'FluidGradient')
cd /Users/admin/builder/spi-builder-workspace/.swiftpm/xcode
SwiftCompile normal arm64 Compiling\ CGPoint+Extensions.swift /Users/admin/builder/spi-builder-workspace/Sources/FluidGradient/CGPoint+Extensions.swift (in target 'FluidGradient' from project 'FluidGradient')
SwiftCompile normal arm64 /Users/admin/builder/spi-builder-workspace/Sources/FluidGradient/CGPoint+Extensions.swift (in target 'FluidGradient' from project 'FluidGradient')
cd /Users/admin/builder/spi-builder-workspace/.swiftpm/xcode
builtin-SwiftPerFileCompile CGPoint+Extensions.swift
PruneExplicitPrecompiledModules /Users/admin/builder/spi-builder-workspace/.derivedData/Build/Intermediates.noindex/ExplicitPrecompiledModules
PruneExplicitPrecompiledModules /Users/admin/builder/spi-builder-workspace/.derivedData/Build/Intermediates.noindex/SwiftExplicitPrecompiledModules
PruneExplicitPrecompiledModules /Users/admin/builder/spi-builder-workspace/.derivedData/SDKExplicitPrecompiledModules
2026-09-24 14:15:07.507 xcodebuild[822:4907] [MT] IDERunDestination: Supported platforms for the buildables in the current scheme is empty.
** BUILD FAILED **
The following build commands failed:
SwiftEmitModule normal arm64 Emitting\ module\ for\ FluidGradient (in target 'FluidGradient' from project 'FluidGradient')
SwiftCompile normal arm64 (in target 'FluidGradient' from project 'FluidGradient')
Building workspace FluidGradient with scheme FluidGradient
(3 failures)
BUILD FAILURE 6.4 watchOS