Build Information
Failed to build Ollin, reference 0.17.0 (14d9de), with Swift 6.2 for watchOS using Xcode 26.3 on 28 Oct 2026 00:32:33 UTC.
Build Command
No build command. This typically means the build failed at an early stage where we determine the build command.Build Log
========================================
RunAll
========================================
Builder version: 5.1.3
Interrupt handler set up.
========================================
Checkout
========================================
Clone URL: https://github.com/eaviles/Ollin.git
Reference: 0.17.0
Initialized empty Git repository in /Users/admin/builder/spi-builder-workspace/.git/
From https://github.com/eaviles/Ollin
* tag 0.17.0 -> FETCH_HEAD
HEAD is now at 14d9de9 Ollin 0.17.0.
Updating files: 79% (4518/5687)
Updating files: 80% (4550/5687)
Updating files: 81% (4607/5687)
Updating files: 82% (4664/5687)
Updating files: 83% (4721/5687)
Updating files: 84% (4778/5687)
Updating files: 85% (4834/5687)
Updating files: 86% (4891/5687)
Updating files: 87% (4948/5687)
Updating files: 88% (5005/5687)
Updating files: 89% (5062/5687)
Updating files: 90% (5119/5687)
Updating files: 91% (5176/5687)
Updating files: 92% (5233/5687)
Updating files: 93% (5289/5687)
Updating files: 94% (5346/5687)
Updating files: 95% (5403/5687)
Updating files: 96% (5460/5687)
Updating files: 97% (5517/5687)
Updating files: 98% (5574/5687)
Updating files: 99% (5631/5687)
Updating files: 100% (5687/5687)
Updating files: 100% (5687/5687), done.
Cloned https://github.com/eaviles/Ollin.git
Revision (git rev-parse @):
14d9de972be5146d4cf00c9fbfab0d82ffbed1cf
SPI manifest file found: $PWD/.spi.yml
SUCCESS checkout https://github.com/eaviles/Ollin.git at 0.17.0
========================================
Build
========================================
Selected platform: watchOS
Swift version: 6.2
Building package at path: $PWD
https://github.com/eaviles/Ollin.git
Command line invocation:
/Applications/Xcode-26.3.0.app/Contents/Developer/usr/bin/xcodebuild -IDEClonedSourcePackagesDirPathOverride=/Users/admin/builder/spi-builder-workspace/.dependencies -resolvePackageDependencies
Resolve Package Graph
Package: spi-builder-workspace
Resolve Package Graph
Package: spi-builder-workspace
Resolved source packages:
spi-builder-workspace: (null)
2026-10-27 20:32:31.984 xcodebuild[570:3135] Writing error result bundle to /var/folders/xq/y_g06wb113726d38xsyx71_h0000gn/T/ResultBundle_2026-27-10_20-32-0031.xcresult
xcodebuild: error: Could not resolve package dependencies:
Building Ollin needs Swift 6.3 or newer (Xcode 26); running a sketch needs macOS 26 or newer. Select a newer toolchain and build again.
/Users/admin/builder/spi-builder-workspace/Package.swift:9:8: error: Building Ollin needs Swift 6.3 or newer (Xcode 26); running a sketch needs macOS 26 or newer. Select a newer toolchain and build again.
7 | // framework.
8 | #if compiler(<6.3)
9 | #error("Building Ollin needs Swift 6.3 or newer (Xcode 26); running a sketch needs macOS 26 or newer. Select a newer toolchain and build again.")
| `- error: Building Ollin needs Swift 6.3 or newer (Xcode 26); running a sketch needs macOS 26 or newer. Select a newer toolchain and build again.
10 | #endif
11 |
Command line invocation:
/Applications/Xcode-26.3.0.app/Contents/Developer/usr/bin/xcodebuild -IDEClonedSourcePackagesDirPathOverride=/Users/admin/builder/spi-builder-workspace/.dependencies -resolvePackageDependencies
Resolve Package Graph
Package: spi-builder-workspace
Resolved source packages:
spi-builder-workspace: (null)
2026-10-27 20:32:33.739 xcodebuild[775:4629] Writing error result bundle to /var/folders/xq/y_g06wb113726d38xsyx71_h0000gn/T/ResultBundle_2026-27-10_20-32-0033.xcresult
xcodebuild: error: Could not resolve package dependencies:
Building Ollin needs Swift 6.3 or newer (Xcode 26); running a sketch needs macOS 26 or newer. Select a newer toolchain and build again.
/Users/admin/builder/spi-builder-workspace/Package.swift:9:8: error: Building Ollin needs Swift 6.3 or newer (Xcode 26); running a sketch needs macOS 26 or newer. Select a newer toolchain and build again.
7 | // framework.
8 | #if compiler(<6.3)
9 | #error("Building Ollin needs Swift 6.3 or newer (Xcode 26); running a sketch needs macOS 26 or newer. Select a newer toolchain and build again.")
| `- error: Building Ollin needs Swift 6.3 or newer (Xcode 26); running a sketch needs macOS 26 or newer. Select a newer toolchain and build again.
10 | #endif
11 |
BUILD FAILURE 6.2 watchOS