Build Information
Failed to build SolicitReviewLibrary, reference main (01bf76), with Swift 6.4 for tvOS using Xcode 27.0 on 23 Sep 2026 21:08:04 UTC.
Build Command
env DEVELOPER_DIR=/Applications/Xcode-27.0.0-Release.Candidate.app xcrun xcodebuild -IDEClonedSourcePackagesDirPathOverride=$PWD/.dependencies -skipMacroValidation -skipPackagePluginValidation -derivedDataPath $PWD/.derivedData build -scheme SolicitReviewLibrary -destination generic/platform=tvOSBuild Log
========================================
RunAll
========================================
Builder version: 5.1.0
Interrupt handler set up.
========================================
Checkout
========================================
Clone URL: https://github.com/higracehuang/SolicitReviewLibrary.git
Reference: main
Initialized empty Git repository in /Users/admin/builder/spi-builder-workspace/.git/
From https://github.com/higracehuang/SolicitReviewLibrary
* branch main -> FETCH_HEAD
* [new branch] main -> origin/main
HEAD is now at 01bf76f Added requestReviewDaily
Cloned https://github.com/higracehuang/SolicitReviewLibrary.git
Revision (git rev-parse @):
01bf76f2edad754b094639205d2eda57f1f25131
SUCCESS checkout https://github.com/higracehuang/SolicitReviewLibrary.git at main
========================================
Build
========================================
Selected platform: tvOS
Swift version: 6.4
Building package at path: $PWD
https://github.com/higracehuang/SolicitReviewLibrary.git
Command line invocation:
/Applications/Xcode-27.0.0-Release.Candidate.app/Contents/Developer/usr/bin/xcodebuild -IDEClonedSourcePackagesDirPathOverride=/Users/admin/builder/spi-builder-workspace/.dependencies -resolvePackageDependencies
Resolve Package Graph
Resolve Package Graph
Resolved source packages:
SolicitReviewLibrary: /Users/admin/builder/spi-builder-workspace
resolved source packages: SolicitReviewLibrary
2026-09-23 17:07:11.605 xcodebuild[525:2993] [MT] IDERunDestination: Supported platforms for the buildables in the current scheme is empty.
2026-09-23 17:07:11.764 xcodebuild[525:2993] [MT] IDERunDestination: Supported platforms for the buildables in the current scheme is empty.
2026-09-23 17:07:13.587 xcodebuild[525:2993] [MT] IDERunDestination: Supported platforms for the buildables in the current scheme is empty.
{
"default_localization" : "en",
"dependencies" : [
],
"manifest_display_name" : "SolicitReviewLibrary",
"name" : "SolicitReviewLibrary",
"path" : "/Users/admin/builder/spi-builder-workspace",
"platforms" : [
{
"name" : "ios",
"version" : "14.0"
},
{
"name" : "macos",
"version" : "11.0"
}
],
"products" : [
{
"name" : "SolicitReviewLibrary",
"targets" : [
"SolicitReviewLibrary"
],
"type" : {
"library" : [
"automatic"
]
}
}
],
"targets" : [
{
"c99name" : "SolicitReviewLibraryTests",
"module_type" : "SwiftTarget",
"name" : "SolicitReviewLibraryTests",
"path" : "Tests/SolicitReviewLibraryTests",
"sources" : [
"SolicitReviewLibraryTests.swift"
],
"target_dependencies" : [
"SolicitReviewLibrary"
],
"type" : "test"
},
{
"c99name" : "SolicitReviewLibrary",
"module_type" : "SwiftTarget",
"name" : "SolicitReviewLibrary",
"path" : "Sources/SolicitReviewLibrary",
"product_memberships" : [
"SolicitReviewLibrary"
],
"resources" : [
{
"path" : "/Users/admin/builder/spi-builder-workspace/Sources/SolicitReviewLibrary/Resources/de.lproj/Localizable.strings",
"rule" : {
"process" : {
"localization" : "de"
}
}
},
{
"path" : "/Users/admin/builder/spi-builder-workspace/Sources/SolicitReviewLibrary/Resources/ja.lproj/Localizable.strings",
"rule" : {
"process" : {
"localization" : "ja"
}
}
},
{
"path" : "/Users/admin/builder/spi-builder-workspace/Sources/SolicitReviewLibrary/Resources/zh-Hans.lproj/Localizable.strings",
"rule" : {
"process" : {
"localization" : "zh-hans"
}
}
},
{
"path" : "/Users/admin/builder/spi-builder-workspace/Sources/SolicitReviewLibrary/Resources/zh-Hant.lproj/Localizable.strings",
"rule" : {
"process" : {
"localization" : "zh-hant"
}
}
}
],
"sources" : [
"Bundle+Extensions.swift",
"Bundle+Module.swift",
"Logger.swift",
"RateAppLinkView.swift",
"SolicitReviewLibrary.swift"
],
"type" : "library"
}
],
"tools_version" : "5.9"
}
{
"workspace" : {
"name" : "SolicitReviewLibrary",
"schemes" : [
"SolicitReviewLibrary"
]
}
}
2026-09-23 17:07:50.237 xcodebuild[622:3790] [MT] IDERunDestination: Supported platforms for the buildables in the current scheme is empty.
2026-09-23 17:07:50.374 xcodebuild[622:3790] [MT] IDERunDestination: Supported platforms for the buildables in the current scheme is empty.
Running build ...
env DEVELOPER_DIR=/Applications/Xcode-27.0.0-Release.Candidate.app xcrun xcodebuild -IDEClonedSourcePackagesDirPathOverride=$PWD/.dependencies -skipMacroValidation -skipPackagePluginValidation -derivedDataPath $PWD/.derivedData build -scheme SolicitReviewLibrary -destination generic/platform=tvOS
Command line invocation:
/Applications/Xcode-27.0.0-Release.Candidate.app/Contents/Developer/usr/bin/xcodebuild -IDEClonedSourcePackagesDirPathOverride=/Users/admin/builder/spi-builder-workspace/.dependencies -skipMacroValidation -skipPackagePluginValidation -derivedDataPath /Users/admin/builder/spi-builder-workspace/.derivedData build -scheme SolicitReviewLibrary -destination generic/platform=tvOS
Resolve Package Graph
Resolved source packages:
SolicitReviewLibrary: /Users/admin/builder/spi-builder-workspace
ComputePackagePrebuildTargetDependencyGraph
Prepare packages
CreateBuildRequest
SendProjectDescription
CreateBuildOperation
ComputeTargetDependencyGraph
note: Building targets in dependency order
note: Target dependency graph (4 targets)
Target 'SolicitReviewLibraryTests-product' in project 'SolicitReviewLibrary'
➜ Explicit dependency on target 'SolicitReviewLibrary' in project 'SolicitReviewLibrary'
Target 'SolicitReviewLibrary-product' in project 'SolicitReviewLibrary'
➜ Explicit dependency on target 'SolicitReviewLibrary' in project 'SolicitReviewLibrary'
➜ Explicit dependency on target 'SolicitReviewLibrary_SolicitReviewLibrary' in project 'SolicitReviewLibrary'
Target 'SolicitReviewLibrary' in project 'SolicitReviewLibrary'
➜ Explicit dependency on target 'SolicitReviewLibrary_SolicitReviewLibrary' in project 'SolicitReviewLibrary'
Target 'SolicitReviewLibrary_SolicitReviewLibrary' in project 'SolicitReviewLibrary' (no dependencies)
GatherProvisioningInputs
CreateBuildDescription
ExecuteExternalTool /Applications/Xcode-27.0.0-Release.Candidate.app/Contents/Developer/Toolchains/XcodeDefault.xctoolchain/usr/bin/clang -v -E -dM -isysroot /Applications/Xcode-27.0.0-Release.Candidate.app/Contents/Developer/Platforms/AppleTVOS.platform/Developer/SDKs/AppleTVOS27.0.sdk -x c -c /dev/null
ExecuteExternalTool /Applications/Xcode-27.0.0-Release.Candidate.app/Contents/Developer/Toolchains/XcodeDefault.xctoolchain/usr/bin/swiftc --version
ExecuteExternalTool /Applications/Xcode-27.0.0-Release.Candidate.app/Contents/Developer/Toolchains/XcodeDefault.xctoolchain/usr/bin/ld -version_details
Build description signature: f95d99483a98bd6b4ad7342a882ccee7
Build description path: /Users/admin/builder/spi-builder-workspace/.derivedData/Build/Intermediates.noindex/XCBuildData/f95d99483a98bd6b4ad7342a882ccee7.xcbuilddata
CreateBuildDirectory /Users/admin/builder/spi-builder-workspace/.derivedData/SDKExplicitPrecompiledModules
cd /Users/admin/builder/spi-builder-workspace/.swiftpm/xcode
builtin-create-build-directory /Users/admin/builder/spi-builder-workspace/.derivedData/SDKExplicitPrecompiledModules
CreateBuildDirectory /Users/admin/builder/spi-builder-workspace/.derivedData/ModuleCache.noindex
cd /Users/admin/builder/spi-builder-workspace/.swiftpm/xcode
builtin-create-build-directory /Users/admin/builder/spi-builder-workspace/.derivedData/ModuleCache.noindex
CreateBuildDirectory /Users/admin/builder/spi-builder-workspace/.derivedData/Build/Products
cd /Users/admin/builder/spi-builder-workspace/.swiftpm/xcode
builtin-create-build-directory /Users/admin/builder/spi-builder-workspace/.derivedData/Build/Products
CreateBuildDirectory /Users/admin/builder/spi-builder-workspace/.derivedData/CompilationCache.noindex
cd /Users/admin/builder/spi-builder-workspace/.swiftpm/xcode
builtin-create-build-directory /Users/admin/builder/spi-builder-workspace/.derivedData/CompilationCache.noindex
CreateBuildDirectory /Users/admin/builder/spi-builder-workspace/.derivedData/Build/Intermediates.noindex
cd /Users/admin/builder/spi-builder-workspace/.swiftpm/xcode
builtin-create-build-directory /Users/admin/builder/spi-builder-workspace/.derivedData/Build/Intermediates.noindex
ClangStatCache /Applications/Xcode-27.0.0-Release.Candidate.app/Contents/Developer/Toolchains/XcodeDefault.xctoolchain/usr/bin/clang-stat-cache /Applications/Xcode-27.0.0-Release.Candidate.app/Contents/Developer/Platforms/AppleTVOS.platform/Developer/SDKs/AppleTVOS27.0.sdk /Users/admin/builder/spi-builder-workspace/.derivedData/SDKStatCaches.noindex/appletvos27.0-24J360-e829b21a6f8c9b70876ba0858053c044b32bfd8d43560033f8d89884cdb90028.sdkstatcache
cd /Users/admin/builder/spi-builder-workspace/.swiftpm/xcode
/Applications/Xcode-27.0.0-Release.Candidate.app/Contents/Developer/Toolchains/XcodeDefault.xctoolchain/usr/bin/clang-stat-cache /Applications/Xcode-27.0.0-Release.Candidate.app/Contents/Developer/Platforms/AppleTVOS.platform/Developer/SDKs/AppleTVOS27.0.sdk -o /Users/admin/builder/spi-builder-workspace/.derivedData/SDKStatCaches.noindex/appletvos27.0-24J360-e829b21a6f8c9b70876ba0858053c044b32bfd8d43560033f8d89884cdb90028.sdkstatcache
CreateBuildDirectory /Users/admin/builder/spi-builder-workspace/.derivedData/Build/Intermediates.noindex/SwiftExplicitPrecompiledModules
cd /Users/admin/builder/spi-builder-workspace/.swiftpm/xcode
builtin-create-build-directory /Users/admin/builder/spi-builder-workspace/.derivedData/Build/Intermediates.noindex/SwiftExplicitPrecompiledModules
CreateBuildDirectory /Users/admin/builder/spi-builder-workspace/.derivedData/Build/Intermediates.noindex/PrecompiledHeaders
cd /Users/admin/builder/spi-builder-workspace/.swiftpm/xcode
builtin-create-build-directory /Users/admin/builder/spi-builder-workspace/.derivedData/Build/Intermediates.noindex/PrecompiledHeaders
CreateBuildDirectory /Users/admin/builder/spi-builder-workspace/.derivedData/Build/Intermediates.noindex/ExplicitPrecompiledModules
cd /Users/admin/builder/spi-builder-workspace/.swiftpm/xcode
builtin-create-build-directory /Users/admin/builder/spi-builder-workspace/.derivedData/Build/Intermediates.noindex/ExplicitPrecompiledModules
CreateBuildDirectory /Users/admin/builder/spi-builder-workspace/.derivedData/Build/Intermediates.noindex/EagerLinkingTBDs/Debug-appletvos
cd /Users/admin/builder/spi-builder-workspace/.swiftpm/xcode
builtin-create-build-directory /Users/admin/builder/spi-builder-workspace/.derivedData/Build/Intermediates.noindex/EagerLinkingTBDs/Debug-appletvos
CreateBuildDirectory /Users/admin/builder/spi-builder-workspace/.derivedData/Build/Products/Debug-appletvos
cd /Users/admin/builder/spi-builder-workspace/.swiftpm/xcode
builtin-create-build-directory /Users/admin/builder/spi-builder-workspace/.derivedData/Build/Products/Debug-appletvos
CreateBuildDirectory /Users/admin/builder/spi-builder-workspace/.derivedData/Build/Products/Debug-appletvos/PackageFrameworks
cd /Users/admin/builder/spi-builder-workspace/.swiftpm/xcode
builtin-create-build-directory /Users/admin/builder/spi-builder-workspace/.derivedData/Build/Products/Debug-appletvos/PackageFrameworks
MkDir /Users/admin/builder/spi-builder-workspace/.derivedData/Build/Products/Debug-appletvos/SolicitReviewLibrary_SolicitReviewLibrary.bundle (in target 'SolicitReviewLibrary_SolicitReviewLibrary' from project 'SolicitReviewLibrary')
cd /Users/admin/builder/spi-builder-workspace
/bin/mkdir -p /Users/admin/builder/spi-builder-workspace/.derivedData/Build/Products/Debug-appletvos/SolicitReviewLibrary_SolicitReviewLibrary.bundle
WriteAuxiliaryFile /Users/admin/builder/spi-builder-workspace/.derivedData/Build/Intermediates.noindex/SolicitReviewLibrary.build/Debug-appletvos/SolicitReviewLibraryTests-p.build/SolicitReviewLibraryTests.DependencyMetadataFileList (in target 'SolicitReviewLibraryTests-product' from project 'SolicitReviewLibrary')
cd /Users/admin/builder/spi-builder-workspace
write-file /Users/admin/builder/spi-builder-workspace/.derivedData/Build/Intermediates.noindex/SolicitReviewLibrary.build/Debug-appletvos/SolicitReviewLibraryTests-p.build/SolicitReviewLibraryTests.DependencyMetadataFileList
WriteAuxiliaryFile /Users/admin/builder/spi-builder-workspace/.derivedData/Build/Intermediates.noindex/SolicitReviewLibrary.build/Debug-appletvos/SolicitReviewLibraryTests-p.build/empty-SolicitReviewLibraryTests.plist (in target 'SolicitReviewLibraryTests-product' from project 'SolicitReviewLibrary')
cd /Users/admin/builder/spi-builder-workspace
write-file /Users/admin/builder/spi-builder-workspace/.derivedData/Build/Intermediates.noindex/SolicitReviewLibrary.build/Debug-appletvos/SolicitReviewLibraryTests-p.build/empty-SolicitReviewLibraryTests.plist
WriteAuxiliaryFile /Users/admin/builder/spi-builder-workspace/.derivedData/Build/Intermediates.noindex/SolicitReviewLibrary.build/Debug-appletvos/SolicitReviewLibraryTests-p.build/SolicitReviewLibraryTests.DependencyStaticMetadataFileList (in target 'SolicitReviewLibraryTests-product' from project 'SolicitReviewLibrary')
cd /Users/admin/builder/spi-builder-workspace
write-file /Users/admin/builder/spi-builder-workspace/.derivedData/Build/Intermediates.noindex/SolicitReviewLibrary.build/Debug-appletvos/SolicitReviewLibraryTests-p.build/SolicitReviewLibraryTests.DependencyStaticMetadataFileList
WriteAuxiliaryFile /Users/admin/builder/spi-builder-workspace/.derivedData/Build/Intermediates.noindex/SolicitReviewLibrary.build/Debug-appletvos/SolicitReviewLibrary_SolicitReviewLibrary-b.build/SolicitReviewLibrary_SolicitReviewLibrary.DependencyMetadataFileList (in target 'SolicitReviewLibrary_SolicitReviewLibrary' from project 'SolicitReviewLibrary')
cd /Users/admin/builder/spi-builder-workspace
write-file /Users/admin/builder/spi-builder-workspace/.derivedData/Build/Intermediates.noindex/SolicitReviewLibrary.build/Debug-appletvos/SolicitReviewLibrary_SolicitReviewLibrary-b.build/SolicitReviewLibrary_SolicitReviewLibrary.DependencyMetadataFileList
WriteAuxiliaryFile /Users/admin/builder/spi-builder-workspace/.derivedData/Build/Intermediates.noindex/SolicitReviewLibrary.build/Debug-appletvos/SolicitReviewLibrary_SolicitReviewLibrary-b.build/empty-SolicitReviewLibrary_SolicitReviewLibrary.plist (in target 'SolicitReviewLibrary_SolicitReviewLibrary' from project 'SolicitReviewLibrary')
cd /Users/admin/builder/spi-builder-workspace
write-file /Users/admin/builder/spi-builder-workspace/.derivedData/Build/Intermediates.noindex/SolicitReviewLibrary.build/Debug-appletvos/SolicitReviewLibrary_SolicitReviewLibrary-b.build/empty-SolicitReviewLibrary_SolicitReviewLibrary.plist
WriteAuxiliaryFile /Users/admin/builder/spi-builder-workspace/.derivedData/Build/Intermediates.noindex/SolicitReviewLibrary.build/Debug-appletvos/SolicitReviewLibrary_SolicitReviewLibrary-b.build/SolicitReviewLibrary_SolicitReviewLibrary.DependencyStaticMetadataFileList (in target 'SolicitReviewLibrary_SolicitReviewLibrary' from project 'SolicitReviewLibrary')
cd /Users/admin/builder/spi-builder-workspace
write-file /Users/admin/builder/spi-builder-workspace/.derivedData/Build/Intermediates.noindex/SolicitReviewLibrary.build/Debug-appletvos/SolicitReviewLibrary_SolicitReviewLibrary-b.build/SolicitReviewLibrary_SolicitReviewLibrary.DependencyStaticMetadataFileList
WriteAuxiliaryFile /Users/admin/builder/spi-builder-workspace/.derivedData/Build/Intermediates.noindex/SolicitReviewLibrary.build/Debug-appletvos/SolicitReviewLibraryTests-p.build/Objects-normal/arm64/SolicitReviewLibraryTests_const_extract_protocols.json (in target 'SolicitReviewLibraryTests-product' from project 'SolicitReviewLibrary')
cd /Users/admin/builder/spi-builder-workspace
write-file /Users/admin/builder/spi-builder-workspace/.derivedData/Build/Intermediates.noindex/SolicitReviewLibrary.build/Debug-appletvos/SolicitReviewLibraryTests-p.build/Objects-normal/arm64/SolicitReviewLibraryTests_const_extract_protocols.json
WriteAuxiliaryFile /Users/admin/builder/spi-builder-workspace/.derivedData/Build/Intermediates.noindex/SolicitReviewLibrary.build/Debug-appletvos/SolicitReviewLibraryTests-p.build/Objects-normal/arm64/SolicitReviewLibraryTests.SwiftFileList (in target 'SolicitReviewLibraryTests-product' from project 'SolicitReviewLibrary')
cd /Users/admin/builder/spi-builder-workspace
write-file /Users/admin/builder/spi-builder-workspace/.derivedData/Build/Intermediates.noindex/SolicitReviewLibrary.build/Debug-appletvos/SolicitReviewLibraryTests-p.build/Objects-normal/arm64/SolicitReviewLibraryTests.SwiftFileList
WriteAuxiliaryFile /Users/admin/builder/spi-builder-workspace/.derivedData/Build/Intermediates.noindex/SolicitReviewLibrary.build/Debug-appletvos/SolicitReviewLibraryTests-p.build/Objects-normal/arm64/SolicitReviewLibraryTests.SwiftConstValuesFileList (in target 'SolicitReviewLibraryTests-product' from project 'SolicitReviewLibrary')
cd /Users/admin/builder/spi-builder-workspace
write-file /Users/admin/builder/spi-builder-workspace/.derivedData/Build/Intermediates.noindex/SolicitReviewLibrary.build/Debug-appletvos/SolicitReviewLibraryTests-p.build/Objects-normal/arm64/SolicitReviewLibraryTests.SwiftConstValuesFileList
WriteAuxiliaryFile /Users/admin/builder/spi-builder-workspace/.derivedData/Build/Intermediates.noindex/SolicitReviewLibrary.build/Debug-appletvos/SolicitReviewLibraryTests-p.build/Objects-normal/arm64/SolicitReviewLibraryTests.LinkFileList (in target 'SolicitReviewLibraryTests-product' from project 'SolicitReviewLibrary')
cd /Users/admin/builder/spi-builder-workspace
write-file /Users/admin/builder/spi-builder-workspace/.derivedData/Build/Intermediates.noindex/SolicitReviewLibrary.build/Debug-appletvos/SolicitReviewLibraryTests-p.build/Objects-normal/arm64/SolicitReviewLibraryTests.LinkFileList
WriteAuxiliaryFile /Users/admin/builder/spi-builder-workspace/.derivedData/Build/Intermediates.noindex/SolicitReviewLibrary.build/Debug-appletvos/SolicitReviewLibraryTests-p.build/Objects-normal/arm64/SolicitReviewLibraryTests-OutputFileMap.json (in target 'SolicitReviewLibraryTests-product' from project 'SolicitReviewLibrary')
cd /Users/admin/builder/spi-builder-workspace
write-file /Users/admin/builder/spi-builder-workspace/.derivedData/Build/Intermediates.noindex/SolicitReviewLibrary.build/Debug-appletvos/SolicitReviewLibraryTests-p.build/Objects-normal/arm64/SolicitReviewLibraryTests-OutputFileMap.json
WriteAuxiliaryFile /Users/admin/builder/spi-builder-workspace/.derivedData/Build/Intermediates.noindex/SolicitReviewLibrary.build/Debug-appletvos/SolicitReviewLibrary-t.build/SolicitReviewLibrary.DependencyMetadataFileList (in target 'SolicitReviewLibrary' from project 'SolicitReviewLibrary')
cd /Users/admin/builder/spi-builder-workspace
write-file /Users/admin/builder/spi-builder-workspace/.derivedData/Build/Intermediates.noindex/SolicitReviewLibrary.build/Debug-appletvos/SolicitReviewLibrary-t.build/SolicitReviewLibrary.DependencyMetadataFileList
WriteAuxiliaryFile /Users/admin/builder/spi-builder-workspace/.derivedData/Build/Intermediates.noindex/SolicitReviewLibrary.build/Debug-appletvos/SolicitReviewLibrary-t.build/SolicitReviewLibrary.DependencyStaticMetadataFileList (in target 'SolicitReviewLibrary' from project 'SolicitReviewLibrary')
cd /Users/admin/builder/spi-builder-workspace
write-file /Users/admin/builder/spi-builder-workspace/.derivedData/Build/Intermediates.noindex/SolicitReviewLibrary.build/Debug-appletvos/SolicitReviewLibrary-t.build/SolicitReviewLibrary.DependencyStaticMetadataFileList
WriteAuxiliaryFile /Users/admin/builder/spi-builder-workspace/.derivedData/Build/Intermediates.noindex/SolicitReviewLibrary.build/Debug-appletvos/SolicitReviewLibrary-t.build/SolicitReviewLibrary.modulemap (in target 'SolicitReviewLibrary' from project 'SolicitReviewLibrary')
cd /Users/admin/builder/spi-builder-workspace
write-file /Users/admin/builder/spi-builder-workspace/.derivedData/Build/Intermediates.noindex/SolicitReviewLibrary.build/Debug-appletvos/SolicitReviewLibrary-t.build/SolicitReviewLibrary.modulemap
WriteAuxiliaryFile /Users/admin/builder/spi-builder-workspace/.derivedData/Build/Intermediates.noindex/SolicitReviewLibrary.build/Debug-appletvos/SolicitReviewLibrary-t.build/Objects-normal/arm64/SolicitReviewLibrary_const_extract_protocols.json (in target 'SolicitReviewLibrary' from project 'SolicitReviewLibrary')
cd /Users/admin/builder/spi-builder-workspace
write-file /Users/admin/builder/spi-builder-workspace/.derivedData/Build/Intermediates.noindex/SolicitReviewLibrary.build/Debug-appletvos/SolicitReviewLibrary-t.build/Objects-normal/arm64/SolicitReviewLibrary_const_extract_protocols.json
WriteAuxiliaryFile /Users/admin/builder/spi-builder-workspace/.derivedData/Build/Intermediates.noindex/SolicitReviewLibrary.build/Debug-appletvos/SolicitReviewLibrary-t.build/Objects-normal/arm64/SolicitReviewLibrary.SwiftFileList (in target 'SolicitReviewLibrary' from project 'SolicitReviewLibrary')
cd /Users/admin/builder/spi-builder-workspace
write-file /Users/admin/builder/spi-builder-workspace/.derivedData/Build/Intermediates.noindex/SolicitReviewLibrary.build/Debug-appletvos/SolicitReviewLibrary-t.build/Objects-normal/arm64/SolicitReviewLibrary.SwiftFileList
WriteAuxiliaryFile /Users/admin/builder/spi-builder-workspace/.derivedData/Build/Intermediates.noindex/SolicitReviewLibrary.build/Debug-appletvos/SolicitReviewLibrary-t.build/Objects-normal/arm64/SolicitReviewLibrary.SwiftConstValuesFileList (in target 'SolicitReviewLibrary' from project 'SolicitReviewLibrary')
cd /Users/admin/builder/spi-builder-workspace
write-file /Users/admin/builder/spi-builder-workspace/.derivedData/Build/Intermediates.noindex/SolicitReviewLibrary.build/Debug-appletvos/SolicitReviewLibrary-t.build/Objects-normal/arm64/SolicitReviewLibrary.SwiftConstValuesFileList
WriteAuxiliaryFile /Users/admin/builder/spi-builder-workspace/.derivedData/Build/Intermediates.noindex/SolicitReviewLibrary.build/Debug-appletvos/SolicitReviewLibrary-t.build/Objects-normal/arm64/SolicitReviewLibrary.LinkFileList (in target 'SolicitReviewLibrary' from project 'SolicitReviewLibrary')
cd /Users/admin/builder/spi-builder-workspace
write-file /Users/admin/builder/spi-builder-workspace/.derivedData/Build/Intermediates.noindex/SolicitReviewLibrary.build/Debug-appletvos/SolicitReviewLibrary-t.build/Objects-normal/arm64/SolicitReviewLibrary.LinkFileList
WriteAuxiliaryFile /Users/admin/builder/spi-builder-workspace/.derivedData/Build/Intermediates.noindex/SolicitReviewLibrary.build/Debug-appletvos/SolicitReviewLibrary-t.build/Objects-normal/arm64/SolicitReviewLibrary-OutputFileMap.json (in target 'SolicitReviewLibrary' from project 'SolicitReviewLibrary')
cd /Users/admin/builder/spi-builder-workspace
write-file /Users/admin/builder/spi-builder-workspace/.derivedData/Build/Intermediates.noindex/SolicitReviewLibrary.build/Debug-appletvos/SolicitReviewLibrary-t.build/Objects-normal/arm64/SolicitReviewLibrary-OutputFileMap.json
WriteAuxiliaryFile /Users/admin/builder/spi-builder-workspace/.derivedData/Build/Intermediates.noindex/SolicitReviewLibrary.build/Debug-appletvos/SolicitReviewLibrary-t.build/DerivedSources/resource_bundle_accessor.swift (in target 'SolicitReviewLibrary' from project 'SolicitReviewLibrary')
cd /Users/admin/builder/spi-builder-workspace
write-file /Users/admin/builder/spi-builder-workspace/.derivedData/Build/Intermediates.noindex/SolicitReviewLibrary.build/Debug-appletvos/SolicitReviewLibrary-t.build/DerivedSources/resource_bundle_accessor.swift
Copy /Users/admin/builder/spi-builder-workspace/.derivedData/Build/Intermediates.noindex/GeneratedModuleMaps-appletvos/SolicitReviewLibrary.modulemap /Users/admin/builder/spi-builder-workspace/.derivedData/Build/Intermediates.noindex/SolicitReviewLibrary.build/Debug-appletvos/SolicitReviewLibrary-t.build/SolicitReviewLibrary.modulemap (in target 'SolicitReviewLibrary' from project 'SolicitReviewLibrary')
cd /Users/admin/builder/spi-builder-workspace
builtin-copy -exclude .DS_Store -exclude CVS -exclude .svn -exclude .git -exclude .hg -resolve-src-symlinks /Users/admin/builder/spi-builder-workspace/.derivedData/Build/Intermediates.noindex/SolicitReviewLibrary.build/Debug-appletvos/SolicitReviewLibrary-t.build/SolicitReviewLibrary.modulemap /Users/admin/builder/spi-builder-workspace/.derivedData/Build/Intermediates.noindex/GeneratedModuleMaps-appletvos
MkDir /Users/admin/builder/spi-builder-workspace/.derivedData/Build/Products/Debug-appletvos/SolicitReviewLibraryTests.xctest (in target 'SolicitReviewLibraryTests-product' from project 'SolicitReviewLibrary')
cd /Users/admin/builder/spi-builder-workspace
/bin/mkdir -p /Users/admin/builder/spi-builder-workspace/.derivedData/Build/Products/Debug-appletvos/SolicitReviewLibraryTests.xctest
ProcessInfoPlistFile /Users/admin/builder/spi-builder-workspace/.derivedData/Build/Products/Debug-appletvos/SolicitReviewLibrary_SolicitReviewLibrary.bundle/Info.plist /Users/admin/builder/spi-builder-workspace/.derivedData/Build/Intermediates.noindex/SolicitReviewLibrary.build/Debug-appletvos/SolicitReviewLibrary_SolicitReviewLibrary-b.build/empty-SolicitReviewLibrary_SolicitReviewLibrary.plist (in target 'SolicitReviewLibrary_SolicitReviewLibrary' from project 'SolicitReviewLibrary')
cd /Users/admin/builder/spi-builder-workspace
builtin-infoPlistUtility /Users/admin/builder/spi-builder-workspace/.derivedData/Build/Intermediates.noindex/SolicitReviewLibrary.build/Debug-appletvos/SolicitReviewLibrary_SolicitReviewLibrary-b.build/empty-SolicitReviewLibrary_SolicitReviewLibrary.plist -producttype com.apple.product-type.bundle -expandbuildsettings -format binary -platform appletvos -o /Users/admin/builder/spi-builder-workspace/.derivedData/Build/Products/Debug-appletvos/SolicitReviewLibrary_SolicitReviewLibrary.bundle/Info.plist
CpResource /Users/admin/builder/spi-builder-workspace/.derivedData/Build/Products/Debug-appletvos/SolicitReviewLibrary_SolicitReviewLibrary.bundle/zh-Hant.lproj/Localizable.strings /Users/admin/builder/spi-builder-workspace/Sources/SolicitReviewLibrary/Resources/zh-Hant.lproj/Localizable.strings (in target 'SolicitReviewLibrary_SolicitReviewLibrary' from project 'SolicitReviewLibrary')
cd /Users/admin/builder/spi-builder-workspace
builtin-copy -exclude .DS_Store -exclude CVS -exclude .svn -exclude .git -exclude .hg -resolve-src-symlinks /Users/admin/builder/spi-builder-workspace/Sources/SolicitReviewLibrary/Resources/zh-Hant.lproj/Localizable.strings /Users/admin/builder/spi-builder-workspace/.derivedData/Build/Products/Debug-appletvos/SolicitReviewLibrary_SolicitReviewLibrary.bundle/zh-Hant.lproj
CpResource /Users/admin/builder/spi-builder-workspace/.derivedData/Build/Products/Debug-appletvos/SolicitReviewLibrary_SolicitReviewLibrary.bundle/zh-Hans.lproj/Localizable.strings /Users/admin/builder/spi-builder-workspace/Sources/SolicitReviewLibrary/Resources/zh-Hans.lproj/Localizable.strings (in target 'SolicitReviewLibrary_SolicitReviewLibrary' from project 'SolicitReviewLibrary')
cd /Users/admin/builder/spi-builder-workspace
builtin-copy -exclude .DS_Store -exclude CVS -exclude .svn -exclude .git -exclude .hg -resolve-src-symlinks /Users/admin/builder/spi-builder-workspace/Sources/SolicitReviewLibrary/Resources/zh-Hans.lproj/Localizable.strings /Users/admin/builder/spi-builder-workspace/.derivedData/Build/Products/Debug-appletvos/SolicitReviewLibrary_SolicitReviewLibrary.bundle/zh-Hans.lproj
CpResource /Users/admin/builder/spi-builder-workspace/.derivedData/Build/Products/Debug-appletvos/SolicitReviewLibrary_SolicitReviewLibrary.bundle/ja.lproj/Localizable.strings /Users/admin/builder/spi-builder-workspace/Sources/SolicitReviewLibrary/Resources/ja.lproj/Localizable.strings (in target 'SolicitReviewLibrary_SolicitReviewLibrary' from project 'SolicitReviewLibrary')
cd /Users/admin/builder/spi-builder-workspace
builtin-copy -exclude .DS_Store -exclude CVS -exclude .svn -exclude .git -exclude .hg -resolve-src-symlinks /Users/admin/builder/spi-builder-workspace/Sources/SolicitReviewLibrary/Resources/ja.lproj/Localizable.strings /Users/admin/builder/spi-builder-workspace/.derivedData/Build/Products/Debug-appletvos/SolicitReviewLibrary_SolicitReviewLibrary.bundle/ja.lproj
CpResource /Users/admin/builder/spi-builder-workspace/.derivedData/Build/Products/Debug-appletvos/SolicitReviewLibrary_SolicitReviewLibrary.bundle/de.lproj/Localizable.strings /Users/admin/builder/spi-builder-workspace/Sources/SolicitReviewLibrary/Resources/de.lproj/Localizable.strings (in target 'SolicitReviewLibrary_SolicitReviewLibrary' from project 'SolicitReviewLibrary')
cd /Users/admin/builder/spi-builder-workspace
builtin-copy -exclude .DS_Store -exclude CVS -exclude .svn -exclude .git -exclude .hg -resolve-src-symlinks /Users/admin/builder/spi-builder-workspace/Sources/SolicitReviewLibrary/Resources/de.lproj/Localizable.strings /Users/admin/builder/spi-builder-workspace/.derivedData/Build/Products/Debug-appletvos/SolicitReviewLibrary_SolicitReviewLibrary.bundle/de.lproj
RegisterExecutionPolicyException /Users/admin/builder/spi-builder-workspace/.derivedData/Build/Products/Debug-appletvos/SolicitReviewLibrary_SolicitReviewLibrary.bundle (in target 'SolicitReviewLibrary_SolicitReviewLibrary' from project 'SolicitReviewLibrary')
cd /Users/admin/builder/spi-builder-workspace
builtin-RegisterExecutionPolicyException /Users/admin/builder/spi-builder-workspace/.derivedData/Build/Products/Debug-appletvos/SolicitReviewLibrary_SolicitReviewLibrary.bundle
Touch /Users/admin/builder/spi-builder-workspace/.derivedData/Build/Products/Debug-appletvos/SolicitReviewLibrary_SolicitReviewLibrary.bundle (in target 'SolicitReviewLibrary_SolicitReviewLibrary' from project 'SolicitReviewLibrary')
cd /Users/admin/builder/spi-builder-workspace
/usr/bin/touch -c /Users/admin/builder/spi-builder-workspace/.derivedData/Build/Products/Debug-appletvos/SolicitReviewLibrary_SolicitReviewLibrary.bundle
SwiftDriver SolicitReviewLibrary normal arm64 com.apple.xcode.tools.swift.compiler (in target 'SolicitReviewLibrary' from project 'SolicitReviewLibrary')
cd /Users/admin/builder/spi-builder-workspace/.swiftpm/xcode
builtin-SwiftDriver -- /Applications/Xcode-27.0.0-Release.Candidate.app/Contents/Developer/Toolchains/XcodeDefault.xctoolchain/usr/bin/swiftc -parse-as-library -module-name SolicitReviewLibrary -Onone @/Users/admin/builder/spi-builder-workspace/.derivedData/Build/Intermediates.noindex/SolicitReviewLibrary.build/Debug-appletvos/SolicitReviewLibrary-t.build/Objects-normal/arm64/SolicitReviewLibrary.SwiftFileList -DSWIFT_PACKAGE -DDEBUG -DSWIFT_MODULE_RESOURCE_BUNDLE_AVAILABLE -DXcode -plugin-path /Applications/Xcode-27.0.0-Release.Candidate.app/Contents/Developer/Toolchains/XcodeDefault.xctoolchain/usr/lib/swift/host/plugins/testing -enable-experimental-feature DebugDescriptionMacro -sdk /Applications/Xcode-27.0.0-Release.Candidate.app/Contents/Developer/Platforms/AppleTVOS.platform/Developer/SDKs/AppleTVOS27.0.sdk -target arm64-apple-tvos15.0 -g -module-cache-path /Users/admin/builder/spi-builder-workspace/.derivedData/ModuleCache.noindex -Xfrontend -serialize-debugging-options -profile-coverage-mapping -profile-generate -enable-testing -index-store-path /Users/admin/builder/spi-builder-workspace/.derivedData/Index.noindex/DataStore -Xcc -D_LIBCPP_HARDENING_MODE\=_LIBCPP_HARDENING_MODE_DEBUG -swift-version 5 -I /Users/admin/builder/spi-builder-workspace/.derivedData/Build/Products/Debug-appletvos -Isystem /Applications/Xcode-27.0.0-Release.Candidate.app/Contents/Developer/Platforms/AppleTVOS.platform/Developer/usr/lib -F /Users/admin/builder/spi-builder-workspace/.derivedData/Build/Products/Debug-appletvos -F /Applications/Xcode-27.0.0-Release.Candidate.app/Contents/Developer/Platforms/AppleTVOS.platform/Developer/Library/Frameworks -F /Applications/Xcode-27.0.0-Release.Candidate.app/Contents/Developer/Platforms/AppleTVOS.platform/Developer/SDKs/AppleTVOS27.0.sdk/Developer/Library/Frameworks -emit-localized-strings -emit-localized-strings-path /Users/admin/builder/spi-builder-workspace/.derivedData/Build/Intermediates.noindex/SolicitReviewLibrary.build/Debug-appletvos/SolicitReviewLibrary-t.build/Objects-normal/arm64 -c -j10 -enable-batch-mode -incremental -Xcc -ivfsstatcache -Xcc /Users/admin/builder/spi-builder-workspace/.derivedData/SDKStatCaches.noindex/appletvos27.0-24J360-e829b21a6f8c9b70876ba0858053c044b32bfd8d43560033f8d89884cdb90028.sdkstatcache -output-file-map /Users/admin/builder/spi-builder-workspace/.derivedData/Build/Intermediates.noindex/SolicitReviewLibrary.build/Debug-appletvos/SolicitReviewLibrary-t.build/Objects-normal/arm64/SolicitReviewLibrary-OutputFileMap.json -save-temps -no-color-diagnostics -explicit-module-build -module-cache-path /Users/admin/builder/spi-builder-workspace/.derivedData/Build/Intermediates.noindex/SwiftExplicitPrecompiledModules -clang-scanner-module-cache-path /Users/admin/builder/spi-builder-workspace/.derivedData/ModuleCache.noindex -sdk-module-cache-path /Users/admin/builder/spi-builder-workspace/.derivedData/SDKExplicitPrecompiledModules -emit-dependencies -emit-module -emit-module-path /Users/admin/builder/spi-builder-workspace/.derivedData/Build/Intermediates.noindex/SolicitReviewLibrary.build/Debug-appletvos/SolicitReviewLibrary-t.build/Objects-normal/arm64/SolicitReviewLibrary.swiftmodule -serialize-diagnostics -dependency-scan-serialize-diagnostics-path /Users/admin/builder/spi-builder-workspace/.derivedData/Build/Intermediates.noindex/SolicitReviewLibrary.build/Debug-appletvos/SolicitReviewLibrary-t.build/Objects-normal/arm64/SolicitReviewLibrary-dependency-scan.dia -validate-clang-modules-once -clang-build-session-file /Users/admin/builder/spi-builder-workspace/.derivedData/ModuleCache.noindex/Session.modulevalidation -Xcc -fmodules-prune-interval\=86400 -Xcc -fmodules-prune-after\=345600 -package-name spi_builder_workspace -emit-const-values -const-gather-protocols-list /Users/admin/builder/spi-builder-workspace/.derivedData/Build/Intermediates.noindex/SolicitReviewLibrary.build/Debug-appletvos/SolicitReviewLibrary-t.build/Objects-normal/arm64/SolicitReviewLibrary_const_extract_protocols.json -Xcc -I/Users/admin/builder/spi-builder-workspace/.derivedData/Build/Products/Debug-appletvos/include -Xcc -I/Users/admin/builder/spi-builder-workspace/.derivedData/Build/Intermediates.noindex/SolicitReviewLibrary.build/Debug-appletvos/SolicitReviewLibrary-t.build/DerivedSources-normal/arm64 -Xcc -I/Users/admin/builder/spi-builder-workspace/.derivedData/Build/Intermediates.noindex/SolicitReviewLibrary.build/Debug-appletvos/SolicitReviewLibrary-t.build/DerivedSources/arm64 -Xcc -I/Users/admin/builder/spi-builder-workspace/.derivedData/Build/Intermediates.noindex/SolicitReviewLibrary.build/Debug-appletvos/SolicitReviewLibrary-t.build/DerivedSources -Xcc -DSWIFT_PACKAGE -Xcc -DDEBUG\=1 -emit-objc-header -emit-objc-header-path /Users/admin/builder/spi-builder-workspace/.derivedData/Build/Intermediates.noindex/SolicitReviewLibrary.build/Debug-appletvos/SolicitReviewLibrary-t.build/Objects-normal/arm64/SolicitReviewLibrary-Swift.h -working-directory /Users/admin/builder/spi-builder-workspace/.swiftpm/xcode -experimental-emit-module-separately -disable-cmo
SwiftExplicitDependencyGeneratePcm arm64 /Users/admin/builder/spi-builder-workspace/.derivedData/SDKExplicitPrecompiledModules/DeveloperToolsSupport-B1X8RI63V48AJRTH2RK6JAARV.pcm
SwiftExplicitDependencyGeneratePcm arm64 /Users/admin/builder/spi-builder-workspace/.derivedData/SDKExplicitPrecompiledModules/_SwiftConcurrencyShims-BY5PD8KF1L5KF6F4Q69HE3TJ4.pcm
SwiftExplicitDependencyGeneratePcm arm64 /Users/admin/builder/spi-builder-workspace/.derivedData/SDKExplicitPrecompiledModules/_Builtin_float-8ZJAYZ85YBOAOP52Y9H6IUNP3.pcm
SwiftExplicitDependencyGeneratePcm arm64 /Users/admin/builder/spi-builder-workspace/.derivedData/SDKExplicitPrecompiledModules/_Builtin_stdbool-AHRDH5EKLY6D04C5E42F3VCQI.pcm
SwiftExplicitDependencyGeneratePcm arm64 /Users/admin/builder/spi-builder-workspace/.derivedData/SDKExplicitPrecompiledModules/_StoreKit_SwiftUI-2V06QRXHP5REDOXP987NMM1DG.pcm
SwiftExplicitDependencyGeneratePcm arm64 /Users/admin/builder/spi-builder-workspace/.derivedData/SDKExplicitPrecompiledModules/_Builtin_stddef-9ZJZ6FDEZNKTZU8YLPMFT9RAQ.pcm
SwiftExplicitDependencyGeneratePcm arm64 /Users/admin/builder/spi-builder-workspace/.derivedData/SDKExplicitPrecompiledModules/_AvailabilityInternal-BV2EDDP0MI5QJDDPEEV4D9D3V.pcm
SwiftExplicitDependencyGeneratePcm arm64 /Users/admin/builder/spi-builder-workspace/.derivedData/SDKExplicitPrecompiledModules/ptrcheck-2AZ6B5IBYD3RRRTFWN2ONASY3.pcm
SwiftExplicitDependencyGeneratePcm arm64 /Users/admin/builder/spi-builder-workspace/.derivedData/SDKExplicitPrecompiledModules/SwiftShims-8N4EXJ4RUJTR8K9OO3CMOH1EP.pcm
SwiftExplicitDependencyGeneratePcm arm64 /Users/admin/builder/spi-builder-workspace/.derivedData/SDKExplicitPrecompiledModules/_Builtin_stdarg-BO2OCAUYVAXDRVQWQ8ISKGNUQ.pcm
SwiftExplicitDependencyGeneratePcm arm64 /Users/admin/builder/spi-builder-workspace/.derivedData/SDKExplicitPrecompiledModules/ptrauth-8X2KEPL7CTRPS40TUB9APHPK6.pcm
SwiftExplicitDependencyGeneratePcm arm64 /Users/admin/builder/spi-builder-workspace/.derivedData/SDKExplicitPrecompiledModules/_DarwinFoundation1-JOTYMOA1YZCIJ2NON6FQ848O.pcm
SwiftExplicitDependencyGeneratePcm arm64 /Users/admin/builder/spi-builder-workspace/.derivedData/SDKExplicitPrecompiledModules/_Builtin_limits-7JU2HP127LIT1X9E2V3D8WZ1.pcm
SwiftExplicitDependencyGeneratePcm arm64 /Users/admin/builder/spi-builder-workspace/.derivedData/SDKExplicitPrecompiledModules/_DarwinFoundation2-AOGAN1O02NKXRJN5V73AV3V3M.pcm
SwiftExplicitDependencyGeneratePcm arm64 /Users/admin/builder/spi-builder-workspace/.derivedData/SDKExplicitPrecompiledModules/ExtensionFoundation-6QFD7DEZ8B0V1CPXCTN45UZ81.pcm
SwiftExplicitDependencyGeneratePcm arm64 /Users/admin/builder/spi-builder-workspace/.derivedData/SDKExplicitPrecompiledModules/sys_types-8GCAV1YMG5UUGHUID3CA20TCH.pcm
SwiftExplicitDependencyGeneratePcm arm64 /Users/admin/builder/spi-builder-workspace/.derivedData/SDKExplicitPrecompiledModules/_Builtin_stdint-6NFTB6IBKS143IVPGT1EKB7HO.pcm
SwiftExplicitDependencyGeneratePcm arm64 /Users/admin/builder/spi-builder-workspace/.derivedData/SDKExplicitPrecompiledModules/_Builtin_tgmath-7ULT1EUHDHW4OZPSTT33H6QGE.pcm
SwiftExplicitDependencyGeneratePcm arm64 /Users/admin/builder/spi-builder-workspace/.derivedData/SDKExplicitPrecompiledModules/string_h-6EVHP7A717OUS5DMC78F79HWO.pcm
SwiftExplicitDependencyGeneratePcm arm64 /Users/admin/builder/spi-builder-workspace/.derivedData/SDKExplicitPrecompiledModules/_DarwinFoundation3-8SR3855WDFHQPR6G9GHOI2C07.pcm
SwiftExplicitDependencyGeneratePcm arm64 /Users/admin/builder/spi-builder-workspace/.derivedData/SDKExplicitPrecompiledModules/_Builtin_intrinsics-437O2R2NID4WAQVENR63GR82C.pcm
SwiftExplicitDependencyGeneratePcm arm64 /Users/admin/builder/spi-builder-workspace/.derivedData/SDKExplicitPrecompiledModules/_Builtin_stdatomic-3YXHN678NGYM3NL9POJ2HVEIF.pcm
SwiftExplicitDependencyGeneratePcm arm64 /Users/admin/builder/spi-builder-workspace/.derivedData/SDKExplicitPrecompiledModules/_Builtin_inttypes-6X1IQ3QK9KEVKXOK9Y79EW7J3.pcm
SwiftExplicitDependencyGeneratePcm arm64 /Users/admin/builder/spi-builder-workspace/.derivedData/SDKExplicitPrecompiledModules/Darwin-DBSQAVBBPC3D2OMU5ZI2RXMST.pcm
SwiftExplicitDependencyGeneratePcm arm64 /Users/admin/builder/spi-builder-workspace/.derivedData/SDKExplicitPrecompiledModules/simd-117QUXEUT3Z7UQCUYWV2UA228.pcm
SwiftExplicitDependencyGeneratePcm arm64 /Users/admin/builder/spi-builder-workspace/.derivedData/SDKExplicitPrecompiledModules/MachO-EH3F5PJCIZG05NO51CEFSZYPW.pcm
SwiftExplicitDependencyGeneratePcm arm64 /Users/admin/builder/spi-builder-workspace/.derivedData/SDKExplicitPrecompiledModules/ObjectiveC-5250FDCE56N8508OR6XUYDKZM.pcm
SwiftExplicitDependencyGeneratePcm arm64 /Users/admin/builder/spi-builder-workspace/.derivedData/SDKExplicitPrecompiledModules/os_object-E2DGZ0SX0TULQHULZRPO6OKNW.pcm
SwiftExplicitDependencyGeneratePcm arm64 /Users/admin/builder/spi-builder-workspace/.derivedData/SDKExplicitPrecompiledModules/os_workgroup-DBUFF7811DKMX7VPBOJPGGF1U.pcm
SwiftExplicitDependencyGeneratePcm arm64 /Users/admin/builder/spi-builder-workspace/.derivedData/SDKExplicitPrecompiledModules/Spatial-7U8NLEFXSB8BR7PJQGVMF5A4Q.pcm
SwiftExplicitDependencyGeneratePcm arm64 /Users/admin/builder/spi-builder-workspace/.derivedData/SDKExplicitPrecompiledModules/Dispatch-1QL58A0V50C39KVAIC6C38SHL.pcm
SwiftExplicitDependencyGeneratePcm arm64 /Users/admin/builder/spi-builder-workspace/.derivedData/SDKExplicitPrecompiledModules/XPC-6O2DJFT3QUJ7QKTD3SNUB6PCR.pcm
SwiftExplicitDependencyGeneratePcm arm64 /Users/admin/builder/spi-builder-workspace/.derivedData/SDKExplicitPrecompiledModules/dnssd-EP05MCI8X9XCB9GCC2I2LPUJV.pcm
SwiftExplicitDependencyGeneratePcm arm64 /Users/admin/builder/spi-builder-workspace/.derivedData/SDKExplicitPrecompiledModules/CoreFoundation-7TPJ7ENDC4L1A1ESHYI9TXS0D.pcm
SwiftExplicitDependencyGeneratePcm arm64 /Users/admin/builder/spi-builder-workspace/.derivedData/SDKExplicitPrecompiledModules/os-3GJI8H0BNAEZPQPQ1V0VVY3FY.pcm
SwiftExplicitDependencyGeneratePcm arm64 /Users/admin/builder/spi-builder-workspace/.derivedData/SDKExplicitPrecompiledModules/Security-8VMXEKVDA3MHUH9AOTP905DID.pcm
SwiftExplicitDependencyGeneratePcm arm64 /Users/admin/builder/spi-builder-workspace/.derivedData/SDKExplicitPrecompiledModules/CoreGraphics-CWSP3J98S2658BYCVL6RP99T3.pcm
SwiftExplicitDependencyGeneratePcm arm64 /Users/admin/builder/spi-builder-workspace/.derivedData/SDKExplicitPrecompiledModules/CoreAudioTypes-E7EH96HAL3G83QSWLT7VWYIP4.pcm
SwiftExplicitDependencyGeneratePcm arm64 /Users/admin/builder/spi-builder-workspace/.derivedData/SDKExplicitPrecompiledModules/CFNetwork-2CUR2VK9S3S3WPFXPNXNUWYGN.pcm
SwiftExplicitDependencyGeneratePcm arm64 /Users/admin/builder/spi-builder-workspace/.derivedData/SDKExplicitPrecompiledModules/CoreAudio-6IR1XRM0Q9YQZMFW89F3H4V3X.pcm
SwiftExplicitDependencyGeneratePcm arm64 /Users/admin/builder/spi-builder-workspace/.derivedData/SDKExplicitPrecompiledModules/Foundation-BSSIP64DIGUKMAYJOG1WPQ78X.pcm
SwiftExplicitDependencyGeneratePcm arm64 /Users/admin/builder/spi-builder-workspace/.derivedData/SDKExplicitPrecompiledModules/ImageIO-88D4CLEBD4CLWQKT78PZ6H1O8.pcm
SwiftExplicitDependencyGeneratePcm arm64 /Users/admin/builder/spi-builder-workspace/.derivedData/SDKExplicitPrecompiledModules/CoreText-59NY7PABM0I4V978161FOC04A.pcm
SwiftExplicitDependencyGeneratePcm arm64 /Users/admin/builder/spi-builder-workspace/.derivedData/SDKExplicitPrecompiledModules/IOSurface-38FJ1CKX9FV2RD97O64Z7QB17.pcm
SwiftExplicitDependencyGeneratePcm arm64 /Users/admin/builder/spi-builder-workspace/.derivedData/SDKExplicitPrecompiledModules/CoreData-DYMPHH3PH8AX9I1FHA4VFJ675.pcm
SwiftExplicitDependencyGeneratePcm arm64 /Users/admin/builder/spi-builder-workspace/.derivedData/SDKExplicitPrecompiledModules/Network-4N07O3JN82GNOWXYH2TBMWON5.pcm
SwiftExplicitDependencyGeneratePcm arm64 /Users/admin/builder/spi-builder-workspace/.derivedData/SDKExplicitPrecompiledModules/BackgroundAssets-18FN7BXGZ9CRBUQ1WYD6E98JA.pcm
SwiftExplicitDependencyGeneratePcm arm64 /Users/admin/builder/spi-builder-workspace/.derivedData/SDKExplicitPrecompiledModules/Symbols-B5AU9VM9Y7NU79RLMH13Z4IFM.pcm
SwiftExplicitDependencyGeneratePcm arm64 /Users/admin/builder/spi-builder-workspace/.derivedData/SDKExplicitPrecompiledModules/UserNotifications-E9ZW5TH066WIJWH9080RC5NG4.pcm
SwiftExplicitDependencyGeneratePcm arm64 /Users/admin/builder/spi-builder-workspace/.derivedData/SDKExplicitPrecompiledModules/UniformTypeIdentifiers-95CC8U42ZA9STP5K6GP9ZVJS5.pcm
SwiftExplicitDependencyGeneratePcm arm64 /Users/admin/builder/spi-builder-workspace/.derivedData/SDKExplicitPrecompiledModules/UIUtilities-6ZFJ1AK4H8IBGEBMYQBWGBYLK.pcm
SwiftExplicitDependencyGeneratePcm arm64 /Users/admin/builder/spi-builder-workspace/.derivedData/SDKExplicitPrecompiledModules/_LocationEssentials-ETSJ65FELPWR8WH8G49R1DF2E.pcm
SwiftExplicitDependencyGeneratePcm arm64 /Users/admin/builder/spi-builder-workspace/.derivedData/SDKExplicitPrecompiledModules/DataDetection-37JIYZ2GWDA1L166PP1D9JKAF.pcm
SwiftExplicitDependencyGeneratePcm arm64 /Users/admin/builder/spi-builder-workspace/.derivedData/SDKExplicitPrecompiledModules/CoreTransferable-7V4O8DATEQ9F7SDNTCW8YWLG3.pcm
SwiftExplicitDependencyGeneratePcm arm64 /Users/admin/builder/spi-builder-workspace/.derivedData/SDKExplicitPrecompiledModules/OSLog-7OT6HHTMY0ZFEQJ095LJZ6NLC.pcm
SwiftExplicitDependencyGeneratePcm arm64 /Users/admin/builder/spi-builder-workspace/.derivedData/SDKExplicitPrecompiledModules/Accessibility-B6BODGZ4MQQTY0PBC4SHRP009.pcm
SwiftExplicitDependencyGeneratePcm arm64 /Users/admin/builder/spi-builder-workspace/.derivedData/SDKExplicitPrecompiledModules/CoreLocation-YVXXAOMVX0JH2KO1XTTKTY51.pcm
SwiftExplicitDependencyGeneratePcm arm64 /Users/admin/builder/spi-builder-workspace/.derivedData/SDKExplicitPrecompiledModules/Metal-2KYBS7IML1SD788M91YV7Q0CC.pcm
SwiftExplicitDependencyGeneratePcm arm64 /Users/admin/builder/spi-builder-workspace/.derivedData/SDKExplicitPrecompiledModules/OpenGLES-4NY99CNDU9WUNUYEIXSS1QFGE.pcm
SwiftExplicitDependencyGeneratePcm arm64 /Users/admin/builder/spi-builder-workspace/.derivedData/SDKExplicitPrecompiledModules/CoreVideo-DPU0PB5X0XLSVA2ETRGI6FJBM.pcm
SwiftExplicitDependencyGeneratePcm arm64 /Users/admin/builder/spi-builder-workspace/.derivedData/SDKExplicitPrecompiledModules/CoreImage-7S2AFJ8EIY3DUFYLEAX1JR1QV.pcm
SwiftExplicitDependencyGeneratePcm arm64 /Users/admin/builder/spi-builder-workspace/.derivedData/SDKExplicitPrecompiledModules/QuartzCore-DJSYAWKXFGVSAK5CQMOB3JSR.pcm
SwiftExplicitDependencyGeneratePcm arm64 /Users/admin/builder/spi-builder-workspace/.derivedData/SDKExplicitPrecompiledModules/CoreMedia-4OUKVT03LV547KZJDPPJRJ4F8.pcm
SwiftExplicitDependencyGeneratePcm arm64 /Users/admin/builder/spi-builder-workspace/.derivedData/SDKExplicitPrecompiledModules/SwiftUICore-543QU5V2NHKUFCYFJDKUJ7NYG.pcm
SwiftExplicitDependencyGeneratePcm arm64 /Users/admin/builder/spi-builder-workspace/.derivedData/SDKExplicitPrecompiledModules/UIKit-1TKWN7VC2X6N3ITMRVA2G0EB2.pcm
SwiftExplicitDependencyGeneratePcm arm64 /Users/admin/builder/spi-builder-workspace/.derivedData/SDKExplicitPrecompiledModules/StoreKit-1PUEN6AUFJR9GNMGSPNHM3Z5C.pcm
SwiftExplicitDependencyGeneratePcm arm64 /Users/admin/builder/spi-builder-workspace/.derivedData/SDKExplicitPrecompiledModules/SwiftUI-7BV1YDT6IZWW6B8OC6ENV0Y0F.pcm
SwiftEmitModule normal arm64 Emitting\ module\ for\ SolicitReviewLibrary (in target 'SolicitReviewLibrary' from project 'SolicitReviewLibrary')
SwiftCompile normal arm64 (in target 'SolicitReviewLibrary' from project 'SolicitReviewLibrary')
cd /Users/admin/builder/spi-builder-workspace/.swiftpm/xcode
SwiftCompile normal arm64 Compiling\ RateAppLinkView.swift /Users/admin/builder/spi-builder-workspace/Sources/SolicitReviewLibrary/RateAppLinkView.swift (in target 'SolicitReviewLibrary' from project 'SolicitReviewLibrary')
SwiftCompile normal arm64 /Users/admin/builder/spi-builder-workspace/Sources/SolicitReviewLibrary/RateAppLinkView.swift (in target 'SolicitReviewLibrary' from project 'SolicitReviewLibrary')
cd /Users/admin/builder/spi-builder-workspace/.swiftpm/xcode
builtin-SwiftPerFileCompile RateAppLinkView.swift
SwiftCompile normal arm64 Compiling\ SolicitReviewLibrary.swift /Users/admin/builder/spi-builder-workspace/Sources/SolicitReviewLibrary/SolicitReviewLibrary.swift (in target 'SolicitReviewLibrary' from project 'SolicitReviewLibrary')
/Users/admin/builder/spi-builder-workspace/Sources/SolicitReviewLibrary/SolicitReviewLibrary.swift:51:13: error: cannot find 'askForReview' in scope
49 | if shouldPrompt() {
50 | Logger.log("Asking for review")
51 | askForReview(withHandler: showNativeReviewPrompt)
| `- error: cannot find 'askForReview' in scope
52 | }
53 | }
/Users/admin/builder/spi-builder-workspace/Sources/SolicitReviewLibrary/SolicitReviewLibrary.swift:51:39: error: cannot find 'showNativeReviewPrompt' in scope
49 | if shouldPrompt() {
50 | Logger.log("Asking for review")
51 | askForReview(withHandler: showNativeReviewPrompt)
| `- error: cannot find 'showNativeReviewPrompt' in scope
52 | }
53 | }
/Users/admin/builder/spi-builder-workspace/Sources/SolicitReviewLibrary/SolicitReviewLibrary.swift:58:13: error: cannot find 'askForReview' in scope
56 | if shouldPrompt() {
57 | Logger.log("Asking for review")
58 | askForReview(withHandler: showNativeReviewPrompt)
| `- error: cannot find 'askForReview' in scope
59 | return true
60 | }
/Users/admin/builder/spi-builder-workspace/Sources/SolicitReviewLibrary/SolicitReviewLibrary.swift:58:39: error: cannot find 'showNativeReviewPrompt' in scope
56 | if shouldPrompt() {
57 | Logger.log("Asking for review")
58 | askForReview(withHandler: showNativeReviewPrompt)
| `- error: cannot find 'showNativeReviewPrompt' in scope
59 | return true
60 | }
/Users/admin/builder/spi-builder-workspace/Sources/SolicitReviewLibrary/SolicitReviewLibrary.swift:170:24: error: 'UIActivityViewController' is unavailable in tvOS
168 | let appURL = getShareURL(appStoreId: appStoreId)!
169 | let shareText = "Check out this amazing app: \(Bundle.main.appName)! Download it here: \(appURL)"
170 | let activityVC = UIActivityViewController(activityItems: [shareText], applicationActivities: nil)
| `- error: 'UIActivityViewController' is unavailable in tvOS
171 |
172 | if let windowScene = UIApplication.shared.connectedScenes.first as? UIWindowScene,
/Applications/Xcode-27.0.0-Release.Candidate.app/Contents/Developer/Platforms/AppleTVOS.platform/Developer/SDKs/AppleTVOS27.0.sdk/System/Library/Frameworks/UIKit.framework/Headers/UIActivityViewController.h:26:79: note: 'UIActivityViewController' has been explicitly marked unavailable here
24 | typedef void (^UIActivityViewControllerCompletionWithItemsHandler)(UIActivityType __nullable activityType, BOOL completed, NSArray * __nullable returnedItems, NSError * __nullable activityError) API_AVAILABLE(ios(8.0)) API_UNAVAILABLE(watchos);
25 |
26 | API_AVAILABLE(ios(6.0)) API_UNAVAILABLE(watchos) __TVOS_PROHIBITED @interface UIActivityViewController : UIViewController
| `- note: 'UIActivityViewController' has been explicitly marked unavailable here
27 |
28 | - (instancetype)init NS_UNAVAILABLE;
Failed frontend command:
SwiftCompile normal arm64 /Users/admin/builder/spi-builder-workspace/Sources/SolicitReviewLibrary/SolicitReviewLibrary.swift (in target 'SolicitReviewLibrary' from project 'SolicitReviewLibrary')
cd /Users/admin/builder/spi-builder-workspace/.swiftpm/xcode
builtin-SwiftPerFileCompile SolicitReviewLibrary.swift
/Applications/Xcode-27.0.0-Release.Candidate.app/Contents/Developer/Toolchains/XcodeDefault.xctoolchain/usr/bin/swift-frontend -frontend -c /Users/admin/builder/spi-builder-workspace/.derivedData/Build/Intermediates.noindex/SolicitReviewLibrary.build/Debug-appletvos/SolicitReviewLibrary-t.build/DerivedSources/resource_bundle_accessor.swift /Users/admin/builder/spi-builder-workspace/Sources/SolicitReviewLibrary/Bundle+Extensions.swift /Users/admin/builder/spi-builder-workspace/Sources/SolicitReviewLibrary/Bundle+Module.swift /Users/admin/builder/spi-builder-workspace/Sources/SolicitReviewLibrary/Logger.swift /Users/admin/builder/spi-builder-workspace/Sources/SolicitReviewLibrary/RateAppLinkView.swift -primary-file /Users/admin/builder/spi-builder-workspace/Sources/SolicitReviewLibrary/SolicitReviewLibrary.swift -emit-dependencies-path /Users/admin/builder/spi-builder-workspace/.derivedData/Build/Intermediates.noindex/SolicitReviewLibrary.build/Debug-appletvos/SolicitReviewLibrary-t.build/Objects-normal/arm64/SolicitReviewLibrary.d -emit-const-values-path /Users/admin/builder/spi-builder-workspace/.derivedData/Build/Intermediates.noindex/SolicitReviewLibrary.build/Debug-appletvos/SolicitReviewLibrary-t.build/Objects-normal/arm64/SolicitReviewLibrary.swiftconstvalues -emit-reference-dependencies-path /Users/admin/builder/spi-builder-workspace/.derivedData/Build/Intermediates.noindex/SolicitReviewLibrary.build/Debug-appletvos/SolicitReviewLibrary-t.build/Objects-normal/arm64/SolicitReviewLibrary.swiftdeps -serialize-diagnostics-path /Users/admin/builder/spi-builder-workspace/.derivedData/Build/Intermediates.noindex/SolicitReviewLibrary.build/Debug-appletvos/SolicitReviewLibrary-t.build/Objects-normal/arm64/SolicitReviewLibrary.dia -emit-localized-strings -emit-localized-strings-path /Users/admin/builder/spi-builder-workspace/.derivedData/Build/Intermediates.noindex/SolicitReviewLibrary.build/Debug-appletvos/SolicitReviewLibrary-t.build/Objects-normal/arm64 -target arm64-apple-tvos15.0 -disable-cross-import-overlay-search -swift-module-cross-import StoreKit /Applications/Xcode-27.0.0-Release.Candidate.app/Contents/Developer/Platforms/AppleTVOS.platform/Developer/SDKs/AppleTVOS.sdk/System/Library/Frameworks/StoreKit.framework/Modules/StoreKit.swiftcrossimport/SwiftUI.swiftoverlay -swift-module-cross-import StoreKit /Applications/Xcode-27.0.0-Release.Candidate.app/Contents/Developer/Platforms/AppleTVOS.platform/Developer/SDKs/AppleTVOS27.0.sdk/System/Library/Frameworks/StoreKit.framework/Modules/StoreKit.swiftcrossimport/SwiftUI.swiftoverlay -load-resolved-plugin /Applications/Xcode-27.0.0-Release.Candidate.app/Contents/Developer/Platforms/AppleTVOS.platform/Developer/usr/lib/swift/host/plugins/libFoundationMacros.dylib\#/Applications/Xcode-27.0.0-Release.Candidate.app/Contents/Developer/Platforms/AppleTVOS.platform/Developer/usr/bin/swift-plugin-server\#FoundationMacros -load-resolved-plugin /Applications/Xcode-27.0.0-Release.Candidate.app/Contents/Developer/Platforms/AppleTVOS.platform/Developer/usr/lib/swift/host/plugins/libObservationMacros.dylib\#/Applications/Xcode-27.0.0-Release.Candidate.app/Contents/Developer/Platforms/AppleTVOS.platform/Developer/usr/bin/swift-plugin-server\#ObservationMacros -load-resolved-plugin /Applications/Xcode-27.0.0-Release.Candidate.app/Contents/Developer/Platforms/AppleTVOS.platform/Developer/usr/lib/swift/host/plugins/libPreviewsMacros.dylib\#/Applications/Xcode-27.0.0-Release.Candidate.app/Contents/Developer/Platforms/AppleTVOS.platform/Developer/usr/bin/swift-plugin-server\#PreviewsMacros -load-resolved-plugin /Applications/Xcode-27.0.0-Release.Candidate.app/Contents/Developer/Platforms/AppleTVOS.platform/Developer/usr/lib/swift/host/plugins/libSwiftMacros.dylib\#/Applications/Xcode-27.0.0-Release.Candidate.app/Contents/Developer/Platforms/AppleTVOS.platform/Developer/usr/bin/swift-plugin-server\#SwiftMacros -load-resolved-plugin /Applications/Xcode-27.0.0-Release.Candidate.app/Contents/Developer/Platforms/AppleTVOS.platform/Developer/usr/lib/swift/host/plugins/libSwiftUIMacros.dylib\#/Applications/Xcode-27.0.0-Release.Candidate.app/Contents/Developer/Platforms/AppleTVOS.platform/Developer/usr/bin/swift-plugin-server\#SwiftUIMacros -disable-implicit-swift-modules -Xcc -fno-implicit-modules -Xcc -fno-implicit-module-maps -explicit-swift-module-map-file /Users/admin/builder/spi-builder-workspace/.derivedData/Build/Intermediates.noindex/SolicitReviewLibrary.build/Debug-appletvos/SolicitReviewLibrary-t.build/Objects-normal/arm64/SolicitReviewLibrary-dependencies-1.json -Xllvm -aarch64-use-tbi -enable-objc-interop -stack-check -sdk /Applications/Xcode-27.0.0-Release.Candidate.app/Contents/Developer/Platforms/AppleTVOS.platform/Developer/SDKs/AppleTVOS27.0.sdk -I /Users/admin/builder/spi-builder-workspace/.derivedData/Build/Products/Debug-appletvos -Isystem /Applications/Xcode-27.0.0-Release.Candidate.app/Contents/Developer/Platforms/AppleTVOS.platform/Developer/usr/lib -F /Users/admin/builder/spi-builder-workspace/.derivedData/Build/Products/Debug-appletvos -F /Applications/Xcode-27.0.0-Release.Candidate.app/Contents/Developer/Platforms/AppleTVOS.platform/Developer/Library/Frameworks -F /Applications/Xcode-27.0.0-Release.Candidate.app/Contents/Developer/Platforms/AppleTVOS.platform/Developer/SDKs/AppleTVOS27.0.sdk/Developer/Library/Frameworks -module-cache-path /Users/admin/builder/spi-builder-workspace/.derivedData/Build/Intermediates.noindex/SwiftExplicitPrecompiledModules -no-color-diagnostics -Xcc -fno-color-diagnostics -enable-testing -g -debug-info-format\=dwarf -dwarf-version\=4 -profile-generate -profile-coverage-mapping -swift-version 5 -Onone -D SWIFT_PACKAGE -D DEBUG -D SWIFT_MODULE_RESOURCE_BUNDLE_AVAILABLE -D Xcode -serialize-debugging-options -enable-experimental-feature DebugDescriptionMacro -empty-abi-descriptor -validate-clang-modules-once -clang-build-session-file /Users/admin/builder/spi-builder-workspace/.derivedData/ModuleCache.noindex/Session.modulevalidation -Xcc -working-directory -Xcc /Users/admin/builder/spi-builder-workspace/.swiftpm/xcode -enable-anonymous-context-mangled-names -file-compilation-dir /Users/admin/builder/spi-builder-workspace/.swiftpm/xcode -Xcc -D_LIBCPP_HARDENING_MODE\=_LIBCPP_HARDENING_MODE_DEBUG -Xcc -ivfsstatcache -Xcc /Users/admin/builder/spi-builder-workspace/.derivedData/SDKStatCaches.noindex/appletvos27.0-24J360-e829b21a6f8c9b70876ba0858053c044b32bfd8d43560033f8d89884cdb90028.sdkstatcache -Xcc -fmodules-prune-interval\=86400 -Xcc -fmodules-prune-after\=345600 -Xcc -I/Users/admin/builder/spi-builder-workspace/.derivedData/Build/Products/Debug-appletvos/include -Xcc -I/Users/admin/builder/spi-builder-workspace/.derivedData/Build/Intermediates.noindex/SolicitReviewLibrary.build/Debug-appletvos/SolicitReviewLibrary-t.build/DerivedSources-normal/arm64 -Xcc -I/Users/admin/builder/spi-builder-workspace/.derivedData/Build/Intermediates.noindex/SolicitReviewLibrary.build/Debug-appletvos/SolicitReviewLibrary-t.build/DerivedSources/arm64 -Xcc -I/Users/admin/builder/spi-builder-workspace/.derivedData/Build/Intermediates.noindex/SolicitReviewLibrary.build/Debug-appletvos/SolicitReviewLibrary-t.build/DerivedSources -Xcc -DSWIFT_PACKAGE -Xcc -DDEBUG\=1 -no-auto-bridging-header-chaining -module-name SolicitReviewLibrary -package-name spi_builder_workspace -const-gather-protocols-file /Users/admin/builder/spi-builder-workspace/.derivedData/Build/Intermediates.noindex/SolicitReviewLibrary.build/Debug-appletvos/SolicitReviewLibrary-t.build/Objects-normal/arm64/SolicitReviewLibrary_const_extract_protocols.json -disable-clang-spi -clang-target arm64-apple-tvos27.0 -target-sdk-version 27.0 -target-sdk-name appletvos27.0 -in-process-plugin-server-path /Applications/Xcode-27.0.0-Release.Candidate.app/Contents/Developer/Toolchains/XcodeDefault.xctoolchain/usr/lib/swift/host/libSwiftInProcPluginServer.dylib -parse-as-library -o /Users/admin/builder/spi-builder-workspace/.derivedData/Build/Intermediates.noindex/SolicitReviewLibrary.build/Debug-appletvos/SolicitReviewLibrary-t.build/Objects-normal/arm64/SolicitReviewLibrary.o -debug-module-path /Users/admin/builder/spi-builder-workspace/.derivedData/Build/Intermediates.noindex/SolicitReviewLibrary.build/Debug-appletvos/SolicitReviewLibrary-t.build/Objects-normal/arm64/SolicitReviewLibrary.swiftmodule -index-unit-output-path /SolicitReviewLibrary.build/Debug-appletvos/SolicitReviewLibrary-t.build/Objects-normal/arm64/SolicitReviewLibrary.o -index-store-path /Users/admin/builder/spi-builder-workspace/.derivedData/Index.noindex/DataStore -index-system-modules
SwiftCompile normal arm64 Compiling\ Bundle+Module.swift /Users/admin/builder/spi-builder-workspace/Sources/SolicitReviewLibrary/Bundle+Module.swift (in target 'SolicitReviewLibrary' from project 'SolicitReviewLibrary')
SwiftCompile normal arm64 /Users/admin/builder/spi-builder-workspace/Sources/SolicitReviewLibrary/Bundle+Module.swift (in target 'SolicitReviewLibrary' from project 'SolicitReviewLibrary')
cd /Users/admin/builder/spi-builder-workspace/.swiftpm/xcode
builtin-SwiftPerFileCompile Bundle+Module.swift
SwiftCompile normal arm64 Compiling\ Bundle+Extensions.swift /Users/admin/builder/spi-builder-workspace/Sources/SolicitReviewLibrary/Bundle+Extensions.swift (in target 'SolicitReviewLibrary' from project 'SolicitReviewLibrary')
SwiftCompile normal arm64 /Users/admin/builder/spi-builder-workspace/Sources/SolicitReviewLibrary/Bundle+Extensions.swift (in target 'SolicitReviewLibrary' from project 'SolicitReviewLibrary')
cd /Users/admin/builder/spi-builder-workspace/.swiftpm/xcode
builtin-SwiftPerFileCompile Bundle+Extensions.swift
SwiftCompile normal arm64 Compiling\ Logger.swift /Users/admin/builder/spi-builder-workspace/Sources/SolicitReviewLibrary/Logger.swift (in target 'SolicitReviewLibrary' from project 'SolicitReviewLibrary')
SwiftCompile normal arm64 /Users/admin/builder/spi-builder-workspace/Sources/SolicitReviewLibrary/Logger.swift (in target 'SolicitReviewLibrary' from project 'SolicitReviewLibrary')
cd /Users/admin/builder/spi-builder-workspace/.swiftpm/xcode
builtin-SwiftPerFileCompile Logger.swift
SwiftCompile normal arm64 Compiling\ resource_bundle_accessor.swift /Users/admin/builder/spi-builder-workspace/.derivedData/Build/Intermediates.noindex/SolicitReviewLibrary.build/Debug-appletvos/SolicitReviewLibrary-t.build/DerivedSources/resource_bundle_accessor.swift (in target 'SolicitReviewLibrary' from project 'SolicitReviewLibrary')
SwiftCompile normal arm64 /Users/admin/builder/spi-builder-workspace/.derivedData/Build/Intermediates.noindex/SolicitReviewLibrary.build/Debug-appletvos/SolicitReviewLibrary-t.build/DerivedSources/resource_bundle_accessor.swift (in target 'SolicitReviewLibrary' from project 'SolicitReviewLibrary')
cd /Users/admin/builder/spi-builder-workspace/.swiftpm/xcode
builtin-SwiftPerFileCompile resource_bundle_accessor.swift
SwiftDriverJobDiscovery normal arm64 Emitting module for SolicitReviewLibrary (in target 'SolicitReviewLibrary' from project 'SolicitReviewLibrary')
SwiftDriver\ Compilation\ Requirements SolicitReviewLibrary normal arm64 com.apple.xcode.tools.swift.compiler (in target 'SolicitReviewLibrary' from project 'SolicitReviewLibrary')
cd /Users/admin/builder/spi-builder-workspace/.swiftpm/xcode
builtin-Swift-Compilation-Requirements -- /Applications/Xcode-27.0.0-Release.Candidate.app/Contents/Developer/Toolchains/XcodeDefault.xctoolchain/usr/bin/swiftc -parse-as-library -module-name SolicitReviewLibrary -Onone @/Users/admin/builder/spi-builder-workspace/.derivedData/Build/Intermediates.noindex/SolicitReviewLibrary.build/Debug-appletvos/SolicitReviewLibrary-t.build/Objects-normal/arm64/SolicitReviewLibrary.SwiftFileList -DSWIFT_PACKAGE -DDEBUG -DSWIFT_MODULE_RESOURCE_BUNDLE_AVAILABLE -DXcode -plugin-path /Applications/Xcode-27.0.0-Release.Candidate.app/Contents/Developer/Toolchains/XcodeDefault.xctoolchain/usr/lib/swift/host/plugins/testing -enable-experimental-feature DebugDescriptionMacro -sdk /Applications/Xcode-27.0.0-Release.Candidate.app/Contents/Developer/Platforms/AppleTVOS.platform/Developer/SDKs/AppleTVOS27.0.sdk -target arm64-apple-tvos15.0 -g -module-cache-path /Users/admin/builder/spi-builder-workspace/.derivedData/ModuleCache.noindex -Xfrontend -serialize-debugging-options -profile-coverage-mapping -profile-generate -enable-testing -index-store-path /Users/admin/builder/spi-builder-workspace/.derivedData/Index.noindex/DataStore -Xcc -D_LIBCPP_HARDENING_MODE\=_LIBCPP_HARDENING_MODE_DEBUG -swift-version 5 -I /Users/admin/builder/spi-builder-workspace/.derivedData/Build/Products/Debug-appletvos -Isystem /Applications/Xcode-27.0.0-Release.Candidate.app/Contents/Developer/Platforms/AppleTVOS.platform/Developer/usr/lib -F /Users/admin/builder/spi-builder-workspace/.derivedData/Build/Products/Debug-appletvos -F /Applications/Xcode-27.0.0-Release.Candidate.app/Contents/Developer/Platforms/AppleTVOS.platform/Developer/Library/Frameworks -F /Applications/Xcode-27.0.0-Release.Candidate.app/Contents/Developer/Platforms/AppleTVOS.platform/Developer/SDKs/AppleTVOS27.0.sdk/Developer/Library/Frameworks -emit-localized-strings -emit-localized-strings-path /Users/admin/builder/spi-builder-workspace/.derivedData/Build/Intermediates.noindex/SolicitReviewLibrary.build/Debug-appletvos/SolicitReviewLibrary-t.build/Objects-normal/arm64 -c -j10 -enable-batch-mode -incremental -Xcc -ivfsstatcache -Xcc /Users/admin/builder/spi-builder-workspace/.derivedData/SDKStatCaches.noindex/appletvos27.0-24J360-e829b21a6f8c9b70876ba0858053c044b32bfd8d43560033f8d89884cdb90028.sdkstatcache -output-file-map /Users/admin/builder/spi-builder-workspace/.derivedData/Build/Intermediates.noindex/SolicitReviewLibrary.build/Debug-appletvos/SolicitReviewLibrary-t.build/Objects-normal/arm64/SolicitReviewLibrary-OutputFileMap.json -save-temps -no-color-diagnostics -explicit-module-build -module-cache-path /Users/admin/builder/spi-builder-workspace/.derivedData/Build/Intermediates.noindex/SwiftExplicitPrecompiledModules -clang-scanner-module-cache-path /Users/admin/builder/spi-builder-workspace/.derivedData/ModuleCache.noindex -sdk-module-cache-path /Users/admin/builder/spi-builder-workspace/.derivedData/SDKExplicitPrecompiledModules -emit-dependencies -emit-module -emit-module-path /Users/admin/builder/spi-builder-workspace/.derivedData/Build/Intermediates.noindex/SolicitReviewLibrary.build/Debug-appletvos/SolicitReviewLibrary-t.build/Objects-normal/arm64/SolicitReviewLibrary.swiftmodule -serialize-diagnostics -dependency-scan-serialize-diagnostics-path /Users/admin/builder/spi-builder-workspace/.derivedData/Build/Intermediates.noindex/SolicitReviewLibrary.build/Debug-appletvos/SolicitReviewLibrary-t.build/Objects-normal/arm64/SolicitReviewLibrary-dependency-scan.dia -validate-clang-modules-once -clang-build-session-file /Users/admin/builder/spi-builder-workspace/.derivedData/ModuleCache.noindex/Session.modulevalidation -Xcc -fmodules-prune-interval\=86400 -Xcc -fmodules-prune-after\=345600 -package-name spi_builder_workspace -emit-const-values -const-gather-protocols-list /Users/admin/builder/spi-builder-workspace/.derivedData/Build/Intermediates.noindex/SolicitReviewLibrary.build/Debug-appletvos/SolicitReviewLibrary-t.build/Objects-normal/arm64/SolicitReviewLibrary_const_extract_protocols.json -Xcc -I/Users/admin/builder/spi-builder-workspace/.derivedData/Build/Products/Debug-appletvos/include -Xcc -I/Users/admin/builder/spi-builder-workspace/.derivedData/Build/Intermediates.noindex/SolicitReviewLibrary.build/Debug-appletvos/SolicitReviewLibrary-t.build/DerivedSources-normal/arm64 -Xcc -I/Users/admin/builder/spi-builder-workspace/.derivedData/Build/Intermediates.noindex/SolicitReviewLibrary.build/Debug-appletvos/SolicitReviewLibrary-t.build/DerivedSources/arm64 -Xcc -I/Users/admin/builder/spi-builder-workspace/.derivedData/Build/Intermediates.noindex/SolicitReviewLibrary.build/Debug-appletvos/SolicitReviewLibrary-t.build/DerivedSources -Xcc -DSWIFT_PACKAGE -Xcc -DDEBUG\=1 -emit-objc-header -emit-objc-header-path /Users/admin/builder/spi-builder-workspace/.derivedData/Build/Intermediates.noindex/SolicitReviewLibrary.build/Debug-appletvos/SolicitReviewLibrary-t.build/Objects-normal/arm64/SolicitReviewLibrary-Swift.h -working-directory /Users/admin/builder/spi-builder-workspace/.swiftpm/xcode -experimental-emit-module-separately -disable-cmo
SwiftMergeGeneratedHeaders /Users/admin/builder/spi-builder-workspace/.derivedData/Build/Intermediates.noindex/GeneratedModuleMaps-appletvos/SolicitReviewLibrary-Swift.h /Users/admin/builder/spi-builder-workspace/.derivedData/Build/Intermediates.noindex/SolicitReviewLibrary.build/Debug-appletvos/SolicitReviewLibrary-t.build/Objects-normal/arm64/SolicitReviewLibrary-Swift.h (in target 'SolicitReviewLibrary' from project 'SolicitReviewLibrary')
cd /Users/admin/builder/spi-builder-workspace
builtin-swiftHeaderTool -arch arm64 /Users/admin/builder/spi-builder-workspace/.derivedData/Build/Intermediates.noindex/SolicitReviewLibrary.build/Debug-appletvos/SolicitReviewLibrary-t.build/Objects-normal/arm64/SolicitReviewLibrary-Swift.h -o /Users/admin/builder/spi-builder-workspace/.derivedData/Build/Intermediates.noindex/GeneratedModuleMaps-appletvos/SolicitReviewLibrary-Swift.h
Copy /Users/admin/builder/spi-builder-workspace/.derivedData/Build/Products/Debug-appletvos/SolicitReviewLibrary.swiftmodule/arm64-apple-tvos.abi.json /Users/admin/builder/spi-builder-workspace/.derivedData/Build/Intermediates.noindex/SolicitReviewLibrary.build/Debug-appletvos/SolicitReviewLibrary-t.build/Objects-normal/arm64/SolicitReviewLibrary.abi.json (in target 'SolicitReviewLibrary' from project 'SolicitReviewLibrary')
cd /Users/admin/builder/spi-builder-workspace
builtin-copy -exclude .DS_Store -exclude CVS -exclude .svn -exclude .git -exclude .hg -resolve-src-symlinks -rename /Users/admin/builder/spi-builder-workspace/.derivedData/Build/Intermediates.noindex/SolicitReviewLibrary.build/Debug-appletvos/SolicitReviewLibrary-t.build/Objects-normal/arm64/SolicitReviewLibrary.abi.json /Users/admin/builder/spi-builder-workspace/.derivedData/Build/Products/Debug-appletvos/SolicitReviewLibrary.swiftmodule/arm64-apple-tvos.abi.json
Copy /Users/admin/builder/spi-builder-workspace/.derivedData/Build/Products/Debug-appletvos/SolicitReviewLibrary.swiftmodule/arm64-apple-tvos.swiftmodule /Users/admin/builder/spi-builder-workspace/.derivedData/Build/Intermediates.noindex/SolicitReviewLibrary.build/Debug-appletvos/SolicitReviewLibrary-t.build/Objects-normal/arm64/SolicitReviewLibrary.swiftmodule (in target 'SolicitReviewLibrary' from project 'SolicitReviewLibrary')
cd /Users/admin/builder/spi-builder-workspace
builtin-copy -exclude .DS_Store -exclude CVS -exclude .svn -exclude .git -exclude .hg -resolve-src-symlinks -rename /Users/admin/builder/spi-builder-workspace/.derivedData/Build/Intermediates.noindex/SolicitReviewLibrary.build/Debug-appletvos/SolicitReviewLibrary-t.build/Objects-normal/arm64/SolicitReviewLibrary.swiftmodule /Users/admin/builder/spi-builder-workspace/.derivedData/Build/Products/Debug-appletvos/SolicitReviewLibrary.swiftmodule/arm64-apple-tvos.swiftmodule
Copy /Users/admin/builder/spi-builder-workspace/.derivedData/Build/Products/Debug-appletvos/SolicitReviewLibrary.swiftmodule/arm64-apple-tvos.swiftdoc /Users/admin/builder/spi-builder-workspace/.derivedData/Build/Intermediates.noindex/SolicitReviewLibrary.build/Debug-appletvos/SolicitReviewLibrary-t.build/Objects-normal/arm64/SolicitReviewLibrary.swiftdoc (in target 'SolicitReviewLibrary' from project 'SolicitReviewLibrary')
cd /Users/admin/builder/spi-builder-workspace
builtin-copy -exclude .DS_Store -exclude CVS -exclude .svn -exclude .git -exclude .hg -resolve-src-symlinks -rename /Users/admin/builder/spi-builder-workspace/.derivedData/Build/Intermediates.noindex/SolicitReviewLibrary.build/Debug-appletvos/SolicitReviewLibrary-t.build/Objects-normal/arm64/SolicitReviewLibrary.swiftdoc /Users/admin/builder/spi-builder-workspace/.derivedData/Build/Products/Debug-appletvos/SolicitReviewLibrary.swiftmodule/arm64-apple-tvos.swiftdoc
Copy /Users/admin/builder/spi-builder-workspace/.derivedData/Build/Products/Debug-appletvos/SolicitReviewLibrary.swiftmodule/Project/arm64-apple-tvos.swiftsourceinfo /Users/admin/builder/spi-builder-workspace/.derivedData/Build/Intermediates.noindex/SolicitReviewLibrary.build/Debug-appletvos/SolicitReviewLibrary-t.build/Objects-normal/arm64/SolicitReviewLibrary.swiftsourceinfo (in target 'SolicitReviewLibrary' from project 'SolicitReviewLibrary')
cd /Users/admin/builder/spi-builder-workspace
builtin-copy -exclude .DS_Store -exclude CVS -exclude .svn -exclude .git -exclude .hg -resolve-src-symlinks -rename /Users/admin/builder/spi-builder-workspace/.derivedData/Build/Intermediates.noindex/SolicitReviewLibrary.build/Debug-appletvos/SolicitReviewLibrary-t.build/Objects-normal/arm64/SolicitReviewLibrary.swiftsourceinfo /Users/admin/builder/spi-builder-workspace/.derivedData/Build/Products/Debug-appletvos/SolicitReviewLibrary.swiftmodule/Project/arm64-apple-tvos.swiftsourceinfo
SwiftDriver SolicitReviewLibraryTests normal arm64 com.apple.xcode.tools.swift.compiler (in target 'SolicitReviewLibraryTests-product' from project 'SolicitReviewLibrary')
cd /Users/admin/builder/spi-builder-workspace/.swiftpm/xcode
builtin-SwiftDriver -- /Applications/Xcode-27.0.0-Release.Candidate.app/Contents/Developer/Toolchains/XcodeDefault.xctoolchain/usr/bin/swiftc -parse-as-library -module-name SolicitReviewLibraryTests -Onone @/Users/admin/builder/spi-builder-workspace/.derivedData/Build/Intermediates.noindex/SolicitReviewLibrary.build/Debug-appletvos/SolicitReviewLibraryTests-p.build/Objects-normal/arm64/SolicitReviewLibraryTests.SwiftFileList -DSWIFT_PACKAGE -DDEBUG -DXcode -plugin-path /Applications/Xcode-27.0.0-Release.Candidate.app/Contents/Developer/Toolchains/XcodeDefault.xctoolchain/usr/lib/swift/host/plugins/testing -enable-experimental-feature DebugDescriptionMacro -sdk /Applications/Xcode-27.0.0-Release.Candidate.app/Contents/Developer/Platforms/AppleTVOS.platform/Developer/SDKs/AppleTVOS27.0.sdk -target arm64-apple-tvos17.0 -g -module-cache-path /Users/admin/builder/spi-builder-workspace/.derivedData/ModuleCache.noindex -Xfrontend -serialize-debugging-options -profile-coverage-mapping -profile-generate -enable-testing -index-store-path /Users/admin/builder/spi-builder-workspace/.derivedData/Index.noindex/DataStore -Xcc -D_LIBCPP_HARDENING_MODE\=_LIBCPP_HARDENING_MODE_DEBUG -swift-version 5 -I /Users/admin/builder/spi-builder-workspace/.derivedData/Build/Products/Debug-appletvos -Isystem /Applications/Xcode-27.0.0-Release.Candidate.app/Contents/Developer/Platforms/AppleTVOS.platform/Developer/usr/lib -F /Users/admin/builder/spi-builder-workspace/.derivedData/Build/Products/Debug-appletvos/PackageFrameworks -F /Users/admin/builder/spi-builder-workspace/.derivedData/Build/Products/Debug-appletvos -F /Applications/Xcode-27.0.0-Release.Candidate.app/Contents/Developer/Platforms/AppleTVOS.platform/Developer/Library/Frameworks -F /Applications/Xcode-27.0.0-Release.Candidate.app/Contents/Developer/Platforms/AppleTVOS.platform/Developer/SDKs/AppleTVOS27.0.sdk/Developer/Library/Frameworks -emit-localized-strings -emit-localized-strings-path /Users/admin/builder/spi-builder-workspace/.derivedData/Build/Intermediates.noindex/SolicitReviewLibrary.build/Debug-appletvos/SolicitReviewLibraryTests-p.build/Objects-normal/arm64 -c -j10 -enable-batch-mode -incremental -Xcc -ivfsstatcache -Xcc /Users/admin/builder/spi-builder-workspace/.derivedData/SDKStatCaches.noindex/appletvos27.0-24J360-e829b21a6f8c9b70876ba0858053c044b32bfd8d43560033f8d89884cdb90028.sdkstatcache -output-file-map /Users/admin/builder/spi-builder-workspace/.derivedData/Build/Intermediates.noindex/SolicitReviewLibrary.build/Debug-appletvos/SolicitReviewLibraryTests-p.build/Objects-normal/arm64/SolicitReviewLibraryTests-OutputFileMap.json -save-temps -no-color-diagnostics -explicit-module-build -module-cache-path /Users/admin/builder/spi-builder-workspace/.derivedData/Build/Intermediates.noindex/SwiftExplicitPrecompiledModules -clang-scanner-module-cache-path /Users/admin/builder/spi-builder-workspace/.derivedData/ModuleCache.noindex -sdk-module-cache-path /Users/admin/builder/spi-builder-workspace/.derivedData/SDKExplicitPrecompiledModules -emit-dependencies -emit-module -emit-module-path /Users/admin/builder/spi-builder-workspace/.derivedData/Build/Intermediates.noindex/SolicitReviewLibrary.build/Debug-appletvos/SolicitReviewLibraryTests-p.build/Objects-normal/arm64/SolicitReviewLibraryTests.swiftmodule -serialize-diagnostics -dependency-scan-serialize-diagnostics-path /Users/admin/builder/spi-builder-workspace/.derivedData/Build/Intermediates.noindex/SolicitReviewLibrary.build/Debug-appletvos/SolicitReviewLibraryTests-p.build/Objects-normal/arm64/SolicitReviewLibraryTests-dependency-scan.dia -validate-clang-modules-once -clang-build-session-file /Users/admin/builder/spi-builder-workspace/.derivedData/ModuleCache.noindex/Session.modulevalidation -Xcc -fmodules-prune-interval\=86400 -Xcc -fmodules-prune-after\=345600 -package-name spi_builder_workspace -emit-const-values -const-gather-protocols-list /Users/admin/builder/spi-builder-workspace/.derivedData/Build/Intermediates.noindex/SolicitReviewLibrary.build/Debug-appletvos/SolicitReviewLibraryTests-p.build/Objects-normal/arm64/SolicitReviewLibraryTests_const_extract_protocols.json -Xcc -I/Users/admin/builder/spi-builder-workspace/.derivedData/Build/Products/Debug-appletvos/include -Xcc -I/Users/admin/builder/spi-builder-workspace/.derivedData/Build/Intermediates.noindex/SolicitReviewLibrary.build/Debug-appletvos/SolicitReviewLibraryTests-p.build/DerivedSources-normal/arm64 -Xcc -I/Users/admin/builder/spi-builder-workspace/.derivedData/Build/Intermediates.noindex/SolicitReviewLibrary.build/Debug-appletvos/SolicitReviewLibraryTests-p.build/DerivedSources/arm64 -Xcc -I/Users/admin/builder/spi-builder-workspace/.derivedData/Build/Intermediates.noindex/SolicitReviewLibrary.build/Debug-appletvos/SolicitReviewLibraryTests-p.build/DerivedSources -Xcc -DSWIFT_PACKAGE -Xcc -DDEBUG\=1 -working-directory /Users/admin/builder/spi-builder-workspace/.swiftpm/xcode -experimental-emit-module-separately -disable-cmo
SwiftDriverJobDiscovery normal arm64 Compiling Logger.swift (in target 'SolicitReviewLibrary' from project 'SolicitReviewLibrary')
SwiftExplicitDependencyGeneratePcm arm64 /Users/admin/builder/spi-builder-workspace/.derivedData/Build/Intermediates.noindex/SwiftExplicitPrecompiledModules/XCUIAutomation-FJBJYHY5O0CJFAW58X6D04WA.pcm
SwiftExplicitDependencyCompileModuleFromInterface arm64 /Users/admin/builder/spi-builder-workspace/.derivedData/Build/Intermediates.noindex/SwiftExplicitPrecompiledModules/XCUIAutomation-11FHAB26TZA0P.swiftmodule
SwiftExplicitDependencyGeneratePcm arm64 /Users/admin/builder/spi-builder-workspace/.derivedData/Build/Intermediates.noindex/SwiftExplicitPrecompiledModules/XCTest-7MV3G0KAJR9WCI4ZIQ137RH2R.pcm
SwiftExplicitDependencyCompileModuleFromInterface arm64 /Users/admin/builder/spi-builder-workspace/.derivedData/Build/Intermediates.noindex/SwiftExplicitPrecompiledModules/XCTest-2NSBG261FIVW9.swiftmodule
SwiftEmitModule normal arm64 Emitting\ module\ for\ SolicitReviewLibraryTests (in target 'SolicitReviewLibraryTests-product' from project 'SolicitReviewLibrary')
SwiftCompile normal arm64 (in target 'SolicitReviewLibraryTests-product' from project 'SolicitReviewLibrary')
cd /Users/admin/builder/spi-builder-workspace/.swiftpm/xcode
SwiftCompile normal arm64 Compiling\ SolicitReviewLibraryTests.swift /Users/admin/builder/spi-builder-workspace/Tests/SolicitReviewLibraryTests/SolicitReviewLibraryTests.swift (in target 'SolicitReviewLibraryTests-product' from project 'SolicitReviewLibrary')
SwiftCompile normal arm64 /Users/admin/builder/spi-builder-workspace/Tests/SolicitReviewLibraryTests/SolicitReviewLibraryTests.swift (in target 'SolicitReviewLibraryTests-product' from project 'SolicitReviewLibrary')
cd /Users/admin/builder/spi-builder-workspace/.swiftpm/xcode
builtin-SwiftPerFileCompile SolicitReviewLibraryTests.swift
SwiftDriverJobDiscovery normal arm64 Emitting module for SolicitReviewLibraryTests (in target 'SolicitReviewLibraryTests-product' from project 'SolicitReviewLibrary')
SwiftDriver\ Compilation\ Requirements SolicitReviewLibraryTests normal arm64 com.apple.xcode.tools.swift.compiler (in target 'SolicitReviewLibraryTests-product' from project 'SolicitReviewLibrary')
cd /Users/admin/builder/spi-builder-workspace/.swiftpm/xcode
builtin-Swift-Compilation-Requirements -- /Applications/Xcode-27.0.0-Release.Candidate.app/Contents/Developer/Toolchains/XcodeDefault.xctoolchain/usr/bin/swiftc -parse-as-library -module-name SolicitReviewLibraryTests -Onone @/Users/admin/builder/spi-builder-workspace/.derivedData/Build/Intermediates.noindex/SolicitReviewLibrary.build/Debug-appletvos/SolicitReviewLibraryTests-p.build/Objects-normal/arm64/SolicitReviewLibraryTests.SwiftFileList -DSWIFT_PACKAGE -DDEBUG -DXcode -plugin-path /Applications/Xcode-27.0.0-Release.Candidate.app/Contents/Developer/Toolchains/XcodeDefault.xctoolchain/usr/lib/swift/host/plugins/testing -enable-experimental-feature DebugDescriptionMacro -sdk /Applications/Xcode-27.0.0-Release.Candidate.app/Contents/Developer/Platforms/AppleTVOS.platform/Developer/SDKs/AppleTVOS27.0.sdk -target arm64-apple-tvos17.0 -g -module-cache-path /Users/admin/builder/spi-builder-workspace/.derivedData/ModuleCache.noindex -Xfrontend -serialize-debugging-options -profile-coverage-mapping -profile-generate -enable-testing -index-store-path /Users/admin/builder/spi-builder-workspace/.derivedData/Index.noindex/DataStore -Xcc -D_LIBCPP_HARDENING_MODE\=_LIBCPP_HARDENING_MODE_DEBUG -swift-version 5 -I /Users/admin/builder/spi-builder-workspace/.derivedData/Build/Products/Debug-appletvos -Isystem /Applications/Xcode-27.0.0-Release.Candidate.app/Contents/Developer/Platforms/AppleTVOS.platform/Developer/usr/lib -F /Users/admin/builder/spi-builder-workspace/.derivedData/Build/Products/Debug-appletvos/PackageFrameworks -F /Users/admin/builder/spi-builder-workspace/.derivedData/Build/Products/Debug-appletvos -F /Applications/Xcode-27.0.0-Release.Candidate.app/Contents/Developer/Platforms/AppleTVOS.platform/Developer/Library/Frameworks -F /Applications/Xcode-27.0.0-Release.Candidate.app/Contents/Developer/Platforms/AppleTVOS.platform/Developer/SDKs/AppleTVOS27.0.sdk/Developer/Library/Frameworks -emit-localized-strings -emit-localized-strings-path /Users/admin/builder/spi-builder-workspace/.derivedData/Build/Intermediates.noindex/SolicitReviewLibrary.build/Debug-appletvos/SolicitReviewLibraryTests-p.build/Objects-normal/arm64 -c -j10 -enable-batch-mode -incremental -Xcc -ivfsstatcache -Xcc /Users/admin/builder/spi-builder-workspace/.derivedData/SDKStatCaches.noindex/appletvos27.0-24J360-e829b21a6f8c9b70876ba0858053c044b32bfd8d43560033f8d89884cdb90028.sdkstatcache -output-file-map /Users/admin/builder/spi-builder-workspace/.derivedData/Build/Intermediates.noindex/SolicitReviewLibrary.build/Debug-appletvos/SolicitReviewLibraryTests-p.build/Objects-normal/arm64/SolicitReviewLibraryTests-OutputFileMap.json -save-temps -no-color-diagnostics -explicit-module-build -module-cache-path /Users/admin/builder/spi-builder-workspace/.derivedData/Build/Intermediates.noindex/SwiftExplicitPrecompiledModules -clang-scanner-module-cache-path /Users/admin/builder/spi-builder-workspace/.derivedData/ModuleCache.noindex -sdk-module-cache-path /Users/admin/builder/spi-builder-workspace/.derivedData/SDKExplicitPrecompiledModules -emit-dependencies -emit-module -emit-module-path /Users/admin/builder/spi-builder-workspace/.derivedData/Build/Intermediates.noindex/SolicitReviewLibrary.build/Debug-appletvos/SolicitReviewLibraryTests-p.build/Objects-normal/arm64/SolicitReviewLibraryTests.swiftmodule -serialize-diagnostics -dependency-scan-serialize-diagnostics-path /Users/admin/builder/spi-builder-workspace/.derivedData/Build/Intermediates.noindex/SolicitReviewLibrary.build/Debug-appletvos/SolicitReviewLibraryTests-p.build/Objects-normal/arm64/SolicitReviewLibraryTests-dependency-scan.dia -validate-clang-modules-once -clang-build-session-file /Users/admin/builder/spi-builder-workspace/.derivedData/ModuleCache.noindex/Session.modulevalidation -Xcc -fmodules-prune-interval\=86400 -Xcc -fmodules-prune-after\=345600 -package-name spi_builder_workspace -emit-const-values -const-gather-protocols-list /Users/admin/builder/spi-builder-workspace/.derivedData/Build/Intermediates.noindex/SolicitReviewLibrary.build/Debug-appletvos/SolicitReviewLibraryTests-p.build/Objects-normal/arm64/SolicitReviewLibraryTests_const_extract_protocols.json -Xcc -I/Users/admin/builder/spi-builder-workspace/.derivedData/Build/Products/Debug-appletvos/include -Xcc -I/Users/admin/builder/spi-builder-workspace/.derivedData/Build/Intermediates.noindex/SolicitReviewLibrary.build/Debug-appletvos/SolicitReviewLibraryTests-p.build/DerivedSources-normal/arm64 -Xcc -I/Users/admin/builder/spi-builder-workspace/.derivedData/Build/Intermediates.noindex/SolicitReviewLibrary.build/Debug-appletvos/SolicitReviewLibraryTests-p.build/DerivedSources/arm64 -Xcc -I/Users/admin/builder/spi-builder-workspace/.derivedData/Build/Intermediates.noindex/SolicitReviewLibrary.build/Debug-appletvos/SolicitReviewLibraryTests-p.build/DerivedSources -Xcc -DSWIFT_PACKAGE -Xcc -DDEBUG\=1 -working-directory /Users/admin/builder/spi-builder-workspace/.swiftpm/xcode -experimental-emit-module-separately -disable-cmo
Copy /Users/admin/builder/spi-builder-workspace/.derivedData/Build/Products/Debug-appletvos/SolicitReviewLibraryTests.swiftmodule/arm64-apple-tvos.swiftdoc /Users/admin/builder/spi-builder-workspace/.derivedData/Build/Intermediates.noindex/SolicitReviewLibrary.build/Debug-appletvos/SolicitReviewLibraryTests-p.build/Objects-normal/arm64/SolicitReviewLibraryTests.swiftdoc (in target 'SolicitReviewLibraryTests-product' from project 'SolicitReviewLibrary')
cd /Users/admin/builder/spi-builder-workspace
builtin-copy -exclude .DS_Store -exclude CVS -exclude .svn -exclude .git -exclude .hg -resolve-src-symlinks -rename /Users/admin/builder/spi-builder-workspace/.derivedData/Build/Intermediates.noindex/SolicitReviewLibrary.build/Debug-appletvos/SolicitReviewLibraryTests-p.build/Objects-normal/arm64/SolicitReviewLibraryTests.swiftdoc /Users/admin/builder/spi-builder-workspace/.derivedData/Build/Products/Debug-appletvos/SolicitReviewLibraryTests.swiftmodule/arm64-apple-tvos.swiftdoc
Copy /Users/admin/builder/spi-builder-workspace/.derivedData/Build/Products/Debug-appletvos/SolicitReviewLibraryTests.swiftmodule/arm64-apple-tvos.swiftmodule /Users/admin/builder/spi-builder-workspace/.derivedData/Build/Intermediates.noindex/SolicitReviewLibrary.build/Debug-appletvos/SolicitReviewLibraryTests-p.build/Objects-normal/arm64/SolicitReviewLibraryTests.swiftmodule (in target 'SolicitReviewLibraryTests-product' from project 'SolicitReviewLibrary')
cd /Users/admin/builder/spi-builder-workspace
builtin-copy -exclude .DS_Store -exclude CVS -exclude .svn -exclude .git -exclude .hg -resolve-src-symlinks -rename /Users/admin/builder/spi-builder-workspace/.derivedData/Build/Intermediates.noindex/SolicitReviewLibrary.build/Debug-appletvos/SolicitReviewLibraryTests-p.build/Objects-normal/arm64/SolicitReviewLibraryTests.swiftmodule /Users/admin/builder/spi-builder-workspace/.derivedData/Build/Products/Debug-appletvos/SolicitReviewLibraryTests.swiftmodule/arm64-apple-tvos.swiftmodule
Copy /Users/admin/builder/spi-builder-workspace/.derivedData/Build/Products/Debug-appletvos/SolicitReviewLibraryTests.swiftmodule/Project/arm64-apple-tvos.swiftsourceinfo /Users/admin/builder/spi-builder-workspace/.derivedData/Build/Intermediates.noindex/SolicitReviewLibrary.build/Debug-appletvos/SolicitReviewLibraryTests-p.build/Objects-normal/arm64/SolicitReviewLibraryTests.swiftsourceinfo (in target 'SolicitReviewLibraryTests-product' from project 'SolicitReviewLibrary')
cd /Users/admin/builder/spi-builder-workspace
builtin-copy -exclude .DS_Store -exclude CVS -exclude .svn -exclude .git -exclude .hg -resolve-src-symlinks -rename /Users/admin/builder/spi-builder-workspace/.derivedData/Build/Intermediates.noindex/SolicitReviewLibrary.build/Debug-appletvos/SolicitReviewLibraryTests-p.build/Objects-normal/arm64/SolicitReviewLibraryTests.swiftsourceinfo /Users/admin/builder/spi-builder-workspace/.derivedData/Build/Products/Debug-appletvos/SolicitReviewLibraryTests.swiftmodule/Project/arm64-apple-tvos.swiftsourceinfo
Copy /Users/admin/builder/spi-builder-workspace/.derivedData/Build/Products/Debug-appletvos/SolicitReviewLibraryTests.swiftmodule/arm64-apple-tvos.abi.json /Users/admin/builder/spi-builder-workspace/.derivedData/Build/Intermediates.noindex/SolicitReviewLibrary.build/Debug-appletvos/SolicitReviewLibraryTests-p.build/Objects-normal/arm64/SolicitReviewLibraryTests.abi.json (in target 'SolicitReviewLibraryTests-product' from project 'SolicitReviewLibrary')
cd /Users/admin/builder/spi-builder-workspace
builtin-copy -exclude .DS_Store -exclude CVS -exclude .svn -exclude .git -exclude .hg -resolve-src-symlinks -rename /Users/admin/builder/spi-builder-workspace/.derivedData/Build/Intermediates.noindex/SolicitReviewLibrary.build/Debug-appletvos/SolicitReviewLibraryTests-p.build/Objects-normal/arm64/SolicitReviewLibraryTests.abi.json /Users/admin/builder/spi-builder-workspace/.derivedData/Build/Products/Debug-appletvos/SolicitReviewLibraryTests.swiftmodule/arm64-apple-tvos.abi.json
SwiftDriverJobDiscovery normal arm64 Compiling Bundle+Extensions.swift (in target 'SolicitReviewLibrary' from project 'SolicitReviewLibrary')
SwiftDriverJobDiscovery normal arm64 Compiling resource_bundle_accessor.swift (in target 'SolicitReviewLibrary' from project 'SolicitReviewLibrary')
SwiftDriverJobDiscovery normal arm64 Compiling Bundle+Module.swift (in target 'SolicitReviewLibrary' from project 'SolicitReviewLibrary')
SwiftDriverJobDiscovery normal arm64 Compiling SolicitReviewLibraryTests.swift (in target 'SolicitReviewLibraryTests-product' from project 'SolicitReviewLibrary')
SwiftDriver\ Compilation SolicitReviewLibraryTests normal arm64 com.apple.xcode.tools.swift.compiler (in target 'SolicitReviewLibraryTests-product' from project 'SolicitReviewLibrary')
cd /Users/admin/builder/spi-builder-workspace/.swiftpm/xcode
builtin-Swift-Compilation -- /Applications/Xcode-27.0.0-Release.Candidate.app/Contents/Developer/Toolchains/XcodeDefault.xctoolchain/usr/bin/swiftc -parse-as-library -module-name SolicitReviewLibraryTests -Onone @/Users/admin/builder/spi-builder-workspace/.derivedData/Build/Intermediates.noindex/SolicitReviewLibrary.build/Debug-appletvos/SolicitReviewLibraryTests-p.build/Objects-normal/arm64/SolicitReviewLibraryTests.SwiftFileList -DSWIFT_PACKAGE -DDEBUG -DXcode -plugin-path /Applications/Xcode-27.0.0-Release.Candidate.app/Contents/Developer/Toolchains/XcodeDefault.xctoolchain/usr/lib/swift/host/plugins/testing -enable-experimental-feature DebugDescriptionMacro -sdk /Applications/Xcode-27.0.0-Release.Candidate.app/Contents/Developer/Platforms/AppleTVOS.platform/Developer/SDKs/AppleTVOS27.0.sdk -target arm64-apple-tvos17.0 -g -module-cache-path /Users/admin/builder/spi-builder-workspace/.derivedData/ModuleCache.noindex -Xfrontend -serialize-debugging-options -profile-coverage-mapping -profile-generate -enable-testing -index-store-path /Users/admin/builder/spi-builder-workspace/.derivedData/Index.noindex/DataStore -Xcc -D_LIBCPP_HARDENING_MODE\=_LIBCPP_HARDENING_MODE_DEBUG -swift-version 5 -I /Users/admin/builder/spi-builder-workspace/.derivedData/Build/Products/Debug-appletvos -Isystem /Applications/Xcode-27.0.0-Release.Candidate.app/Contents/Developer/Platforms/AppleTVOS.platform/Developer/usr/lib -F /Users/admin/builder/spi-builder-workspace/.derivedData/Build/Products/Debug-appletvos/PackageFrameworks -F /Users/admin/builder/spi-builder-workspace/.derivedData/Build/Products/Debug-appletvos -F /Applications/Xcode-27.0.0-Release.Candidate.app/Contents/Developer/Platforms/AppleTVOS.platform/Developer/Library/Frameworks -F /Applications/Xcode-27.0.0-Release.Candidate.app/Contents/Developer/Platforms/AppleTVOS.platform/Developer/SDKs/AppleTVOS27.0.sdk/Developer/Library/Frameworks -emit-localized-strings -emit-localized-strings-path /Users/admin/builder/spi-builder-workspace/.derivedData/Build/Intermediates.noindex/SolicitReviewLibrary.build/Debug-appletvos/SolicitReviewLibraryTests-p.build/Objects-normal/arm64 -c -j10 -enable-batch-mode -incremental -Xcc -ivfsstatcache -Xcc /Users/admin/builder/spi-builder-workspace/.derivedData/SDKStatCaches.noindex/appletvos27.0-24J360-e829b21a6f8c9b70876ba0858053c044b32bfd8d43560033f8d89884cdb90028.sdkstatcache -output-file-map /Users/admin/builder/spi-builder-workspace/.derivedData/Build/Intermediates.noindex/SolicitReviewLibrary.build/Debug-appletvos/SolicitReviewLibraryTests-p.build/Objects-normal/arm64/SolicitReviewLibraryTests-OutputFileMap.json -save-temps -no-color-diagnostics -explicit-module-build -module-cache-path /Users/admin/builder/spi-builder-workspace/.derivedData/Build/Intermediates.noindex/SwiftExplicitPrecompiledModules -clang-scanner-module-cache-path /Users/admin/builder/spi-builder-workspace/.derivedData/ModuleCache.noindex -sdk-module-cache-path /Users/admin/builder/spi-builder-workspace/.derivedData/SDKExplicitPrecompiledModules -emit-dependencies -emit-module -emit-module-path /Users/admin/builder/spi-builder-workspace/.derivedData/Build/Intermediates.noindex/SolicitReviewLibrary.build/Debug-appletvos/SolicitReviewLibraryTests-p.build/Objects-normal/arm64/SolicitReviewLibraryTests.swiftmodule -serialize-diagnostics -dependency-scan-serialize-diagnostics-path /Users/admin/builder/spi-builder-workspace/.derivedData/Build/Intermediates.noindex/SolicitReviewLibrary.build/Debug-appletvos/SolicitReviewLibraryTests-p.build/Objects-normal/arm64/SolicitReviewLibraryTests-dependency-scan.dia -validate-clang-modules-once -clang-build-session-file /Users/admin/builder/spi-builder-workspace/.derivedData/ModuleCache.noindex/Session.modulevalidation -Xcc -fmodules-prune-interval\=86400 -Xcc -fmodules-prune-after\=345600 -package-name spi_builder_workspace -emit-const-values -const-gather-protocols-list /Users/admin/builder/spi-builder-workspace/.derivedData/Build/Intermediates.noindex/SolicitReviewLibrary.build/Debug-appletvos/SolicitReviewLibraryTests-p.build/Objects-normal/arm64/SolicitReviewLibraryTests_const_extract_protocols.json -Xcc -I/Users/admin/builder/spi-builder-workspace/.derivedData/Build/Products/Debug-appletvos/include -Xcc -I/Users/admin/builder/spi-builder-workspace/.derivedData/Build/Intermediates.noindex/SolicitReviewLibrary.build/Debug-appletvos/SolicitReviewLibraryTests-p.build/DerivedSources-normal/arm64 -Xcc -I/Users/admin/builder/spi-builder-workspace/.derivedData/Build/Intermediates.noindex/SolicitReviewLibrary.build/Debug-appletvos/SolicitReviewLibraryTests-p.build/DerivedSources/arm64 -Xcc -I/Users/admin/builder/spi-builder-workspace/.derivedData/Build/Intermediates.noindex/SolicitReviewLibrary.build/Debug-appletvos/SolicitReviewLibraryTests-p.build/DerivedSources -Xcc -DSWIFT_PACKAGE -Xcc -DDEBUG\=1 -working-directory /Users/admin/builder/spi-builder-workspace/.swiftpm/xcode -experimental-emit-module-separately -disable-cmo
SwiftDriverJobDiscovery normal arm64 Compiling RateAppLinkView.swift (in target 'SolicitReviewLibrary' from project 'SolicitReviewLibrary')
PruneExplicitPrecompiledModules /Users/admin/builder/spi-builder-workspace/.derivedData/SDKExplicitPrecompiledModules
PruneExplicitPrecompiledModules /Users/admin/builder/spi-builder-workspace/.derivedData/Build/Intermediates.noindex/SwiftExplicitPrecompiledModules
PruneExplicitPrecompiledModules /Users/admin/builder/spi-builder-workspace/.derivedData/Build/Intermediates.noindex/ExplicitPrecompiledModules
2026-09-23 17:07:51.158 xcodebuild[623:3838] [MT] IDERunDestination: Supported platforms for the buildables in the current scheme is empty.
2026-09-23 17:07:51.295 xcodebuild[623:3838] [MT] IDERunDestination: Supported platforms for the buildables in the current scheme is empty.
** BUILD FAILED **
The following build commands failed:
SwiftCompile normal arm64 /Users/admin/builder/spi-builder-workspace/Sources/SolicitReviewLibrary/SolicitReviewLibrary.swift (in target 'SolicitReviewLibrary' from project 'SolicitReviewLibrary')
SwiftCompile normal arm64 Compiling\ SolicitReviewLibrary.swift /Users/admin/builder/spi-builder-workspace/Sources/SolicitReviewLibrary/SolicitReviewLibrary.swift (in target 'SolicitReviewLibrary' from project 'SolicitReviewLibrary')
Building workspace SolicitReviewLibrary with scheme SolicitReviewLibrary
(3 failures)
Command line invocation:
/Applications/Xcode-27.0.0-Release.Candidate.app/Contents/Developer/usr/bin/xcodebuild -IDEClonedSourcePackagesDirPathOverride=/Users/admin/builder/spi-builder-workspace/.dependencies -resolvePackageDependencies
Resolve Package Graph
Resolved source packages:
SolicitReviewLibrary: /Users/admin/builder/spi-builder-workspace
resolved source packages: SolicitReviewLibrary
2026-09-23 17:08:00.466 xcodebuild[744:4475] [MT] IDERunDestination: Supported platforms for the buildables in the current scheme is empty.
2026-09-23 17:08:00.591 xcodebuild[744:4475] [MT] IDERunDestination: Supported platforms for the buildables in the current scheme is empty.
{
"default_localization" : "en",
"dependencies" : [
],
"manifest_display_name" : "SolicitReviewLibrary",
"name" : "SolicitReviewLibrary",
"path" : "/Users/admin/builder/spi-builder-workspace",
"platforms" : [
{
"name" : "ios",
"version" : "14.0"
},
{
"name" : "macos",
"version" : "11.0"
}
],
"products" : [
{
"name" : "SolicitReviewLibrary",
"targets" : [
"SolicitReviewLibrary"
],
"type" : {
"library" : [
"automatic"
]
}
}
],
"targets" : [
{
"c99name" : "SolicitReviewLibraryTests",
"module_type" : "SwiftTarget",
"name" : "SolicitReviewLibraryTests",
"path" : "Tests/SolicitReviewLibraryTests",
"sources" : [
"SolicitReviewLibraryTests.swift"
],
"target_dependencies" : [
"SolicitReviewLibrary"
],
"type" : "test"
},
{
"c99name" : "SolicitReviewLibrary",
"module_type" : "SwiftTarget",
"name" : "SolicitReviewLibrary",
"path" : "Sources/SolicitReviewLibrary",
"product_memberships" : [
"SolicitReviewLibrary"
],
"resources" : [
{
"path" : "/Users/admin/builder/spi-builder-workspace/Sources/SolicitReviewLibrary/Resources/de.lproj/Localizable.strings",
"rule" : {
"process" : {
"localization" : "de"
}
}
},
{
"path" : "/Users/admin/builder/spi-builder-workspace/Sources/SolicitReviewLibrary/Resources/ja.lproj/Localizable.strings",
"rule" : {
"process" : {
"localization" : "ja"
}
}
},
{
"path" : "/Users/admin/builder/spi-builder-workspace/Sources/SolicitReviewLibrary/Resources/zh-Hans.lproj/Localizable.strings",
"rule" : {
"process" : {
"localization" : "zh-hans"
}
}
},
{
"path" : "/Users/admin/builder/spi-builder-workspace/Sources/SolicitReviewLibrary/Resources/zh-Hant.lproj/Localizable.strings",
"rule" : {
"process" : {
"localization" : "zh-hant"
}
}
}
],
"sources" : [
"Bundle+Extensions.swift",
"Bundle+Module.swift",
"Logger.swift",
"RateAppLinkView.swift",
"SolicitReviewLibrary.swift"
],
"type" : "library"
}
],
"tools_version" : "5.9"
}
{
"workspace" : {
"name" : "SolicitReviewLibrary",
"schemes" : [
"SolicitReviewLibrary"
]
}
}
2026-09-23 17:08:01.788 xcodebuild[752:4542] [MT] IDERunDestination: Supported platforms for the buildables in the current scheme is empty.
2026-09-23 17:08:01.891 xcodebuild[752:4542] [MT] IDERunDestination: Supported platforms for the buildables in the current scheme is empty.
Running build ...
env DEVELOPER_DIR=/Applications/Xcode-27.0.0-Release.Candidate.app xcrun xcodebuild -IDEClonedSourcePackagesDirPathOverride=$PWD/.dependencies -skipMacroValidation -skipPackagePluginValidation -derivedDataPath $PWD/.derivedData build -scheme SolicitReviewLibrary -destination generic/platform=tvOS
Command line invocation:
/Applications/Xcode-27.0.0-Release.Candidate.app/Contents/Developer/usr/bin/xcodebuild -IDEClonedSourcePackagesDirPathOverride=/Users/admin/builder/spi-builder-workspace/.dependencies -skipMacroValidation -skipPackagePluginValidation -derivedDataPath /Users/admin/builder/spi-builder-workspace/.derivedData build -scheme SolicitReviewLibrary -destination generic/platform=tvOS
Resolve Package Graph
Resolved source packages:
SolicitReviewLibrary: /Users/admin/builder/spi-builder-workspace
ComputePackagePrebuildTargetDependencyGraph
Prepare packages
CreateBuildRequest
SendProjectDescription
CreateBuildOperation
ComputeTargetDependencyGraph
note: Building targets in dependency order
note: Target dependency graph (4 targets)
Target 'SolicitReviewLibraryTests-product' in project 'SolicitReviewLibrary'
➜ Explicit dependency on target 'SolicitReviewLibrary' in project 'SolicitReviewLibrary'
Target 'SolicitReviewLibrary-product' in project 'SolicitReviewLibrary'
➜ Explicit dependency on target 'SolicitReviewLibrary' in project 'SolicitReviewLibrary'
➜ Explicit dependency on target 'SolicitReviewLibrary_SolicitReviewLibrary' in project 'SolicitReviewLibrary'
Target 'SolicitReviewLibrary' in project 'SolicitReviewLibrary'
➜ Explicit dependency on target 'SolicitReviewLibrary_SolicitReviewLibrary' in project 'SolicitReviewLibrary'
Target 'SolicitReviewLibrary_SolicitReviewLibrary' in project 'SolicitReviewLibrary' (no dependencies)
GatherProvisioningInputs
CreateBuildDescription
ClangStatCache /Applications/Xcode-27.0.0-Release.Candidate.app/Contents/Developer/Toolchains/XcodeDefault.xctoolchain/usr/bin/clang-stat-cache /Applications/Xcode-27.0.0-Release.Candidate.app/Contents/Developer/Platforms/AppleTVOS.platform/Developer/SDKs/AppleTVOS27.0.sdk /Users/admin/builder/spi-builder-workspace/.derivedData/SDKStatCaches.noindex/appletvos27.0-24J360-e829b21a6f8c9b70876ba0858053c044b32bfd8d43560033f8d89884cdb90028.sdkstatcache
cd /Users/admin/builder/spi-builder-workspace/.swiftpm/xcode
/Applications/Xcode-27.0.0-Release.Candidate.app/Contents/Developer/Toolchains/XcodeDefault.xctoolchain/usr/bin/clang-stat-cache /Applications/Xcode-27.0.0-Release.Candidate.app/Contents/Developer/Platforms/AppleTVOS.platform/Developer/SDKs/AppleTVOS27.0.sdk -o /Users/admin/builder/spi-builder-workspace/.derivedData/SDKStatCaches.noindex/appletvos27.0-24J360-e829b21a6f8c9b70876ba0858053c044b32bfd8d43560033f8d89884cdb90028.sdkstatcache
SwiftDriver SolicitReviewLibrary normal arm64 com.apple.xcode.tools.swift.compiler (in target 'SolicitReviewLibrary' from project 'SolicitReviewLibrary')
cd /Users/admin/builder/spi-builder-workspace/.swiftpm/xcode
builtin-SwiftDriver -- /Applications/Xcode-27.0.0-Release.Candidate.app/Contents/Developer/Toolchains/XcodeDefault.xctoolchain/usr/bin/swiftc -parse-as-library -module-name SolicitReviewLibrary -Onone @/Users/admin/builder/spi-builder-workspace/.derivedData/Build/Intermediates.noindex/SolicitReviewLibrary.build/Debug-appletvos/SolicitReviewLibrary-t.build/Objects-normal/arm64/SolicitReviewLibrary.SwiftFileList -DSWIFT_PACKAGE -DDEBUG -DSWIFT_MODULE_RESOURCE_BUNDLE_AVAILABLE -DXcode -plugin-path /Applications/Xcode-27.0.0-Release.Candidate.app/Contents/Developer/Toolchains/XcodeDefault.xctoolchain/usr/lib/swift/host/plugins/testing -enable-experimental-feature DebugDescriptionMacro -sdk /Applications/Xcode-27.0.0-Release.Candidate.app/Contents/Developer/Platforms/AppleTVOS.platform/Developer/SDKs/AppleTVOS27.0.sdk -target arm64-apple-tvos15.0 -g -module-cache-path /Users/admin/builder/spi-builder-workspace/.derivedData/ModuleCache.noindex -Xfrontend -serialize-debugging-options -profile-coverage-mapping -profile-generate -enable-testing -index-store-path /Users/admin/builder/spi-builder-workspace/.derivedData/Index.noindex/DataStore -Xcc -D_LIBCPP_HARDENING_MODE\=_LIBCPP_HARDENING_MODE_DEBUG -swift-version 5 -I /Users/admin/builder/spi-builder-workspace/.derivedData/Build/Products/Debug-appletvos -Isystem /Applications/Xcode-27.0.0-Release.Candidate.app/Contents/Developer/Platforms/AppleTVOS.platform/Developer/usr/lib -F /Users/admin/builder/spi-builder-workspace/.derivedData/Build/Products/Debug-appletvos -F /Applications/Xcode-27.0.0-Release.Candidate.app/Contents/Developer/Platforms/AppleTVOS.platform/Developer/Library/Frameworks -F /Applications/Xcode-27.0.0-Release.Candidate.app/Contents/Developer/Platforms/AppleTVOS.platform/Developer/SDKs/AppleTVOS27.0.sdk/Developer/Library/Frameworks -emit-localized-strings -emit-localized-strings-path /Users/admin/builder/spi-builder-workspace/.derivedData/Build/Intermediates.noindex/SolicitReviewLibrary.build/Debug-appletvos/SolicitReviewLibrary-t.build/Objects-normal/arm64 -c -j10 -enable-batch-mode -incremental -Xcc -ivfsstatcache -Xcc /Users/admin/builder/spi-builder-workspace/.derivedData/SDKStatCaches.noindex/appletvos27.0-24J360-e829b21a6f8c9b70876ba0858053c044b32bfd8d43560033f8d89884cdb90028.sdkstatcache -output-file-map /Users/admin/builder/spi-builder-workspace/.derivedData/Build/Intermediates.noindex/SolicitReviewLibrary.build/Debug-appletvos/SolicitReviewLibrary-t.build/Objects-normal/arm64/SolicitReviewLibrary-OutputFileMap.json -save-temps -no-color-diagnostics -explicit-module-build -module-cache-path /Users/admin/builder/spi-builder-workspace/.derivedData/Build/Intermediates.noindex/SwiftExplicitPrecompiledModules -clang-scanner-module-cache-path /Users/admin/builder/spi-builder-workspace/.derivedData/ModuleCache.noindex -sdk-module-cache-path /Users/admin/builder/spi-builder-workspace/.derivedData/SDKExplicitPrecompiledModules -emit-dependencies -emit-module -emit-module-path /Users/admin/builder/spi-builder-workspace/.derivedData/Build/Intermediates.noindex/SolicitReviewLibrary.build/Debug-appletvos/SolicitReviewLibrary-t.build/Objects-normal/arm64/SolicitReviewLibrary.swiftmodule -serialize-diagnostics -dependency-scan-serialize-diagnostics-path /Users/admin/builder/spi-builder-workspace/.derivedData/Build/Intermediates.noindex/SolicitReviewLibrary.build/Debug-appletvos/SolicitReviewLibrary-t.build/Objects-normal/arm64/SolicitReviewLibrary-dependency-scan.dia -validate-clang-modules-once -clang-build-session-file /Users/admin/builder/spi-builder-workspace/.derivedData/ModuleCache.noindex/Session.modulevalidation -Xcc -fmodules-prune-interval\=86400 -Xcc -fmodules-prune-after\=345600 -package-name spi_builder_workspace -emit-const-values -const-gather-protocols-list /Users/admin/builder/spi-builder-workspace/.derivedData/Build/Intermediates.noindex/SolicitReviewLibrary.build/Debug-appletvos/SolicitReviewLibrary-t.build/Objects-normal/arm64/SolicitReviewLibrary_const_extract_protocols.json -Xcc -I/Users/admin/builder/spi-builder-workspace/.derivedData/Build/Products/Debug-appletvos/include -Xcc -I/Users/admin/builder/spi-builder-workspace/.derivedData/Build/Intermediates.noindex/SolicitReviewLibrary.build/Debug-appletvos/SolicitReviewLibrary-t.build/DerivedSources-normal/arm64 -Xcc -I/Users/admin/builder/spi-builder-workspace/.derivedData/Build/Intermediates.noindex/SolicitReviewLibrary.build/Debug-appletvos/SolicitReviewLibrary-t.build/DerivedSources/arm64 -Xcc -I/Users/admin/builder/spi-builder-workspace/.derivedData/Build/Intermediates.noindex/SolicitReviewLibrary.build/Debug-appletvos/SolicitReviewLibrary-t.build/DerivedSources -Xcc -DSWIFT_PACKAGE -Xcc -DDEBUG\=1 -emit-objc-header -emit-objc-header-path /Users/admin/builder/spi-builder-workspace/.derivedData/Build/Intermediates.noindex/SolicitReviewLibrary.build/Debug-appletvos/SolicitReviewLibrary-t.build/Objects-normal/arm64/SolicitReviewLibrary-Swift.h -working-directory /Users/admin/builder/spi-builder-workspace/.swiftpm/xcode -experimental-emit-module-separately -disable-cmo
SwiftEmitModule normal arm64 Emitting\ module\ for\ SolicitReviewLibrary (in target 'SolicitReviewLibrary' from project 'SolicitReviewLibrary')
SwiftCompile normal arm64 (in target 'SolicitReviewLibrary' from project 'SolicitReviewLibrary')
cd /Users/admin/builder/spi-builder-workspace/.swiftpm/xcode
SwiftCompile normal arm64 Compiling\ SolicitReviewLibrary.swift /Users/admin/builder/spi-builder-workspace/Sources/SolicitReviewLibrary/SolicitReviewLibrary.swift (in target 'SolicitReviewLibrary' from project 'SolicitReviewLibrary')
/Users/admin/builder/spi-builder-workspace/Sources/SolicitReviewLibrary/SolicitReviewLibrary.swift:51:13: error: cannot find 'askForReview' in scope
49 | if shouldPrompt() {
50 | Logger.log("Asking for review")
51 | askForReview(withHandler: showNativeReviewPrompt)
| `- error: cannot find 'askForReview' in scope
52 | }
53 | }
/Users/admin/builder/spi-builder-workspace/Sources/SolicitReviewLibrary/SolicitReviewLibrary.swift:51:39: error: cannot find 'showNativeReviewPrompt' in scope
49 | if shouldPrompt() {
50 | Logger.log("Asking for review")
51 | askForReview(withHandler: showNativeReviewPrompt)
| `- error: cannot find 'showNativeReviewPrompt' in scope
52 | }
53 | }
/Users/admin/builder/spi-builder-workspace/Sources/SolicitReviewLibrary/SolicitReviewLibrary.swift:58:13: error: cannot find 'askForReview' in scope
56 | if shouldPrompt() {
57 | Logger.log("Asking for review")
58 | askForReview(withHandler: showNativeReviewPrompt)
| `- error: cannot find 'askForReview' in scope
59 | return true
60 | }
/Users/admin/builder/spi-builder-workspace/Sources/SolicitReviewLibrary/SolicitReviewLibrary.swift:58:39: error: cannot find 'showNativeReviewPrompt' in scope
56 | if shouldPrompt() {
57 | Logger.log("Asking for review")
58 | askForReview(withHandler: showNativeReviewPrompt)
| `- error: cannot find 'showNativeReviewPrompt' in scope
59 | return true
60 | }
/Users/admin/builder/spi-builder-workspace/Sources/SolicitReviewLibrary/SolicitReviewLibrary.swift:170:24: error: 'UIActivityViewController' is unavailable in tvOS
168 | let appURL = getShareURL(appStoreId: appStoreId)!
169 | let shareText = "Check out this amazing app: \(Bundle.main.appName)! Download it here: \(appURL)"
170 | let activityVC = UIActivityViewController(activityItems: [shareText], applicationActivities: nil)
| `- error: 'UIActivityViewController' is unavailable in tvOS
171 |
172 | if let windowScene = UIApplication.shared.connectedScenes.first as? UIWindowScene,
/Applications/Xcode-27.0.0-Release.Candidate.app/Contents/Developer/Platforms/AppleTVOS.platform/Developer/SDKs/AppleTVOS27.0.sdk/System/Library/Frameworks/UIKit.framework/Headers/UIActivityViewController.h:26:79: note: 'UIActivityViewController' has been explicitly marked unavailable here
24 | typedef void (^UIActivityViewControllerCompletionWithItemsHandler)(UIActivityType __nullable activityType, BOOL completed, NSArray * __nullable returnedItems, NSError * __nullable activityError) API_AVAILABLE(ios(8.0)) API_UNAVAILABLE(watchos);
25 |
26 | API_AVAILABLE(ios(6.0)) API_UNAVAILABLE(watchos) __TVOS_PROHIBITED @interface UIActivityViewController : UIViewController
| `- note: 'UIActivityViewController' has been explicitly marked unavailable here
27 |
28 | - (instancetype)init NS_UNAVAILABLE;
Failed frontend command:
/Applications/Xcode-27.0.0-Release.Candidate.app/Contents/Developer/Toolchains/XcodeDefault.xctoolchain/usr/bin/swift-frontend -frontend -c /Users/admin/builder/spi-builder-workspace/.derivedData/Build/Intermediates.noindex/SolicitReviewLibrary.build/Debug-appletvos/SolicitReviewLibrary-t.build/DerivedSources/resource_bundle_accessor.swift /Users/admin/builder/spi-builder-workspace/Sources/SolicitReviewLibrary/Bundle+Extensions.swift /Users/admin/builder/spi-builder-workspace/Sources/SolicitReviewLibrary/Bundle+Module.swift /Users/admin/builder/spi-builder-workspace/Sources/SolicitReviewLibrary/Logger.swift /Users/admin/builder/spi-builder-workspace/Sources/SolicitReviewLibrary/RateAppLinkView.swift -primary-file /Users/admin/builder/spi-builder-workspace/Sources/SolicitReviewLibrary/SolicitReviewLibrary.swift -emit-dependencies-path /Users/admin/builder/spi-builder-workspace/.derivedData/Build/Intermediates.noindex/SolicitReviewLibrary.build/Debug-appletvos/SolicitReviewLibrary-t.build/Objects-normal/arm64/SolicitReviewLibrary.d -emit-const-values-path /Users/admin/builder/spi-builder-workspace/.derivedData/Build/Intermediates.noindex/SolicitReviewLibrary.build/Debug-appletvos/SolicitReviewLibrary-t.build/Objects-normal/arm64/SolicitReviewLibrary.swiftconstvalues -emit-reference-dependencies-path /Users/admin/builder/spi-builder-workspace/.derivedData/Build/Intermediates.noindex/SolicitReviewLibrary.build/Debug-appletvos/SolicitReviewLibrary-t.build/Objects-normal/arm64/SolicitReviewLibrary.swiftdeps -serialize-diagnostics-path /Users/admin/builder/spi-builder-workspace/.derivedData/Build/Intermediates.noindex/SolicitReviewLibrary.build/Debug-appletvos/SolicitReviewLibrary-t.build/Objects-normal/arm64/SolicitReviewLibrary.dia -emit-localized-strings -emit-localized-strings-path /Users/admin/builder/spi-builder-workspace/.derivedData/Build/Intermediates.noindex/SolicitReviewLibrary.build/Debug-appletvos/SolicitReviewLibrary-t.build/Objects-normal/arm64 -target arm64-apple-tvos15.0 -disable-cross-import-overlay-search -swift-module-cross-import StoreKit /Applications/Xcode-27.0.0-Release.Candidate.app/Contents/Developer/Platforms/AppleTVOS.platform/Developer/SDKs/AppleTVOS.sdk/System/Library/Frameworks/StoreKit.framework/Modules/StoreKit.swiftcrossimport/SwiftUI.swiftoverlay -swift-module-cross-import StoreKit /Applications/Xcode-27.0.0-Release.Candidate.app/Contents/Developer/Platforms/AppleTVOS.platform/Developer/SDKs/AppleTVOS27.0.sdk/System/Library/Frameworks/StoreKit.framework/Modules/StoreKit.swiftcrossimport/SwiftUI.swiftoverlay -load-resolved-plugin /Applications/Xcode-27.0.0-Release.Candidate.app/Contents/Developer/Platforms/AppleTVOS.platform/Developer/usr/lib/swift/host/plugins/libFoundationMacros.dylib\#/Applications/Xcode-27.0.0-Release.Candidate.app/Contents/Developer/Platforms/AppleTVOS.platform/Developer/usr/bin/swift-plugin-server\#FoundationMacros -load-resolved-plugin /Applications/Xcode-27.0.0-Release.Candidate.app/Contents/Developer/Platforms/AppleTVOS.platform/Developer/usr/lib/swift/host/plugins/libObservationMacros.dylib\#/Applications/Xcode-27.0.0-Release.Candidate.app/Contents/Developer/Platforms/AppleTVOS.platform/Developer/usr/bin/swift-plugin-server\#ObservationMacros -load-resolved-plugin /Applications/Xcode-27.0.0-Release.Candidate.app/Contents/Developer/Platforms/AppleTVOS.platform/Developer/usr/lib/swift/host/plugins/libPreviewsMacros.dylib\#/Applications/Xcode-27.0.0-Release.Candidate.app/Contents/Developer/Platforms/AppleTVOS.platform/Developer/usr/bin/swift-plugin-server\#PreviewsMacros -load-resolved-plugin /Applications/Xcode-27.0.0-Release.Candidate.app/Contents/Developer/Platforms/AppleTVOS.platform/Developer/usr/lib/swift/host/plugins/libSwiftMacros.dylib\#/Applications/Xcode-27.0.0-Release.Candidate.app/Contents/Developer/Platforms/AppleTVOS.platform/Developer/usr/bin/swift-plugin-server\#SwiftMacros -load-resolved-plugin /Applications/Xcode-27.0.0-Release.Candidate.app/Contents/Developer/Platforms/AppleTVOS.platform/Developer/usr/lib/swift/host/plugins/libSwiftUIMacros.dylib\#/Applications/Xcode-27.0.0-Release.Candidate.app/Contents/Developer/Platforms/AppleTVOS.platform/Developer/usr/bin/swift-plugin-server\#SwiftUIMacros -disable-implicit-swift-modules -Xcc -fno-implicit-modules -Xcc -fno-implicit-module-maps -explicit-swift-module-map-file /Users/admin/builder/spi-builder-workspace/.derivedData/Build/Intermediates.noindex/SolicitReviewLibrary.build/Debug-appletvos/SolicitReviewLibrary-t.build/Objects-normal/arm64/SolicitReviewLibrary-dependencies-1.json -Xllvm -aarch64-use-tbi -enable-objc-interop -stack-check -sdk /Applications/Xcode-27.0.0-Release.Candidate.app/Contents/Developer/Platforms/AppleTVOS.platform/Developer/SDKs/AppleTVOS27.0.sdk -I /Users/admin/builder/spi-builder-workspace/.derivedData/Build/Products/Debug-appletvos -Isystem /Applications/Xcode-27.0.0-Release.Candidate.app/Contents/Developer/Platforms/AppleTVOS.platform/Developer/usr/lib -F /Users/admin/builder/spi-builder-workspace/.derivedData/Build/Products/Debug-appletvos -F /Applications/Xcode-27.0.0-Release.Candidate.app/Contents/Developer/Platforms/AppleTVOS.platform/Developer/Library/Frameworks -F /Applications/Xcode-27.0.0-Release.Candidate.app/Contents/Developer/Platforms/AppleTVOS.platform/Developer/SDKs/AppleTVOS27.0.sdk/Developer/Library/Frameworks -module-cache-path /Users/admin/builder/spi-builder-workspace/.derivedData/Build/Intermediates.noindex/SwiftExplicitPrecompiledModules -no-color-diagnostics -Xcc -fno-color-diagnostics -enable-testing -g -debug-info-format\=dwarf -dwarf-version\=4 -profile-generate -profile-coverage-mapping -swift-version 5 -Onone -D SWIFT_PACKAGE -D DEBUG -D SWIFT_MODULE_RESOURCE_BUNDLE_AVAILABLE -D Xcode -serialize-debugging-options -enable-experimental-feature DebugDescriptionMacro -empty-abi-descriptor -validate-clang-modules-once -clang-build-session-file /Users/admin/builder/spi-builder-workspace/.derivedData/ModuleCache.noindex/Session.modulevalidation -Xcc -working-directory -Xcc /Users/admin/builder/spi-builder-workspace/.swiftpm/xcode -enable-anonymous-context-mangled-names -file-compilation-dir /Users/admin/builder/spi-builder-workspace/.swiftpm/xcode -Xcc -D_LIBCPP_HARDENING_MODE\=_LIBCPP_HARDENING_MODE_DEBUG -Xcc -ivfsstatcache -Xcc /Users/admin/builder/spi-builder-workspace/.derivedData/SDKStatCaches.noindex/appletvos27.0-24J360-e829b21a6f8c9b70876ba0858053c044b32bfd8d43560033f8d89884cdb90028.sdkstatcache -Xcc -fmodules-prune-interval\=86400 -Xcc -fmodules-prune-after\=345600 -Xcc -I/Users/admin/builder/spi-builder-workspace/.derivedData/Build/Products/Debug-appletvos/include -Xcc -I/Users/admin/builder/spi-builder-workspace/.derivedData/Build/Intermediates.noindex/SolicitReviewLibrary.build/Debug-appletvos/SolicitReviewLibrary-t.build/DerivedSources-normal/arm64 -Xcc -I/Users/admin/builder/spi-builder-workspace/.derivedData/Build/Intermediates.noindex/SolicitReviewLibrary.build/Debug-appletvos/SolicitReviewLibrary-t.build/DerivedSources/arm64 -Xcc -I/Users/admin/builder/spi-builder-workspace/.derivedData/Build/Intermediates.noindex/SolicitReviewLibrary.build/Debug-appletvos/SolicitReviewLibrary-t.build/DerivedSources -Xcc -DSWIFT_PACKAGE -Xcc -DDEBUG\=1 -no-auto-bridging-header-chaining -module-name SolicitReviewLibrary -package-name spi_builder_workspace -const-gather-protocols-file /Users/admin/builder/spi-builder-workspace/.derivedData/Build/Intermediates.noindex/SolicitReviewLibrary.build/Debug-appletvos/SolicitReviewLibrary-t.build/Objects-normal/arm64/SolicitReviewLibrary_const_extract_protocols.json -disable-clang-spi -clang-target arm64-apple-tvos27.0 -target-sdk-version 27.0 -target-sdk-name appletvos27.0 -in-process-plugin-server-path /Applications/Xcode-27.0.0-Release.Candidate.app/Contents/Developer/Toolchains/XcodeDefault.xctoolchain/usr/lib/swift/host/libSwiftInProcPluginServer.dylib -parse-as-library -o /Users/admin/builder/spi-builder-workspace/.derivedData/Build/Intermediates.noindex/SolicitReviewLibrary.build/Debug-appletvos/SolicitReviewLibrary-t.build/Objects-normal/arm64/SolicitReviewLibrary.o -debug-module-path /Users/admin/builder/spi-builder-workspace/.derivedData/Build/Intermediates.noindex/SolicitReviewLibrary.build/Debug-appletvos/SolicitReviewLibrary-t.build/Objects-normal/arm64/SolicitReviewLibrary.swiftmodule -index-unit-output-path /SolicitReviewLibrary.build/Debug-appletvos/SolicitReviewLibrary-t.build/Objects-normal/arm64/SolicitReviewLibrary.o -index-store-path /Users/admin/builder/spi-builder-workspace/.derivedData/Index.noindex/DataStore -index-system-modules
SwiftCompile normal arm64 /Users/admin/builder/spi-builder-workspace/Sources/SolicitReviewLibrary/SolicitReviewLibrary.swift (in target 'SolicitReviewLibrary' from project 'SolicitReviewLibrary')
cd /Users/admin/builder/spi-builder-workspace/.swiftpm/xcode
builtin-SwiftPerFileCompile SolicitReviewLibrary.swift
PruneExplicitPrecompiledModules /Users/admin/builder/spi-builder-workspace/.derivedData/Build/Intermediates.noindex/SwiftExplicitPrecompiledModules
PruneExplicitPrecompiledModules /Users/admin/builder/spi-builder-workspace/.derivedData/SDKExplicitPrecompiledModules
PruneExplicitPrecompiledModules /Users/admin/builder/spi-builder-workspace/.derivedData/Build/Intermediates.noindex/ExplicitPrecompiledModules
2026-09-23 17:08:02.779 xcodebuild[753:4570] [MT] IDERunDestination: Supported platforms for the buildables in the current scheme is empty.
2026-09-23 17:08:02.879 xcodebuild[753:4570] [MT] IDERunDestination: Supported platforms for the buildables in the current scheme is empty.
** BUILD FAILED **
The following build commands failed:
SwiftCompile normal arm64 Compiling\ SolicitReviewLibrary.swift /Users/admin/builder/spi-builder-workspace/Sources/SolicitReviewLibrary/SolicitReviewLibrary.swift (in target 'SolicitReviewLibrary' from project 'SolicitReviewLibrary')
SwiftCompile normal arm64 /Users/admin/builder/spi-builder-workspace/Sources/SolicitReviewLibrary/SolicitReviewLibrary.swift (in target 'SolicitReviewLibrary' from project 'SolicitReviewLibrary')
Building workspace SolicitReviewLibrary with scheme SolicitReviewLibrary
(3 failures)
BUILD FAILURE 6.4 tvOS