Build Information
Failed to build RoundTrip, reference main (fe829c), with Swift 6.3 for Linux on 27 Sep 2026 23:55:09 UTC.
Build Command
bash -c docker run --pull=always --rm -v "checkouts-53886770-3":/host -w "$PWD" -e JAVA_HOME="/root/.sdkman/candidates/java/current" -e SPI_BUILD="1" -e SPI_PROCESSING="1" registry.gitlab.com/saguaro1/spi-images:basic-6.3-latest swift build --triple x86_64-unknown-linux-gnu 2>&1Build Log
========================================
RunAll
========================================
Builder version: 5.1.0
Interrupt handler set up.
========================================
Checkout
========================================
Clone URL: https://github.com/modern-swift-dev/roundtrip-swift.git
Reference: main
Initialized empty Git repository in /host/spi-builder-workspace/.git/
hint: Using 'master' as the name for the initial branch. This default branch name
hint: is subject to change. To configure the initial branch name to use in all
hint: of your new repositories, which will suppress this warning, call:
hint:
hint: git config --global init.defaultBranch <name>
hint:
hint: Names commonly chosen instead of 'master' are 'main', 'trunk' and
hint: 'development'. The just-created branch can be renamed via this command:
hint:
hint: git branch -m <name>
From https://github.com/modern-swift-dev/roundtrip-swift
* branch main -> FETCH_HEAD
* [new branch] main -> origin/main
HEAD is now at fe829ca test(multipart): verify text field through upload path
Cloned https://github.com/modern-swift-dev/roundtrip-swift.git
Revision (git rev-parse @):
fe829ca4ed0d81b73c977067f3e247257fc97ffc
SPI manifest file found: $PWD/.spi.yml
SUCCESS checkout https://github.com/modern-swift-dev/roundtrip-swift.git at main
========================================
Build
========================================
Selected platform: linux
Swift version: 6.3
Building package at path: $PWD
https://github.com/modern-swift-dev/roundtrip-swift.git
Running build ...
bash -c docker run --pull=always --rm -v "checkouts-53886770-3":/host -w "$PWD" -e JAVA_HOME="/root/.sdkman/candidates/java/current" -e SPI_BUILD="1" -e SPI_PROCESSING="1" registry.gitlab.com/saguaro1/spi-images:basic-6.3-latest swift build --triple x86_64-unknown-linux-gnu 2>&1
basic-6.3-latest: Pulling from saguaro1/spi-images
Digest: sha256:c577f8f8f4df4f423827bf5e7d96027716bb7030ef75b2fd4a15f7fb0043ce6d
Status: Image is up to date for registry.gitlab.com/saguaro1/spi-images:basic-6.3-latest
Fetching https://github.com/MobileNativeFoundation/Kronos.git
Fetching https://github.com/WeTransfer/Mocker.git
Fetching https://github.com/swiftlang/swift-docc-plugin
[1/1192] Fetching kronos
Fetched https://github.com/MobileNativeFoundation/Kronos.git from cache (0.49s)
[1/2345] Fetching swift-docc-plugin
Fetched https://github.com/swiftlang/swift-docc-plugin from cache (0.67s)
[1/1906] Fetching mocker
Fetched https://github.com/WeTransfer/Mocker.git from cache (1.09s)
Computing version for https://github.com/WeTransfer/Mocker.git
Computed https://github.com/WeTransfer/Mocker.git at 3.0.2 (2.52s)
Computing version for https://github.com/MobileNativeFoundation/Kronos.git
Computed https://github.com/MobileNativeFoundation/Kronos.git at 4.3.1 (0.32s)
Computing version for https://github.com/swiftlang/swift-docc-plugin
Computed https://github.com/swiftlang/swift-docc-plugin at 1.5.0 (0.30s)
Fetching https://github.com/swiftlang/swift-docc-symbolkit
[1/3831] Fetching swift-docc-symbolkit
Fetched https://github.com/swiftlang/swift-docc-symbolkit from cache (0.68s)
Computing version for https://github.com/swiftlang/swift-docc-symbolkit
Computed https://github.com/swiftlang/swift-docc-symbolkit at 1.0.0 (1.11s)
Creating working copy for https://github.com/swiftlang/swift-docc-plugin
Working copy of https://github.com/swiftlang/swift-docc-plugin resolved at 1.5.0
Creating working copy for https://github.com/MobileNativeFoundation/Kronos.git
Working copy of https://github.com/MobileNativeFoundation/Kronos.git resolved at 4.3.1
Creating working copy for https://github.com/WeTransfer/Mocker.git
Working copy of https://github.com/WeTransfer/Mocker.git resolved at 3.0.2
Creating working copy for https://github.com/swiftlang/swift-docc-symbolkit
Working copy of https://github.com/swiftlang/swift-docc-symbolkit resolved at 1.0.0
[1/1] Compiling plugin Swift-DocC Preview
[2/2] Compiling plugin Swift-DocC
Building for debugging...
[2/5] Write sources
[4/5] Write swift-version-24593BA9C3E375BF.txt
error: emit-module command failed with exit code 1 (use -v to see invocation)
[6/39] Emitting module RoundTrip
/host/spi-builder-workspace/Sources/RoundTrip/InternalSupport.swift:5:8: error: no such module 'os'
3 | private import Kronos
4 | #endif
5 | import os
| `- error: no such module 'os'
6 |
7 | enum RoundTripSupport {
[7/43] Compiling RoundTrip URLSession+DataUploadTaskPublisher.swift
/host/spi-builder-workspace/Sources/RoundTrip/InternalSupport.swift:5:8: error: no such module 'os'
3 | private import Kronos
4 | #endif
5 | import os
| `- error: no such module 'os'
6 |
7 | enum RoundTripSupport {
[8/43] Compiling RoundTrip URLSession+DownloadTaskPublisher.swift
/host/spi-builder-workspace/Sources/RoundTrip/InternalSupport.swift:5:8: error: no such module 'os'
3 | private import Kronos
4 | #endif
5 | import os
| `- error: no such module 'os'
6 |
7 | enum RoundTripSupport {
[9/43] Compiling RoundTrip URLSession+FileUploadTaskPublisher.swift
/host/spi-builder-workspace/Sources/RoundTrip/InternalSupport.swift:5:8: error: no such module 'os'
3 | private import Kronos
4 | #endif
5 | import os
| `- error: no such module 'os'
6 |
7 | enum RoundTripSupport {
[10/43] Compiling RoundTrip WSSClient.swift
/host/spi-builder-workspace/Sources/RoundTrip/InternalSupport.swift:5:8: error: no such module 'os'
3 | private import Kronos
4 | #endif
5 | import os
| `- error: no such module 'os'
6 |
7 | enum RoundTripSupport {
[11/43] Compiling RoundTrip PatchableValue.swift
/host/spi-builder-workspace/Sources/RoundTrip/InternalSupport.swift:5:8: error: no such module 'os'
3 | private import Kronos
4 | #endif
5 | import os
| `- error: no such module 'os'
6 |
7 | enum RoundTripSupport {
[12/43] Compiling RoundTrip Time.swift
/host/spi-builder-workspace/Sources/RoundTrip/InternalSupport.swift:5:8: error: no such module 'os'
3 | private import Kronos
4 | #endif
5 | import os
| `- error: no such module 'os'
6 |
7 | enum RoundTripSupport {
[13/43] Compiling RoundTrip TimelessDate.swift
/host/spi-builder-workspace/Sources/RoundTrip/InternalSupport.swift:5:8: error: no such module 'os'
3 | private import Kronos
4 | #endif
5 | import os
| `- error: no such module 'os'
6 |
7 | enum RoundTripSupport {
[14/43] Compiling RoundTrip Publishers+ApiResponse.swift
/host/spi-builder-workspace/Sources/RoundTrip/InternalSupport.swift:5:8: error: no such module 'os'
3 | private import Kronos
4 | #endif
5 | import os
| `- error: no such module 'os'
6 |
7 | enum RoundTripSupport {
[15/43] Compiling RoundTrip URLRequestAdapter+DataTaskPublisher.swift
/host/spi-builder-workspace/Sources/RoundTrip/InternalSupport.swift:5:8: error: no such module 'os'
3 | private import Kronos
4 | #endif
5 | import os
| `- error: no such module 'os'
6 |
7 | enum RoundTripSupport {
[16/43] Compiling RoundTrip URLRequestAdapter+DataUploadTaskPublisher.swift
/host/spi-builder-workspace/Sources/RoundTrip/InternalSupport.swift:5:8: error: no such module 'os'
3 | private import Kronos
4 | #endif
5 | import os
| `- error: no such module 'os'
6 |
7 | enum RoundTripSupport {
[17/43] Compiling RoundTrip URLRequestAdapter+DownloadTaskPublisher.swift
/host/spi-builder-workspace/Sources/RoundTrip/InternalSupport.swift:5:8: error: no such module 'os'
3 | private import Kronos
4 | #endif
5 | import os
| `- error: no such module 'os'
6 |
7 | enum RoundTripSupport {
[18/43] Compiling RoundTrip URLRequestAdapter+FileUploadTaskPublisher.swift
/host/spi-builder-workspace/Sources/RoundTrip/InternalSupport.swift:5:8: error: no such module 'os'
3 | private import Kronos
4 | #endif
5 | import os
| `- error: no such module 'os'
6 |
7 | enum RoundTripSupport {
[19/43] Compiling RoundTrip URLRequestAdapter.swift
/host/spi-builder-workspace/Sources/RoundTrip/InternalSupport.swift:5:8: error: no such module 'os'
3 | private import Kronos
4 | #endif
5 | import os
| `- error: no such module 'os'
6 |
7 | enum RoundTripSupport {
[20/43] Compiling RoundTrip InternalSupport.swift
/host/spi-builder-workspace/Sources/RoundTrip/InternalSupport.swift:5:8: error: no such module 'os'
3 | private import Kronos
4 | #endif
5 | import os
| `- error: no such module 'os'
6 |
7 | enum RoundTripSupport {
[21/43] Compiling RoundTrip ApiError.swift
/host/spi-builder-workspace/Sources/RoundTrip/InternalSupport.swift:5:8: error: no such module 'os'
3 | private import Kronos
4 | #endif
5 | import os
| `- error: no such module 'os'
6 |
7 | enum RoundTripSupport {
[22/43] Compiling RoundTrip ApiOperationResult.swift
/host/spi-builder-workspace/Sources/RoundTrip/InternalSupport.swift:5:8: error: no such module 'os'
3 | private import Kronos
4 | #endif
5 | import os
| `- error: no such module 'os'
6 |
7 | enum RoundTripSupport {
[23/43] Compiling RoundTrip ApiResponse.swift
/host/spi-builder-workspace/Sources/RoundTrip/InternalSupport.swift:5:8: error: no such module 'os'
3 | private import Kronos
4 | #endif
5 | import os
| `- error: no such module 'os'
6 |
7 | enum RoundTripSupport {
[24/43] Compiling RoundTrip MultipartBodyConvertible.swift
/host/spi-builder-workspace/Sources/RoundTrip/InternalSupport.swift:5:8: error: no such module 'os'
3 | private import Kronos
4 | #endif
5 | import os
| `- error: no such module 'os'
6 |
7 | enum RoundTripSupport {
[25/43] Compiling RoundTrip URLRequestBuilder+Body.swift
/host/spi-builder-workspace/Sources/RoundTrip/InternalSupport.swift:5:8: error: no such module 'os'
3 | private import Kronos
4 | #endif
5 | import os
| `- error: no such module 'os'
6 |
7 | enum RoundTripSupport {
[26/43] Compiling RoundTrip URLRequestBuilder+FormParameters.swift
/host/spi-builder-workspace/Sources/RoundTrip/InternalSupport.swift:5:8: error: no such module 'os'
3 | private import Kronos
4 | #endif
5 | import os
| `- error: no such module 'os'
6 |
7 | enum RoundTripSupport {
[27/43] Compiling RoundTrip URLRequestBuilder+HttpHeaders.swift
/host/spi-builder-workspace/Sources/RoundTrip/InternalSupport.swift:5:8: error: no such module 'os'
3 | private import Kronos
4 | #endif
5 | import os
| `- error: no such module 'os'
6 |
7 | enum RoundTripSupport {
[28/43] Compiling RoundTrip URLRequestBuilder+Method.swift
/host/spi-builder-workspace/Sources/RoundTrip/InternalSupport.swift:5:8: error: no such module 'os'
3 | private import Kronos
4 | #endif
5 | import os
| `- error: no such module 'os'
6 |
7 | enum RoundTripSupport {
[29/43] Compiling RoundTrip URLSession+Convertible.swift
/host/spi-builder-workspace/Sources/RoundTrip/InternalSupport.swift:5:8: error: no such module 'os'
3 | private import Kronos
4 | #endif
5 | import os
| `- error: no such module 'os'
6 |
7 | enum RoundTripSupport {
[30/43] Compiling RoundTrip URL+MimeType.swift
/host/spi-builder-workspace/Sources/RoundTrip/InternalSupport.swift:5:8: error: no such module 'os'
3 | private import Kronos
4 | #endif
5 | import os
| `- error: no such module 'os'
6 |
7 | enum RoundTripSupport {
[31/43] Compiling RoundTrip URLRequest+Ext.swift
/host/spi-builder-workspace/Sources/RoundTrip/InternalSupport.swift:5:8: error: no such module 'os'
3 | private import Kronos
4 | #endif
5 | import os
| `- error: no such module 'os'
6 |
7 | enum RoundTripSupport {
[32/43] Compiling RoundTrip URLResponse+Ext.swift
/host/spi-builder-workspace/Sources/RoundTrip/InternalSupport.swift:5:8: error: no such module 'os'
3 | private import Kronos
4 | #endif
5 | import os
| `- error: no such module 'os'
6 |
7 | enum RoundTripSupport {
[33/43] Compiling RoundTrip HttpClient.swift
/host/spi-builder-workspace/Sources/RoundTrip/InternalSupport.swift:5:8: error: no such module 'os'
3 | private import Kronos
4 | #endif
5 | import os
| `- error: no such module 'os'
6 |
7 | enum RoundTripSupport {
[34/43] Compiling RoundTrip URLRequestBuilder+MimeType.swift
/host/spi-builder-workspace/Sources/RoundTrip/InternalSupport.swift:5:8: error: no such module 'os'
3 | private import Kronos
4 | #endif
5 | import os
| `- error: no such module 'os'
6 |
7 | enum RoundTripSupport {
[35/43] Compiling RoundTrip URLRequestBuilder+QueryParameters.swift
/host/spi-builder-workspace/Sources/RoundTrip/InternalSupport.swift:5:8: error: no such module 'os'
3 | private import Kronos
4 | #endif
5 | import os
| `- error: no such module 'os'
6 |
7 | enum RoundTripSupport {
[36/43] Compiling RoundTrip URLRequestBuilder+Scheme.swift
/host/spi-builder-workspace/Sources/RoundTrip/InternalSupport.swift:5:8: error: no such module 'os'
3 | private import Kronos
4 | #endif
5 | import os
| `- error: no such module 'os'
6 |
7 | enum RoundTripSupport {
[37/43] Compiling RoundTrip URLRequestBuilder.swift
/host/spi-builder-workspace/Sources/RoundTrip/InternalSupport.swift:5:8: error: no such module 'os'
3 | private import Kronos
4 | #endif
5 | import os
| `- error: no such module 'os'
6 |
7 | enum RoundTripSupport {
[38/43] Compiling RoundTrip URLRequestConvertible.swift
/host/spi-builder-workspace/Sources/RoundTrip/InternalSupport.swift:5:8: error: no such module 'os'
3 | private import Kronos
4 | #endif
5 | import os
| `- error: no such module 'os'
6 |
7 | enum RoundTripSupport {
[39/43] Compiling RoundTrip BackgroundHttpClient.swift
/host/spi-builder-workspace/Sources/RoundTrip/InternalSupport.swift:5:8: error: no such module 'os'
3 | private import Kronos
4 | #endif
5 | import os
| `- error: no such module 'os'
6 |
7 | enum RoundTripSupport {
[40/43] Compiling RoundTrip DateFormatter+HttpHeader.swift
/host/spi-builder-workspace/Sources/RoundTrip/InternalSupport.swift:5:8: error: no such module 'os'
3 | private import Kronos
4 | #endif
5 | import os
| `- error: no such module 'os'
6 |
7 | enum RoundTripSupport {
[41/43] Compiling RoundTrip FormEncodable.swift
/host/spi-builder-workspace/Sources/RoundTrip/InternalSupport.swift:5:8: error: no such module 'os'
3 | private import Kronos
4 | #endif
5 | import os
| `- error: no such module 'os'
6 |
7 | enum RoundTripSupport {
[42/43] Compiling RoundTrip MultipartBody+Builder.swift
/host/spi-builder-workspace/Sources/RoundTrip/InternalSupport.swift:5:8: error: no such module 'os'
3 | private import Kronos
4 | #endif
5 | import os
| `- error: no such module 'os'
6 |
7 | enum RoundTripSupport {
[43/43] Compiling RoundTrip MultipartBody.swift
/host/spi-builder-workspace/Sources/RoundTrip/InternalSupport.swift:5:8: error: no such module 'os'
3 | private import Kronos
4 | #endif
5 | import os
| `- error: no such module 'os'
6 |
7 | enum RoundTripSupport {
BUILD FAILURE 6.3 linux