Build Information
Failed to build CLIKit, reference 0.3.7 (c72b5d), with Swift 6.4 for watchOS using Xcode 27.0 on 18 Sep 2026 01:04:10 UTC.
Build Command
env DEVELOPER_DIR=/Applications/Xcode-27.0.0-Release.Candidate.app xcrun xcodebuild -IDEClonedSourcePackagesDirPathOverride=$PWD/.dependencies -skipMacroValidation -skipPackagePluginValidation -derivedDataPath $PWD/.derivedData build -scheme CLIKit -destination generic/platform=watchOSBuild Log
========================================
RunAll
========================================
Builder version: 5.1.0
Interrupt handler set up.
========================================
Checkout
========================================
Clone URL: https://github.com/apparata/clikit.git
Reference: 0.3.7
Initialized empty Git repository in /Users/admin/builder/spi-builder-workspace/.git/
From https://github.com/apparata/clikit
* tag 0.3.7 -> FETCH_HEAD
HEAD is now at c72b5d6 Merge pull request #1 from carlo-/master
Cloned https://github.com/apparata/clikit.git
Revision (git rev-parse @):
c72b5d691f6e1fb0fe5c4e351d42049a2e854645
SUCCESS checkout https://github.com/apparata/clikit.git at 0.3.7
========================================
Build
========================================
Selected platform: watchOS
Swift version: 6.4
Building package at path: $PWD
https://github.com/apparata/clikit.git
Command line invocation:
/Applications/Xcode-27.0.0-Release.Candidate.app/Contents/Developer/usr/bin/xcodebuild -IDEClonedSourcePackagesDirPathOverride=/Users/admin/builder/spi-builder-workspace/.dependencies -resolvePackageDependencies
Resolve Package Graph
Resolve Package Graph
Resolved source packages:
CLIKit: /Users/admin/builder/spi-builder-workspace
resolved source packages: CLIKit
2026-09-17 21:03:22.314 xcodebuild[529:3042] [MT] IDERunDestination: Supported platforms for the buildables in the current scheme is empty.
{
"dependencies" : [
],
"manifest_display_name" : "CLIKit",
"name" : "CLIKit",
"path" : "/Users/admin/builder/spi-builder-workspace",
"platforms" : [
{
"name" : "macos",
"version" : "10.14"
}
],
"products" : [
{
"name" : "CLIKit",
"targets" : [
"CLIKit"
],
"type" : {
"library" : [
"automatic"
]
}
}
],
"targets" : [
{
"c99name" : "CLIKitTests",
"module_type" : "SwiftTarget",
"name" : "CLIKitTests",
"path" : "Tests/CLIKitTests",
"sources" : [
"CLIKitTests.swift",
"Helpers/BotCommand.swift",
"Helpers/MainframeCommand.swift",
"Helpers/MathCommand.swift",
"XCTestManifests.swift"
],
"target_dependencies" : [
"CLIKit"
],
"type" : "test"
},
{
"c99name" : "CLIKit",
"module_type" : "SwiftTarget",
"name" : "CLIKit",
"path" : "Sources/CLIKit",
"product_memberships" : [
"CLIKit"
],
"sources" : [
"Command Line/Arguments/Argument Value Types/Array+CommandArgumentValue.swift",
"Command Line/Arguments/Argument Value Types/Dictionary+CommandArgumentValue.swift",
"Command Line/Arguments/Argument Value Types/Double+CommandArgumentValue.swift",
"Command Line/Arguments/Argument Value Types/Float+CommandArgumentValue.swift",
"Command Line/Arguments/Argument Value Types/Int+CommandArgumentValue.swift",
"Command Line/Arguments/Argument Value Types/Set+CommandArgumentValue.swift",
"Command Line/Arguments/Argument Value Types/String+CommandArgumentValue.swift",
"Command Line/Arguments/Argument Value Types/UInt+CommandArgumentValue.swift",
"Command Line/Arguments/Argument Value Types/URL+CommandArgumentValue.swift",
"Command Line/Arguments/CommandArgumentSpecification.swift",
"Command Line/Arguments/CommandArgumentValue.swift",
"Command Line/Arguments/CommandFlag.swift",
"Command Line/Arguments/CommandInput.swift",
"Command Line/Arguments/CommandOption.swift",
"Command Line/Arguments/HelpFlag.swift",
"Command Line/Command.swift",
"Command Line/CommandLineError.swift",
"Command Line/CommandLineParser.swift",
"Command Line/CommandUsage.swift",
"Command Line/Parser State Machine/ParserContext.swift",
"Command Line/Parser State Machine/ParserEvent.swift",
"Command Line/Parser State Machine/ParserState.swift",
"Command Line/Parser State Machine/ParserStateMachine.swift",
"Execution/Execution.swift",
"Execution/ExecutionMode.swift",
"File Management/ExecutableFinder.swift",
"File Management/Path+FileManagement.swift",
"File Management/Path.swift",
"IO/Console.swift",
"IO/IO.swift",
"IO/REPL/Basic REPL/BasicREPL.swift",
"IO/REPL/CommandLineHistory.swift",
"IO/REPL/ReadEvaluatePrintLoop.swift",
"IO/REPL/Terminal REPL/TerminalREPL.swift",
"IO/REPL/Terminal REPL/TerminalREPLState.swift",
"IO/StandardIO.swift",
"IO/Terminal/Terminal.swift",
"IO/Terminal/TerminalCode.swift",
"IO/Terminal/TerminalInputMode.swift",
"IO/Terminal/TerminalString.swift",
"IO/Utilities/LineReader.swift",
"IO/WrapsFileHandle.swift",
"Internal/Lock.swift",
"Internal/Log.swift",
"Internal/Regex.swift",
"Internal/Sequence+Convenience.swift",
"Internal/String+Utilities.swift",
"Process/Environment.swift",
"Process/StandardEnvironmentVariable.swift",
"Subprocess/Internal/CStrings.swift",
"Subprocess/Internal/SubprocessAttributes.swift",
"Subprocess/Internal/SubprocessCaptureOutputThread.swift",
"Subprocess/Internal/SubprocessIO.swift",
"Subprocess/Internal/SubprocessPipe.swift",
"Subprocess/Internal/SubprocessStateMachine.swift",
"Subprocess/Subprocess.swift",
"Subprocess/SubprocessError.swift",
"Subprocess/SubprocessResult.swift",
"Utilities/Character+Inspection.swift",
"Utilities/SimpleWordCompletion.swift",
"Utilities/String+Words.swift",
"Utilities/TextCompletion.swift"
],
"type" : "library"
}
],
"tools_version" : "5.2"
}
{
"workspace" : {
"name" : "CLIKit",
"schemes" : [
"CLIKit"
]
}
}
2026-09-17 21:04:03.135 xcodebuild[653:4171] [MT] IDERunDestination: Supported platforms for the buildables in the current scheme is empty.
Running build ...
env DEVELOPER_DIR=/Applications/Xcode-27.0.0-Release.Candidate.app xcrun xcodebuild -IDEClonedSourcePackagesDirPathOverride=$PWD/.dependencies -skipMacroValidation -skipPackagePluginValidation -derivedDataPath $PWD/.derivedData build -scheme CLIKit -destination generic/platform=watchOS
Command line invocation:
/Applications/Xcode-27.0.0-Release.Candidate.app/Contents/Developer/usr/bin/xcodebuild -IDEClonedSourcePackagesDirPathOverride=/Users/admin/builder/spi-builder-workspace/.dependencies -skipMacroValidation -skipPackagePluginValidation -derivedDataPath /Users/admin/builder/spi-builder-workspace/.derivedData build -scheme CLIKit -destination generic/platform=watchOS
Resolve Package Graph
Resolved source packages:
CLIKit: /Users/admin/builder/spi-builder-workspace
ComputePackagePrebuildTargetDependencyGraph
Prepare packages
CreateBuildRequest
SendProjectDescription
CreateBuildOperation
ComputeTargetDependencyGraph
note: Building targets in dependency order
note: Target dependency graph (2 targets)
Target 'CLIKit-product' in project 'CLIKit'
➜ Explicit dependency on target 'CLIKit' in project 'CLIKit'
Target 'CLIKit' in project 'CLIKit' (no dependencies)
GatherProvisioningInputs
CreateBuildDescription
ExecuteExternalTool /Applications/Xcode-27.0.0-Release.Candidate.app/Contents/Developer/Toolchains/XcodeDefault.xctoolchain/usr/bin/clang -v -E -dM -isysroot /Applications/Xcode-27.0.0-Release.Candidate.app/Contents/Developer/Platforms/WatchOS.platform/Developer/SDKs/WatchOS27.0.sdk -x c -c /dev/null
ExecuteExternalTool /Applications/Xcode-27.0.0-Release.Candidate.app/Contents/Developer/Toolchains/XcodeDefault.xctoolchain/usr/bin/swiftc --version
ExecuteExternalTool /Applications/Xcode-27.0.0-Release.Candidate.app/Contents/Developer/Toolchains/XcodeDefault.xctoolchain/usr/bin/ld -version_details
Build description signature: d589918c6a13bd1900f370d2ecb747d4
Build description path: /Users/admin/builder/spi-builder-workspace/.derivedData/Build/Intermediates.noindex/XCBuildData/d589918c6a13bd1900f370d2ecb747d4.xcbuilddata
CreateBuildDirectory /Users/admin/builder/spi-builder-workspace/.derivedData/SDKExplicitPrecompiledModules
cd /Users/admin/builder/spi-builder-workspace/.swiftpm/xcode
builtin-create-build-directory /Users/admin/builder/spi-builder-workspace/.derivedData/SDKExplicitPrecompiledModules
CreateBuildDirectory /Users/admin/builder/spi-builder-workspace/.derivedData/ModuleCache.noindex
cd /Users/admin/builder/spi-builder-workspace/.swiftpm/xcode
builtin-create-build-directory /Users/admin/builder/spi-builder-workspace/.derivedData/ModuleCache.noindex
CreateBuildDirectory /Users/admin/builder/spi-builder-workspace/.derivedData/CompilationCache.noindex
cd /Users/admin/builder/spi-builder-workspace/.swiftpm/xcode
builtin-create-build-directory /Users/admin/builder/spi-builder-workspace/.derivedData/CompilationCache.noindex
ClangStatCache /Applications/Xcode-27.0.0-Release.Candidate.app/Contents/Developer/Toolchains/XcodeDefault.xctoolchain/usr/bin/clang-stat-cache /Applications/Xcode-27.0.0-Release.Candidate.app/Contents/Developer/Platforms/WatchOS.platform/Developer/SDKs/WatchOS27.0.sdk /Users/admin/builder/spi-builder-workspace/.derivedData/SDKStatCaches.noindex/watchos27.0-24R360-e829b21a6f8c9b70876ba0858053c04477534ef55a1706bf4c1112bbb242f0a2.sdkstatcache
cd /Users/admin/builder/spi-builder-workspace/.swiftpm/xcode
/Applications/Xcode-27.0.0-Release.Candidate.app/Contents/Developer/Toolchains/XcodeDefault.xctoolchain/usr/bin/clang-stat-cache /Applications/Xcode-27.0.0-Release.Candidate.app/Contents/Developer/Platforms/WatchOS.platform/Developer/SDKs/WatchOS27.0.sdk -o /Users/admin/builder/spi-builder-workspace/.derivedData/SDKStatCaches.noindex/watchos27.0-24R360-e829b21a6f8c9b70876ba0858053c04477534ef55a1706bf4c1112bbb242f0a2.sdkstatcache
CreateBuildDirectory /Users/admin/builder/spi-builder-workspace/.derivedData/Build/Products
cd /Users/admin/builder/spi-builder-workspace/.swiftpm/xcode
builtin-create-build-directory /Users/admin/builder/spi-builder-workspace/.derivedData/Build/Products
CreateBuildDirectory /Users/admin/builder/spi-builder-workspace/.derivedData/Build/Intermediates.noindex
cd /Users/admin/builder/spi-builder-workspace/.swiftpm/xcode
builtin-create-build-directory /Users/admin/builder/spi-builder-workspace/.derivedData/Build/Intermediates.noindex
CreateBuildDirectory /Users/admin/builder/spi-builder-workspace/.derivedData/Build/Intermediates.noindex/SwiftExplicitPrecompiledModules
cd /Users/admin/builder/spi-builder-workspace/.swiftpm/xcode
builtin-create-build-directory /Users/admin/builder/spi-builder-workspace/.derivedData/Build/Intermediates.noindex/SwiftExplicitPrecompiledModules
CreateBuildDirectory /Users/admin/builder/spi-builder-workspace/.derivedData/Build/Intermediates.noindex/PrecompiledHeaders
cd /Users/admin/builder/spi-builder-workspace/.swiftpm/xcode
builtin-create-build-directory /Users/admin/builder/spi-builder-workspace/.derivedData/Build/Intermediates.noindex/PrecompiledHeaders
CreateBuildDirectory /Users/admin/builder/spi-builder-workspace/.derivedData/Build/Intermediates.noindex/ExplicitPrecompiledModules
cd /Users/admin/builder/spi-builder-workspace/.swiftpm/xcode
builtin-create-build-directory /Users/admin/builder/spi-builder-workspace/.derivedData/Build/Intermediates.noindex/ExplicitPrecompiledModules
CreateBuildDirectory /Users/admin/builder/spi-builder-workspace/.derivedData/Build/Intermediates.noindex/EagerLinkingTBDs/Debug-watchos
cd /Users/admin/builder/spi-builder-workspace/.swiftpm/xcode
builtin-create-build-directory /Users/admin/builder/spi-builder-workspace/.derivedData/Build/Intermediates.noindex/EagerLinkingTBDs/Debug-watchos
CreateBuildDirectory /Users/admin/builder/spi-builder-workspace/.derivedData/Build/Products/Debug-watchos
cd /Users/admin/builder/spi-builder-workspace/.swiftpm/xcode
builtin-create-build-directory /Users/admin/builder/spi-builder-workspace/.derivedData/Build/Products/Debug-watchos
CreateBuildDirectory /Users/admin/builder/spi-builder-workspace/.derivedData/Build/Products/Debug-watchos/PackageFrameworks
cd /Users/admin/builder/spi-builder-workspace/.swiftpm/xcode
builtin-create-build-directory /Users/admin/builder/spi-builder-workspace/.derivedData/Build/Products/Debug-watchos/PackageFrameworks
WriteAuxiliaryFile /Users/admin/builder/spi-builder-workspace/.derivedData/Build/Intermediates.noindex/CLIKit.build/Debug-watchos/CLIKit-t.build/CLIKit.modulemap (in target 'CLIKit' from project 'CLIKit')
cd /Users/admin/builder/spi-builder-workspace
write-file /Users/admin/builder/spi-builder-workspace/.derivedData/Build/Intermediates.noindex/CLIKit.build/Debug-watchos/CLIKit-t.build/CLIKit.modulemap
WriteAuxiliaryFile /Users/admin/builder/spi-builder-workspace/.derivedData/Build/Intermediates.noindex/CLIKit.build/Debug-watchos/CLIKit-t.build/Objects-normal/arm64/CLIKit.SwiftFileList (in target 'CLIKit' from project 'CLIKit')
cd /Users/admin/builder/spi-builder-workspace
write-file /Users/admin/builder/spi-builder-workspace/.derivedData/Build/Intermediates.noindex/CLIKit.build/Debug-watchos/CLIKit-t.build/Objects-normal/arm64/CLIKit.SwiftFileList
WriteAuxiliaryFile /Users/admin/builder/spi-builder-workspace/.derivedData/Build/Intermediates.noindex/CLIKit.build/Debug-watchos/CLIKit-t.build/Objects-normal/arm64_32/CLIKit_const_extract_protocols.json (in target 'CLIKit' from project 'CLIKit')
cd /Users/admin/builder/spi-builder-workspace
write-file /Users/admin/builder/spi-builder-workspace/.derivedData/Build/Intermediates.noindex/CLIKit.build/Debug-watchos/CLIKit-t.build/Objects-normal/arm64_32/CLIKit_const_extract_protocols.json
WriteAuxiliaryFile /Users/admin/builder/spi-builder-workspace/.derivedData/Build/Intermediates.noindex/CLIKit.build/Debug-watchos/CLIKit-t.build/Objects-normal/arm64_32/CLIKit-OutputFileMap.json (in target 'CLIKit' from project 'CLIKit')
cd /Users/admin/builder/spi-builder-workspace
write-file /Users/admin/builder/spi-builder-workspace/.derivedData/Build/Intermediates.noindex/CLIKit.build/Debug-watchos/CLIKit-t.build/Objects-normal/arm64_32/CLIKit-OutputFileMap.json
WriteAuxiliaryFile /Users/admin/builder/spi-builder-workspace/.derivedData/Build/Intermediates.noindex/CLIKit.build/Debug-watchos/CLIKit-t.build/Objects-normal/arm64/CLIKit.SwiftConstValuesFileList (in target 'CLIKit' from project 'CLIKit')
cd /Users/admin/builder/spi-builder-workspace
write-file /Users/admin/builder/spi-builder-workspace/.derivedData/Build/Intermediates.noindex/CLIKit.build/Debug-watchos/CLIKit-t.build/Objects-normal/arm64/CLIKit.SwiftConstValuesFileList
WriteAuxiliaryFile /Users/admin/builder/spi-builder-workspace/.derivedData/Build/Intermediates.noindex/CLIKit.build/Debug-watchos/CLIKit-t.build/Objects-normal/arm64_32/CLIKit.SwiftConstValuesFileList (in target 'CLIKit' from project 'CLIKit')
cd /Users/admin/builder/spi-builder-workspace
write-file /Users/admin/builder/spi-builder-workspace/.derivedData/Build/Intermediates.noindex/CLIKit.build/Debug-watchos/CLIKit-t.build/Objects-normal/arm64_32/CLIKit.SwiftConstValuesFileList
WriteAuxiliaryFile /Users/admin/builder/spi-builder-workspace/.derivedData/Build/Intermediates.noindex/CLIKit.build/Debug-watchos/CLIKit-t.build/Objects-normal/arm64/CLIKit_const_extract_protocols.json (in target 'CLIKit' from project 'CLIKit')
cd /Users/admin/builder/spi-builder-workspace
write-file /Users/admin/builder/spi-builder-workspace/.derivedData/Build/Intermediates.noindex/CLIKit.build/Debug-watchos/CLIKit-t.build/Objects-normal/arm64/CLIKit_const_extract_protocols.json
WriteAuxiliaryFile /Users/admin/builder/spi-builder-workspace/.derivedData/Build/Intermediates.noindex/CLIKit.build/Debug-watchos/CLIKit-t.build/Objects-normal/arm64_32/CLIKit.SwiftFileList (in target 'CLIKit' from project 'CLIKit')
cd /Users/admin/builder/spi-builder-workspace
write-file /Users/admin/builder/spi-builder-workspace/.derivedData/Build/Intermediates.noindex/CLIKit.build/Debug-watchos/CLIKit-t.build/Objects-normal/arm64_32/CLIKit.SwiftFileList
WriteAuxiliaryFile /Users/admin/builder/spi-builder-workspace/.derivedData/Build/Intermediates.noindex/CLIKit.build/Debug-watchos/CLIKit-t.build/Objects-normal/arm64_32/CLIKit.LinkFileList (in target 'CLIKit' from project 'CLIKit')
cd /Users/admin/builder/spi-builder-workspace
write-file /Users/admin/builder/spi-builder-workspace/.derivedData/Build/Intermediates.noindex/CLIKit.build/Debug-watchos/CLIKit-t.build/Objects-normal/arm64_32/CLIKit.LinkFileList
WriteAuxiliaryFile /Users/admin/builder/spi-builder-workspace/.derivedData/Build/Intermediates.noindex/CLIKit.build/Debug-watchos/CLIKit-t.build/Objects-normal/arm64/CLIKit.LinkFileList (in target 'CLIKit' from project 'CLIKit')
cd /Users/admin/builder/spi-builder-workspace
write-file /Users/admin/builder/spi-builder-workspace/.derivedData/Build/Intermediates.noindex/CLIKit.build/Debug-watchos/CLIKit-t.build/Objects-normal/arm64/CLIKit.LinkFileList
WriteAuxiliaryFile /Users/admin/builder/spi-builder-workspace/.derivedData/Build/Intermediates.noindex/CLIKit.build/Debug-watchos/CLIKit-t.build/Objects-normal/arm64/CLIKit-OutputFileMap.json (in target 'CLIKit' from project 'CLIKit')
cd /Users/admin/builder/spi-builder-workspace
write-file /Users/admin/builder/spi-builder-workspace/.derivedData/Build/Intermediates.noindex/CLIKit.build/Debug-watchos/CLIKit-t.build/Objects-normal/arm64/CLIKit-OutputFileMap.json
WriteAuxiliaryFile /Users/admin/builder/spi-builder-workspace/.derivedData/Build/Intermediates.noindex/CLIKit.build/Debug-watchos/CLIKit-t.build/CLIKit.DependencyStaticMetadataFileList (in target 'CLIKit' from project 'CLIKit')
cd /Users/admin/builder/spi-builder-workspace
write-file /Users/admin/builder/spi-builder-workspace/.derivedData/Build/Intermediates.noindex/CLIKit.build/Debug-watchos/CLIKit-t.build/CLIKit.DependencyStaticMetadataFileList
WriteAuxiliaryFile /Users/admin/builder/spi-builder-workspace/.derivedData/Build/Intermediates.noindex/CLIKit.build/Debug-watchos/CLIKit-t.build/CLIKit.DependencyMetadataFileList (in target 'CLIKit' from project 'CLIKit')
cd /Users/admin/builder/spi-builder-workspace
write-file /Users/admin/builder/spi-builder-workspace/.derivedData/Build/Intermediates.noindex/CLIKit.build/Debug-watchos/CLIKit-t.build/CLIKit.DependencyMetadataFileList
Copy /Users/admin/builder/spi-builder-workspace/.derivedData/Build/Intermediates.noindex/GeneratedModuleMaps-watchos/CLIKit.modulemap /Users/admin/builder/spi-builder-workspace/.derivedData/Build/Intermediates.noindex/CLIKit.build/Debug-watchos/CLIKit-t.build/CLIKit.modulemap (in target 'CLIKit' from project 'CLIKit')
cd /Users/admin/builder/spi-builder-workspace
builtin-copy -exclude .DS_Store -exclude CVS -exclude .svn -exclude .git -exclude .hg -resolve-src-symlinks /Users/admin/builder/spi-builder-workspace/.derivedData/Build/Intermediates.noindex/CLIKit.build/Debug-watchos/CLIKit-t.build/CLIKit.modulemap /Users/admin/builder/spi-builder-workspace/.derivedData/Build/Intermediates.noindex/GeneratedModuleMaps-watchos
SwiftDriver CLIKit normal arm64 com.apple.xcode.tools.swift.compiler (in target 'CLIKit' from project 'CLIKit')
cd /Users/admin/builder/spi-builder-workspace/.swiftpm/xcode
builtin-SwiftDriver -- /Applications/Xcode-27.0.0-Release.Candidate.app/Contents/Developer/Toolchains/XcodeDefault.xctoolchain/usr/bin/swiftc -parse-as-library -module-name CLIKit -Onone @/Users/admin/builder/spi-builder-workspace/.derivedData/Build/Intermediates.noindex/CLIKit.build/Debug-watchos/CLIKit-t.build/Objects-normal/arm64/CLIKit.SwiftFileList -DSWIFT_PACKAGE -DDEBUG -DSWIFT_MODULE_RESOURCE_BUNDLE_UNAVAILABLE -DDEBUG -DSWIFT_PACKAGE -DXcode -plugin-path /Applications/Xcode-27.0.0-Release.Candidate.app/Contents/Developer/Toolchains/XcodeDefault.xctoolchain/usr/lib/swift/host/plugins/testing -enable-experimental-feature DebugDescriptionMacro -sdk /Applications/Xcode-27.0.0-Release.Candidate.app/Contents/Developer/Platforms/WatchOS.platform/Developer/SDKs/WatchOS27.0.sdk -target arm64-apple-watchos9.0 -g -module-cache-path /Users/admin/builder/spi-builder-workspace/.derivedData/ModuleCache.noindex -Xfrontend -serialize-debugging-options -profile-coverage-mapping -profile-generate -enable-testing -index-store-path /Users/admin/builder/spi-builder-workspace/.derivedData/Index.noindex/DataStore -Xcc -D_LIBCPP_HARDENING_MODE\=_LIBCPP_HARDENING_MODE_DEBUG -swift-version 5 -I /Users/admin/builder/spi-builder-workspace/.derivedData/Build/Products/Debug-watchos -Isystem /Applications/Xcode-27.0.0-Release.Candidate.app/Contents/Developer/Platforms/WatchOS.platform/Developer/usr/lib -F /Users/admin/builder/spi-builder-workspace/.derivedData/Build/Products/Debug-watchos -F /Applications/Xcode-27.0.0-Release.Candidate.app/Contents/Developer/Platforms/WatchOS.platform/Developer/Library/Frameworks -F /Applications/Xcode-27.0.0-Release.Candidate.app/Contents/Developer/Platforms/WatchOS.platform/Developer/SDKs/WatchOS27.0.sdk/Developer/Library/Frameworks -c -j10 -enable-batch-mode -incremental -Xcc -ivfsstatcache -Xcc /Users/admin/builder/spi-builder-workspace/.derivedData/SDKStatCaches.noindex/watchos27.0-24R360-e829b21a6f8c9b70876ba0858053c04477534ef55a1706bf4c1112bbb242f0a2.sdkstatcache -output-file-map /Users/admin/builder/spi-builder-workspace/.derivedData/Build/Intermediates.noindex/CLIKit.build/Debug-watchos/CLIKit-t.build/Objects-normal/arm64/CLIKit-OutputFileMap.json -save-temps -no-color-diagnostics -explicit-module-build -module-cache-path /Users/admin/builder/spi-builder-workspace/.derivedData/Build/Intermediates.noindex/SwiftExplicitPrecompiledModules -clang-scanner-module-cache-path /Users/admin/builder/spi-builder-workspace/.derivedData/ModuleCache.noindex -sdk-module-cache-path /Users/admin/builder/spi-builder-workspace/.derivedData/SDKExplicitPrecompiledModules -emit-dependencies -emit-module -emit-module-path /Users/admin/builder/spi-builder-workspace/.derivedData/Build/Intermediates.noindex/CLIKit.build/Debug-watchos/CLIKit-t.build/Objects-normal/arm64/CLIKit.swiftmodule -serialize-diagnostics -dependency-scan-serialize-diagnostics-path /Users/admin/builder/spi-builder-workspace/.derivedData/Build/Intermediates.noindex/CLIKit.build/Debug-watchos/CLIKit-t.build/Objects-normal/arm64/CLIKit-dependency-scan.dia -validate-clang-modules-once -clang-build-session-file /Users/admin/builder/spi-builder-workspace/.derivedData/ModuleCache.noindex/Session.modulevalidation -Xcc -fmodules-prune-interval\=86400 -Xcc -fmodules-prune-after\=345600 -emit-const-values -const-gather-protocols-list /Users/admin/builder/spi-builder-workspace/.derivedData/Build/Intermediates.noindex/CLIKit.build/Debug-watchos/CLIKit-t.build/Objects-normal/arm64/CLIKit_const_extract_protocols.json -Xcc -I/Users/admin/builder/spi-builder-workspace/.derivedData/Build/Products/Debug-watchos/include -Xcc -I/Users/admin/builder/spi-builder-workspace/.derivedData/Build/Intermediates.noindex/CLIKit.build/Debug-watchos/CLIKit-t.build/DerivedSources-normal/arm64 -Xcc -I/Users/admin/builder/spi-builder-workspace/.derivedData/Build/Intermediates.noindex/CLIKit.build/Debug-watchos/CLIKit-t.build/DerivedSources/arm64 -Xcc -I/Users/admin/builder/spi-builder-workspace/.derivedData/Build/Intermediates.noindex/CLIKit.build/Debug-watchos/CLIKit-t.build/DerivedSources -Xcc -DSWIFT_PACKAGE -Xcc -DDEBUG\=1 -emit-objc-header -emit-objc-header-path /Users/admin/builder/spi-builder-workspace/.derivedData/Build/Intermediates.noindex/CLIKit.build/Debug-watchos/CLIKit-t.build/Objects-normal/arm64/CLIKit-Swift.h -working-directory /Users/admin/builder/spi-builder-workspace/.swiftpm/xcode -experimental-emit-module-separately -disable-cmo
/Users/admin/builder/spi-builder-workspace/Sources/CLIKit/IO/Terminal/TerminalInputMode.swift:190:16: error: Unsupported OS (in target 'CLIKit' from project 'CLIKit')
SwiftDriver CLIKit normal arm64_32 com.apple.xcode.tools.swift.compiler (in target 'CLIKit' from project 'CLIKit')
cd /Users/admin/builder/spi-builder-workspace/.swiftpm/xcode
builtin-SwiftDriver -- /Applications/Xcode-27.0.0-Release.Candidate.app/Contents/Developer/Toolchains/XcodeDefault.xctoolchain/usr/bin/swiftc -parse-as-library -module-name CLIKit -Onone @/Users/admin/builder/spi-builder-workspace/.derivedData/Build/Intermediates.noindex/CLIKit.build/Debug-watchos/CLIKit-t.build/Objects-normal/arm64_32/CLIKit.SwiftFileList -DSWIFT_PACKAGE -DDEBUG -DSWIFT_MODULE_RESOURCE_BUNDLE_UNAVAILABLE -DDEBUG -DSWIFT_PACKAGE -DXcode -plugin-path /Applications/Xcode-27.0.0-Release.Candidate.app/Contents/Developer/Toolchains/XcodeDefault.xctoolchain/usr/lib/swift/host/plugins/testing -enable-experimental-feature DebugDescriptionMacro -sdk /Applications/Xcode-27.0.0-Release.Candidate.app/Contents/Developer/Platforms/WatchOS.platform/Developer/SDKs/WatchOS27.0.sdk -target arm64_32-apple-watchos9.0 -g -module-cache-path /Users/admin/builder/spi-builder-workspace/.derivedData/ModuleCache.noindex -Xfrontend -serialize-debugging-options -profile-coverage-mapping -profile-generate -enable-testing -index-store-path /Users/admin/builder/spi-builder-workspace/.derivedData/Index.noindex/DataStore -Xcc -D_LIBCPP_HARDENING_MODE\=_LIBCPP_HARDENING_MODE_DEBUG -swift-version 5 -I /Users/admin/builder/spi-builder-workspace/.derivedData/Build/Products/Debug-watchos -Isystem /Applications/Xcode-27.0.0-Release.Candidate.app/Contents/Developer/Platforms/WatchOS.platform/Developer/usr/lib -F /Users/admin/builder/spi-builder-workspace/.derivedData/Build/Products/Debug-watchos -F /Applications/Xcode-27.0.0-Release.Candidate.app/Contents/Developer/Platforms/WatchOS.platform/Developer/Library/Frameworks -F /Applications/Xcode-27.0.0-Release.Candidate.app/Contents/Developer/Platforms/WatchOS.platform/Developer/SDKs/WatchOS27.0.sdk/Developer/Library/Frameworks -c -j10 -enable-batch-mode -incremental -Xcc -ivfsstatcache -Xcc /Users/admin/builder/spi-builder-workspace/.derivedData/SDKStatCaches.noindex/watchos27.0-24R360-e829b21a6f8c9b70876ba0858053c04477534ef55a1706bf4c1112bbb242f0a2.sdkstatcache -output-file-map /Users/admin/builder/spi-builder-workspace/.derivedData/Build/Intermediates.noindex/CLIKit.build/Debug-watchos/CLIKit-t.build/Objects-normal/arm64_32/CLIKit-OutputFileMap.json -save-temps -no-color-diagnostics -explicit-module-build -module-cache-path /Users/admin/builder/spi-builder-workspace/.derivedData/Build/Intermediates.noindex/SwiftExplicitPrecompiledModules -clang-scanner-module-cache-path /Users/admin/builder/spi-builder-workspace/.derivedData/ModuleCache.noindex -sdk-module-cache-path /Users/admin/builder/spi-builder-workspace/.derivedData/SDKExplicitPrecompiledModules -emit-dependencies -emit-module -emit-module-path /Users/admin/builder/spi-builder-workspace/.derivedData/Build/Intermediates.noindex/CLIKit.build/Debug-watchos/CLIKit-t.build/Objects-normal/arm64_32/CLIKit.swiftmodule -serialize-diagnostics -dependency-scan-serialize-diagnostics-path /Users/admin/builder/spi-builder-workspace/.derivedData/Build/Intermediates.noindex/CLIKit.build/Debug-watchos/CLIKit-t.build/Objects-normal/arm64_32/CLIKit-dependency-scan.dia -validate-clang-modules-once -clang-build-session-file /Users/admin/builder/spi-builder-workspace/.derivedData/ModuleCache.noindex/Session.modulevalidation -Xcc -fmodules-prune-interval\=86400 -Xcc -fmodules-prune-after\=345600 -emit-const-values -const-gather-protocols-list /Users/admin/builder/spi-builder-workspace/.derivedData/Build/Intermediates.noindex/CLIKit.build/Debug-watchos/CLIKit-t.build/Objects-normal/arm64_32/CLIKit_const_extract_protocols.json -Xcc -I/Users/admin/builder/spi-builder-workspace/.derivedData/Build/Products/Debug-watchos/include -Xcc -I/Users/admin/builder/spi-builder-workspace/.derivedData/Build/Intermediates.noindex/CLIKit.build/Debug-watchos/CLIKit-t.build/DerivedSources-normal/arm64_32 -Xcc -I/Users/admin/builder/spi-builder-workspace/.derivedData/Build/Intermediates.noindex/CLIKit.build/Debug-watchos/CLIKit-t.build/DerivedSources/arm64_32 -Xcc -I/Users/admin/builder/spi-builder-workspace/.derivedData/Build/Intermediates.noindex/CLIKit.build/Debug-watchos/CLIKit-t.build/DerivedSources -Xcc -DSWIFT_PACKAGE -Xcc -DDEBUG\=1 -emit-objc-header -emit-objc-header-path /Users/admin/builder/spi-builder-workspace/.derivedData/Build/Intermediates.noindex/CLIKit.build/Debug-watchos/CLIKit-t.build/Objects-normal/arm64_32/CLIKit-Swift.h -working-directory /Users/admin/builder/spi-builder-workspace/.swiftpm/xcode -experimental-emit-module-separately -disable-cmo
/Users/admin/builder/spi-builder-workspace/Sources/CLIKit/IO/Terminal/TerminalInputMode.swift:190:16: error: Unsupported OS (in target 'CLIKit' from project 'CLIKit')
PruneExplicitPrecompiledModules /Users/admin/builder/spi-builder-workspace/.derivedData/Build/Intermediates.noindex/ExplicitPrecompiledModules
PruneExplicitPrecompiledModules /Users/admin/builder/spi-builder-workspace/.derivedData/SDKExplicitPrecompiledModules
PruneExplicitPrecompiledModules /Users/admin/builder/spi-builder-workspace/.derivedData/Build/Intermediates.noindex/SwiftExplicitPrecompiledModules
2026-09-17 21:04:04.706 xcodebuild[654:4211] [MT] IDERunDestination: Supported platforms for the buildables in the current scheme is empty.
** BUILD FAILED **
The following build commands failed:
SwiftDriver CLIKit normal arm64 com.apple.xcode.tools.swift.compiler (in target 'CLIKit' from project 'CLIKit')
SwiftDriver CLIKit normal arm64_32 com.apple.xcode.tools.swift.compiler (in target 'CLIKit' from project 'CLIKit')
Building workspace CLIKit with scheme CLIKit
(3 failures)
Command line invocation:
/Applications/Xcode-27.0.0-Release.Candidate.app/Contents/Developer/usr/bin/xcodebuild -IDEClonedSourcePackagesDirPathOverride=/Users/admin/builder/spi-builder-workspace/.dependencies -resolvePackageDependencies
Resolve Package Graph
Resolved source packages:
CLIKit: /Users/admin/builder/spi-builder-workspace
resolved source packages: CLIKit
2026-09-17 21:04:07.676 xcodebuild[669:4416] [MT] IDERunDestination: Supported platforms for the buildables in the current scheme is empty.
{
"dependencies" : [
],
"manifest_display_name" : "CLIKit",
"name" : "CLIKit",
"path" : "/Users/admin/builder/spi-builder-workspace",
"platforms" : [
{
"name" : "macos",
"version" : "10.14"
}
],
"products" : [
{
"name" : "CLIKit",
"targets" : [
"CLIKit"
],
"type" : {
"library" : [
"automatic"
]
}
}
],
"targets" : [
{
"c99name" : "CLIKitTests",
"module_type" : "SwiftTarget",
"name" : "CLIKitTests",
"path" : "Tests/CLIKitTests",
"sources" : [
"CLIKitTests.swift",
"Helpers/BotCommand.swift",
"Helpers/MainframeCommand.swift",
"Helpers/MathCommand.swift",
"XCTestManifests.swift"
],
"target_dependencies" : [
"CLIKit"
],
"type" : "test"
},
{
"c99name" : "CLIKit",
"module_type" : "SwiftTarget",
"name" : "CLIKit",
"path" : "Sources/CLIKit",
"product_memberships" : [
"CLIKit"
],
"sources" : [
"Command Line/Arguments/Argument Value Types/Array+CommandArgumentValue.swift",
"Command Line/Arguments/Argument Value Types/Dictionary+CommandArgumentValue.swift",
"Command Line/Arguments/Argument Value Types/Double+CommandArgumentValue.swift",
"Command Line/Arguments/Argument Value Types/Float+CommandArgumentValue.swift",
"Command Line/Arguments/Argument Value Types/Int+CommandArgumentValue.swift",
"Command Line/Arguments/Argument Value Types/Set+CommandArgumentValue.swift",
"Command Line/Arguments/Argument Value Types/String+CommandArgumentValue.swift",
"Command Line/Arguments/Argument Value Types/UInt+CommandArgumentValue.swift",
"Command Line/Arguments/Argument Value Types/URL+CommandArgumentValue.swift",
"Command Line/Arguments/CommandArgumentSpecification.swift",
"Command Line/Arguments/CommandArgumentValue.swift",
"Command Line/Arguments/CommandFlag.swift",
"Command Line/Arguments/CommandInput.swift",
"Command Line/Arguments/CommandOption.swift",
"Command Line/Arguments/HelpFlag.swift",
"Command Line/Command.swift",
"Command Line/CommandLineError.swift",
"Command Line/CommandLineParser.swift",
"Command Line/CommandUsage.swift",
"Command Line/Parser State Machine/ParserContext.swift",
"Command Line/Parser State Machine/ParserEvent.swift",
"Command Line/Parser State Machine/ParserState.swift",
"Command Line/Parser State Machine/ParserStateMachine.swift",
"Execution/Execution.swift",
"Execution/ExecutionMode.swift",
"File Management/ExecutableFinder.swift",
"File Management/Path+FileManagement.swift",
"File Management/Path.swift",
"IO/Console.swift",
"IO/IO.swift",
"IO/REPL/Basic REPL/BasicREPL.swift",
"IO/REPL/CommandLineHistory.swift",
"IO/REPL/ReadEvaluatePrintLoop.swift",
"IO/REPL/Terminal REPL/TerminalREPL.swift",
"IO/REPL/Terminal REPL/TerminalREPLState.swift",
"IO/StandardIO.swift",
"IO/Terminal/Terminal.swift",
"IO/Terminal/TerminalCode.swift",
"IO/Terminal/TerminalInputMode.swift",
"IO/Terminal/TerminalString.swift",
"IO/Utilities/LineReader.swift",
"IO/WrapsFileHandle.swift",
"Internal/Lock.swift",
"Internal/Log.swift",
"Internal/Regex.swift",
"Internal/Sequence+Convenience.swift",
"Internal/String+Utilities.swift",
"Process/Environment.swift",
"Process/StandardEnvironmentVariable.swift",
"Subprocess/Internal/CStrings.swift",
"Subprocess/Internal/SubprocessAttributes.swift",
"Subprocess/Internal/SubprocessCaptureOutputThread.swift",
"Subprocess/Internal/SubprocessIO.swift",
"Subprocess/Internal/SubprocessPipe.swift",
"Subprocess/Internal/SubprocessStateMachine.swift",
"Subprocess/Subprocess.swift",
"Subprocess/SubprocessError.swift",
"Subprocess/SubprocessResult.swift",
"Utilities/Character+Inspection.swift",
"Utilities/SimpleWordCompletion.swift",
"Utilities/String+Words.swift",
"Utilities/TextCompletion.swift"
],
"type" : "library"
}
],
"tools_version" : "5.2"
}
{
"workspace" : {
"name" : "CLIKit",
"schemes" : [
"CLIKit"
]
}
}
2026-09-17 21:04:08.881 xcodebuild[677:4476] [MT] IDERunDestination: Supported platforms for the buildables in the current scheme is empty.
Running build ...
env DEVELOPER_DIR=/Applications/Xcode-27.0.0-Release.Candidate.app xcrun xcodebuild -IDEClonedSourcePackagesDirPathOverride=$PWD/.dependencies -skipMacroValidation -skipPackagePluginValidation -derivedDataPath $PWD/.derivedData build -scheme CLIKit -destination generic/platform=watchOS
Command line invocation:
/Applications/Xcode-27.0.0-Release.Candidate.app/Contents/Developer/usr/bin/xcodebuild -IDEClonedSourcePackagesDirPathOverride=/Users/admin/builder/spi-builder-workspace/.dependencies -skipMacroValidation -skipPackagePluginValidation -derivedDataPath /Users/admin/builder/spi-builder-workspace/.derivedData build -scheme CLIKit -destination generic/platform=watchOS
Resolve Package Graph
Resolved source packages:
CLIKit: /Users/admin/builder/spi-builder-workspace
ComputePackagePrebuildTargetDependencyGraph
Prepare packages
CreateBuildRequest
SendProjectDescription
CreateBuildOperation
ComputeTargetDependencyGraph
note: Building targets in dependency order
note: Target dependency graph (2 targets)
Target 'CLIKit-product' in project 'CLIKit'
➜ Explicit dependency on target 'CLIKit' in project 'CLIKit'
Target 'CLIKit' in project 'CLIKit' (no dependencies)
GatherProvisioningInputs
CreateBuildDescription
ClangStatCache /Applications/Xcode-27.0.0-Release.Candidate.app/Contents/Developer/Toolchains/XcodeDefault.xctoolchain/usr/bin/clang-stat-cache /Applications/Xcode-27.0.0-Release.Candidate.app/Contents/Developer/Platforms/WatchOS.platform/Developer/SDKs/WatchOS27.0.sdk /Users/admin/builder/spi-builder-workspace/.derivedData/SDKStatCaches.noindex/watchos27.0-24R360-e829b21a6f8c9b70876ba0858053c04477534ef55a1706bf4c1112bbb242f0a2.sdkstatcache
cd /Users/admin/builder/spi-builder-workspace/.swiftpm/xcode
/Applications/Xcode-27.0.0-Release.Candidate.app/Contents/Developer/Toolchains/XcodeDefault.xctoolchain/usr/bin/clang-stat-cache /Applications/Xcode-27.0.0-Release.Candidate.app/Contents/Developer/Platforms/WatchOS.platform/Developer/SDKs/WatchOS27.0.sdk -o /Users/admin/builder/spi-builder-workspace/.derivedData/SDKStatCaches.noindex/watchos27.0-24R360-e829b21a6f8c9b70876ba0858053c04477534ef55a1706bf4c1112bbb242f0a2.sdkstatcache
SwiftDriver CLIKit normal arm64_32 com.apple.xcode.tools.swift.compiler (in target 'CLIKit' from project 'CLIKit')
cd /Users/admin/builder/spi-builder-workspace/.swiftpm/xcode
builtin-SwiftDriver -- /Applications/Xcode-27.0.0-Release.Candidate.app/Contents/Developer/Toolchains/XcodeDefault.xctoolchain/usr/bin/swiftc -parse-as-library -module-name CLIKit -Onone @/Users/admin/builder/spi-builder-workspace/.derivedData/Build/Intermediates.noindex/CLIKit.build/Debug-watchos/CLIKit-t.build/Objects-normal/arm64_32/CLIKit.SwiftFileList -DSWIFT_PACKAGE -DDEBUG -DSWIFT_MODULE_RESOURCE_BUNDLE_UNAVAILABLE -DDEBUG -DSWIFT_PACKAGE -DXcode -plugin-path /Applications/Xcode-27.0.0-Release.Candidate.app/Contents/Developer/Toolchains/XcodeDefault.xctoolchain/usr/lib/swift/host/plugins/testing -enable-experimental-feature DebugDescriptionMacro -sdk /Applications/Xcode-27.0.0-Release.Candidate.app/Contents/Developer/Platforms/WatchOS.platform/Developer/SDKs/WatchOS27.0.sdk -target arm64_32-apple-watchos9.0 -g -module-cache-path /Users/admin/builder/spi-builder-workspace/.derivedData/ModuleCache.noindex -Xfrontend -serialize-debugging-options -profile-coverage-mapping -profile-generate -enable-testing -index-store-path /Users/admin/builder/spi-builder-workspace/.derivedData/Index.noindex/DataStore -Xcc -D_LIBCPP_HARDENING_MODE\=_LIBCPP_HARDENING_MODE_DEBUG -swift-version 5 -I /Users/admin/builder/spi-builder-workspace/.derivedData/Build/Products/Debug-watchos -Isystem /Applications/Xcode-27.0.0-Release.Candidate.app/Contents/Developer/Platforms/WatchOS.platform/Developer/usr/lib -F /Users/admin/builder/spi-builder-workspace/.derivedData/Build/Products/Debug-watchos -F /Applications/Xcode-27.0.0-Release.Candidate.app/Contents/Developer/Platforms/WatchOS.platform/Developer/Library/Frameworks -F /Applications/Xcode-27.0.0-Release.Candidate.app/Contents/Developer/Platforms/WatchOS.platform/Developer/SDKs/WatchOS27.0.sdk/Developer/Library/Frameworks -c -j10 -enable-batch-mode -incremental -Xcc -ivfsstatcache -Xcc /Users/admin/builder/spi-builder-workspace/.derivedData/SDKStatCaches.noindex/watchos27.0-24R360-e829b21a6f8c9b70876ba0858053c04477534ef55a1706bf4c1112bbb242f0a2.sdkstatcache -output-file-map /Users/admin/builder/spi-builder-workspace/.derivedData/Build/Intermediates.noindex/CLIKit.build/Debug-watchos/CLIKit-t.build/Objects-normal/arm64_32/CLIKit-OutputFileMap.json -save-temps -no-color-diagnostics -explicit-module-build -module-cache-path /Users/admin/builder/spi-builder-workspace/.derivedData/Build/Intermediates.noindex/SwiftExplicitPrecompiledModules -clang-scanner-module-cache-path /Users/admin/builder/spi-builder-workspace/.derivedData/ModuleCache.noindex -sdk-module-cache-path /Users/admin/builder/spi-builder-workspace/.derivedData/SDKExplicitPrecompiledModules -emit-dependencies -emit-module -emit-module-path /Users/admin/builder/spi-builder-workspace/.derivedData/Build/Intermediates.noindex/CLIKit.build/Debug-watchos/CLIKit-t.build/Objects-normal/arm64_32/CLIKit.swiftmodule -serialize-diagnostics -dependency-scan-serialize-diagnostics-path /Users/admin/builder/spi-builder-workspace/.derivedData/Build/Intermediates.noindex/CLIKit.build/Debug-watchos/CLIKit-t.build/Objects-normal/arm64_32/CLIKit-dependency-scan.dia -validate-clang-modules-once -clang-build-session-file /Users/admin/builder/spi-builder-workspace/.derivedData/ModuleCache.noindex/Session.modulevalidation -Xcc -fmodules-prune-interval\=86400 -Xcc -fmodules-prune-after\=345600 -emit-const-values -const-gather-protocols-list /Users/admin/builder/spi-builder-workspace/.derivedData/Build/Intermediates.noindex/CLIKit.build/Debug-watchos/CLIKit-t.build/Objects-normal/arm64_32/CLIKit_const_extract_protocols.json -Xcc -I/Users/admin/builder/spi-builder-workspace/.derivedData/Build/Products/Debug-watchos/include -Xcc -I/Users/admin/builder/spi-builder-workspace/.derivedData/Build/Intermediates.noindex/CLIKit.build/Debug-watchos/CLIKit-t.build/DerivedSources-normal/arm64_32 -Xcc -I/Users/admin/builder/spi-builder-workspace/.derivedData/Build/Intermediates.noindex/CLIKit.build/Debug-watchos/CLIKit-t.build/DerivedSources/arm64_32 -Xcc -I/Users/admin/builder/spi-builder-workspace/.derivedData/Build/Intermediates.noindex/CLIKit.build/Debug-watchos/CLIKit-t.build/DerivedSources -Xcc -DSWIFT_PACKAGE -Xcc -DDEBUG\=1 -emit-objc-header -emit-objc-header-path /Users/admin/builder/spi-builder-workspace/.derivedData/Build/Intermediates.noindex/CLIKit.build/Debug-watchos/CLIKit-t.build/Objects-normal/arm64_32/CLIKit-Swift.h -working-directory /Users/admin/builder/spi-builder-workspace/.swiftpm/xcode -experimental-emit-module-separately -disable-cmo
/Users/admin/builder/spi-builder-workspace/Sources/CLIKit/IO/Terminal/TerminalInputMode.swift:190:16: error: Unsupported OS (in target 'CLIKit' from project 'CLIKit')
SwiftDriver CLIKit normal arm64 com.apple.xcode.tools.swift.compiler (in target 'CLIKit' from project 'CLIKit')
cd /Users/admin/builder/spi-builder-workspace/.swiftpm/xcode
builtin-SwiftDriver -- /Applications/Xcode-27.0.0-Release.Candidate.app/Contents/Developer/Toolchains/XcodeDefault.xctoolchain/usr/bin/swiftc -parse-as-library -module-name CLIKit -Onone @/Users/admin/builder/spi-builder-workspace/.derivedData/Build/Intermediates.noindex/CLIKit.build/Debug-watchos/CLIKit-t.build/Objects-normal/arm64/CLIKit.SwiftFileList -DSWIFT_PACKAGE -DDEBUG -DSWIFT_MODULE_RESOURCE_BUNDLE_UNAVAILABLE -DDEBUG -DSWIFT_PACKAGE -DXcode -plugin-path /Applications/Xcode-27.0.0-Release.Candidate.app/Contents/Developer/Toolchains/XcodeDefault.xctoolchain/usr/lib/swift/host/plugins/testing -enable-experimental-feature DebugDescriptionMacro -sdk /Applications/Xcode-27.0.0-Release.Candidate.app/Contents/Developer/Platforms/WatchOS.platform/Developer/SDKs/WatchOS27.0.sdk -target arm64-apple-watchos9.0 -g -module-cache-path /Users/admin/builder/spi-builder-workspace/.derivedData/ModuleCache.noindex -Xfrontend -serialize-debugging-options -profile-coverage-mapping -profile-generate -enable-testing -index-store-path /Users/admin/builder/spi-builder-workspace/.derivedData/Index.noindex/DataStore -Xcc -D_LIBCPP_HARDENING_MODE\=_LIBCPP_HARDENING_MODE_DEBUG -swift-version 5 -I /Users/admin/builder/spi-builder-workspace/.derivedData/Build/Products/Debug-watchos -Isystem /Applications/Xcode-27.0.0-Release.Candidate.app/Contents/Developer/Platforms/WatchOS.platform/Developer/usr/lib -F /Users/admin/builder/spi-builder-workspace/.derivedData/Build/Products/Debug-watchos -F /Applications/Xcode-27.0.0-Release.Candidate.app/Contents/Developer/Platforms/WatchOS.platform/Developer/Library/Frameworks -F /Applications/Xcode-27.0.0-Release.Candidate.app/Contents/Developer/Platforms/WatchOS.platform/Developer/SDKs/WatchOS27.0.sdk/Developer/Library/Frameworks -c -j10 -enable-batch-mode -incremental -Xcc -ivfsstatcache -Xcc /Users/admin/builder/spi-builder-workspace/.derivedData/SDKStatCaches.noindex/watchos27.0-24R360-e829b21a6f8c9b70876ba0858053c04477534ef55a1706bf4c1112bbb242f0a2.sdkstatcache -output-file-map /Users/admin/builder/spi-builder-workspace/.derivedData/Build/Intermediates.noindex/CLIKit.build/Debug-watchos/CLIKit-t.build/Objects-normal/arm64/CLIKit-OutputFileMap.json -save-temps -no-color-diagnostics -explicit-module-build -module-cache-path /Users/admin/builder/spi-builder-workspace/.derivedData/Build/Intermediates.noindex/SwiftExplicitPrecompiledModules -clang-scanner-module-cache-path /Users/admin/builder/spi-builder-workspace/.derivedData/ModuleCache.noindex -sdk-module-cache-path /Users/admin/builder/spi-builder-workspace/.derivedData/SDKExplicitPrecompiledModules -emit-dependencies -emit-module -emit-module-path /Users/admin/builder/spi-builder-workspace/.derivedData/Build/Intermediates.noindex/CLIKit.build/Debug-watchos/CLIKit-t.build/Objects-normal/arm64/CLIKit.swiftmodule -serialize-diagnostics -dependency-scan-serialize-diagnostics-path /Users/admin/builder/spi-builder-workspace/.derivedData/Build/Intermediates.noindex/CLIKit.build/Debug-watchos/CLIKit-t.build/Objects-normal/arm64/CLIKit-dependency-scan.dia -validate-clang-modules-once -clang-build-session-file /Users/admin/builder/spi-builder-workspace/.derivedData/ModuleCache.noindex/Session.modulevalidation -Xcc -fmodules-prune-interval\=86400 -Xcc -fmodules-prune-after\=345600 -emit-const-values -const-gather-protocols-list /Users/admin/builder/spi-builder-workspace/.derivedData/Build/Intermediates.noindex/CLIKit.build/Debug-watchos/CLIKit-t.build/Objects-normal/arm64/CLIKit_const_extract_protocols.json -Xcc -I/Users/admin/builder/spi-builder-workspace/.derivedData/Build/Products/Debug-watchos/include -Xcc -I/Users/admin/builder/spi-builder-workspace/.derivedData/Build/Intermediates.noindex/CLIKit.build/Debug-watchos/CLIKit-t.build/DerivedSources-normal/arm64 -Xcc -I/Users/admin/builder/spi-builder-workspace/.derivedData/Build/Intermediates.noindex/CLIKit.build/Debug-watchos/CLIKit-t.build/DerivedSources/arm64 -Xcc -I/Users/admin/builder/spi-builder-workspace/.derivedData/Build/Intermediates.noindex/CLIKit.build/Debug-watchos/CLIKit-t.build/DerivedSources -Xcc -DSWIFT_PACKAGE -Xcc -DDEBUG\=1 -emit-objc-header -emit-objc-header-path /Users/admin/builder/spi-builder-workspace/.derivedData/Build/Intermediates.noindex/CLIKit.build/Debug-watchos/CLIKit-t.build/Objects-normal/arm64/CLIKit-Swift.h -working-directory /Users/admin/builder/spi-builder-workspace/.swiftpm/xcode -experimental-emit-module-separately -disable-cmo
/Users/admin/builder/spi-builder-workspace/Sources/CLIKit/IO/Terminal/TerminalInputMode.swift:190:16: error: Unsupported OS (in target 'CLIKit' from project 'CLIKit')
PruneExplicitPrecompiledModules /Users/admin/builder/spi-builder-workspace/.derivedData/Build/Intermediates.noindex/ExplicitPrecompiledModules
PruneExplicitPrecompiledModules /Users/admin/builder/spi-builder-workspace/.derivedData/SDKExplicitPrecompiledModules
PruneExplicitPrecompiledModules /Users/admin/builder/spi-builder-workspace/.derivedData/Build/Intermediates.noindex/SwiftExplicitPrecompiledModules
2026-09-17 21:04:09.835 xcodebuild[678:4503] [MT] IDERunDestination: Supported platforms for the buildables in the current scheme is empty.
** BUILD FAILED **
The following build commands failed:
SwiftDriver CLIKit normal arm64_32 com.apple.xcode.tools.swift.compiler (in target 'CLIKit' from project 'CLIKit')
SwiftDriver CLIKit normal arm64 com.apple.xcode.tools.swift.compiler (in target 'CLIKit' from project 'CLIKit')
Building workspace CLIKit with scheme CLIKit
(3 failures)
BUILD FAILURE 6.4 watchOS