Build Information
Failed to build SABlurImageViews, reference 6.0.0 (2be6df), with Swift 6.4 for visionOS using Xcode 27.0 on 17 Sep 2026 09:39:44 UTC.
Build Command
env DEVELOPER_DIR=/Applications/Xcode-27.0.0-Release.Candidate.app xcrun xcodebuild -IDEClonedSourcePackagesDirPathOverride=$PWD/.dependencies -skipMacroValidation -skipPackagePluginValidation -derivedDataPath $PWD/.derivedData build -scheme SABlurImageViews -destination generic/platform=xrOSBuild Log
========================================
RunAll
========================================
Builder version: 5.1.0
Interrupt handler set up.
========================================
Checkout
========================================
Clone URL: https://github.com/marty-suzuki/SABlurImageView.git
Reference: 6.0.0
Initialized empty Git repository in /Users/admin/builder/spi-builder-workspace/.git/
From https://github.com/marty-suzuki/SABlurImageView
* tag 6.0.0 -> FETCH_HEAD
HEAD is now at 2be6df4 Remove .swift-version
Cloned https://github.com/marty-suzuki/SABlurImageView.git
Revision (git rev-parse @):
2be6df42331215be16197b8e873de085fc3ffc8a
SUCCESS checkout https://github.com/marty-suzuki/SABlurImageView.git at 6.0.0
========================================
Build
========================================
Selected platform: visionOS
Swift version: 6.4
Building package at path: $PWD
https://github.com/marty-suzuki/SABlurImageView.git
Command line invocation:
/Applications/Xcode-27.0.0-Release.Candidate.app/Contents/Developer/usr/bin/xcodebuild -IDEClonedSourcePackagesDirPathOverride=/Users/admin/builder/spi-builder-workspace/.dependencies -resolvePackageDependencies
resolved source packages:
{
"dependencies" : [
],
"manifest_display_name" : "SABlurImageViews",
"name" : "SABlurImageViews",
"path" : "/Users/admin/builder/spi-builder-workspace",
"platforms" : [
],
"products" : [
{
"name" : "SABlurImageView",
"targets" : [
"SABlurImageView"
],
"type" : {
"library" : [
"automatic"
]
}
}
],
"targets" : [
{
"c99name" : "SABlurImageView",
"module_type" : "SwiftTarget",
"name" : "SABlurImageView",
"path" : "Sources/SABlurImageView",
"product_memberships" : [
"SABlurImageView"
],
"sources" : [
"CATransition+Closure.swift",
"Gap.swift",
"SABlurImageView.swift",
"UIImage+BlurEffect.swift"
],
"type" : "library"
}
],
"tools_version" : "4.0"
}
{
"project" : {
"configurations" : [
"Debug",
"Release"
],
"name" : "SABlurImageView",
"schemes" : [
"SABlurImageView-iOS",
"SABlurImageView-macOS",
"SABlurImageView-tvOS"
],
"targets" : [
"SABlurImageView-iOS",
"SABlurImageView-tvOS",
"SABlurImageView-macOS",
"SABlurImageViewTests"
]
}
}
{
"workspace" : {
"name" : "SABlurImageViews",
"schemes" : [
"SABlurImageViews"
]
}
}
2026-09-17 05:39:34.268 xcodebuild[620:3884] [MT] IDERunDestination: Supported platforms for the buildables in the current scheme is empty.
Running build ...
env DEVELOPER_DIR=/Applications/Xcode-27.0.0-Release.Candidate.app xcrun xcodebuild -IDEClonedSourcePackagesDirPathOverride=$PWD/.dependencies -skipMacroValidation -skipPackagePluginValidation -derivedDataPath $PWD/.derivedData build -scheme SABlurImageViews -destination generic/platform=xrOS
Command line invocation:
/Applications/Xcode-27.0.0-Release.Candidate.app/Contents/Developer/usr/bin/xcodebuild -IDEClonedSourcePackagesDirPathOverride=/Users/admin/builder/spi-builder-workspace/.dependencies -skipMacroValidation -skipPackagePluginValidation -derivedDataPath /Users/admin/builder/spi-builder-workspace/.derivedData build -scheme SABlurImageViews -destination generic/platform=xrOS
Resolve Package Graph
Resolved source packages:
SABlurImageViews: /Users/admin/builder/spi-builder-workspace
ComputePackagePrebuildTargetDependencyGraph
Prepare packages
CreateBuildRequest
SendProjectDescription
CreateBuildOperation
ComputeTargetDependencyGraph
note: Building targets in dependency order
note: Target dependency graph (2 targets)
Target 'SABlurImageView-product' in project 'SABlurImageViews'
➜ Explicit dependency on target 'SABlurImageView' in project 'SABlurImageViews'
Target 'SABlurImageView' in project 'SABlurImageViews' (no dependencies)
GatherProvisioningInputs
CreateBuildDescription
ExecuteExternalTool /Applications/Xcode-27.0.0-Release.Candidate.app/Contents/Developer/Toolchains/XcodeDefault.xctoolchain/usr/bin/clang -v -E -dM -isysroot /Applications/Xcode-27.0.0-Release.Candidate.app/Contents/Developer/Platforms/XROS.platform/Developer/SDKs/XROS27.0.sdk -x c -c /dev/null
ExecuteExternalTool /Applications/Xcode-27.0.0-Release.Candidate.app/Contents/Developer/Toolchains/XcodeDefault.xctoolchain/usr/bin/swiftc --version
ExecuteExternalTool /Applications/Xcode-27.0.0-Release.Candidate.app/Contents/Developer/Toolchains/XcodeDefault.xctoolchain/usr/bin/ld -version_details
Build description signature: 4b026026d0683be9e0b03e65fad1381f
Build description path: /Users/admin/builder/spi-builder-workspace/.derivedData/Build/Intermediates.noindex/XCBuildData/4b026026d0683be9e0b03e65fad1381f.xcbuilddata
CreateBuildDirectory /Users/admin/builder/spi-builder-workspace/.derivedData/SDKExplicitPrecompiledModules
cd /Users/admin/builder/spi-builder-workspace/.swiftpm/xcode
builtin-create-build-directory /Users/admin/builder/spi-builder-workspace/.derivedData/SDKExplicitPrecompiledModules
CreateBuildDirectory /Users/admin/builder/spi-builder-workspace/.derivedData/ModuleCache.noindex
cd /Users/admin/builder/spi-builder-workspace/.swiftpm/xcode
builtin-create-build-directory /Users/admin/builder/spi-builder-workspace/.derivedData/ModuleCache.noindex
CreateBuildDirectory /Users/admin/builder/spi-builder-workspace/.derivedData/Build/Intermediates.noindex
cd /Users/admin/builder/spi-builder-workspace/.swiftpm/xcode
builtin-create-build-directory /Users/admin/builder/spi-builder-workspace/.derivedData/Build/Intermediates.noindex
CreateBuildDirectory /Users/admin/builder/spi-builder-workspace/.derivedData/CompilationCache.noindex
cd /Users/admin/builder/spi-builder-workspace/.swiftpm/xcode
builtin-create-build-directory /Users/admin/builder/spi-builder-workspace/.derivedData/CompilationCache.noindex
CreateBuildDirectory /Users/admin/builder/spi-builder-workspace/.derivedData/Build/Products
cd /Users/admin/builder/spi-builder-workspace/.swiftpm/xcode
builtin-create-build-directory /Users/admin/builder/spi-builder-workspace/.derivedData/Build/Products
ClangStatCache /Applications/Xcode-27.0.0-Release.Candidate.app/Contents/Developer/Toolchains/XcodeDefault.xctoolchain/usr/bin/clang-stat-cache /Applications/Xcode-27.0.0-Release.Candidate.app/Contents/Developer/Platforms/XROS.platform/Developer/SDKs/XROS27.0.sdk /Users/admin/builder/spi-builder-workspace/.derivedData/SDKStatCaches.noindex/xros27.0-24M361-e829b21a6f8c9b70876ba0858053c044735bd543db762f57723cac368afd1ce4.sdkstatcache
cd /Users/admin/builder/spi-builder-workspace/.swiftpm/xcode
/Applications/Xcode-27.0.0-Release.Candidate.app/Contents/Developer/Toolchains/XcodeDefault.xctoolchain/usr/bin/clang-stat-cache /Applications/Xcode-27.0.0-Release.Candidate.app/Contents/Developer/Platforms/XROS.platform/Developer/SDKs/XROS27.0.sdk -o /Users/admin/builder/spi-builder-workspace/.derivedData/SDKStatCaches.noindex/xros27.0-24M361-e829b21a6f8c9b70876ba0858053c044735bd543db762f57723cac368afd1ce4.sdkstatcache
CreateBuildDirectory /Users/admin/builder/spi-builder-workspace/.derivedData/Build/Intermediates.noindex/PrecompiledHeaders
cd /Users/admin/builder/spi-builder-workspace/.swiftpm/xcode
builtin-create-build-directory /Users/admin/builder/spi-builder-workspace/.derivedData/Build/Intermediates.noindex/PrecompiledHeaders
CreateBuildDirectory /Users/admin/builder/spi-builder-workspace/.derivedData/Build/Intermediates.noindex/SwiftExplicitPrecompiledModules
cd /Users/admin/builder/spi-builder-workspace/.swiftpm/xcode
builtin-create-build-directory /Users/admin/builder/spi-builder-workspace/.derivedData/Build/Intermediates.noindex/SwiftExplicitPrecompiledModules
CreateBuildDirectory /Users/admin/builder/spi-builder-workspace/.derivedData/Build/Intermediates.noindex/ExplicitPrecompiledModules
cd /Users/admin/builder/spi-builder-workspace/.swiftpm/xcode
builtin-create-build-directory /Users/admin/builder/spi-builder-workspace/.derivedData/Build/Intermediates.noindex/ExplicitPrecompiledModules
CreateBuildDirectory /Users/admin/builder/spi-builder-workspace/.derivedData/Build/Products/Debug-xros
cd /Users/admin/builder/spi-builder-workspace/.swiftpm/xcode
builtin-create-build-directory /Users/admin/builder/spi-builder-workspace/.derivedData/Build/Products/Debug-xros
CreateBuildDirectory /Users/admin/builder/spi-builder-workspace/.derivedData/Build/Intermediates.noindex/EagerLinkingTBDs/Debug-xros
cd /Users/admin/builder/spi-builder-workspace/.swiftpm/xcode
builtin-create-build-directory /Users/admin/builder/spi-builder-workspace/.derivedData/Build/Intermediates.noindex/EagerLinkingTBDs/Debug-xros
CreateBuildDirectory /Users/admin/builder/spi-builder-workspace/.derivedData/Build/Products/Debug-xros/PackageFrameworks
cd /Users/admin/builder/spi-builder-workspace/.swiftpm/xcode
builtin-create-build-directory /Users/admin/builder/spi-builder-workspace/.derivedData/Build/Products/Debug-xros/PackageFrameworks
WriteAuxiliaryFile /Users/admin/builder/spi-builder-workspace/.derivedData/Build/Intermediates.noindex/SABlurImageViews.build/Debug-xros/SABlurImageView-t.build/SABlurImageView.DependencyStaticMetadataFileList (in target 'SABlurImageView' from project 'SABlurImageViews')
cd /Users/admin/builder/spi-builder-workspace
write-file /Users/admin/builder/spi-builder-workspace/.derivedData/Build/Intermediates.noindex/SABlurImageViews.build/Debug-xros/SABlurImageView-t.build/SABlurImageView.DependencyStaticMetadataFileList
WriteAuxiliaryFile /Users/admin/builder/spi-builder-workspace/.derivedData/Build/Intermediates.noindex/SABlurImageViews.build/Debug-xros/SABlurImageView-t.build/SABlurImageView.modulemap (in target 'SABlurImageView' from project 'SABlurImageViews')
cd /Users/admin/builder/spi-builder-workspace
write-file /Users/admin/builder/spi-builder-workspace/.derivedData/Build/Intermediates.noindex/SABlurImageViews.build/Debug-xros/SABlurImageView-t.build/SABlurImageView.modulemap
WriteAuxiliaryFile /Users/admin/builder/spi-builder-workspace/.derivedData/Build/Intermediates.noindex/SABlurImageViews.build/Debug-xros/SABlurImageView-t.build/SABlurImageView.DependencyMetadataFileList (in target 'SABlurImageView' from project 'SABlurImageViews')
cd /Users/admin/builder/spi-builder-workspace
write-file /Users/admin/builder/spi-builder-workspace/.derivedData/Build/Intermediates.noindex/SABlurImageViews.build/Debug-xros/SABlurImageView-t.build/SABlurImageView.DependencyMetadataFileList
WriteAuxiliaryFile /Users/admin/builder/spi-builder-workspace/.derivedData/Build/Intermediates.noindex/SABlurImageViews.build/Debug-xros/SABlurImageView-t.build/Objects-normal/arm64/SABlurImageView_const_extract_protocols.json (in target 'SABlurImageView' from project 'SABlurImageViews')
cd /Users/admin/builder/spi-builder-workspace
write-file /Users/admin/builder/spi-builder-workspace/.derivedData/Build/Intermediates.noindex/SABlurImageViews.build/Debug-xros/SABlurImageView-t.build/Objects-normal/arm64/SABlurImageView_const_extract_protocols.json
WriteAuxiliaryFile /Users/admin/builder/spi-builder-workspace/.derivedData/Build/Intermediates.noindex/SABlurImageViews.build/Debug-xros/SABlurImageView-t.build/Objects-normal/arm64/SABlurImageView.SwiftFileList (in target 'SABlurImageView' from project 'SABlurImageViews')
cd /Users/admin/builder/spi-builder-workspace
write-file /Users/admin/builder/spi-builder-workspace/.derivedData/Build/Intermediates.noindex/SABlurImageViews.build/Debug-xros/SABlurImageView-t.build/Objects-normal/arm64/SABlurImageView.SwiftFileList
WriteAuxiliaryFile /Users/admin/builder/spi-builder-workspace/.derivedData/Build/Intermediates.noindex/SABlurImageViews.build/Debug-xros/SABlurImageView-t.build/Objects-normal/arm64/SABlurImageView-OutputFileMap.json (in target 'SABlurImageView' from project 'SABlurImageViews')
cd /Users/admin/builder/spi-builder-workspace
write-file /Users/admin/builder/spi-builder-workspace/.derivedData/Build/Intermediates.noindex/SABlurImageViews.build/Debug-xros/SABlurImageView-t.build/Objects-normal/arm64/SABlurImageView-OutputFileMap.json
WriteAuxiliaryFile /Users/admin/builder/spi-builder-workspace/.derivedData/Build/Intermediates.noindex/SABlurImageViews.build/Debug-xros/SABlurImageView-t.build/Objects-normal/arm64/SABlurImageView.LinkFileList (in target 'SABlurImageView' from project 'SABlurImageViews')
cd /Users/admin/builder/spi-builder-workspace
write-file /Users/admin/builder/spi-builder-workspace/.derivedData/Build/Intermediates.noindex/SABlurImageViews.build/Debug-xros/SABlurImageView-t.build/Objects-normal/arm64/SABlurImageView.LinkFileList
WriteAuxiliaryFile /Users/admin/builder/spi-builder-workspace/.derivedData/Build/Intermediates.noindex/SABlurImageViews.build/Debug-xros/SABlurImageView-t.build/Objects-normal/arm64/SABlurImageView.SwiftConstValuesFileList (in target 'SABlurImageView' from project 'SABlurImageViews')
cd /Users/admin/builder/spi-builder-workspace
write-file /Users/admin/builder/spi-builder-workspace/.derivedData/Build/Intermediates.noindex/SABlurImageViews.build/Debug-xros/SABlurImageView-t.build/Objects-normal/arm64/SABlurImageView.SwiftConstValuesFileList
Copy /Users/admin/builder/spi-builder-workspace/.derivedData/Build/Intermediates.noindex/GeneratedModuleMaps-xros/SABlurImageView.modulemap /Users/admin/builder/spi-builder-workspace/.derivedData/Build/Intermediates.noindex/SABlurImageViews.build/Debug-xros/SABlurImageView-t.build/SABlurImageView.modulemap (in target 'SABlurImageView' from project 'SABlurImageViews')
cd /Users/admin/builder/spi-builder-workspace
builtin-copy -exclude .DS_Store -exclude CVS -exclude .svn -exclude .git -exclude .hg -resolve-src-symlinks /Users/admin/builder/spi-builder-workspace/.derivedData/Build/Intermediates.noindex/SABlurImageViews.build/Debug-xros/SABlurImageView-t.build/SABlurImageView.modulemap /Users/admin/builder/spi-builder-workspace/.derivedData/Build/Intermediates.noindex/GeneratedModuleMaps-xros
SwiftDriver SABlurImageView normal arm64 com.apple.xcode.tools.swift.compiler (in target 'SABlurImageView' from project 'SABlurImageViews')
cd /Users/admin/builder/spi-builder-workspace/.swiftpm/xcode
builtin-SwiftDriver -- /Applications/Xcode-27.0.0-Release.Candidate.app/Contents/Developer/Toolchains/XcodeDefault.xctoolchain/usr/bin/swiftc -parse-as-library -module-name SABlurImageView -Onone @/Users/admin/builder/spi-builder-workspace/.derivedData/Build/Intermediates.noindex/SABlurImageViews.build/Debug-xros/SABlurImageView-t.build/Objects-normal/arm64/SABlurImageView.SwiftFileList -DSWIFT_PACKAGE -DDEBUG -DSWIFT_MODULE_RESOURCE_BUNDLE_UNAVAILABLE -DXcode -plugin-path /Applications/Xcode-27.0.0-Release.Candidate.app/Contents/Developer/Toolchains/XcodeDefault.xctoolchain/usr/lib/swift/host/plugins/testing -enable-experimental-feature DebugDescriptionMacro -sdk /Applications/Xcode-27.0.0-Release.Candidate.app/Contents/Developer/Platforms/XROS.platform/Developer/SDKs/XROS27.0.sdk -target arm64-apple-xros1.0 -g -module-cache-path /Users/admin/builder/spi-builder-workspace/.derivedData/ModuleCache.noindex -Xfrontend -serialize-debugging-options -enable-testing -index-store-path /Users/admin/builder/spi-builder-workspace/.derivedData/Index.noindex/DataStore -Xcc -D_LIBCPP_HARDENING_MODE\=_LIBCPP_HARDENING_MODE_DEBUG -swift-version 4 -I /Users/admin/builder/spi-builder-workspace/.derivedData/Build/Products/Debug-xros -Isystem /Applications/Xcode-27.0.0-Release.Candidate.app/Contents/Developer/Platforms/XROS.platform/Developer/usr/lib -F /Users/admin/builder/spi-builder-workspace/.derivedData/Build/Products/Debug-xros -F /Applications/Xcode-27.0.0-Release.Candidate.app/Contents/Developer/Platforms/XROS.platform/Developer/Library/Frameworks -F /Applications/Xcode-27.0.0-Release.Candidate.app/Contents/Developer/Platforms/XROS.platform/Developer/SDKs/XROS27.0.sdk/Developer/Library/Frameworks -c -j10 -enable-batch-mode -incremental -Xcc -ivfsstatcache -Xcc /Users/admin/builder/spi-builder-workspace/.derivedData/SDKStatCaches.noindex/xros27.0-24M361-e829b21a6f8c9b70876ba0858053c044735bd543db762f57723cac368afd1ce4.sdkstatcache -output-file-map /Users/admin/builder/spi-builder-workspace/.derivedData/Build/Intermediates.noindex/SABlurImageViews.build/Debug-xros/SABlurImageView-t.build/Objects-normal/arm64/SABlurImageView-OutputFileMap.json -save-temps -no-color-diagnostics -emit-dependencies -emit-module -emit-module-path /Users/admin/builder/spi-builder-workspace/.derivedData/Build/Intermediates.noindex/SABlurImageViews.build/Debug-xros/SABlurImageView-t.build/Objects-normal/arm64/SABlurImageView.swiftmodule -serialize-diagnostics -validate-clang-modules-once -clang-build-session-file /Users/admin/builder/spi-builder-workspace/.derivedData/ModuleCache.noindex/Session.modulevalidation -Xcc -fmodules-prune-interval\=86400 -Xcc -fmodules-prune-after\=345600 -emit-const-values -const-gather-protocols-list /Users/admin/builder/spi-builder-workspace/.derivedData/Build/Intermediates.noindex/SABlurImageViews.build/Debug-xros/SABlurImageView-t.build/Objects-normal/arm64/SABlurImageView_const_extract_protocols.json -Xcc -I/Users/admin/builder/spi-builder-workspace/.derivedData/Build/Products/Debug-xros/include -Xcc -I/Users/admin/builder/spi-builder-workspace/.derivedData/Build/Intermediates.noindex/SABlurImageViews.build/Debug-xros/SABlurImageView-t.build/DerivedSources-normal/arm64 -Xcc -I/Users/admin/builder/spi-builder-workspace/.derivedData/Build/Intermediates.noindex/SABlurImageViews.build/Debug-xros/SABlurImageView-t.build/DerivedSources/arm64 -Xcc -I/Users/admin/builder/spi-builder-workspace/.derivedData/Build/Intermediates.noindex/SABlurImageViews.build/Debug-xros/SABlurImageView-t.build/DerivedSources -Xcc -DSWIFT_PACKAGE -Xcc -DDEBUG\=1 -emit-objc-header -emit-objc-header-path /Users/admin/builder/spi-builder-workspace/.derivedData/Build/Intermediates.noindex/SABlurImageViews.build/Debug-xros/SABlurImageView-t.build/Objects-normal/arm64/SABlurImageView-Swift.h -working-directory /Users/admin/builder/spi-builder-workspace/.swiftpm/xcode -experimental-emit-module-separately -disable-cmo
SwiftCompile normal arm64 Compiling\ Gap.swift /Users/admin/builder/spi-builder-workspace/Sources/SABlurImageView/Gap.swift (in target 'SABlurImageView' from project 'SABlurImageViews')
SwiftCompile normal arm64 /Users/admin/builder/spi-builder-workspace/Sources/SABlurImageView/Gap.swift (in target 'SABlurImageView' from project 'SABlurImageViews')
cd /Users/admin/builder/spi-builder-workspace/.swiftpm/xcode
builtin-SwiftPerFileCompile Gap.swift
SwiftCompile normal arm64 Compiling\ UIImage+BlurEffect.swift /Users/admin/builder/spi-builder-workspace/Sources/SABlurImageView/UIImage+BlurEffect.swift (in target 'SABlurImageView' from project 'SABlurImageViews')
SwiftCompile normal arm64 /Users/admin/builder/spi-builder-workspace/Sources/SABlurImageView/UIImage+BlurEffect.swift (in target 'SABlurImageView' from project 'SABlurImageViews')
cd /Users/admin/builder/spi-builder-workspace/.swiftpm/xcode
builtin-SwiftPerFileCompile UIImage+BlurEffect.swift
SwiftEmitModule normal arm64 Emitting\ module\ for\ SABlurImageView (in target 'SABlurImageView' from project 'SABlurImageViews')
/Users/admin/builder/spi-builder-workspace/Sources/SABlurImageView/SABlurImageView.swift:20:35: error: cannot find type 'ImageView' in scope
18 | import QuartzCore
19 |
20 | @objc open class SABlurImageView: ImageView {
| `- error: cannot find type 'ImageView' in scope
21 | //MARK: - Static Properties
22 | private struct Const {
/Users/admin/builder/spi-builder-workspace/Sources/SABlurImageView/SABlurImageView.swift:71:67: error: cannot find type 'Image' in scope
69 | }
70 |
71 | private func bluredCGImages(_ images: [CGImage], sourceImage: Image?, at index: Int, to limit: Int, baseNumber: CGFloat) -> [CGImage] {
| `- error: cannot find type 'Image' in scope
72 | guard index < limit else { return images }
73 | let newImage = sourceImage?.blurEffect(pow(CGFloat(index) * baseNumber, 2))
/Users/admin/builder/spi-builder-workspace/Sources/SABlurImageView/SABlurImageView.swift:93:90: error: cannot find type 'Image' in scope
91 | }
92 |
93 | private func addBlurEffectTo(_ image: Image, boxSize: CGFloat, remainTimes: UInt) -> Image {
| `- error: cannot find type 'Image' in scope
94 | guard let blurImage = image.blurEffect(boxSize) else { return image }
95 | return remainTimes > 0 ? addBlurEffectTo(blurImage, boxSize: boxSize, remainTimes: remainTimes - 1) : image
/Users/admin/builder/spi-builder-workspace/Sources/SABlurImageView/SABlurImageView.swift:93:43: error: cannot find type 'Image' in scope
91 | }
92 |
93 | private func addBlurEffectTo(_ image: Image, boxSize: CGFloat, remainTimes: UInt) -> Image {
| `- error: cannot find type 'Image' in scope
94 | guard let blurImage = image.blurEffect(boxSize) else { return image }
95 | return remainTimes > 0 ? addBlurEffectTo(blurImage, boxSize: boxSize, remainTimes: remainTimes - 1) : image
/Users/admin/builder/spi-builder-workspace/Sources/SABlurImageView/SABlurImageView.swift:20:2: error: only classes that inherit from NSObject can be declared '@objc'
18 | import QuartzCore
19 |
20 | @objc open class SABlurImageView: ImageView {
| | `- note: inherit from 'NSObject' to silence this error
| `- error: only classes that inherit from NSObject can be declared '@objc'
21 | //MARK: - Static Properties
22 | private struct Const {
/Users/admin/builder/spi-builder-workspace/Sources/SABlurImageView/SABlurImageView.swift:164:1: error: cannot declare conformance to 'NSObjectProtocol' in Swift; 'SABlurImageView' should inherit 'NSObject' instead
162 | }
163 |
164 | extension SABlurImageView: CAAnimationDelegate {
| |- error: cannot declare conformance to 'NSObjectProtocol' in Swift; 'SABlurImageView' should inherit 'NSObject' instead
| `- note: add stubs for conformance
165 | open func animationDidStop(_ anim: CAAnimation, finished flag: Bool) {
166 | guard let _ = anim as? CAAnimationGroup else { return }
/Users/admin/builder/spi-builder-workspace/Sources/SABlurImageView/UIImage+BlurEffect.swift:18:11: error: cannot find type 'Image' in scope
16 | import Accelerate
17 |
18 | extension Image {
| `- error: cannot find type 'Image' in scope
19 | #if os(iOS) || os(tvOS)
20 | class func blurEffect(_ cgImage: CGImage, boxSize: CGFloat) -> Image? {
Failed frontend command:
/Applications/Xcode-27.0.0-Release.Candidate.app/Contents/Developer/Toolchains/XcodeDefault.xctoolchain/usr/bin/swift-frontend -frontend -emit-module -experimental-skip-non-inlinable-function-bodies-without-types /Users/admin/builder/spi-builder-workspace/Sources/SABlurImageView/CATransition+Closure.swift /Users/admin/builder/spi-builder-workspace/Sources/SABlurImageView/Gap.swift /Users/admin/builder/spi-builder-workspace/Sources/SABlurImageView/SABlurImageView.swift /Users/admin/builder/spi-builder-workspace/Sources/SABlurImageView/UIImage+BlurEffect.swift -target arm64-apple-xros1.0 -Xllvm -aarch64-use-tbi -enable-objc-interop -stack-check -sdk /Applications/Xcode-27.0.0-Release.Candidate.app/Contents/Developer/Platforms/XROS.platform/Developer/SDKs/XROS27.0.sdk -I /Users/admin/builder/spi-builder-workspace/.derivedData/Build/Products/Debug-xros -Isystem /Applications/Xcode-27.0.0-Release.Candidate.app/Contents/Developer/Platforms/XROS.platform/Developer/usr/lib -F /Users/admin/builder/spi-builder-workspace/.derivedData/Build/Products/Debug-xros -F /Applications/Xcode-27.0.0-Release.Candidate.app/Contents/Developer/Platforms/XROS.platform/Developer/Library/Frameworks -F /Applications/Xcode-27.0.0-Release.Candidate.app/Contents/Developer/Platforms/XROS.platform/Developer/SDKs/XROS27.0.sdk/Developer/Library/Frameworks -module-cache-path /Users/admin/builder/spi-builder-workspace/.derivedData/ModuleCache.noindex -no-color-diagnostics -Xcc -fno-color-diagnostics -enable-testing -g -debug-info-format\=dwarf -dwarf-version\=4 -swift-version 4 -Onone -D SWIFT_PACKAGE -D DEBUG -D SWIFT_MODULE_RESOURCE_BUNDLE_UNAVAILABLE -D Xcode -serialize-debugging-options -enable-experimental-feature DebugDescriptionMacro -empty-abi-descriptor -plugin-path /Applications/Xcode-27.0.0-Release.Candidate.app/Contents/Developer/Toolchains/XcodeDefault.xctoolchain/usr/lib/swift/host/plugins/testing -validate-clang-modules-once -clang-build-session-file /Users/admin/builder/spi-builder-workspace/.derivedData/ModuleCache.noindex/Session.modulevalidation -Xcc -working-directory -Xcc /Users/admin/builder/spi-builder-workspace/.swiftpm/xcode -enable-anonymous-context-mangled-names -file-compilation-dir /Users/admin/builder/spi-builder-workspace/.swiftpm/xcode -Xcc -D_LIBCPP_HARDENING_MODE\=_LIBCPP_HARDENING_MODE_DEBUG -Xcc -ivfsstatcache -Xcc /Users/admin/builder/spi-builder-workspace/.derivedData/SDKStatCaches.noindex/xros27.0-24M361-e829b21a6f8c9b70876ba0858053c044735bd543db762f57723cac368afd1ce4.sdkstatcache -Xcc -fmodules-prune-interval\=86400 -Xcc -fmodules-prune-after\=345600 -Xcc -I/Users/admin/builder/spi-builder-workspace/.derivedData/Build/Products/Debug-xros/include -Xcc -I/Users/admin/builder/spi-builder-workspace/.derivedData/Build/Intermediates.noindex/SABlurImageViews.build/Debug-xros/SABlurImageView-t.build/DerivedSources-normal/arm64 -Xcc -I/Users/admin/builder/spi-builder-workspace/.derivedData/Build/Intermediates.noindex/SABlurImageViews.build/Debug-xros/SABlurImageView-t.build/DerivedSources/arm64 -Xcc -I/Users/admin/builder/spi-builder-workspace/.derivedData/Build/Intermediates.noindex/SABlurImageViews.build/Debug-xros/SABlurImageView-t.build/DerivedSources -Xcc -DSWIFT_PACKAGE -Xcc -DDEBUG\=1 -no-auto-bridging-header-chaining -module-name SABlurImageView -const-gather-protocols-file /Users/admin/builder/spi-builder-workspace/.derivedData/Build/Intermediates.noindex/SABlurImageViews.build/Debug-xros/SABlurImageView-t.build/Objects-normal/arm64/SABlurImageView_const_extract_protocols.json -disable-clang-spi -target-sdk-version 27.0 -target-sdk-name xros27.0 -external-plugin-path /Applications/Xcode-27.0.0-Release.Candidate.app/Contents/Developer/Platforms/XROS.platform/Developer/usr/lib/swift/host/plugins\#/Applications/Xcode-27.0.0-Release.Candidate.app/Contents/Developer/Platforms/XROS.platform/Developer/usr/bin/swift-plugin-server -external-plugin-path /Applications/Xcode-27.0.0-Release.Candidate.app/Contents/Developer/Platforms/XROS.platform/Developer/usr/local/lib/swift/host/plugins\#/Applications/Xcode-27.0.0-Release.Candidate.app/Contents/Developer/Platforms/XROS.platform/Developer/usr/bin/swift-plugin-server -in-process-plugin-server-path /Applications/Xcode-27.0.0-Release.Candidate.app/Contents/Developer/Toolchains/XcodeDefault.xctoolchain/usr/lib/swift/host/libSwiftInProcPluginServer.dylib -plugin-path /Applications/Xcode-27.0.0-Release.Candidate.app/Contents/Developer/Toolchains/XcodeDefault.xctoolchain/usr/lib/swift/host/plugins -plugin-path /Applications/Xcode-27.0.0-Release.Candidate.app/Contents/Developer/Toolchains/XcodeDefault.xctoolchain/usr/local/lib/swift/host/plugins -emit-module-doc-path /Users/admin/builder/spi-builder-workspace/.derivedData/Build/Intermediates.noindex/SABlurImageViews.build/Debug-xros/SABlurImageView-t.build/Objects-normal/arm64/SABlurImageView.swiftdoc -emit-module-source-info-path /Users/admin/builder/spi-builder-workspace/.derivedData/Build/Intermediates.noindex/SABlurImageViews.build/Debug-xros/SABlurImageView-t.build/Objects-normal/arm64/SABlurImageView.swiftsourceinfo -emit-objc-header-path /Users/admin/builder/spi-builder-workspace/.derivedData/Build/Intermediates.noindex/SABlurImageViews.build/Debug-xros/SABlurImageView-t.build/Objects-normal/arm64/SABlurImageView-Swift.h -serialize-diagnostics-path /Users/admin/builder/spi-builder-workspace/.derivedData/Build/Intermediates.noindex/SABlurImageViews.build/Debug-xros/SABlurImageView-t.build/Objects-normal/arm64/SABlurImageView-primary-emit-module.dia -emit-dependencies-path /Users/admin/builder/spi-builder-workspace/.derivedData/Build/Intermediates.noindex/SABlurImageViews.build/Debug-xros/SABlurImageView-t.build/Objects-normal/arm64/SABlurImageView-primary-emit-module.d -parse-as-library -o /Users/admin/builder/spi-builder-workspace/.derivedData/Build/Intermediates.noindex/SABlurImageViews.build/Debug-xros/SABlurImageView-t.build/Objects-normal/arm64/SABlurImageView.swiftmodule -emit-abi-descriptor-path /Users/admin/builder/spi-builder-workspace/.derivedData/Build/Intermediates.noindex/SABlurImageViews.build/Debug-xros/SABlurImageView-t.build/Objects-normal/arm64/SABlurImageView.abi.json
SwiftCompile normal arm64 (in target 'SABlurImageView' from project 'SABlurImageViews')
cd /Users/admin/builder/spi-builder-workspace/.swiftpm/xcode
SwiftCompile normal arm64 Compiling\ SABlurImageView.swift /Users/admin/builder/spi-builder-workspace/Sources/SABlurImageView/SABlurImageView.swift (in target 'SABlurImageView' from project 'SABlurImageViews')
SwiftCompile normal arm64 /Users/admin/builder/spi-builder-workspace/Sources/SABlurImageView/SABlurImageView.swift (in target 'SABlurImageView' from project 'SABlurImageViews')
cd /Users/admin/builder/spi-builder-workspace/.swiftpm/xcode
builtin-SwiftPerFileCompile SABlurImageView.swift
/Users/admin/builder/spi-builder-workspace/Sources/SABlurImageView/SABlurImageView.swift:20:35: error: cannot find type 'ImageView' in scope
18 | import QuartzCore
19 |
20 | @objc open class SABlurImageView: ImageView {
| `- error: cannot find type 'ImageView' in scope
21 | //MARK: - Static Properties
22 | private struct Const {
/Users/admin/builder/spi-builder-workspace/Sources/SABlurImageView/SABlurImageView.swift:71:67: error: cannot find type 'Image' in scope
69 | }
70 |
71 | private func bluredCGImages(_ images: [CGImage], sourceImage: Image?, at index: Int, to limit: Int, baseNumber: CGFloat) -> [CGImage] {
| `- error: cannot find type 'Image' in scope
72 | guard index < limit else { return images }
73 | let newImage = sourceImage?.blurEffect(pow(CGFloat(index) * baseNumber, 2))
/Users/admin/builder/spi-builder-workspace/Sources/SABlurImageView/SABlurImageView.swift:93:90: error: cannot find type 'Image' in scope
91 | }
92 |
93 | private func addBlurEffectTo(_ image: Image, boxSize: CGFloat, remainTimes: UInt) -> Image {
| `- error: cannot find type 'Image' in scope
94 | guard let blurImage = image.blurEffect(boxSize) else { return image }
95 | return remainTimes > 0 ? addBlurEffectTo(blurImage, boxSize: boxSize, remainTimes: remainTimes - 1) : image
/Users/admin/builder/spi-builder-workspace/Sources/SABlurImageView/SABlurImageView.swift:93:43: error: cannot find type 'Image' in scope
91 | }
92 |
93 | private func addBlurEffectTo(_ image: Image, boxSize: CGFloat, remainTimes: UInt) -> Image {
| `- error: cannot find type 'Image' in scope
94 | guard let blurImage = image.blurEffect(boxSize) else { return image }
95 | return remainTimes > 0 ? addBlurEffectTo(blurImage, boxSize: boxSize, remainTimes: remainTimes - 1) : image
/Users/admin/builder/spi-builder-workspace/Sources/SABlurImageView/SABlurImageView.swift:20:2: error: only classes that inherit from NSObject can be declared '@objc'
18 | import QuartzCore
19 |
20 | @objc open class SABlurImageView: ImageView {
| | `- note: inherit from 'NSObject' to silence this error
| `- error: only classes that inherit from NSObject can be declared '@objc'
21 | //MARK: - Static Properties
22 | private struct Const {
/Users/admin/builder/spi-builder-workspace/Sources/SABlurImageView/SABlurImageView.swift:164:1: error: cannot declare conformance to 'NSObjectProtocol' in Swift; 'SABlurImageView' should inherit 'NSObject' instead
162 | }
163 |
164 | extension SABlurImageView: CAAnimationDelegate {
| |- error: cannot declare conformance to 'NSObjectProtocol' in Swift; 'SABlurImageView' should inherit 'NSObject' instead
| `- note: add stubs for conformance
165 | open func animationDidStop(_ anim: CAAnimation, finished flag: Bool) {
166 | guard let _ = anim as? CAAnimationGroup else { return }
SwiftCompile normal arm64 Compiling\ CATransition+Closure.swift /Users/admin/builder/spi-builder-workspace/Sources/SABlurImageView/CATransition+Closure.swift (in target 'SABlurImageView' from project 'SABlurImageViews')
SwiftCompile normal arm64 /Users/admin/builder/spi-builder-workspace/Sources/SABlurImageView/CATransition+Closure.swift (in target 'SABlurImageView' from project 'SABlurImageViews')
cd /Users/admin/builder/spi-builder-workspace/.swiftpm/xcode
builtin-SwiftPerFileCompile CATransition+Closure.swift
PruneExplicitPrecompiledModules /Users/admin/builder/spi-builder-workspace/.derivedData/SDKExplicitPrecompiledModules
PruneExplicitPrecompiledModules /Users/admin/builder/spi-builder-workspace/.derivedData/Build/Intermediates.noindex/ExplicitPrecompiledModules
PruneExplicitPrecompiledModules /Users/admin/builder/spi-builder-workspace/.derivedData/Build/Intermediates.noindex/SwiftExplicitPrecompiledModules
2026-09-17 05:39:35.798 xcodebuild[658:4277] [MT] IDERunDestination: Supported platforms for the buildables in the current scheme is empty.
** BUILD FAILED **
The following build commands failed:
SwiftEmitModule normal arm64 Emitting\ module\ for\ SABlurImageView (in target 'SABlurImageView' from project 'SABlurImageViews')
SwiftCompile normal arm64 (in target 'SABlurImageView' from project 'SABlurImageViews')
Building workspace SABlurImageViews with scheme SABlurImageViews
(3 failures)
Command line invocation:
/Applications/Xcode-27.0.0-Release.Candidate.app/Contents/Developer/usr/bin/xcodebuild -IDEClonedSourcePackagesDirPathOverride=/Users/admin/builder/spi-builder-workspace/.dependencies -resolvePackageDependencies
Resolve Package Graph
Resolved source packages:
SABlurImageViews: /Users/admin/builder/spi-builder-workspace
resolved source packages: SABlurImageViews
2026-09-17 05:39:42.122 xcodebuild[687:4482] [MT] IDERunDestination: Supported platforms for the buildables in the current scheme is empty.
{
"dependencies" : [
],
"manifest_display_name" : "SABlurImageViews",
"name" : "SABlurImageViews",
"path" : "/Users/admin/builder/spi-builder-workspace",
"platforms" : [
],
"products" : [
{
"name" : "SABlurImageView",
"targets" : [
"SABlurImageView"
],
"type" : {
"library" : [
"automatic"
]
}
}
],
"targets" : [
{
"c99name" : "SABlurImageView",
"module_type" : "SwiftTarget",
"name" : "SABlurImageView",
"path" : "Sources/SABlurImageView",
"product_memberships" : [
"SABlurImageView"
],
"sources" : [
"CATransition+Closure.swift",
"Gap.swift",
"SABlurImageView.swift",
"UIImage+BlurEffect.swift"
],
"type" : "library"
}
],
"tools_version" : "4.0"
}
{
"workspace" : {
"name" : "SABlurImageViews",
"schemes" : [
"SABlurImageViews"
]
}
}
2026-09-17 05:39:43.318 xcodebuild[695:4561] [MT] IDERunDestination: Supported platforms for the buildables in the current scheme is empty.
Running build ...
env DEVELOPER_DIR=/Applications/Xcode-27.0.0-Release.Candidate.app xcrun xcodebuild -IDEClonedSourcePackagesDirPathOverride=$PWD/.dependencies -skipMacroValidation -skipPackagePluginValidation -derivedDataPath $PWD/.derivedData build -scheme SABlurImageViews -destination generic/platform=xrOS
Command line invocation:
/Applications/Xcode-27.0.0-Release.Candidate.app/Contents/Developer/usr/bin/xcodebuild -IDEClonedSourcePackagesDirPathOverride=/Users/admin/builder/spi-builder-workspace/.dependencies -skipMacroValidation -skipPackagePluginValidation -derivedDataPath /Users/admin/builder/spi-builder-workspace/.derivedData build -scheme SABlurImageViews -destination generic/platform=xrOS
Resolve Package Graph
Resolved source packages:
SABlurImageViews: /Users/admin/builder/spi-builder-workspace
ComputePackagePrebuildTargetDependencyGraph
Prepare packages
CreateBuildRequest
SendProjectDescription
CreateBuildOperation
ComputeTargetDependencyGraph
note: Building targets in dependency order
note: Target dependency graph (2 targets)
Target 'SABlurImageView-product' in project 'SABlurImageViews'
➜ Explicit dependency on target 'SABlurImageView' in project 'SABlurImageViews'
Target 'SABlurImageView' in project 'SABlurImageViews' (no dependencies)
GatherProvisioningInputs
CreateBuildDescription
ClangStatCache /Applications/Xcode-27.0.0-Release.Candidate.app/Contents/Developer/Toolchains/XcodeDefault.xctoolchain/usr/bin/clang-stat-cache /Applications/Xcode-27.0.0-Release.Candidate.app/Contents/Developer/Platforms/XROS.platform/Developer/SDKs/XROS27.0.sdk /Users/admin/builder/spi-builder-workspace/.derivedData/SDKStatCaches.noindex/xros27.0-24M361-e829b21a6f8c9b70876ba0858053c044735bd543db762f57723cac368afd1ce4.sdkstatcache
cd /Users/admin/builder/spi-builder-workspace/.swiftpm/xcode
/Applications/Xcode-27.0.0-Release.Candidate.app/Contents/Developer/Toolchains/XcodeDefault.xctoolchain/usr/bin/clang-stat-cache /Applications/Xcode-27.0.0-Release.Candidate.app/Contents/Developer/Platforms/XROS.platform/Developer/SDKs/XROS27.0.sdk -o /Users/admin/builder/spi-builder-workspace/.derivedData/SDKStatCaches.noindex/xros27.0-24M361-e829b21a6f8c9b70876ba0858053c044735bd543db762f57723cac368afd1ce4.sdkstatcache
SwiftDriver SABlurImageView normal arm64 com.apple.xcode.tools.swift.compiler (in target 'SABlurImageView' from project 'SABlurImageViews')
cd /Users/admin/builder/spi-builder-workspace/.swiftpm/xcode
builtin-SwiftDriver -- /Applications/Xcode-27.0.0-Release.Candidate.app/Contents/Developer/Toolchains/XcodeDefault.xctoolchain/usr/bin/swiftc -parse-as-library -module-name SABlurImageView -Onone @/Users/admin/builder/spi-builder-workspace/.derivedData/Build/Intermediates.noindex/SABlurImageViews.build/Debug-xros/SABlurImageView-t.build/Objects-normal/arm64/SABlurImageView.SwiftFileList -DSWIFT_PACKAGE -DDEBUG -DSWIFT_MODULE_RESOURCE_BUNDLE_UNAVAILABLE -DXcode -plugin-path /Applications/Xcode-27.0.0-Release.Candidate.app/Contents/Developer/Toolchains/XcodeDefault.xctoolchain/usr/lib/swift/host/plugins/testing -enable-experimental-feature DebugDescriptionMacro -sdk /Applications/Xcode-27.0.0-Release.Candidate.app/Contents/Developer/Platforms/XROS.platform/Developer/SDKs/XROS27.0.sdk -target arm64-apple-xros1.0 -g -module-cache-path /Users/admin/builder/spi-builder-workspace/.derivedData/ModuleCache.noindex -Xfrontend -serialize-debugging-options -enable-testing -index-store-path /Users/admin/builder/spi-builder-workspace/.derivedData/Index.noindex/DataStore -Xcc -D_LIBCPP_HARDENING_MODE\=_LIBCPP_HARDENING_MODE_DEBUG -swift-version 4 -I /Users/admin/builder/spi-builder-workspace/.derivedData/Build/Products/Debug-xros -Isystem /Applications/Xcode-27.0.0-Release.Candidate.app/Contents/Developer/Platforms/XROS.platform/Developer/usr/lib -F /Users/admin/builder/spi-builder-workspace/.derivedData/Build/Products/Debug-xros -F /Applications/Xcode-27.0.0-Release.Candidate.app/Contents/Developer/Platforms/XROS.platform/Developer/Library/Frameworks -F /Applications/Xcode-27.0.0-Release.Candidate.app/Contents/Developer/Platforms/XROS.platform/Developer/SDKs/XROS27.0.sdk/Developer/Library/Frameworks -c -j10 -enable-batch-mode -incremental -Xcc -ivfsstatcache -Xcc /Users/admin/builder/spi-builder-workspace/.derivedData/SDKStatCaches.noindex/xros27.0-24M361-e829b21a6f8c9b70876ba0858053c044735bd543db762f57723cac368afd1ce4.sdkstatcache -output-file-map /Users/admin/builder/spi-builder-workspace/.derivedData/Build/Intermediates.noindex/SABlurImageViews.build/Debug-xros/SABlurImageView-t.build/Objects-normal/arm64/SABlurImageView-OutputFileMap.json -save-temps -no-color-diagnostics -emit-dependencies -emit-module -emit-module-path /Users/admin/builder/spi-builder-workspace/.derivedData/Build/Intermediates.noindex/SABlurImageViews.build/Debug-xros/SABlurImageView-t.build/Objects-normal/arm64/SABlurImageView.swiftmodule -serialize-diagnostics -validate-clang-modules-once -clang-build-session-file /Users/admin/builder/spi-builder-workspace/.derivedData/ModuleCache.noindex/Session.modulevalidation -Xcc -fmodules-prune-interval\=86400 -Xcc -fmodules-prune-after\=345600 -emit-const-values -const-gather-protocols-list /Users/admin/builder/spi-builder-workspace/.derivedData/Build/Intermediates.noindex/SABlurImageViews.build/Debug-xros/SABlurImageView-t.build/Objects-normal/arm64/SABlurImageView_const_extract_protocols.json -Xcc -I/Users/admin/builder/spi-builder-workspace/.derivedData/Build/Products/Debug-xros/include -Xcc -I/Users/admin/builder/spi-builder-workspace/.derivedData/Build/Intermediates.noindex/SABlurImageViews.build/Debug-xros/SABlurImageView-t.build/DerivedSources-normal/arm64 -Xcc -I/Users/admin/builder/spi-builder-workspace/.derivedData/Build/Intermediates.noindex/SABlurImageViews.build/Debug-xros/SABlurImageView-t.build/DerivedSources/arm64 -Xcc -I/Users/admin/builder/spi-builder-workspace/.derivedData/Build/Intermediates.noindex/SABlurImageViews.build/Debug-xros/SABlurImageView-t.build/DerivedSources -Xcc -DSWIFT_PACKAGE -Xcc -DDEBUG\=1 -emit-objc-header -emit-objc-header-path /Users/admin/builder/spi-builder-workspace/.derivedData/Build/Intermediates.noindex/SABlurImageViews.build/Debug-xros/SABlurImageView-t.build/Objects-normal/arm64/SABlurImageView-Swift.h -working-directory /Users/admin/builder/spi-builder-workspace/.swiftpm/xcode -experimental-emit-module-separately -disable-cmo
SwiftEmitModule normal arm64 Emitting\ module\ for\ SABlurImageView (in target 'SABlurImageView' from project 'SABlurImageViews')
SwiftCompile normal arm64 (in target 'SABlurImageView' from project 'SABlurImageViews')
cd /Users/admin/builder/spi-builder-workspace/.swiftpm/xcode
/Users/admin/builder/spi-builder-workspace/Sources/SABlurImageView/SABlurImageView.swift:20:35: error: cannot find type 'ImageView' in scope
18 | import QuartzCore
19 |
20 | @objc open class SABlurImageView: ImageView {
| `- error: cannot find type 'ImageView' in scope
21 | //MARK: - Static Properties
22 | private struct Const {
/Users/admin/builder/spi-builder-workspace/Sources/SABlurImageView/SABlurImageView.swift:71:67: error: cannot find type 'Image' in scope
69 | }
70 |
71 | private func bluredCGImages(_ images: [CGImage], sourceImage: Image?, at index: Int, to limit: Int, baseNumber: CGFloat) -> [CGImage] {
| `- error: cannot find type 'Image' in scope
72 | guard index < limit else { return images }
73 | let newImage = sourceImage?.blurEffect(pow(CGFloat(index) * baseNumber, 2))
/Users/admin/builder/spi-builder-workspace/Sources/SABlurImageView/SABlurImageView.swift:93:90: error: cannot find type 'Image' in scope
91 | }
92 |
93 | private func addBlurEffectTo(_ image: Image, boxSize: CGFloat, remainTimes: UInt) -> Image {
| `- error: cannot find type 'Image' in scope
94 | guard let blurImage = image.blurEffect(boxSize) else { return image }
95 | return remainTimes > 0 ? addBlurEffectTo(blurImage, boxSize: boxSize, remainTimes: remainTimes - 1) : image
/Users/admin/builder/spi-builder-workspace/Sources/SABlurImageView/SABlurImageView.swift:93:43: error: cannot find type 'Image' in scope
91 | }
92 |
93 | private func addBlurEffectTo(_ image: Image, boxSize: CGFloat, remainTimes: UInt) -> Image {
| `- error: cannot find type 'Image' in scope
94 | guard let blurImage = image.blurEffect(boxSize) else { return image }
95 | return remainTimes > 0 ? addBlurEffectTo(blurImage, boxSize: boxSize, remainTimes: remainTimes - 1) : image
/Users/admin/builder/spi-builder-workspace/Sources/SABlurImageView/SABlurImageView.swift:20:2: error: only classes that inherit from NSObject can be declared '@objc'
18 | import QuartzCore
19 |
20 | @objc open class SABlurImageView: ImageView {
| | `- note: inherit from 'NSObject' to silence this error
| `- error: only classes that inherit from NSObject can be declared '@objc'
21 | //MARK: - Static Properties
22 | private struct Const {
/Users/admin/builder/spi-builder-workspace/Sources/SABlurImageView/SABlurImageView.swift:164:1: error: cannot declare conformance to 'NSObjectProtocol' in Swift; 'SABlurImageView' should inherit 'NSObject' instead
162 | }
163 |
164 | extension SABlurImageView: CAAnimationDelegate {
| |- error: cannot declare conformance to 'NSObjectProtocol' in Swift; 'SABlurImageView' should inherit 'NSObject' instead
| `- note: add stubs for conformance
165 | open func animationDidStop(_ anim: CAAnimation, finished flag: Bool) {
166 | guard let _ = anim as? CAAnimationGroup else { return }
/Users/admin/builder/spi-builder-workspace/Sources/SABlurImageView/UIImage+BlurEffect.swift:18:11: error: cannot find type 'Image' in scope
16 | import Accelerate
17 |
18 | extension Image {
| `- error: cannot find type 'Image' in scope
19 | #if os(iOS) || os(tvOS)
20 | class func blurEffect(_ cgImage: CGImage, boxSize: CGFloat) -> Image? {
Failed frontend command:
/Applications/Xcode-27.0.0-Release.Candidate.app/Contents/Developer/Toolchains/XcodeDefault.xctoolchain/usr/bin/swift-frontend -frontend -emit-module -experimental-skip-non-inlinable-function-bodies-without-types /Users/admin/builder/spi-builder-workspace/Sources/SABlurImageView/CATransition+Closure.swift /Users/admin/builder/spi-builder-workspace/Sources/SABlurImageView/Gap.swift /Users/admin/builder/spi-builder-workspace/Sources/SABlurImageView/SABlurImageView.swift /Users/admin/builder/spi-builder-workspace/Sources/SABlurImageView/UIImage+BlurEffect.swift -target arm64-apple-xros1.0 -Xllvm -aarch64-use-tbi -enable-objc-interop -stack-check -sdk /Applications/Xcode-27.0.0-Release.Candidate.app/Contents/Developer/Platforms/XROS.platform/Developer/SDKs/XROS27.0.sdk -I /Users/admin/builder/spi-builder-workspace/.derivedData/Build/Products/Debug-xros -Isystem /Applications/Xcode-27.0.0-Release.Candidate.app/Contents/Developer/Platforms/XROS.platform/Developer/usr/lib -F /Users/admin/builder/spi-builder-workspace/.derivedData/Build/Products/Debug-xros -F /Applications/Xcode-27.0.0-Release.Candidate.app/Contents/Developer/Platforms/XROS.platform/Developer/Library/Frameworks -F /Applications/Xcode-27.0.0-Release.Candidate.app/Contents/Developer/Platforms/XROS.platform/Developer/SDKs/XROS27.0.sdk/Developer/Library/Frameworks -module-cache-path /Users/admin/builder/spi-builder-workspace/.derivedData/ModuleCache.noindex -no-color-diagnostics -Xcc -fno-color-diagnostics -enable-testing -g -debug-info-format\=dwarf -dwarf-version\=4 -swift-version 4 -Onone -D SWIFT_PACKAGE -D DEBUG -D SWIFT_MODULE_RESOURCE_BUNDLE_UNAVAILABLE -D Xcode -serialize-debugging-options -enable-experimental-feature DebugDescriptionMacro -empty-abi-descriptor -plugin-path /Applications/Xcode-27.0.0-Release.Candidate.app/Contents/Developer/Toolchains/XcodeDefault.xctoolchain/usr/lib/swift/host/plugins/testing -validate-clang-modules-once -clang-build-session-file /Users/admin/builder/spi-builder-workspace/.derivedData/ModuleCache.noindex/Session.modulevalidation -Xcc -working-directory -Xcc /Users/admin/builder/spi-builder-workspace/.swiftpm/xcode -enable-anonymous-context-mangled-names -file-compilation-dir /Users/admin/builder/spi-builder-workspace/.swiftpm/xcode -Xcc -D_LIBCPP_HARDENING_MODE\=_LIBCPP_HARDENING_MODE_DEBUG -Xcc -ivfsstatcache -Xcc /Users/admin/builder/spi-builder-workspace/.derivedData/SDKStatCaches.noindex/xros27.0-24M361-e829b21a6f8c9b70876ba0858053c044735bd543db762f57723cac368afd1ce4.sdkstatcache -Xcc -fmodules-prune-interval\=86400 -Xcc -fmodules-prune-after\=345600 -Xcc -I/Users/admin/builder/spi-builder-workspace/.derivedData/Build/Products/Debug-xros/include -Xcc -I/Users/admin/builder/spi-builder-workspace/.derivedData/Build/Intermediates.noindex/SABlurImageViews.build/Debug-xros/SABlurImageView-t.build/DerivedSources-normal/arm64 -Xcc -I/Users/admin/builder/spi-builder-workspace/.derivedData/Build/Intermediates.noindex/SABlurImageViews.build/Debug-xros/SABlurImageView-t.build/DerivedSources/arm64 -Xcc -I/Users/admin/builder/spi-builder-workspace/.derivedData/Build/Intermediates.noindex/SABlurImageViews.build/Debug-xros/SABlurImageView-t.build/DerivedSources -Xcc -DSWIFT_PACKAGE -Xcc -DDEBUG\=1 -no-auto-bridging-header-chaining -module-name SABlurImageView -const-gather-protocols-file /Users/admin/builder/spi-builder-workspace/.derivedData/Build/Intermediates.noindex/SABlurImageViews.build/Debug-xros/SABlurImageView-t.build/Objects-normal/arm64/SABlurImageView_const_extract_protocols.json -disable-clang-spi -target-sdk-version 27.0 -target-sdk-name xros27.0 -external-plugin-path /Applications/Xcode-27.0.0-Release.Candidate.app/Contents/Developer/Platforms/XROS.platform/Developer/usr/lib/swift/host/plugins\#/Applications/Xcode-27.0.0-Release.Candidate.app/Contents/Developer/Platforms/XROS.platform/Developer/usr/bin/swift-plugin-server -external-plugin-path /Applications/Xcode-27.0.0-Release.Candidate.app/Contents/Developer/Platforms/XROS.platform/Developer/usr/local/lib/swift/host/plugins\#/Applications/Xcode-27.0.0-Release.Candidate.app/Contents/Developer/Platforms/XROS.platform/Developer/usr/bin/swift-plugin-server -in-process-plugin-server-path /Applications/Xcode-27.0.0-Release.Candidate.app/Contents/Developer/Toolchains/XcodeDefault.xctoolchain/usr/lib/swift/host/libSwiftInProcPluginServer.dylib -plugin-path /Applications/Xcode-27.0.0-Release.Candidate.app/Contents/Developer/Toolchains/XcodeDefault.xctoolchain/usr/lib/swift/host/plugins -plugin-path /Applications/Xcode-27.0.0-Release.Candidate.app/Contents/Developer/Toolchains/XcodeDefault.xctoolchain/usr/local/lib/swift/host/plugins -emit-module-doc-path /Users/admin/builder/spi-builder-workspace/.derivedData/Build/Intermediates.noindex/SABlurImageViews.build/Debug-xros/SABlurImageView-t.build/Objects-normal/arm64/SABlurImageView.swiftdoc -emit-module-source-info-path /Users/admin/builder/spi-builder-workspace/.derivedData/Build/Intermediates.noindex/SABlurImageViews.build/Debug-xros/SABlurImageView-t.build/Objects-normal/arm64/SABlurImageView.swiftsourceinfo -emit-objc-header-path /Users/admin/builder/spi-builder-workspace/.derivedData/Build/Intermediates.noindex/SABlurImageViews.build/Debug-xros/SABlurImageView-t.build/Objects-normal/arm64/SABlurImageView-Swift.h -serialize-diagnostics-path /Users/admin/builder/spi-builder-workspace/.derivedData/Build/Intermediates.noindex/SABlurImageViews.build/Debug-xros/SABlurImageView-t.build/Objects-normal/arm64/SABlurImageView-primary-emit-module.dia -emit-dependencies-path /Users/admin/builder/spi-builder-workspace/.derivedData/Build/Intermediates.noindex/SABlurImageViews.build/Debug-xros/SABlurImageView-t.build/Objects-normal/arm64/SABlurImageView-primary-emit-module.d -parse-as-library -o /Users/admin/builder/spi-builder-workspace/.derivedData/Build/Intermediates.noindex/SABlurImageViews.build/Debug-xros/SABlurImageView-t.build/Objects-normal/arm64/SABlurImageView.swiftmodule -emit-abi-descriptor-path /Users/admin/builder/spi-builder-workspace/.derivedData/Build/Intermediates.noindex/SABlurImageViews.build/Debug-xros/SABlurImageView-t.build/Objects-normal/arm64/SABlurImageView.abi.json
SwiftCompile normal arm64 Compiling\ Gap.swift /Users/admin/builder/spi-builder-workspace/Sources/SABlurImageView/Gap.swift (in target 'SABlurImageView' from project 'SABlurImageViews')
SwiftCompile normal arm64 /Users/admin/builder/spi-builder-workspace/Sources/SABlurImageView/Gap.swift (in target 'SABlurImageView' from project 'SABlurImageViews')
cd /Users/admin/builder/spi-builder-workspace/.swiftpm/xcode
builtin-SwiftPerFileCompile Gap.swift
SwiftCompile normal arm64 Compiling\ CATransition+Closure.swift /Users/admin/builder/spi-builder-workspace/Sources/SABlurImageView/CATransition+Closure.swift (in target 'SABlurImageView' from project 'SABlurImageViews')
SwiftCompile normal arm64 /Users/admin/builder/spi-builder-workspace/Sources/SABlurImageView/CATransition+Closure.swift (in target 'SABlurImageView' from project 'SABlurImageViews')
cd /Users/admin/builder/spi-builder-workspace/.swiftpm/xcode
builtin-SwiftPerFileCompile CATransition+Closure.swift
SwiftCompile normal arm64 Compiling\ UIImage+BlurEffect.swift /Users/admin/builder/spi-builder-workspace/Sources/SABlurImageView/UIImage+BlurEffect.swift (in target 'SABlurImageView' from project 'SABlurImageViews')
SwiftCompile normal arm64 /Users/admin/builder/spi-builder-workspace/Sources/SABlurImageView/UIImage+BlurEffect.swift (in target 'SABlurImageView' from project 'SABlurImageViews')
cd /Users/admin/builder/spi-builder-workspace/.swiftpm/xcode
builtin-SwiftPerFileCompile UIImage+BlurEffect.swift
SwiftCompile normal arm64 Compiling\ SABlurImageView.swift /Users/admin/builder/spi-builder-workspace/Sources/SABlurImageView/SABlurImageView.swift (in target 'SABlurImageView' from project 'SABlurImageViews')
/Users/admin/builder/spi-builder-workspace/Sources/SABlurImageView/SABlurImageView.swift:20:35: error: cannot find type 'ImageView' in scope
18 | import QuartzCore
19 |
20 | @objc open class SABlurImageView: ImageView {
| `- error: cannot find type 'ImageView' in scope
21 | //MARK: - Static Properties
22 | private struct Const {
/Users/admin/builder/spi-builder-workspace/Sources/SABlurImageView/SABlurImageView.swift:71:67: error: cannot find type 'Image' in scope
69 | }
70 |
71 | private func bluredCGImages(_ images: [CGImage], sourceImage: Image?, at index: Int, to limit: Int, baseNumber: CGFloat) -> [CGImage] {
| `- error: cannot find type 'Image' in scope
72 | guard index < limit else { return images }
73 | let newImage = sourceImage?.blurEffect(pow(CGFloat(index) * baseNumber, 2))
/Users/admin/builder/spi-builder-workspace/Sources/SABlurImageView/SABlurImageView.swift:93:90: error: cannot find type 'Image' in scope
91 | }
92 |
93 | private func addBlurEffectTo(_ image: Image, boxSize: CGFloat, remainTimes: UInt) -> Image {
| `- error: cannot find type 'Image' in scope
94 | guard let blurImage = image.blurEffect(boxSize) else { return image }
95 | return remainTimes > 0 ? addBlurEffectTo(blurImage, boxSize: boxSize, remainTimes: remainTimes - 1) : image
/Users/admin/builder/spi-builder-workspace/Sources/SABlurImageView/SABlurImageView.swift:93:43: error: cannot find type 'Image' in scope
91 | }
92 |
93 | private func addBlurEffectTo(_ image: Image, boxSize: CGFloat, remainTimes: UInt) -> Image {
| `- error: cannot find type 'Image' in scope
94 | guard let blurImage = image.blurEffect(boxSize) else { return image }
95 | return remainTimes > 0 ? addBlurEffectTo(blurImage, boxSize: boxSize, remainTimes: remainTimes - 1) : image
/Users/admin/builder/spi-builder-workspace/Sources/SABlurImageView/SABlurImageView.swift:20:2: error: only classes that inherit from NSObject can be declared '@objc'
18 | import QuartzCore
19 |
20 | @objc open class SABlurImageView: ImageView {
| | `- note: inherit from 'NSObject' to silence this error
| `- error: only classes that inherit from NSObject can be declared '@objc'
21 | //MARK: - Static Properties
22 | private struct Const {
/Users/admin/builder/spi-builder-workspace/Sources/SABlurImageView/SABlurImageView.swift:164:1: error: cannot declare conformance to 'NSObjectProtocol' in Swift; 'SABlurImageView' should inherit 'NSObject' instead
162 | }
163 |
164 | extension SABlurImageView: CAAnimationDelegate {
| |- error: cannot declare conformance to 'NSObjectProtocol' in Swift; 'SABlurImageView' should inherit 'NSObject' instead
| `- note: add stubs for conformance
165 | open func animationDidStop(_ anim: CAAnimation, finished flag: Bool) {
166 | guard let _ = anim as? CAAnimationGroup else { return }
SwiftCompile normal arm64 /Users/admin/builder/spi-builder-workspace/Sources/SABlurImageView/SABlurImageView.swift (in target 'SABlurImageView' from project 'SABlurImageViews')
cd /Users/admin/builder/spi-builder-workspace/.swiftpm/xcode
builtin-SwiftPerFileCompile SABlurImageView.swift
PruneExplicitPrecompiledModules /Users/admin/builder/spi-builder-workspace/.derivedData/SDKExplicitPrecompiledModules
PruneExplicitPrecompiledModules /Users/admin/builder/spi-builder-workspace/.derivedData/Build/Intermediates.noindex/SwiftExplicitPrecompiledModules
PruneExplicitPrecompiledModules /Users/admin/builder/spi-builder-workspace/.derivedData/Build/Intermediates.noindex/ExplicitPrecompiledModules
2026-09-17 05:39:44.266 xcodebuild[696:4585] [MT] IDERunDestination: Supported platforms for the buildables in the current scheme is empty.
** BUILD FAILED **
The following build commands failed:
SwiftCompile normal arm64 (in target 'SABlurImageView' from project 'SABlurImageViews')
SwiftEmitModule normal arm64 Emitting\ module\ for\ SABlurImageView (in target 'SABlurImageView' from project 'SABlurImageViews')
Building workspace SABlurImageViews with scheme SABlurImageViews
(3 failures)
BUILD FAILURE 6.4 visionOS