Build Information
Failed to build zlib, reference v1.3.2 (f1d153), with Swift 6.1 for Wasm on 4 Sep 2026 09:11:05 UTC.
Build Command
bash -c docker run --pull=always --rm -v "checkouts-54344847-0":/host -w "$PWD" -e JAVA_HOME="/root/.sdkman/candidates/java/current" -e SPI_BUILD="1" -e SPI_PROCESSING="1" registry.gitlab.com/saguaro1/spi-images:wasm-6.1-latest swift build --swift-sdk wasm32-unknown-wasi 2>&1Build Log
========================================
RunAll
========================================
Builder version: 5.0.2
Interrupt handler set up.
========================================
Checkout
========================================
Clone URL: https://github.com/the-swift-collective/zlib.git
Reference: v1.3.2
Initialized empty Git repository in /host/spi-builder-workspace/.git/
hint: Using 'master' as the name for the initial branch. This default branch name
hint: is subject to change. To configure the initial branch name to use in all
hint: of your new repositories, which will suppress this warning, call:
hint:
hint: git config --global init.defaultBranch <name>
hint:
hint: Names commonly chosen instead of 'master' are 'main', 'trunk' and
hint: 'development'. The just-created branch can be renamed via this command:
hint:
hint: git branch -m <name>
From https://github.com/the-swift-collective/zlib
* tag v1.3.2 -> FETCH_HEAD
HEAD is now at f1d153b ci: Bump to Swift 6.1 on Windows to fix SDK bug
Submodule path 'zlib': checked out 'afcd7d6652aaa890e426a22ee327d508783d76c8'
Submodule 'zlib' (https://github.com/the-swift-collective/ZLibC.git) registered for path 'zlib'
Cloning into '/host/spi-builder-workspace/zlib'...
Cloned https://github.com/the-swift-collective/zlib.git
Revision (git rev-parse @):
f1d153b90420f9fcc6ef916cd67ea96f0e68d137
SUCCESS checkout https://github.com/the-swift-collective/zlib.git at v1.3.2
========================================
Build
========================================
Selected platform: wasm
Swift version: 6.1
Building package at path: $PWD
https://github.com/the-swift-collective/zlib.git
https://github.com/the-swift-collective/zlib.git
WARNING: environment variable SUPPRESS_SWIFT_6_FLAGS is not set
Running build ...
bash -c docker run --pull=always --rm -v "checkouts-54344847-0":/host -w "$PWD" -e JAVA_HOME="/root/.sdkman/candidates/java/current" -e SPI_BUILD="1" -e SPI_PROCESSING="1" registry.gitlab.com/saguaro1/spi-images:wasm-6.1-latest swift build --swift-sdk wasm32-unknown-wasi -Xswiftc -Xfrontend -Xswiftc -stats-output-dir -Xswiftc -Xfrontend -Xswiftc .stats -Xswiftc -strict-concurrency=complete -Xswiftc -enable-upcoming-feature -Xswiftc StrictConcurrency -Xswiftc -enable-upcoming-feature -Xswiftc DisableOutwardActorInference -Xswiftc -enable-upcoming-feature -Xswiftc GlobalActorIsolatedTypesUsability -Xswiftc -enable-upcoming-feature -Xswiftc InferSendableFromCaptures 2>&1
wasm-6.1-latest: Pulling from saguaro1/spi-images
Digest: sha256:290f441d1f5b7bf0dbbe61e8b7514208804cdcb507d57b3c762463ad036298f7
Status: Image is up to date for registry.gitlab.com/saguaro1/spi-images:wasm-6.1-latest
Building for debugging...
[0/17] Compiling ZLibC compress.c
/host/spi-builder-workspace/zlib/gzlib.c:245:9: error: call to undeclared function 'lseek'; ISO C99 and later do not support implicit function declarations [-Wimplicit-function-declaration]
245 | LSEEK(state->fd, 0, SEEK_END); /* so gzoffset() is correct */
| ^
/host/spi-builder-workspace/zlib/gzlib.c:15:17: note: expanded from macro 'LSEEK'
15 | # define LSEEK lseek
| ^
/host/spi-builder-workspace/zlib/gzlib.c:245:9: note: did you mean 'fseek'?
/host/spi-builder-workspace/zlib/gzlib.c:15:17: note: expanded from macro 'LSEEK'
15 | # define LSEEK lseek
| ^
/root/.swiftpm/swift-sdks/swift-wasm-6.1-RELEASE-wasm32-unknown-wasi.artifactbundle/6.1-RELEASE-wasm32-unknown-wasi/wasm32-unknown-wasi/WASI.sdk/include/wasm32-wasi/stdio.h:95:5: note: 'fseek' declared here
95 | int fseek(FILE *, long, int);
| ^
/host/spi-builder-workspace/zlib/gzlib.c:251:24: error: call to undeclared function 'lseek'; ISO C99 and later do not support implicit function declarations [-Wimplicit-function-declaration]
251 | state->start = LSEEK(state->fd, 0, SEEK_CUR);
| ^
/host/spi-builder-workspace/zlib/gzlib.c:15:17: note: expanded from macro 'LSEEK'
15 | # define LSEEK lseek
| ^
/host/spi-builder-workspace/zlib/gzlib.c:335:9: error: call to undeclared function 'lseek'; ISO C99 and later do not support implicit function declarations [-Wimplicit-function-declaration]
335 | if (LSEEK(state->fd, state->start, SEEK_SET) == -1)
| ^
/host/spi-builder-workspace/zlib/gzlib.c:15:17: note: expanded from macro 'LSEEK'
15 | # define LSEEK lseek
| ^
/host/spi-builder-workspace/zlib/gzlib.c:372:15: error: call to undeclared function 'lseek'; ISO C99 and later do not support implicit function declarations [-Wimplicit-function-declaration]
372 | ret = LSEEK(state->fd, offset - (z_off64_t)state->x.have, SEEK_CUR);
| ^
/host/spi-builder-workspace/zlib/gzlib.c:15:17: note: expanded from macro 'LSEEK'
15 | # define LSEEK lseek
| ^
/host/spi-builder-workspace/zlib/gzlib.c:458:14: error: call to undeclared function 'lseek'; ISO C99 and later do not support implicit function declarations [-Wimplicit-function-declaration]
458 | offset = LSEEK(state->fd, 0, SEEK_CUR);
| ^
/host/spi-builder-workspace/zlib/gzlib.c:15:17: note: expanded from macro 'LSEEK'
15 | # define LSEEK lseek
| ^
5 errors generated.
[1/17] Compiling ZLibC gzlib.c
[1/17] Compiling ZLibC zutil.c
/host/spi-builder-workspace/zlib/gzread.c:22:15: error: call to undeclared function 'read'; ISO C99 and later do not support implicit function declarations [-Wimplicit-function-declaration]
22 | ret = read(state->fd, buf + *have, get);
| ^
/host/spi-builder-workspace/zlib/gzread.c:22:15: note: did you mean 'fread'?
/root/.swiftpm/swift-sdks/swift-wasm-6.1-RELEASE-wasm32-unknown-wasi.artifactbundle/6.1-RELEASE-wasm32-unknown-wasi/wasm32-unknown-wasi/WASI.sdk/include/wasm32-wasi/stdio.h:102:8: note: 'fread' declared here
102 | size_t fread(void *__restrict, size_t, size_t, FILE *__restrict);
| ^
/host/spi-builder-workspace/zlib/gzread.c:600:11: error: call to undeclared function 'close'; ISO C99 and later do not support implicit function declarations [-Wimplicit-function-declaration]
600 | ret = close(state->fd);
| ^
/host/spi-builder-workspace/zlib/gzread.c:600:11: note: did you mean 'fclose'?
/root/.swiftpm/swift-sdks/swift-wasm-6.1-RELEASE-wasm32-unknown-wasi.artifactbundle/6.1-RELEASE-wasm32-unknown-wasi/wasm32-unknown-wasi/WASI.sdk/include/wasm32-wasi/stdio.h:85:5: note: 'fclose' declared here
85 | int fclose(FILE *);
| ^
[1/17] Compiling ZLibC gzread.c
[1/17] Compiling ZLibC uncompr.c
[1/17] Compiling ZLibC deflate.c
[1/17] Compiling ZLibC crc32.c
[1/17] Compiling ZLibC gzclose.c
[1/17] Write swift-version-24593BA9C3E375BF.txt
Running build ...
bash -c docker run --pull=always --rm -v "checkouts-54344847-0":/host -w "$PWD" -e JAVA_HOME="/root/.sdkman/candidates/java/current" -e SPI_BUILD="1" -e SPI_PROCESSING="1" registry.gitlab.com/saguaro1/spi-images:wasm-6.1-latest swift build --swift-sdk wasm32-unknown-wasi 2>&1
wasm-6.1-latest: Pulling from saguaro1/spi-images
Digest: sha256:290f441d1f5b7bf0dbbe61e8b7514208804cdcb507d57b3c762463ad036298f7
Status: Image is up to date for registry.gitlab.com/saguaro1/spi-images:wasm-6.1-latest
[0/1] Planning build
Building for debugging...
[0/16] Compiling ZLibC uncompr.c
[1/16] Compiling ZLibC inftrees.c
[2/16] Compiling ZLibC inffast.c
[3/16] Compiling ZLibC infback.c
/host/spi-builder-workspace/zlib/gzread.c:22:15: error: call to undeclared function 'read'; ISO C99 and later do not support implicit function declarations [-Wimplicit-function-declaration]
22 | ret = read(state->fd, buf + *have, get);
| ^
/host/spi-builder-workspace/zlib/gzread.c:22:15: note: did you mean 'fread'?
/root/.swiftpm/swift-sdks/swift-wasm-6.1-RELEASE-wasm32-unknown-wasi.artifactbundle/6.1-RELEASE-wasm32-unknown-wasi/wasm32-unknown-wasi/WASI.sdk/include/wasm32-wasi/stdio.h:102:8: note: 'fread' declared here
102 | size_t fread(void *__restrict, size_t, size_t, FILE *__restrict);
| ^
/host/spi-builder-workspace/zlib/gzread.c:600:11: error: call to undeclared function 'close'; ISO C99 and later do not support implicit function declarations [-Wimplicit-function-declaration]
600 | ret = close(state->fd);
| ^
/host/spi-builder-workspace/zlib/gzread.c:600:11: note: did you mean 'fclose'?
/root/.swiftpm/swift-sdks/swift-wasm-6.1-RELEASE-wasm32-unknown-wasi.artifactbundle/6.1-RELEASE-wasm32-unknown-wasi/wasm32-unknown-wasi/WASI.sdk/include/wasm32-wasi/stdio.h:85:5: note: 'fclose' declared here
85 | int fclose(FILE *);
| ^
2 errors generated.
[4/16] Compiling ZLibC gzread.c
/host/spi-builder-workspace/zlib/gzwrite.c:78:20: error: call to undeclared function 'write'; ISO C99 and later do not support implicit function declarations [-Wimplicit-function-declaration]
78 | writ = write(state->fd, strm->next_in, put);
| ^
/host/spi-builder-workspace/zlib/gzwrite.c:78:20: note: did you mean 'fwrite'?
/root/.swiftpm/swift-sdks/swift-wasm-6.1-RELEASE-wasm32-unknown-wasi.artifactbundle/6.1-RELEASE-wasm32-unknown-wasi/wasm32-unknown-wasi/WASI.sdk/include/wasm32-wasi/stdio.h:103:8: note: 'fwrite' declared here
103 | size_t fwrite(const void *__restrict, size_t, size_t, FILE *__restrict);
| ^
/host/spi-builder-workspace/zlib/gzwrite.c:108:24: error: call to undeclared function 'write'; ISO C99 and later do not support implicit function declarations [-Wimplicit-function-declaration]
108 | writ = write(state->fd, state->x.next, put);
| ^
/host/spi-builder-workspace/zlib/gzwrite.c:627:9: error: call to undeclared function 'close'; ISO C99 and later do not support implicit function declarations [-Wimplicit-function-declaration]
627 | if (close(state->fd) == -1)
| ^
/host/spi-builder-workspace/zlib/gzwrite.c:627:9: note: did you mean 'fclose'?
/root/.swiftpm/swift-sdks/swift-wasm-6.1-RELEASE-wasm32-unknown-wasi.artifactbundle/6.1-RELEASE-wasm32-unknown-wasi/wasm32-unknown-wasi/WASI.sdk/include/wasm32-wasi/stdio.h:85:5: note: 'fclose' declared here
85 | int fclose(FILE *);
| ^
3 errors generated.
[4/16] Compiling ZLibC gzwrite.c
[4/16] Compiling ZLibC gzclose.c
[4/16] Compiling ZLibC trees.c
[4/16] Compiling ZLibC inflate.c
/host/spi-builder-workspace/zlib/gzlib.c:245:9: error: call to undeclared function 'lseek'; ISO C99 and later do not support implicit function declarations [-Wimplicit-function-declaration]
245 | LSEEK(state->fd, 0, SEEK_END); /* so gzoffset() is correct */
| ^
/host/spi-builder-workspace/zlib/gzlib.c:15:17: note: expanded from macro 'LSEEK'
15 | # define LSEEK lseek
| ^
/host/spi-builder-workspace/zlib/gzlib.c:245:9: note: did you mean 'fseek'?
/host/spi-builder-workspace/zlib/gzlib.c:15:17: note: expanded from macro 'LSEEK'
15 | # define LSEEK lseek
| ^
/root/.swiftpm/swift-sdks/swift-wasm-6.1-RELEASE-wasm32-unknown-wasi.artifactbundle/6.1-RELEASE-wasm32-unknown-wasi/wasm32-unknown-wasi/WASI.sdk/include/wasm32-wasi/stdio.h:95:5: note: 'fseek' declared here
95 | int fseek(FILE *, long, int);
| ^
/host/spi-builder-workspace/zlib/gzlib.c:251:24: error: call to undeclared function 'lseek'; ISO C99 and later do not support implicit function declarations [-Wimplicit-function-declaration]
251 | state->start = LSEEK(state->fd, 0, SEEK_CUR);
| ^
/host/spi-builder-workspace/zlib/gzlib.c:15:17: note: expanded from macro 'LSEEK'
15 | # define LSEEK lseek
| ^
/host/spi-builder-workspace/zlib/gzlib.c:335:9: error: call to undeclared function 'lseek'; ISO C99 and later do not support implicit function declarations [-Wimplicit-function-declaration]
335 | if (LSEEK(state->fd, state->start, SEEK_SET) == -1)
| ^
/host/spi-builder-workspace/zlib/gzlib.c:15:17: note: expanded from macro 'LSEEK'
15 | # define LSEEK lseek
| ^
/host/spi-builder-workspace/zlib/gzlib.c:372:15: error: call to undeclared function 'lseek'; ISO C99 and later do not support implicit function declarations [-Wimplicit-function-declaration]
372 | ret = LSEEK(state->fd, offset - (z_off64_t)state->x.have, SEEK_CUR);
| ^
/host/spi-builder-workspace/zlib/gzlib.c:15:17: note: expanded from macro 'LSEEK'
15 | # define LSEEK lseek
| ^
/host/spi-builder-workspace/zlib/gzlib.c:458:14: error: call to undeclared function 'lseek'; ISO C99 and later do not support implicit function declarations [-Wimplicit-function-declaration]
458 | offset = LSEEK(state->fd, 0, SEEK_CUR);
| ^
/host/spi-builder-workspace/zlib/gzlib.c:15:17: note: expanded from macro 'LSEEK'
15 | # define LSEEK lseek
| ^
[4/16] Compiling ZLibC gzlib.c
[4/16] Compiling ZLibC zutil.c
[4/16] Write swift-version-24593BA9C3E375BF.txt
BUILD FAILURE 6.1 wasm