Build Information
Failed to build AdversaryLabClientSwift, reference 0.3.17 (515c10), with Swift 6.4 for watchOS using Xcode 27.0 on 19 Sep 2026 09:51:02 UTC.
Build Command
env DEVELOPER_DIR=/Applications/Xcode-27.0.0-Release.Candidate.app xcrun xcodebuild -IDEClonedSourcePackagesDirPathOverride=$PWD/.dependencies -skipMacroValidation -skipPackagePluginValidation -derivedDataPath $PWD/.derivedData build -scheme AdversaryLabClientSwift-Package -destination generic/platform=watchOSBuild Log
SwiftCompile normal arm64_32 /Users/admin/builder/spi-builder-workspace/.dependencies/checkouts/swift-ast/Sources/AST/Expression/AssignmentOperatorExpression.swift (in target 'AST' from project 'swift-ast')
cd /Users/admin/builder/spi-builder-workspace/.swiftpm/xcode
builtin-SwiftPerFileCompile AssignmentOperatorExpression.swift
SwiftCompile normal arm64_32 /Users/admin/builder/spi-builder-workspace/.dependencies/checkouts/swift-ast/Sources/AST/Expression/BinaryOperatorExpression.swift (in target 'AST' from project 'swift-ast')
cd /Users/admin/builder/spi-builder-workspace/.swiftpm/xcode
builtin-SwiftPerFileCompile BinaryOperatorExpression.swift
SwiftCompile normal arm64_32 /Users/admin/builder/spi-builder-workspace/.dependencies/checkouts/swift-ast/Sources/AST/Expression/ClosureExpression.swift (in target 'AST' from project 'swift-ast')
cd /Users/admin/builder/spi-builder-workspace/.swiftpm/xcode
builtin-SwiftPerFileCompile ClosureExpression.swift
SwiftCompile normal arm64_32 /Users/admin/builder/spi-builder-workspace/.dependencies/checkouts/swift-ast/Sources/AST/Expression/ExplicitMemberExpression.swift (in target 'AST' from project 'swift-ast')
cd /Users/admin/builder/spi-builder-workspace/.swiftpm/xcode
builtin-SwiftPerFileCompile ExplicitMemberExpression.swift
SwiftCompile normal arm64_32 /Users/admin/builder/spi-builder-workspace/.dependencies/checkouts/swift-ast/Sources/AST/Expression/ForcedValueExpression.swift (in target 'AST' from project 'swift-ast')
cd /Users/admin/builder/spi-builder-workspace/.swiftpm/xcode
builtin-SwiftPerFileCompile ForcedValueExpression.swift
SwiftCompile normal arm64_32 /Users/admin/builder/spi-builder-workspace/.dependencies/checkouts/swift-ast/Sources/AST/Expression/FunctionCallExpression.swift (in target 'AST' from project 'swift-ast')
cd /Users/admin/builder/spi-builder-workspace/.swiftpm/xcode
builtin-SwiftPerFileCompile FunctionCallExpression.swift
SwiftCompile normal arm64_32 /Users/admin/builder/spi-builder-workspace/.dependencies/checkouts/swift-ast/Sources/AST/Expression/IdentifierExpression.swift (in target 'AST' from project 'swift-ast')
cd /Users/admin/builder/spi-builder-workspace/.swiftpm/xcode
builtin-SwiftPerFileCompile IdentifierExpression.swift
SwiftCompile normal arm64_32 /Users/admin/builder/spi-builder-workspace/.dependencies/checkouts/swift-ast/Sources/AST/Expression/ImplicitMemberExpression.swift (in target 'AST' from project 'swift-ast')
cd /Users/admin/builder/spi-builder-workspace/.swiftpm/xcode
builtin-SwiftPerFileCompile ImplicitMemberExpression.swift
SwiftCompile normal arm64_32 /Users/admin/builder/spi-builder-workspace/.dependencies/checkouts/swift-ast/Sources/AST/Expression/InOutExpression.swift (in target 'AST' from project 'swift-ast')
cd /Users/admin/builder/spi-builder-workspace/.swiftpm/xcode
builtin-SwiftPerFileCompile InOutExpression.swift
SwiftCompile normal arm64_32 /Users/admin/builder/spi-builder-workspace/.dependencies/checkouts/swift-ast/Sources/AST/Expression/InitializerExpression.swift (in target 'AST' from project 'swift-ast')
cd /Users/admin/builder/spi-builder-workspace/.swiftpm/xcode
builtin-SwiftPerFileCompile InitializerExpression.swift
SwiftCompile normal arm64_32 /Users/admin/builder/spi-builder-workspace/.dependencies/checkouts/swift-ast/Sources/AST/Expression/KeyPathExpression.swift (in target 'AST' from project 'swift-ast')
cd /Users/admin/builder/spi-builder-workspace/.swiftpm/xcode
builtin-SwiftPerFileCompile KeyPathExpression.swift
SwiftCompile normal arm64_32 /Users/admin/builder/spi-builder-workspace/.dependencies/checkouts/swift-ast/Sources/AST/Expression/KeyPathStringExpression.swift (in target 'AST' from project 'swift-ast')
cd /Users/admin/builder/spi-builder-workspace/.swiftpm/xcode
builtin-SwiftPerFileCompile KeyPathStringExpression.swift
SwiftDriverJobDiscovery normal arm64 Compiling FunctionType.swift, ImplicitlyUnwrappedOptionalType.swift, MetatypeType.swift, OpaqueType.swift, OptionalType.swift, ProtocolCompositionType.swift, SelfType.swift, TupleType.swift, TypeAnnotation.swift, TypeIdentifier.swift, TypeInheritanceClause.swift, Version.swift (in target 'AST' from project 'swift-ast')
SwiftCompile normal arm64_32 Compiling\ RepeatWhileStatement.swift,\ ReturnStatement.swift,\ SwitchStatement.swift,\ ThrowStatement.swift,\ WhileStatement.swift,\ Statements.swift,\ ThrowsKind.swift,\ TopLevelDeclaration.swift,\ Type.swift,\ AnyType.swift,\ ArrayType.swift,\ DictionaryType.swift /Users/admin/builder/spi-builder-workspace/.dependencies/checkouts/swift-ast/Sources/AST/Statement/RepeatWhileStatement.swift /Users/admin/builder/spi-builder-workspace/.dependencies/checkouts/swift-ast/Sources/AST/Statement/ReturnStatement.swift /Users/admin/builder/spi-builder-workspace/.dependencies/checkouts/swift-ast/Sources/AST/Statement/SwitchStatement.swift /Users/admin/builder/spi-builder-workspace/.dependencies/checkouts/swift-ast/Sources/AST/Statement/ThrowStatement.swift /Users/admin/builder/spi-builder-workspace/.dependencies/checkouts/swift-ast/Sources/AST/Statement/WhileStatement.swift /Users/admin/builder/spi-builder-workspace/.dependencies/checkouts/swift-ast/Sources/AST/Statements.swift /Users/admin/builder/spi-builder-workspace/.dependencies/checkouts/swift-ast/Sources/AST/ThrowsKind.swift /Users/admin/builder/spi-builder-workspace/.dependencies/checkouts/swift-ast/Sources/AST/TopLevelDeclaration.swift /Users/admin/builder/spi-builder-workspace/.dependencies/checkouts/swift-ast/Sources/AST/Type.swift /Users/admin/builder/spi-builder-workspace/.dependencies/checkouts/swift-ast/Sources/AST/Type/AnyType.swift /Users/admin/builder/spi-builder-workspace/.dependencies/checkouts/swift-ast/Sources/AST/Type/ArrayType.swift /Users/admin/builder/spi-builder-workspace/.dependencies/checkouts/swift-ast/Sources/AST/Type/DictionaryType.swift (in target 'AST' from project 'swift-ast')
SwiftCompile normal arm64_32 /Users/admin/builder/spi-builder-workspace/.dependencies/checkouts/swift-ast/Sources/AST/Statement/RepeatWhileStatement.swift (in target 'AST' from project 'swift-ast')
cd /Users/admin/builder/spi-builder-workspace/.swiftpm/xcode
builtin-SwiftPerFileCompile RepeatWhileStatement.swift
SwiftCompile normal arm64_32 /Users/admin/builder/spi-builder-workspace/.dependencies/checkouts/swift-ast/Sources/AST/Statement/ReturnStatement.swift (in target 'AST' from project 'swift-ast')
cd /Users/admin/builder/spi-builder-workspace/.swiftpm/xcode
builtin-SwiftPerFileCompile ReturnStatement.swift
SwiftCompile normal arm64_32 /Users/admin/builder/spi-builder-workspace/.dependencies/checkouts/swift-ast/Sources/AST/Statement/SwitchStatement.swift (in target 'AST' from project 'swift-ast')
cd /Users/admin/builder/spi-builder-workspace/.swiftpm/xcode
builtin-SwiftPerFileCompile SwitchStatement.swift
SwiftCompile normal arm64_32 /Users/admin/builder/spi-builder-workspace/.dependencies/checkouts/swift-ast/Sources/AST/Statement/ThrowStatement.swift (in target 'AST' from project 'swift-ast')
cd /Users/admin/builder/spi-builder-workspace/.swiftpm/xcode
builtin-SwiftPerFileCompile ThrowStatement.swift
SwiftCompile normal arm64_32 /Users/admin/builder/spi-builder-workspace/.dependencies/checkouts/swift-ast/Sources/AST/Statement/WhileStatement.swift (in target 'AST' from project 'swift-ast')
cd /Users/admin/builder/spi-builder-workspace/.swiftpm/xcode
builtin-SwiftPerFileCompile WhileStatement.swift
SwiftCompile normal arm64_32 /Users/admin/builder/spi-builder-workspace/.dependencies/checkouts/swift-ast/Sources/AST/Statements.swift (in target 'AST' from project 'swift-ast')
cd /Users/admin/builder/spi-builder-workspace/.swiftpm/xcode
builtin-SwiftPerFileCompile Statements.swift
SwiftCompile normal arm64_32 /Users/admin/builder/spi-builder-workspace/.dependencies/checkouts/swift-ast/Sources/AST/ThrowsKind.swift (in target 'AST' from project 'swift-ast')
cd /Users/admin/builder/spi-builder-workspace/.swiftpm/xcode
builtin-SwiftPerFileCompile ThrowsKind.swift
SwiftCompile normal arm64_32 /Users/admin/builder/spi-builder-workspace/.dependencies/checkouts/swift-ast/Sources/AST/TopLevelDeclaration.swift (in target 'AST' from project 'swift-ast')
cd /Users/admin/builder/spi-builder-workspace/.swiftpm/xcode
builtin-SwiftPerFileCompile TopLevelDeclaration.swift
SwiftCompile normal arm64_32 /Users/admin/builder/spi-builder-workspace/.dependencies/checkouts/swift-ast/Sources/AST/Type.swift (in target 'AST' from project 'swift-ast')
cd /Users/admin/builder/spi-builder-workspace/.swiftpm/xcode
builtin-SwiftPerFileCompile Type.swift
SwiftCompile normal arm64_32 /Users/admin/builder/spi-builder-workspace/.dependencies/checkouts/swift-ast/Sources/AST/Type/AnyType.swift (in target 'AST' from project 'swift-ast')
cd /Users/admin/builder/spi-builder-workspace/.swiftpm/xcode
builtin-SwiftPerFileCompile AnyType.swift
SwiftCompile normal arm64_32 /Users/admin/builder/spi-builder-workspace/.dependencies/checkouts/swift-ast/Sources/AST/Type/ArrayType.swift (in target 'AST' from project 'swift-ast')
cd /Users/admin/builder/spi-builder-workspace/.swiftpm/xcode
builtin-SwiftPerFileCompile ArrayType.swift
SwiftCompile normal arm64_32 /Users/admin/builder/spi-builder-workspace/.dependencies/checkouts/swift-ast/Sources/AST/Type/DictionaryType.swift (in target 'AST' from project 'swift-ast')
cd /Users/admin/builder/spi-builder-workspace/.swiftpm/xcode
builtin-SwiftPerFileCompile DictionaryType.swift
SwiftDriverJobDiscovery normal arm64_32 Compiling FunctionType.swift, ImplicitlyUnwrappedOptionalType.swift, MetatypeType.swift, OpaqueType.swift, OptionalType.swift, ProtocolCompositionType.swift, SelfType.swift, TupleType.swift, TypeAnnotation.swift, TypeIdentifier.swift, TypeInheritanceClause.swift, Version.swift (in target 'AST' from project 'swift-ast')
SwiftCompile normal arm64_32 Compiling\ ASTNode.swift,\ ASTNodeContext.swift,\ ASTTextRepresentable.swift,\ ASTUnit.swift,\ ASTUnitCollection.swift,\ ASTVisitor+Traversal.swift,\ ASTVisitor.swift,\ Attribute.swift,\ Attributes.swift,\ CodeBlock.swift,\ Declaration.swift,\ GetterSetterBlock.swift,\ GetterSetterKeywordBlock.swift /Users/admin/builder/spi-builder-workspace/.dependencies/checkouts/swift-ast/Sources/AST/ASTNode.swift /Users/admin/builder/spi-builder-workspace/.dependencies/checkouts/swift-ast/Sources/AST/ASTNodeContext.swift /Users/admin/builder/spi-builder-workspace/.dependencies/checkouts/swift-ast/Sources/AST/ASTTextRepresentable.swift /Users/admin/builder/spi-builder-workspace/.dependencies/checkouts/swift-ast/Sources/AST/ASTUnit.swift /Users/admin/builder/spi-builder-workspace/.dependencies/checkouts/swift-ast/Sources/AST/ASTUnitCollection.swift /Users/admin/builder/spi-builder-workspace/.dependencies/checkouts/swift-ast/Sources/AST/ASTVisitor+Traversal.swift /Users/admin/builder/spi-builder-workspace/.dependencies/checkouts/swift-ast/Sources/AST/ASTVisitor.swift /Users/admin/builder/spi-builder-workspace/.dependencies/checkouts/swift-ast/Sources/AST/Attribute.swift /Users/admin/builder/spi-builder-workspace/.dependencies/checkouts/swift-ast/Sources/AST/Attributes.swift /Users/admin/builder/spi-builder-workspace/.dependencies/checkouts/swift-ast/Sources/AST/CodeBlock.swift /Users/admin/builder/spi-builder-workspace/.dependencies/checkouts/swift-ast/Sources/AST/Declaration.swift /Users/admin/builder/spi-builder-workspace/.dependencies/checkouts/swift-ast/Sources/AST/Declaration/Block/GetterSetterBlock.swift /Users/admin/builder/spi-builder-workspace/.dependencies/checkouts/swift-ast/Sources/AST/Declaration/Block/GetterSetterKeywordBlock.swift (in target 'AST' from project 'swift-ast')
SwiftCompile normal arm64_32 /Users/admin/builder/spi-builder-workspace/.dependencies/checkouts/swift-ast/Sources/AST/ASTNode.swift (in target 'AST' from project 'swift-ast')
cd /Users/admin/builder/spi-builder-workspace/.swiftpm/xcode
builtin-SwiftPerFileCompile ASTNode.swift
SwiftCompile normal arm64_32 /Users/admin/builder/spi-builder-workspace/.dependencies/checkouts/swift-ast/Sources/AST/ASTNodeContext.swift (in target 'AST' from project 'swift-ast')
cd /Users/admin/builder/spi-builder-workspace/.swiftpm/xcode
builtin-SwiftPerFileCompile ASTNodeContext.swift
SwiftCompile normal arm64_32 /Users/admin/builder/spi-builder-workspace/.dependencies/checkouts/swift-ast/Sources/AST/ASTTextRepresentable.swift (in target 'AST' from project 'swift-ast')
cd /Users/admin/builder/spi-builder-workspace/.swiftpm/xcode
builtin-SwiftPerFileCompile ASTTextRepresentable.swift
SwiftCompile normal arm64_32 /Users/admin/builder/spi-builder-workspace/.dependencies/checkouts/swift-ast/Sources/AST/ASTUnit.swift (in target 'AST' from project 'swift-ast')
cd /Users/admin/builder/spi-builder-workspace/.swiftpm/xcode
builtin-SwiftPerFileCompile ASTUnit.swift
SwiftCompile normal arm64_32 /Users/admin/builder/spi-builder-workspace/.dependencies/checkouts/swift-ast/Sources/AST/ASTUnitCollection.swift (in target 'AST' from project 'swift-ast')
cd /Users/admin/builder/spi-builder-workspace/.swiftpm/xcode
builtin-SwiftPerFileCompile ASTUnitCollection.swift
SwiftCompile normal arm64_32 /Users/admin/builder/spi-builder-workspace/.dependencies/checkouts/swift-ast/Sources/AST/ASTVisitor+Traversal.swift (in target 'AST' from project 'swift-ast')
cd /Users/admin/builder/spi-builder-workspace/.swiftpm/xcode
builtin-SwiftPerFileCompile ASTVisitor+Traversal.swift
SwiftCompile normal arm64_32 /Users/admin/builder/spi-builder-workspace/.dependencies/checkouts/swift-ast/Sources/AST/ASTVisitor.swift (in target 'AST' from project 'swift-ast')
cd /Users/admin/builder/spi-builder-workspace/.swiftpm/xcode
builtin-SwiftPerFileCompile ASTVisitor.swift
SwiftCompile normal arm64_32 /Users/admin/builder/spi-builder-workspace/.dependencies/checkouts/swift-ast/Sources/AST/Attribute.swift (in target 'AST' from project 'swift-ast')
cd /Users/admin/builder/spi-builder-workspace/.swiftpm/xcode
builtin-SwiftPerFileCompile Attribute.swift
SwiftCompile normal arm64_32 /Users/admin/builder/spi-builder-workspace/.dependencies/checkouts/swift-ast/Sources/AST/Attributes.swift (in target 'AST' from project 'swift-ast')
cd /Users/admin/builder/spi-builder-workspace/.swiftpm/xcode
builtin-SwiftPerFileCompile Attributes.swift
SwiftCompile normal arm64_32 /Users/admin/builder/spi-builder-workspace/.dependencies/checkouts/swift-ast/Sources/AST/CodeBlock.swift (in target 'AST' from project 'swift-ast')
cd /Users/admin/builder/spi-builder-workspace/.swiftpm/xcode
builtin-SwiftPerFileCompile CodeBlock.swift
SwiftCompile normal arm64_32 /Users/admin/builder/spi-builder-workspace/.dependencies/checkouts/swift-ast/Sources/AST/Declaration.swift (in target 'AST' from project 'swift-ast')
cd /Users/admin/builder/spi-builder-workspace/.swiftpm/xcode
builtin-SwiftPerFileCompile Declaration.swift
SwiftCompile normal arm64_32 /Users/admin/builder/spi-builder-workspace/.dependencies/checkouts/swift-ast/Sources/AST/Declaration/Block/GetterSetterBlock.swift (in target 'AST' from project 'swift-ast')
cd /Users/admin/builder/spi-builder-workspace/.swiftpm/xcode
builtin-SwiftPerFileCompile GetterSetterBlock.swift
SwiftCompile normal arm64_32 /Users/admin/builder/spi-builder-workspace/.dependencies/checkouts/swift-ast/Sources/AST/Declaration/Block/GetterSetterKeywordBlock.swift (in target 'AST' from project 'swift-ast')
cd /Users/admin/builder/spi-builder-workspace/.swiftpm/xcode
builtin-SwiftPerFileCompile GetterSetterKeywordBlock.swift
SwiftDriverJobDiscovery normal arm64 Compiling AssignmentOperatorExpression.swift, BinaryOperatorExpression.swift, ClosureExpression.swift, ExplicitMemberExpression.swift, ForcedValueExpression.swift, FunctionCallExpression.swift, IdentifierExpression.swift, ImplicitMemberExpression.swift, InOutExpression.swift, InitializerExpression.swift, KeyPathExpression.swift, KeyPathStringExpression.swift (in target 'AST' from project 'swift-ast')
SwiftCompile normal arm64_32 Compiling\ AccessLevelModifier.swift,\ DeclarationModifier.swift,\ DeclarationModifiers.swift,\ MutationModifier.swift,\ OperatorDeclaration.swift,\ PrecedenceGroupDeclaration.swift,\ ProtocolDeclaration.swift,\ StructDeclaration.swift,\ SubscriptDeclaration.swift,\ TypealiasDeclaration.swift,\ VariableDeclaration.swift,\ Expression.swift /Users/admin/builder/spi-builder-workspace/.dependencies/checkouts/swift-ast/Sources/AST/Declaration/Modifier/AccessLevelModifier.swift /Users/admin/builder/spi-builder-workspace/.dependencies/checkouts/swift-ast/Sources/AST/Declaration/Modifier/DeclarationModifier.swift /Users/admin/builder/spi-builder-workspace/.dependencies/checkouts/swift-ast/Sources/AST/Declaration/Modifier/DeclarationModifiers.swift /Users/admin/builder/spi-builder-workspace/.dependencies/checkouts/swift-ast/Sources/AST/Declaration/Modifier/MutationModifier.swift /Users/admin/builder/spi-builder-workspace/.dependencies/checkouts/swift-ast/Sources/AST/Declaration/OperatorDeclaration.swift /Users/admin/builder/spi-builder-workspace/.dependencies/checkouts/swift-ast/Sources/AST/Declaration/PrecedenceGroupDeclaration.swift /Users/admin/builder/spi-builder-workspace/.dependencies/checkouts/swift-ast/Sources/AST/Declaration/ProtocolDeclaration.swift /Users/admin/builder/spi-builder-workspace/.dependencies/checkouts/swift-ast/Sources/AST/Declaration/StructDeclaration.swift /Users/admin/builder/spi-builder-workspace/.dependencies/checkouts/swift-ast/Sources/AST/Declaration/SubscriptDeclaration.swift /Users/admin/builder/spi-builder-workspace/.dependencies/checkouts/swift-ast/Sources/AST/Declaration/TypealiasDeclaration.swift /Users/admin/builder/spi-builder-workspace/.dependencies/checkouts/swift-ast/Sources/AST/Declaration/VariableDeclaration.swift /Users/admin/builder/spi-builder-workspace/.dependencies/checkouts/swift-ast/Sources/AST/Expression.swift (in target 'AST' from project 'swift-ast')
SwiftCompile normal arm64_32 /Users/admin/builder/spi-builder-workspace/.dependencies/checkouts/swift-ast/Sources/AST/Declaration/Modifier/AccessLevelModifier.swift (in target 'AST' from project 'swift-ast')
cd /Users/admin/builder/spi-builder-workspace/.swiftpm/xcode
builtin-SwiftPerFileCompile AccessLevelModifier.swift
SwiftCompile normal arm64_32 /Users/admin/builder/spi-builder-workspace/.dependencies/checkouts/swift-ast/Sources/AST/Declaration/Modifier/DeclarationModifier.swift (in target 'AST' from project 'swift-ast')
cd /Users/admin/builder/spi-builder-workspace/.swiftpm/xcode
builtin-SwiftPerFileCompile DeclarationModifier.swift
SwiftCompile normal arm64_32 /Users/admin/builder/spi-builder-workspace/.dependencies/checkouts/swift-ast/Sources/AST/Declaration/Modifier/DeclarationModifiers.swift (in target 'AST' from project 'swift-ast')
cd /Users/admin/builder/spi-builder-workspace/.swiftpm/xcode
builtin-SwiftPerFileCompile DeclarationModifiers.swift
SwiftCompile normal arm64_32 /Users/admin/builder/spi-builder-workspace/.dependencies/checkouts/swift-ast/Sources/AST/Declaration/Modifier/MutationModifier.swift (in target 'AST' from project 'swift-ast')
cd /Users/admin/builder/spi-builder-workspace/.swiftpm/xcode
builtin-SwiftPerFileCompile MutationModifier.swift
SwiftCompile normal arm64_32 /Users/admin/builder/spi-builder-workspace/.dependencies/checkouts/swift-ast/Sources/AST/Declaration/OperatorDeclaration.swift (in target 'AST' from project 'swift-ast')
cd /Users/admin/builder/spi-builder-workspace/.swiftpm/xcode
builtin-SwiftPerFileCompile OperatorDeclaration.swift
SwiftCompile normal arm64_32 /Users/admin/builder/spi-builder-workspace/.dependencies/checkouts/swift-ast/Sources/AST/Declaration/PrecedenceGroupDeclaration.swift (in target 'AST' from project 'swift-ast')
cd /Users/admin/builder/spi-builder-workspace/.swiftpm/xcode
builtin-SwiftPerFileCompile PrecedenceGroupDeclaration.swift
SwiftCompile normal arm64_32 /Users/admin/builder/spi-builder-workspace/.dependencies/checkouts/swift-ast/Sources/AST/Declaration/ProtocolDeclaration.swift (in target 'AST' from project 'swift-ast')
cd /Users/admin/builder/spi-builder-workspace/.swiftpm/xcode
builtin-SwiftPerFileCompile ProtocolDeclaration.swift
SwiftCompile normal arm64_32 /Users/admin/builder/spi-builder-workspace/.dependencies/checkouts/swift-ast/Sources/AST/Declaration/StructDeclaration.swift (in target 'AST' from project 'swift-ast')
cd /Users/admin/builder/spi-builder-workspace/.swiftpm/xcode
builtin-SwiftPerFileCompile StructDeclaration.swift
SwiftCompile normal arm64_32 /Users/admin/builder/spi-builder-workspace/.dependencies/checkouts/swift-ast/Sources/AST/Declaration/SubscriptDeclaration.swift (in target 'AST' from project 'swift-ast')
cd /Users/admin/builder/spi-builder-workspace/.swiftpm/xcode
builtin-SwiftPerFileCompile SubscriptDeclaration.swift
SwiftCompile normal arm64_32 /Users/admin/builder/spi-builder-workspace/.dependencies/checkouts/swift-ast/Sources/AST/Declaration/TypealiasDeclaration.swift (in target 'AST' from project 'swift-ast')
cd /Users/admin/builder/spi-builder-workspace/.swiftpm/xcode
builtin-SwiftPerFileCompile TypealiasDeclaration.swift
SwiftCompile normal arm64_32 /Users/admin/builder/spi-builder-workspace/.dependencies/checkouts/swift-ast/Sources/AST/Declaration/VariableDeclaration.swift (in target 'AST' from project 'swift-ast')
cd /Users/admin/builder/spi-builder-workspace/.swiftpm/xcode
builtin-SwiftPerFileCompile VariableDeclaration.swift
SwiftCompile normal arm64_32 /Users/admin/builder/spi-builder-workspace/.dependencies/checkouts/swift-ast/Sources/AST/Expression.swift (in target 'AST' from project 'swift-ast')
cd /Users/admin/builder/spi-builder-workspace/.swiftpm/xcode
builtin-SwiftPerFileCompile Expression.swift
SwiftDriverJobDiscovery normal arm64 Compiling WillSetDidSetBlock.swift, ClassDeclaration.swift, ConstantDeclaration.swift, DeinitializerDeclaration.swift, EnumDeclaration.swift, ExtensionDeclaration.swift, FunctionResult.swift, FunctionSignature.swift, FunctionDeclaration.swift, ImportDeclaration.swift, PatternInitializer.swift, InitializerDeclaration.swift (in target 'AST' from project 'swift-ast')
SwiftCompile normal arm64 Compiling\ RepeatWhileStatement.swift,\ ReturnStatement.swift,\ SwitchStatement.swift,\ ThrowStatement.swift,\ WhileStatement.swift,\ Statements.swift,\ ThrowsKind.swift,\ TopLevelDeclaration.swift,\ Type.swift,\ AnyType.swift,\ ArrayType.swift,\ DictionaryType.swift /Users/admin/builder/spi-builder-workspace/.dependencies/checkouts/swift-ast/Sources/AST/Statement/RepeatWhileStatement.swift /Users/admin/builder/spi-builder-workspace/.dependencies/checkouts/swift-ast/Sources/AST/Statement/ReturnStatement.swift /Users/admin/builder/spi-builder-workspace/.dependencies/checkouts/swift-ast/Sources/AST/Statement/SwitchStatement.swift /Users/admin/builder/spi-builder-workspace/.dependencies/checkouts/swift-ast/Sources/AST/Statement/ThrowStatement.swift /Users/admin/builder/spi-builder-workspace/.dependencies/checkouts/swift-ast/Sources/AST/Statement/WhileStatement.swift /Users/admin/builder/spi-builder-workspace/.dependencies/checkouts/swift-ast/Sources/AST/Statements.swift /Users/admin/builder/spi-builder-workspace/.dependencies/checkouts/swift-ast/Sources/AST/ThrowsKind.swift /Users/admin/builder/spi-builder-workspace/.dependencies/checkouts/swift-ast/Sources/AST/TopLevelDeclaration.swift /Users/admin/builder/spi-builder-workspace/.dependencies/checkouts/swift-ast/Sources/AST/Type.swift /Users/admin/builder/spi-builder-workspace/.dependencies/checkouts/swift-ast/Sources/AST/Type/AnyType.swift /Users/admin/builder/spi-builder-workspace/.dependencies/checkouts/swift-ast/Sources/AST/Type/ArrayType.swift /Users/admin/builder/spi-builder-workspace/.dependencies/checkouts/swift-ast/Sources/AST/Type/DictionaryType.swift (in target 'AST' from project 'swift-ast')
SwiftCompile normal arm64 /Users/admin/builder/spi-builder-workspace/.dependencies/checkouts/swift-ast/Sources/AST/Statement/RepeatWhileStatement.swift (in target 'AST' from project 'swift-ast')
cd /Users/admin/builder/spi-builder-workspace/.swiftpm/xcode
builtin-SwiftPerFileCompile RepeatWhileStatement.swift
SwiftCompile normal arm64 /Users/admin/builder/spi-builder-workspace/.dependencies/checkouts/swift-ast/Sources/AST/Statement/ReturnStatement.swift (in target 'AST' from project 'swift-ast')
cd /Users/admin/builder/spi-builder-workspace/.swiftpm/xcode
builtin-SwiftPerFileCompile ReturnStatement.swift
SwiftCompile normal arm64 /Users/admin/builder/spi-builder-workspace/.dependencies/checkouts/swift-ast/Sources/AST/Statement/SwitchStatement.swift (in target 'AST' from project 'swift-ast')
cd /Users/admin/builder/spi-builder-workspace/.swiftpm/xcode
builtin-SwiftPerFileCompile SwitchStatement.swift
SwiftCompile normal arm64 /Users/admin/builder/spi-builder-workspace/.dependencies/checkouts/swift-ast/Sources/AST/Statement/ThrowStatement.swift (in target 'AST' from project 'swift-ast')
cd /Users/admin/builder/spi-builder-workspace/.swiftpm/xcode
builtin-SwiftPerFileCompile ThrowStatement.swift
SwiftCompile normal arm64 /Users/admin/builder/spi-builder-workspace/.dependencies/checkouts/swift-ast/Sources/AST/Statement/WhileStatement.swift (in target 'AST' from project 'swift-ast')
cd /Users/admin/builder/spi-builder-workspace/.swiftpm/xcode
builtin-SwiftPerFileCompile WhileStatement.swift
SwiftCompile normal arm64 /Users/admin/builder/spi-builder-workspace/.dependencies/checkouts/swift-ast/Sources/AST/Statements.swift (in target 'AST' from project 'swift-ast')
cd /Users/admin/builder/spi-builder-workspace/.swiftpm/xcode
builtin-SwiftPerFileCompile Statements.swift
SwiftCompile normal arm64 /Users/admin/builder/spi-builder-workspace/.dependencies/checkouts/swift-ast/Sources/AST/ThrowsKind.swift (in target 'AST' from project 'swift-ast')
cd /Users/admin/builder/spi-builder-workspace/.swiftpm/xcode
builtin-SwiftPerFileCompile ThrowsKind.swift
SwiftCompile normal arm64 /Users/admin/builder/spi-builder-workspace/.dependencies/checkouts/swift-ast/Sources/AST/TopLevelDeclaration.swift (in target 'AST' from project 'swift-ast')
cd /Users/admin/builder/spi-builder-workspace/.swiftpm/xcode
builtin-SwiftPerFileCompile TopLevelDeclaration.swift
SwiftCompile normal arm64 /Users/admin/builder/spi-builder-workspace/.dependencies/checkouts/swift-ast/Sources/AST/Type.swift (in target 'AST' from project 'swift-ast')
cd /Users/admin/builder/spi-builder-workspace/.swiftpm/xcode
builtin-SwiftPerFileCompile Type.swift
SwiftCompile normal arm64 /Users/admin/builder/spi-builder-workspace/.dependencies/checkouts/swift-ast/Sources/AST/Type/AnyType.swift (in target 'AST' from project 'swift-ast')
cd /Users/admin/builder/spi-builder-workspace/.swiftpm/xcode
builtin-SwiftPerFileCompile AnyType.swift
SwiftCompile normal arm64 /Users/admin/builder/spi-builder-workspace/.dependencies/checkouts/swift-ast/Sources/AST/Type/ArrayType.swift (in target 'AST' from project 'swift-ast')
cd /Users/admin/builder/spi-builder-workspace/.swiftpm/xcode
builtin-SwiftPerFileCompile ArrayType.swift
SwiftCompile normal arm64 /Users/admin/builder/spi-builder-workspace/.dependencies/checkouts/swift-ast/Sources/AST/Type/DictionaryType.swift (in target 'AST' from project 'swift-ast')
cd /Users/admin/builder/spi-builder-workspace/.swiftpm/xcode
builtin-SwiftPerFileCompile DictionaryType.swift
SwiftDriverJobDiscovery normal arm64_32 Compiling WillSetDidSetBlock.swift, ClassDeclaration.swift, ConstantDeclaration.swift, DeinitializerDeclaration.swift, EnumDeclaration.swift, ExtensionDeclaration.swift, FunctionResult.swift, FunctionSignature.swift, FunctionDeclaration.swift, ImportDeclaration.swift, PatternInitializer.swift, InitializerDeclaration.swift (in target 'AST' from project 'swift-ast')
SwiftCompile normal arm64 Compiling\ TernaryConditionalOperatorExpression.swift,\ TryOperatorExpression.swift,\ TupleExpression.swift,\ TypeCastingOperatorExpression.swift,\ WildcardExpression.swift,\ ExpressionList.swift,\ GenericArgumentClause.swift,\ GenericParameterClause.swift,\ GenericWhereClause.swift,\ Identifier.swift,\ IdentifierList.swift,\ LocatableNode.swift /Users/admin/builder/spi-builder-workspace/.dependencies/checkouts/swift-ast/Sources/AST/Expression/TernaryConditionalOperatorExpression.swift /Users/admin/builder/spi-builder-workspace/.dependencies/checkouts/swift-ast/Sources/AST/Expression/TryOperatorExpression.swift /Users/admin/builder/spi-builder-workspace/.dependencies/checkouts/swift-ast/Sources/AST/Expression/TupleExpression.swift /Users/admin/builder/spi-builder-workspace/.dependencies/checkouts/swift-ast/Sources/AST/Expression/TypeCastingOperatorExpression.swift /Users/admin/builder/spi-builder-workspace/.dependencies/checkouts/swift-ast/Sources/AST/Expression/WildcardExpression.swift /Users/admin/builder/spi-builder-workspace/.dependencies/checkouts/swift-ast/Sources/AST/ExpressionList.swift /Users/admin/builder/spi-builder-workspace/.dependencies/checkouts/swift-ast/Sources/AST/Generic/GenericArgumentClause.swift /Users/admin/builder/spi-builder-workspace/.dependencies/checkouts/swift-ast/Sources/AST/Generic/GenericParameterClause.swift /Users/admin/builder/spi-builder-workspace/.dependencies/checkouts/swift-ast/Sources/AST/Generic/GenericWhereClause.swift /Users/admin/builder/spi-builder-workspace/.dependencies/checkouts/swift-ast/Sources/AST/Identifier.swift /Users/admin/builder/spi-builder-workspace/.dependencies/checkouts/swift-ast/Sources/AST/IdentifierList.swift /Users/admin/builder/spi-builder-workspace/.dependencies/checkouts/swift-ast/Sources/AST/LocatableNode.swift (in target 'AST' from project 'swift-ast')
SwiftCompile normal arm64 /Users/admin/builder/spi-builder-workspace/.dependencies/checkouts/swift-ast/Sources/AST/Expression/TernaryConditionalOperatorExpression.swift (in target 'AST' from project 'swift-ast')
cd /Users/admin/builder/spi-builder-workspace/.swiftpm/xcode
builtin-SwiftPerFileCompile TernaryConditionalOperatorExpression.swift
SwiftCompile normal arm64 /Users/admin/builder/spi-builder-workspace/.dependencies/checkouts/swift-ast/Sources/AST/Expression/TryOperatorExpression.swift (in target 'AST' from project 'swift-ast')
cd /Users/admin/builder/spi-builder-workspace/.swiftpm/xcode
builtin-SwiftPerFileCompile TryOperatorExpression.swift
SwiftCompile normal arm64 /Users/admin/builder/spi-builder-workspace/.dependencies/checkouts/swift-ast/Sources/AST/Expression/TupleExpression.swift (in target 'AST' from project 'swift-ast')
cd /Users/admin/builder/spi-builder-workspace/.swiftpm/xcode
builtin-SwiftPerFileCompile TupleExpression.swift
SwiftCompile normal arm64 /Users/admin/builder/spi-builder-workspace/.dependencies/checkouts/swift-ast/Sources/AST/Expression/TypeCastingOperatorExpression.swift (in target 'AST' from project 'swift-ast')
cd /Users/admin/builder/spi-builder-workspace/.swiftpm/xcode
builtin-SwiftPerFileCompile TypeCastingOperatorExpression.swift
SwiftCompile normal arm64 /Users/admin/builder/spi-builder-workspace/.dependencies/checkouts/swift-ast/Sources/AST/Expression/WildcardExpression.swift (in target 'AST' from project 'swift-ast')
cd /Users/admin/builder/spi-builder-workspace/.swiftpm/xcode
builtin-SwiftPerFileCompile WildcardExpression.swift
SwiftCompile normal arm64 /Users/admin/builder/spi-builder-workspace/.dependencies/checkouts/swift-ast/Sources/AST/ExpressionList.swift (in target 'AST' from project 'swift-ast')
cd /Users/admin/builder/spi-builder-workspace/.swiftpm/xcode
builtin-SwiftPerFileCompile ExpressionList.swift
SwiftCompile normal arm64 /Users/admin/builder/spi-builder-workspace/.dependencies/checkouts/swift-ast/Sources/AST/Generic/GenericArgumentClause.swift (in target 'AST' from project 'swift-ast')
cd /Users/admin/builder/spi-builder-workspace/.swiftpm/xcode
builtin-SwiftPerFileCompile GenericArgumentClause.swift
SwiftCompile normal arm64 /Users/admin/builder/spi-builder-workspace/.dependencies/checkouts/swift-ast/Sources/AST/Generic/GenericParameterClause.swift (in target 'AST' from project 'swift-ast')
cd /Users/admin/builder/spi-builder-workspace/.swiftpm/xcode
builtin-SwiftPerFileCompile GenericParameterClause.swift
SwiftCompile normal arm64 /Users/admin/builder/spi-builder-workspace/.dependencies/checkouts/swift-ast/Sources/AST/Generic/GenericWhereClause.swift (in target 'AST' from project 'swift-ast')
cd /Users/admin/builder/spi-builder-workspace/.swiftpm/xcode
builtin-SwiftPerFileCompile GenericWhereClause.swift
SwiftCompile normal arm64 /Users/admin/builder/spi-builder-workspace/.dependencies/checkouts/swift-ast/Sources/AST/Identifier.swift (in target 'AST' from project 'swift-ast')
cd /Users/admin/builder/spi-builder-workspace/.swiftpm/xcode
builtin-SwiftPerFileCompile Identifier.swift
SwiftCompile normal arm64 /Users/admin/builder/spi-builder-workspace/.dependencies/checkouts/swift-ast/Sources/AST/IdentifierList.swift (in target 'AST' from project 'swift-ast')
cd /Users/admin/builder/spi-builder-workspace/.swiftpm/xcode
builtin-SwiftPerFileCompile IdentifierList.swift
SwiftCompile normal arm64 /Users/admin/builder/spi-builder-workspace/.dependencies/checkouts/swift-ast/Sources/AST/LocatableNode.swift (in target 'AST' from project 'swift-ast')
cd /Users/admin/builder/spi-builder-workspace/.swiftpm/xcode
builtin-SwiftPerFileCompile LocatableNode.swift
SwiftDriverJobDiscovery normal arm64_32 Compiling LiteralExpression.swift, OptionalChainingExpression.swift, ParenthesizedExpression.swift, PostfixOperatorExpression.swift, PostfixSelfExpression.swift, PrefixOperatorExpression.swift, SelectorExpression.swift, SelfExpression.swift, SequenceExpression.swift, SubscriptArgument.swift, SubscriptExpression.swift, SuperclassExpression.swift (in target 'AST' from project 'swift-ast')
SwiftDriverJobDiscovery normal arm64_32 Compiling TernaryConditionalOperatorExpression.swift, TryOperatorExpression.swift, TupleExpression.swift, TypeCastingOperatorExpression.swift, WildcardExpression.swift, ExpressionList.swift, GenericArgumentClause.swift, GenericParameterClause.swift, GenericWhereClause.swift, Identifier.swift, IdentifierList.swift, LocatableNode.swift (in target 'AST' from project 'swift-ast')
Ld /Users/admin/builder/spi-builder-workspace/.derivedData/Build/Intermediates.noindex/swift-ast.build/Debug-watchos/Lexer-t.build/Objects-normal/arm64_32/Binary/Lexer.o normal arm64_32 (in target 'Lexer' from project 'swift-ast')
cd /Users/admin/builder/spi-builder-workspace/.dependencies/checkouts/swift-ast
/Applications/Xcode-27.0.0-Release.Candidate.app/Contents/Developer/Toolchains/XcodeDefault.xctoolchain/usr/bin/clang -Xlinker -reproducible -target arm64_32-apple-watchos9.0 -r -isysroot /Applications/Xcode-27.0.0-Release.Candidate.app/Contents/Developer/Platforms/WatchOS.platform/Developer/SDKs/WatchOS27.0.sdk -O0 -w -Xlinker -no_warn_duplicate_libraries -F/Users/admin/builder/spi-builder-workspace/.derivedData/Build/Intermediates.noindex/EagerLinkingTBDs/Debug-watchos -F/Users/admin/builder/spi-builder-workspace/.derivedData/Build/Products/Debug-watchos/PackageFrameworks -F/Users/admin/builder/spi-builder-workspace/.derivedData/Build/Products/Debug-watchos -iframework /Applications/Xcode-27.0.0-Release.Candidate.app/Contents/Developer/Platforms/WatchOS.platform/Developer/Library/Frameworks -iframework /Applications/Xcode-27.0.0-Release.Candidate.app/Contents/Developer/Platforms/WatchOS.platform/Developer/SDKs/WatchOS27.0.sdk/Developer/Library/Frameworks -filelist /Users/admin/builder/spi-builder-workspace/.derivedData/Build/Intermediates.noindex/swift-ast.build/Debug-watchos/Lexer-t.build/Objects-normal/arm64_32/Lexer.LinkFileList -nostdlib -Xlinker -object_path_lto -Xlinker /Users/admin/builder/spi-builder-workspace/.derivedData/Build/Intermediates.noindex/swift-ast.build/Debug-watchos/Lexer-t.build/Objects-normal/arm64_32/Lexer_lto.o -Xlinker -no_deduplicate -Xlinker -debug_variant -Xlinker -dependency_info -Xlinker /Users/admin/builder/spi-builder-workspace/.derivedData/Build/Intermediates.noindex/swift-ast.build/Debug-watchos/Lexer-t.build/Objects-normal/arm64_32/Lexer_dependency_info.dat -fobjc-link-runtime -L/Applications/Xcode-27.0.0-Release.Candidate.app/Contents/Developer/Toolchains/XcodeDefault.xctoolchain/usr/lib/swift/watchos -L/usr/lib/swift -Xlinker -add_ast_path -Xlinker /Users/admin/builder/spi-builder-workspace/.derivedData/Build/Intermediates.noindex/swift-ast.build/Debug-watchos/Lexer-t.build/Objects-normal/arm64_32/Lexer.swiftmodule -o /Users/admin/builder/spi-builder-workspace/.derivedData/Build/Intermediates.noindex/swift-ast.build/Debug-watchos/Lexer-t.build/Objects-normal/arm64_32/Binary/Lexer.o
Ld /Users/admin/builder/spi-builder-workspace/.derivedData/Build/Intermediates.noindex/swift-ast.build/Debug-watchos/Lexer-t.build/Objects-normal/arm64/Binary/Lexer.o normal arm64 (in target 'Lexer' from project 'swift-ast')
cd /Users/admin/builder/spi-builder-workspace/.dependencies/checkouts/swift-ast
/Applications/Xcode-27.0.0-Release.Candidate.app/Contents/Developer/Toolchains/XcodeDefault.xctoolchain/usr/bin/clang -Xlinker -reproducible -target arm64-apple-watchos9.0 -r -isysroot /Applications/Xcode-27.0.0-Release.Candidate.app/Contents/Developer/Platforms/WatchOS.platform/Developer/SDKs/WatchOS27.0.sdk -O0 -w -Xlinker -no_warn_duplicate_libraries -F/Users/admin/builder/spi-builder-workspace/.derivedData/Build/Intermediates.noindex/EagerLinkingTBDs/Debug-watchos -F/Users/admin/builder/spi-builder-workspace/.derivedData/Build/Products/Debug-watchos/PackageFrameworks -F/Users/admin/builder/spi-builder-workspace/.derivedData/Build/Products/Debug-watchos -iframework /Applications/Xcode-27.0.0-Release.Candidate.app/Contents/Developer/Platforms/WatchOS.platform/Developer/Library/Frameworks -iframework /Applications/Xcode-27.0.0-Release.Candidate.app/Contents/Developer/Platforms/WatchOS.platform/Developer/SDKs/WatchOS27.0.sdk/Developer/Library/Frameworks -filelist /Users/admin/builder/spi-builder-workspace/.derivedData/Build/Intermediates.noindex/swift-ast.build/Debug-watchos/Lexer-t.build/Objects-normal/arm64/Lexer.LinkFileList -nostdlib -Xlinker -object_path_lto -Xlinker /Users/admin/builder/spi-builder-workspace/.derivedData/Build/Intermediates.noindex/swift-ast.build/Debug-watchos/Lexer-t.build/Objects-normal/arm64/Lexer_lto.o -Xlinker -no_deduplicate -Xlinker -debug_variant -Xlinker -dependency_info -Xlinker /Users/admin/builder/spi-builder-workspace/.derivedData/Build/Intermediates.noindex/swift-ast.build/Debug-watchos/Lexer-t.build/Objects-normal/arm64/Lexer_dependency_info.dat -fobjc-link-runtime -L/Applications/Xcode-27.0.0-Release.Candidate.app/Contents/Developer/Toolchains/XcodeDefault.xctoolchain/usr/lib/swift/watchos -L/usr/lib/swift -Xlinker -add_ast_path -Xlinker /Users/admin/builder/spi-builder-workspace/.derivedData/Build/Intermediates.noindex/swift-ast.build/Debug-watchos/Lexer-t.build/Objects-normal/arm64/Lexer.swiftmodule -o /Users/admin/builder/spi-builder-workspace/.derivedData/Build/Intermediates.noindex/swift-ast.build/Debug-watchos/Lexer-t.build/Objects-normal/arm64/Binary/Lexer.o
ExtractAppIntentsMetadata (in target 'InternetProtocols' from project 'InternetProtocols')
cd /Users/admin/builder/spi-builder-workspace/.dependencies/checkouts/InternetProtocols
/Applications/Xcode-27.0.0-Release.Candidate.app/Contents/Developer/Toolchains/XcodeDefault.xctoolchain/usr/bin/appintentsmetadataprocessor --toolchain-dir /var/run/com.apple.security.cryptexd/mnt/com.apple.MobileAsset.MetalToolchain-v27.1.266.1.D7wHgz/Metal.xctoolchain --module-name InternetProtocols --sdk-root /Applications/Xcode-27.0.0-Release.Candidate.app/Contents/Developer/Platforms/WatchOS.platform/Developer/SDKs/WatchOS27.0.sdk --xcode-version 27A266a --platform-family watchOS --deployment-target 9.0 --bundle-identifier internetprotocols.InternetProtocols --output /Users/admin/builder/spi-builder-workspace/.derivedData/Build/Products/Debug-watchos/InternetProtocols.appintents --target-triple arm64-apple-watchos9.0 --target-triple arm64_32-apple-watchos9.0 --binary-file /Users/admin/builder/spi-builder-workspace/.derivedData/Build/Products/Debug-watchos/InternetProtocols.o --dependency-file /Users/admin/builder/spi-builder-workspace/.derivedData/Build/Intermediates.noindex/InternetProtocols.build/Debug-watchos/InternetProtocols-t.build/Objects-normal/arm64/InternetProtocols_dependency_info.dat --dependency-file /Users/admin/builder/spi-builder-workspace/.derivedData/Build/Intermediates.noindex/InternetProtocols.build/Debug-watchos/InternetProtocols-t.build/Objects-normal/arm64_32/InternetProtocols_dependency_info.dat --stringsdata-file /Users/admin/builder/spi-builder-workspace/.derivedData/Build/Intermediates.noindex/InternetProtocols.build/Debug-watchos/InternetProtocols-t.build/Objects-normal/arm64/ExtractedAppShortcutsMetadata.stringsdata --stringsdata-file /Users/admin/builder/spi-builder-workspace/.derivedData/Build/Intermediates.noindex/InternetProtocols.build/Debug-watchos/InternetProtocols-t.build/Objects-normal/arm64_32/ExtractedAppShortcutsMetadata.stringsdata --source-file-list /Users/admin/builder/spi-builder-workspace/.derivedData/Build/Intermediates.noindex/InternetProtocols.build/Debug-watchos/InternetProtocols-t.build/Objects-normal/arm64/InternetProtocols.SwiftFileList --source-file-list /Users/admin/builder/spi-builder-workspace/.derivedData/Build/Intermediates.noindex/InternetProtocols.build/Debug-watchos/InternetProtocols-t.build/Objects-normal/arm64_32/InternetProtocols.SwiftFileList --metadata-file-list /Users/admin/builder/spi-builder-workspace/.derivedData/Build/Intermediates.noindex/InternetProtocols.build/Debug-watchos/InternetProtocols-t.build/InternetProtocols.DependencyMetadataFileList --static-metadata-file-list /Users/admin/builder/spi-builder-workspace/.derivedData/Build/Intermediates.noindex/InternetProtocols.build/Debug-watchos/InternetProtocols-t.build/InternetProtocols.DependencyStaticMetadataFileList --swift-const-vals-list /Users/admin/builder/spi-builder-workspace/.derivedData/Build/Intermediates.noindex/InternetProtocols.build/Debug-watchos/InternetProtocols-t.build/Objects-normal/arm64/InternetProtocols.SwiftConstValuesFileList --swift-const-vals-list /Users/admin/builder/spi-builder-workspace/.derivedData/Build/Intermediates.noindex/InternetProtocols.build/Debug-watchos/InternetProtocols-t.build/Objects-normal/arm64_32/InternetProtocols.SwiftConstValuesFileList --force --compile-time-extraction --deployment-aware-processing --no-app-shortcuts-localization
2026-09-19 05:50:54.732 appintentsmetadataprocessor[1755:10215] Starting appintentsmetadataprocessor export
2026-09-19 05:50:54.802 appintentsmetadataprocessor[1755:10215] Extracted no relevant App Intents symbols, skipping writing output
CreateUniversalBinary /Users/admin/builder/spi-builder-workspace/.derivedData/Build/Products/Debug-watchos/Lexer.o normal arm64\ arm64_32 (in target 'Lexer' from project 'swift-ast')
cd /Users/admin/builder/spi-builder-workspace/.dependencies/checkouts/swift-ast
/Applications/Xcode-27.0.0-Release.Candidate.app/Contents/Developer/Toolchains/XcodeDefault.xctoolchain/usr/bin/lipo -create /Users/admin/builder/spi-builder-workspace/.derivedData/Build/Intermediates.noindex/swift-ast.build/Debug-watchos/Lexer-t.build/Objects-normal/arm64/Binary/Lexer.o /Users/admin/builder/spi-builder-workspace/.derivedData/Build/Intermediates.noindex/swift-ast.build/Debug-watchos/Lexer-t.build/Objects-normal/arm64_32/Binary/Lexer.o -output /Users/admin/builder/spi-builder-workspace/.derivedData/Build/Products/Debug-watchos/Lexer.o
SwiftDriverJobDiscovery normal arm64 Compiling LiteralExpression.swift, OptionalChainingExpression.swift, ParenthesizedExpression.swift, PostfixOperatorExpression.swift, PostfixSelfExpression.swift, PrefixOperatorExpression.swift, SelectorExpression.swift, SelfExpression.swift, SequenceExpression.swift, SubscriptArgument.swift, SubscriptExpression.swift, SuperclassExpression.swift (in target 'AST' from project 'swift-ast')
ExtractAppIntentsMetadata (in target 'Lexer' from project 'swift-ast')
cd /Users/admin/builder/spi-builder-workspace/.dependencies/checkouts/swift-ast
/Applications/Xcode-27.0.0-Release.Candidate.app/Contents/Developer/Toolchains/XcodeDefault.xctoolchain/usr/bin/appintentsmetadataprocessor --toolchain-dir /var/run/com.apple.security.cryptexd/mnt/com.apple.MobileAsset.MetalToolchain-v27.1.266.1.D7wHgz/Metal.xctoolchain --module-name Lexer --sdk-root /Applications/Xcode-27.0.0-Release.Candidate.app/Contents/Developer/Platforms/WatchOS.platform/Developer/SDKs/WatchOS27.0.sdk --xcode-version 27A266a --platform-family watchOS --deployment-target 9.0 --bundle-identifier swift-ast.Lexer --output /Users/admin/builder/spi-builder-workspace/.derivedData/Build/Products/Debug-watchos/Lexer.appintents --target-triple arm64-apple-watchos9.0 --target-triple arm64_32-apple-watchos9.0 --binary-file /Users/admin/builder/spi-builder-workspace/.derivedData/Build/Products/Debug-watchos/Lexer.o --dependency-file /Users/admin/builder/spi-builder-workspace/.derivedData/Build/Intermediates.noindex/swift-ast.build/Debug-watchos/Lexer-t.build/Objects-normal/arm64/Lexer_dependency_info.dat --dependency-file /Users/admin/builder/spi-builder-workspace/.derivedData/Build/Intermediates.noindex/swift-ast.build/Debug-watchos/Lexer-t.build/Objects-normal/arm64_32/Lexer_dependency_info.dat --stringsdata-file /Users/admin/builder/spi-builder-workspace/.derivedData/Build/Intermediates.noindex/swift-ast.build/Debug-watchos/Lexer-t.build/Objects-normal/arm64/ExtractedAppShortcutsMetadata.stringsdata --stringsdata-file /Users/admin/builder/spi-builder-workspace/.derivedData/Build/Intermediates.noindex/swift-ast.build/Debug-watchos/Lexer-t.build/Objects-normal/arm64_32/ExtractedAppShortcutsMetadata.stringsdata --source-file-list /Users/admin/builder/spi-builder-workspace/.derivedData/Build/Intermediates.noindex/swift-ast.build/Debug-watchos/Lexer-t.build/Objects-normal/arm64/Lexer.SwiftFileList --source-file-list /Users/admin/builder/spi-builder-workspace/.derivedData/Build/Intermediates.noindex/swift-ast.build/Debug-watchos/Lexer-t.build/Objects-normal/arm64_32/Lexer.SwiftFileList --metadata-file-list /Users/admin/builder/spi-builder-workspace/.derivedData/Build/Intermediates.noindex/swift-ast.build/Debug-watchos/Lexer-t.build/Lexer.DependencyMetadataFileList --static-metadata-file-list /Users/admin/builder/spi-builder-workspace/.derivedData/Build/Intermediates.noindex/swift-ast.build/Debug-watchos/Lexer-t.build/Lexer.DependencyStaticMetadataFileList --swift-const-vals-list /Users/admin/builder/spi-builder-workspace/.derivedData/Build/Intermediates.noindex/swift-ast.build/Debug-watchos/Lexer-t.build/Objects-normal/arm64/Lexer.SwiftConstValuesFileList --swift-const-vals-list /Users/admin/builder/spi-builder-workspace/.derivedData/Build/Intermediates.noindex/swift-ast.build/Debug-watchos/Lexer-t.build/Objects-normal/arm64_32/Lexer.SwiftConstValuesFileList --force --compile-time-extraction --deployment-aware-processing --no-app-shortcuts-localization
2026-09-19 05:50:54.831 appintentsmetadataprocessor[1757:10237] Starting appintentsmetadataprocessor export
2026-09-19 05:50:54.917 appintentsmetadataprocessor[1757:10237] Extracted no relevant App Intents symbols, skipping writing output
SwiftDriver Sema normal arm64 com.apple.xcode.tools.swift.compiler (in target 'Sema' from project 'swift-ast')
cd /Users/admin/builder/spi-builder-workspace/.swiftpm/xcode
builtin-SwiftDriver -- /Applications/Xcode-27.0.0-Release.Candidate.app/Contents/Developer/Toolchains/XcodeDefault.xctoolchain/usr/bin/swiftc -parse-as-library -module-name Sema -Onone @/Users/admin/builder/spi-builder-workspace/.derivedData/Build/Intermediates.noindex/swift-ast.build/Debug-watchos/Sema-t.build/Objects-normal/arm64/Sema.SwiftFileList -DSWIFT_PACKAGE -DDEBUG -DSWIFT_MODULE_RESOURCE_BUNDLE_UNAVAILABLE -DXcode -plugin-path /Applications/Xcode-27.0.0-Release.Candidate.app/Contents/Developer/Toolchains/XcodeDefault.xctoolchain/usr/lib/swift/host/plugins/testing -enable-experimental-feature DebugDescriptionMacro -sdk /Applications/Xcode-27.0.0-Release.Candidate.app/Contents/Developer/Platforms/WatchOS.platform/Developer/SDKs/WatchOS27.0.sdk -target arm64-apple-watchos9.0 -g -module-cache-path /Users/admin/builder/spi-builder-workspace/.derivedData/ModuleCache.noindex -Xfrontend -serialize-debugging-options -profile-coverage-mapping -profile-generate -enable-testing -suppress-warnings -index-store-path /Users/admin/builder/spi-builder-workspace/.derivedData/Index.noindex/DataStore -Xcc -D_LIBCPP_HARDENING_MODE\=_LIBCPP_HARDENING_MODE_DEBUG -swift-version 5 -I /Users/admin/builder/spi-builder-workspace/.derivedData/Build/Products/Debug-watchos -Isystem /Applications/Xcode-27.0.0-Release.Candidate.app/Contents/Developer/Platforms/WatchOS.platform/Developer/usr/lib -F /Users/admin/builder/spi-builder-workspace/.derivedData/Build/Products/Debug-watchos/PackageFrameworks -F /Users/admin/builder/spi-builder-workspace/.derivedData/Build/Products/Debug-watchos -F /Applications/Xcode-27.0.0-Release.Candidate.app/Contents/Developer/Platforms/WatchOS.platform/Developer/Library/Frameworks -F /Applications/Xcode-27.0.0-Release.Candidate.app/Contents/Developer/Platforms/WatchOS.platform/Developer/SDKs/WatchOS27.0.sdk/Developer/Library/Frameworks -c -j10 -enable-batch-mode -incremental -Xcc -ivfsstatcache -Xcc /Users/admin/builder/spi-builder-workspace/.derivedData/SDKStatCaches.noindex/watchos27.0-24R360-e829b21a6f8c9b70876ba0858053c04477534ef55a1706bf4c1112bbb242f0a2.sdkstatcache -output-file-map /Users/admin/builder/spi-builder-workspace/.derivedData/Build/Intermediates.noindex/swift-ast.build/Debug-watchos/Sema-t.build/Objects-normal/arm64/Sema-OutputFileMap.json -save-temps -no-color-diagnostics -explicit-module-build -module-cache-path /Users/admin/builder/spi-builder-workspace/.derivedData/Build/Intermediates.noindex/SwiftExplicitPrecompiledModules -clang-scanner-module-cache-path /Users/admin/builder/spi-builder-workspace/.derivedData/ModuleCache.noindex -sdk-module-cache-path /Users/admin/builder/spi-builder-workspace/.derivedData/SDKExplicitPrecompiledModules -emit-dependencies -emit-module -emit-module-path /Users/admin/builder/spi-builder-workspace/.derivedData/Build/Intermediates.noindex/swift-ast.build/Debug-watchos/Sema-t.build/Objects-normal/arm64/Sema.swiftmodule -serialize-diagnostics -dependency-scan-serialize-diagnostics-path /Users/admin/builder/spi-builder-workspace/.derivedData/Build/Intermediates.noindex/swift-ast.build/Debug-watchos/Sema-t.build/Objects-normal/arm64/Sema-dependency-scan.dia -validate-clang-modules-once -clang-build-session-file /Users/admin/builder/spi-builder-workspace/.derivedData/ModuleCache.noindex/Session.modulevalidation -Xcc -fmodules-prune-interval\=86400 -Xcc -fmodules-prune-after\=345600 -emit-const-values -const-gather-protocols-list /Users/admin/builder/spi-builder-workspace/.derivedData/Build/Intermediates.noindex/swift-ast.build/Debug-watchos/Sema-t.build/Objects-normal/arm64/Sema_const_extract_protocols.json -Xcc -I/Users/admin/builder/spi-builder-workspace/.derivedData/Build/Products/Debug-watchos/include -Xcc -I/Users/admin/builder/spi-builder-workspace/.derivedData/Build/Intermediates.noindex/swift-ast.build/Debug-watchos/Sema-t.build/DerivedSources-normal/arm64 -Xcc -I/Users/admin/builder/spi-builder-workspace/.derivedData/Build/Intermediates.noindex/swift-ast.build/Debug-watchos/Sema-t.build/DerivedSources/arm64 -Xcc -I/Users/admin/builder/spi-builder-workspace/.derivedData/Build/Intermediates.noindex/swift-ast.build/Debug-watchos/Sema-t.build/DerivedSources -Xcc -DSWIFT_PACKAGE -Xcc -DDEBUG\=1 -emit-objc-header -emit-objc-header-path /Users/admin/builder/spi-builder-workspace/.derivedData/Build/Intermediates.noindex/swift-ast.build/Debug-watchos/Sema-t.build/Objects-normal/arm64/Sema-Swift.h -working-directory /Users/admin/builder/spi-builder-workspace/.swiftpm/xcode -experimental-emit-module-separately -disable-cmo
SwiftDriver Sema normal arm64_32 com.apple.xcode.tools.swift.compiler (in target 'Sema' from project 'swift-ast')
cd /Users/admin/builder/spi-builder-workspace/.swiftpm/xcode
builtin-SwiftDriver -- /Applications/Xcode-27.0.0-Release.Candidate.app/Contents/Developer/Toolchains/XcodeDefault.xctoolchain/usr/bin/swiftc -parse-as-library -module-name Sema -Onone @/Users/admin/builder/spi-builder-workspace/.derivedData/Build/Intermediates.noindex/swift-ast.build/Debug-watchos/Sema-t.build/Objects-normal/arm64_32/Sema.SwiftFileList -DSWIFT_PACKAGE -DDEBUG -DSWIFT_MODULE_RESOURCE_BUNDLE_UNAVAILABLE -DXcode -plugin-path /Applications/Xcode-27.0.0-Release.Candidate.app/Contents/Developer/Toolchains/XcodeDefault.xctoolchain/usr/lib/swift/host/plugins/testing -enable-experimental-feature DebugDescriptionMacro -sdk /Applications/Xcode-27.0.0-Release.Candidate.app/Contents/Developer/Platforms/WatchOS.platform/Developer/SDKs/WatchOS27.0.sdk -target arm64_32-apple-watchos9.0 -g -module-cache-path /Users/admin/builder/spi-builder-workspace/.derivedData/ModuleCache.noindex -Xfrontend -serialize-debugging-options -profile-coverage-mapping -profile-generate -enable-testing -suppress-warnings -index-store-path /Users/admin/builder/spi-builder-workspace/.derivedData/Index.noindex/DataStore -Xcc -D_LIBCPP_HARDENING_MODE\=_LIBCPP_HARDENING_MODE_DEBUG -swift-version 5 -I /Users/admin/builder/spi-builder-workspace/.derivedData/Build/Products/Debug-watchos -Isystem /Applications/Xcode-27.0.0-Release.Candidate.app/Contents/Developer/Platforms/WatchOS.platform/Developer/usr/lib -F /Users/admin/builder/spi-builder-workspace/.derivedData/Build/Products/Debug-watchos/PackageFrameworks -F /Users/admin/builder/spi-builder-workspace/.derivedData/Build/Products/Debug-watchos -F /Applications/Xcode-27.0.0-Release.Candidate.app/Contents/Developer/Platforms/WatchOS.platform/Developer/Library/Frameworks -F /Applications/Xcode-27.0.0-Release.Candidate.app/Contents/Developer/Platforms/WatchOS.platform/Developer/SDKs/WatchOS27.0.sdk/Developer/Library/Frameworks -c -j10 -enable-batch-mode -incremental -Xcc -ivfsstatcache -Xcc /Users/admin/builder/spi-builder-workspace/.derivedData/SDKStatCaches.noindex/watchos27.0-24R360-e829b21a6f8c9b70876ba0858053c04477534ef55a1706bf4c1112bbb242f0a2.sdkstatcache -output-file-map /Users/admin/builder/spi-builder-workspace/.derivedData/Build/Intermediates.noindex/swift-ast.build/Debug-watchos/Sema-t.build/Objects-normal/arm64_32/Sema-OutputFileMap.json -save-temps -no-color-diagnostics -explicit-module-build -module-cache-path /Users/admin/builder/spi-builder-workspace/.derivedData/Build/Intermediates.noindex/SwiftExplicitPrecompiledModules -clang-scanner-module-cache-path /Users/admin/builder/spi-builder-workspace/.derivedData/ModuleCache.noindex -sdk-module-cache-path /Users/admin/builder/spi-builder-workspace/.derivedData/SDKExplicitPrecompiledModules -emit-dependencies -emit-module -emit-module-path /Users/admin/builder/spi-builder-workspace/.derivedData/Build/Intermediates.noindex/swift-ast.build/Debug-watchos/Sema-t.build/Objects-normal/arm64_32/Sema.swiftmodule -serialize-diagnostics -dependency-scan-serialize-diagnostics-path /Users/admin/builder/spi-builder-workspace/.derivedData/Build/Intermediates.noindex/swift-ast.build/Debug-watchos/Sema-t.build/Objects-normal/arm64_32/Sema-dependency-scan.dia -validate-clang-modules-once -clang-build-session-file /Users/admin/builder/spi-builder-workspace/.derivedData/ModuleCache.noindex/Session.modulevalidation -Xcc -fmodules-prune-interval\=86400 -Xcc -fmodules-prune-after\=345600 -emit-const-values -const-gather-protocols-list /Users/admin/builder/spi-builder-workspace/.derivedData/Build/Intermediates.noindex/swift-ast.build/Debug-watchos/Sema-t.build/Objects-normal/arm64_32/Sema_const_extract_protocols.json -Xcc -I/Users/admin/builder/spi-builder-workspace/.derivedData/Build/Products/Debug-watchos/include -Xcc -I/Users/admin/builder/spi-builder-workspace/.derivedData/Build/Intermediates.noindex/swift-ast.build/Debug-watchos/Sema-t.build/DerivedSources-normal/arm64_32 -Xcc -I/Users/admin/builder/spi-builder-workspace/.derivedData/Build/Intermediates.noindex/swift-ast.build/Debug-watchos/Sema-t.build/DerivedSources/arm64_32 -Xcc -I/Users/admin/builder/spi-builder-workspace/.derivedData/Build/Intermediates.noindex/swift-ast.build/Debug-watchos/Sema-t.build/DerivedSources -Xcc -DSWIFT_PACKAGE -Xcc -DDEBUG\=1 -emit-objc-header -emit-objc-header-path /Users/admin/builder/spi-builder-workspace/.derivedData/Build/Intermediates.noindex/swift-ast.build/Debug-watchos/Sema-t.build/Objects-normal/arm64_32/Sema-Swift.h -working-directory /Users/admin/builder/spi-builder-workspace/.swiftpm/xcode -experimental-emit-module-separately -disable-cmo
SwiftDriverJobDiscovery normal arm64_32 Compiling RepeatWhileStatement.swift, ReturnStatement.swift, SwitchStatement.swift, ThrowStatement.swift, WhileStatement.swift, Statements.swift, ThrowsKind.swift, TopLevelDeclaration.swift, Type.swift, AnyType.swift, ArrayType.swift, DictionaryType.swift (in target 'AST' from project 'swift-ast')
SwiftDriver Parser normal arm64_32 com.apple.xcode.tools.swift.compiler (in target 'Parser' from project 'swift-ast')
cd /Users/admin/builder/spi-builder-workspace/.swiftpm/xcode
builtin-SwiftDriver -- /Applications/Xcode-27.0.0-Release.Candidate.app/Contents/Developer/Toolchains/XcodeDefault.xctoolchain/usr/bin/swiftc -parse-as-library -module-name Parser -Onone @/Users/admin/builder/spi-builder-workspace/.derivedData/Build/Intermediates.noindex/swift-ast.build/Debug-watchos/Parser-t.build/Objects-normal/arm64_32/Parser.SwiftFileList -DSWIFT_PACKAGE -DDEBUG -DSWIFT_MODULE_RESOURCE_BUNDLE_UNAVAILABLE -DXcode -plugin-path /Applications/Xcode-27.0.0-Release.Candidate.app/Contents/Developer/Toolchains/XcodeDefault.xctoolchain/usr/lib/swift/host/plugins/testing -enable-experimental-feature DebugDescriptionMacro -sdk /Applications/Xcode-27.0.0-Release.Candidate.app/Contents/Developer/Platforms/WatchOS.platform/Developer/SDKs/WatchOS27.0.sdk -target arm64_32-apple-watchos9.0 -g -module-cache-path /Users/admin/builder/spi-builder-workspace/.derivedData/ModuleCache.noindex -Xfrontend -serialize-debugging-options -profile-coverage-mapping -profile-generate -enable-testing -suppress-warnings -index-store-path /Users/admin/builder/spi-builder-workspace/.derivedData/Index.noindex/DataStore -Xcc -D_LIBCPP_HARDENING_MODE\=_LIBCPP_HARDENING_MODE_DEBUG -swift-version 5 -I /Users/admin/builder/spi-builder-workspace/.derivedData/Build/Products/Debug-watchos -Isystem /Applications/Xcode-27.0.0-Release.Candidate.app/Contents/Developer/Platforms/WatchOS.platform/Developer/usr/lib -F /Users/admin/builder/spi-builder-workspace/.derivedData/Build/Products/Debug-watchos/PackageFrameworks -F /Users/admin/builder/spi-builder-workspace/.derivedData/Build/Products/Debug-watchos -F /Applications/Xcode-27.0.0-Release.Candidate.app/Contents/Developer/Platforms/WatchOS.platform/Developer/Library/Frameworks -F /Applications/Xcode-27.0.0-Release.Candidate.app/Contents/Developer/Platforms/WatchOS.platform/Developer/SDKs/WatchOS27.0.sdk/Developer/Library/Frameworks -c -j10 -enable-batch-mode -incremental -Xcc -ivfsstatcache -Xcc /Users/admin/builder/spi-builder-workspace/.derivedData/SDKStatCaches.noindex/watchos27.0-24R360-e829b21a6f8c9b70876ba0858053c04477534ef55a1706bf4c1112bbb242f0a2.sdkstatcache -output-file-map /Users/admin/builder/spi-builder-workspace/.derivedData/Build/Intermediates.noindex/swift-ast.build/Debug-watchos/Parser-t.build/Objects-normal/arm64_32/Parser-OutputFileMap.json -save-temps -no-color-diagnostics -explicit-module-build -module-cache-path /Users/admin/builder/spi-builder-workspace/.derivedData/Build/Intermediates.noindex/SwiftExplicitPrecompiledModules -clang-scanner-module-cache-path /Users/admin/builder/spi-builder-workspace/.derivedData/ModuleCache.noindex -sdk-module-cache-path /Users/admin/builder/spi-builder-workspace/.derivedData/SDKExplicitPrecompiledModules -emit-dependencies -emit-module -emit-module-path /Users/admin/builder/spi-builder-workspace/.derivedData/Build/Intermediates.noindex/swift-ast.build/Debug-watchos/Parser-t.build/Objects-normal/arm64_32/Parser.swiftmodule -serialize-diagnostics -dependency-scan-serialize-diagnostics-path /Users/admin/builder/spi-builder-workspace/.derivedData/Build/Intermediates.noindex/swift-ast.build/Debug-watchos/Parser-t.build/Objects-normal/arm64_32/Parser-dependency-scan.dia -validate-clang-modules-once -clang-build-session-file /Users/admin/builder/spi-builder-workspace/.derivedData/ModuleCache.noindex/Session.modulevalidation -Xcc -fmodules-prune-interval\=86400 -Xcc -fmodules-prune-after\=345600 -emit-const-values -const-gather-protocols-list /Users/admin/builder/spi-builder-workspace/.derivedData/Build/Intermediates.noindex/swift-ast.build/Debug-watchos/Parser-t.build/Objects-normal/arm64_32/Parser_const_extract_protocols.json -Xcc -I/Users/admin/builder/spi-builder-workspace/.derivedData/Build/Products/Debug-watchos/include -Xcc -I/Users/admin/builder/spi-builder-workspace/.derivedData/Build/Intermediates.noindex/swift-ast.build/Debug-watchos/Parser-t.build/DerivedSources-normal/arm64_32 -Xcc -I/Users/admin/builder/spi-builder-workspace/.derivedData/Build/Intermediates.noindex/swift-ast.build/Debug-watchos/Parser-t.build/DerivedSources/arm64_32 -Xcc -I/Users/admin/builder/spi-builder-workspace/.derivedData/Build/Intermediates.noindex/swift-ast.build/Debug-watchos/Parser-t.build/DerivedSources -Xcc -DSWIFT_PACKAGE -Xcc -DDEBUG\=1 -emit-objc-header -emit-objc-header-path /Users/admin/builder/spi-builder-workspace/.derivedData/Build/Intermediates.noindex/swift-ast.build/Debug-watchos/Parser-t.build/Objects-normal/arm64_32/Parser-Swift.h -working-directory /Users/admin/builder/spi-builder-workspace/.swiftpm/xcode -experimental-emit-module-separately -disable-cmo
SwiftDriver Parser normal arm64 com.apple.xcode.tools.swift.compiler (in target 'Parser' from project 'swift-ast')
cd /Users/admin/builder/spi-builder-workspace/.swiftpm/xcode
builtin-SwiftDriver -- /Applications/Xcode-27.0.0-Release.Candidate.app/Contents/Developer/Toolchains/XcodeDefault.xctoolchain/usr/bin/swiftc -parse-as-library -module-name Parser -Onone @/Users/admin/builder/spi-builder-workspace/.derivedData/Build/Intermediates.noindex/swift-ast.build/Debug-watchos/Parser-t.build/Objects-normal/arm64/Parser.SwiftFileList -DSWIFT_PACKAGE -DDEBUG -DSWIFT_MODULE_RESOURCE_BUNDLE_UNAVAILABLE -DXcode -plugin-path /Applications/Xcode-27.0.0-Release.Candidate.app/Contents/Developer/Toolchains/XcodeDefault.xctoolchain/usr/lib/swift/host/plugins/testing -enable-experimental-feature DebugDescriptionMacro -sdk /Applications/Xcode-27.0.0-Release.Candidate.app/Contents/Developer/Platforms/WatchOS.platform/Developer/SDKs/WatchOS27.0.sdk -target arm64-apple-watchos9.0 -g -module-cache-path /Users/admin/builder/spi-builder-workspace/.derivedData/ModuleCache.noindex -Xfrontend -serialize-debugging-options -profile-coverage-mapping -profile-generate -enable-testing -suppress-warnings -index-store-path /Users/admin/builder/spi-builder-workspace/.derivedData/Index.noindex/DataStore -Xcc -D_LIBCPP_HARDENING_MODE\=_LIBCPP_HARDENING_MODE_DEBUG -swift-version 5 -I /Users/admin/builder/spi-builder-workspace/.derivedData/Build/Products/Debug-watchos -Isystem /Applications/Xcode-27.0.0-Release.Candidate.app/Contents/Developer/Platforms/WatchOS.platform/Developer/usr/lib -F /Users/admin/builder/spi-builder-workspace/.derivedData/Build/Products/Debug-watchos/PackageFrameworks -F /Users/admin/builder/spi-builder-workspace/.derivedData/Build/Products/Debug-watchos -F /Applications/Xcode-27.0.0-Release.Candidate.app/Contents/Developer/Platforms/WatchOS.platform/Developer/Library/Frameworks -F /Applications/Xcode-27.0.0-Release.Candidate.app/Contents/Developer/Platforms/WatchOS.platform/Developer/SDKs/WatchOS27.0.sdk/Developer/Library/Frameworks -c -j10 -enable-batch-mode -incremental -Xcc -ivfsstatcache -Xcc /Users/admin/builder/spi-builder-workspace/.derivedData/SDKStatCaches.noindex/watchos27.0-24R360-e829b21a6f8c9b70876ba0858053c04477534ef55a1706bf4c1112bbb242f0a2.sdkstatcache -output-file-map /Users/admin/builder/spi-builder-workspace/.derivedData/Build/Intermediates.noindex/swift-ast.build/Debug-watchos/Parser-t.build/Objects-normal/arm64/Parser-OutputFileMap.json -save-temps -no-color-diagnostics -explicit-module-build -module-cache-path /Users/admin/builder/spi-builder-workspace/.derivedData/Build/Intermediates.noindex/SwiftExplicitPrecompiledModules -clang-scanner-module-cache-path /Users/admin/builder/spi-builder-workspace/.derivedData/ModuleCache.noindex -sdk-module-cache-path /Users/admin/builder/spi-builder-workspace/.derivedData/SDKExplicitPrecompiledModules -emit-dependencies -emit-module -emit-module-path /Users/admin/builder/spi-builder-workspace/.derivedData/Build/Intermediates.noindex/swift-ast.build/Debug-watchos/Parser-t.build/Objects-normal/arm64/Parser.swiftmodule -serialize-diagnostics -dependency-scan-serialize-diagnostics-path /Users/admin/builder/spi-builder-workspace/.derivedData/Build/Intermediates.noindex/swift-ast.build/Debug-watchos/Parser-t.build/Objects-normal/arm64/Parser-dependency-scan.dia -validate-clang-modules-once -clang-build-session-file /Users/admin/builder/spi-builder-workspace/.derivedData/ModuleCache.noindex/Session.modulevalidation -Xcc -fmodules-prune-interval\=86400 -Xcc -fmodules-prune-after\=345600 -emit-const-values -const-gather-protocols-list /Users/admin/builder/spi-builder-workspace/.derivedData/Build/Intermediates.noindex/swift-ast.build/Debug-watchos/Parser-t.build/Objects-normal/arm64/Parser_const_extract_protocols.json -Xcc -I/Users/admin/builder/spi-builder-workspace/.derivedData/Build/Products/Debug-watchos/include -Xcc -I/Users/admin/builder/spi-builder-workspace/.derivedData/Build/Intermediates.noindex/swift-ast.build/Debug-watchos/Parser-t.build/DerivedSources-normal/arm64 -Xcc -I/Users/admin/builder/spi-builder-workspace/.derivedData/Build/Intermediates.noindex/swift-ast.build/Debug-watchos/Parser-t.build/DerivedSources/arm64 -Xcc -I/Users/admin/builder/spi-builder-workspace/.derivedData/Build/Intermediates.noindex/swift-ast.build/Debug-watchos/Parser-t.build/DerivedSources -Xcc -DSWIFT_PACKAGE -Xcc -DDEBUG\=1 -emit-objc-header -emit-objc-header-path /Users/admin/builder/spi-builder-workspace/.derivedData/Build/Intermediates.noindex/swift-ast.build/Debug-watchos/Parser-t.build/Objects-normal/arm64/Parser-Swift.h -working-directory /Users/admin/builder/spi-builder-workspace/.swiftpm/xcode -experimental-emit-module-separately -disable-cmo
SwiftDriverJobDiscovery normal arm64 Compiling AccessLevelModifier.swift, DeclarationModifier.swift, DeclarationModifiers.swift, MutationModifier.swift, OperatorDeclaration.swift, PrecedenceGroupDeclaration.swift, ProtocolDeclaration.swift, StructDeclaration.swift, SubscriptDeclaration.swift, TypealiasDeclaration.swift, VariableDeclaration.swift, Expression.swift (in target 'AST' from project 'swift-ast')
SwiftDriverJobDiscovery normal arm64_32 Compiling AssignmentOperatorExpression.swift, BinaryOperatorExpression.swift, ClosureExpression.swift, ExplicitMemberExpression.swift, ForcedValueExpression.swift, FunctionCallExpression.swift, IdentifierExpression.swift, ImplicitMemberExpression.swift, InOutExpression.swift, InitializerExpression.swift, KeyPathExpression.swift, KeyPathStringExpression.swift (in target 'AST' from project 'swift-ast')
SwiftEmitModule normal arm64 Emitting\ module\ for\ Sema (in target 'Sema' from project 'swift-ast')
SwiftCompile normal arm64 (in target 'Sema' from project 'swift-ast')
cd /Users/admin/builder/spi-builder-workspace/.swiftpm/xcode
SwiftCompile normal arm64 Compiling\ LexicalParentAssignment.swift /Users/admin/builder/spi-builder-workspace/.dependencies/checkouts/swift-ast/Sources/Sema/LexicalParentAssignment.swift (in target 'Sema' from project 'swift-ast')
SwiftCompile normal arm64 /Users/admin/builder/spi-builder-workspace/.dependencies/checkouts/swift-ast/Sources/Sema/LexicalParentAssignment.swift (in target 'Sema' from project 'swift-ast')
cd /Users/admin/builder/spi-builder-workspace/.swiftpm/xcode
builtin-SwiftPerFileCompile LexicalParentAssignment.swift
SwiftCompile normal arm64 Compiling\ SequenceExpressionFolding.swift /Users/admin/builder/spi-builder-workspace/.dependencies/checkouts/swift-ast/Sources/Sema/SequenceExpressionFolding.swift (in target 'Sema' from project 'swift-ast')
SwiftCompile normal arm64 /Users/admin/builder/spi-builder-workspace/.dependencies/checkouts/swift-ast/Sources/Sema/SequenceExpressionFolding.swift (in target 'Sema' from project 'swift-ast')
cd /Users/admin/builder/spi-builder-workspace/.swiftpm/xcode
builtin-SwiftPerFileCompile SequenceExpressionFolding.swift
SwiftEmitModule normal arm64_32 Emitting\ module\ for\ Sema (in target 'Sema' from project 'swift-ast')
SwiftCompile normal arm64_32 (in target 'Sema' from project 'swift-ast')
cd /Users/admin/builder/spi-builder-workspace/.swiftpm/xcode
SwiftDriverJobDiscovery normal arm64 Compiling RepeatWhileStatement.swift, ReturnStatement.swift, SwitchStatement.swift, ThrowStatement.swift, WhileStatement.swift, Statements.swift, ThrowsKind.swift, TopLevelDeclaration.swift, Type.swift, AnyType.swift, ArrayType.swift, DictionaryType.swift (in target 'AST' from project 'swift-ast')
SwiftCompile normal arm64_32 Compiling\ LexicalParentAssignment.swift /Users/admin/builder/spi-builder-workspace/.dependencies/checkouts/swift-ast/Sources/Sema/LexicalParentAssignment.swift (in target 'Sema' from project 'swift-ast')
SwiftCompile normal arm64_32 /Users/admin/builder/spi-builder-workspace/.dependencies/checkouts/swift-ast/Sources/Sema/LexicalParentAssignment.swift (in target 'Sema' from project 'swift-ast')
cd /Users/admin/builder/spi-builder-workspace/.swiftpm/xcode
builtin-SwiftPerFileCompile LexicalParentAssignment.swift
SwiftDriverJobDiscovery normal arm64 Compiling TernaryConditionalOperatorExpression.swift, TryOperatorExpression.swift, TupleExpression.swift, TypeCastingOperatorExpression.swift, WildcardExpression.swift, ExpressionList.swift, GenericArgumentClause.swift, GenericParameterClause.swift, GenericWhereClause.swift, Identifier.swift, IdentifierList.swift, LocatableNode.swift (in target 'AST' from project 'swift-ast')
SwiftCompile normal arm64_32 Compiling\ SequenceExpressionFolding.swift /Users/admin/builder/spi-builder-workspace/.dependencies/checkouts/swift-ast/Sources/Sema/SequenceExpressionFolding.swift (in target 'Sema' from project 'swift-ast')
SwiftCompile normal arm64_32 /Users/admin/builder/spi-builder-workspace/.dependencies/checkouts/swift-ast/Sources/Sema/SequenceExpressionFolding.swift (in target 'Sema' from project 'swift-ast')
cd /Users/admin/builder/spi-builder-workspace/.swiftpm/xcode
builtin-SwiftPerFileCompile SequenceExpressionFolding.swift
SwiftEmitModule normal arm64_32 Emitting\ module\ for\ Parser (in target 'Parser' from project 'swift-ast')
/Users/admin/builder/spi-builder-workspace/.dependencies/checkouts/swift-ast/Sources/Parser/Parser+Expression.swift:40:93: error: 'Expression' is ambiguous for type lookup in this context
38 | }
39 |
40 | func parseExpression(config: ParserExpressionConfig = ParserExpressionConfig()) throws -> Expression {
| `- error: 'Expression' is ambiguous for type lookup in this context
41 | let tryKind = parseTryKind()
42 | let prefixExpr = try parsePrefixExpression(config: config)
Foundation.Expression:2:15: note: found this candidate
1 | @available(macOS 15, iOS 18, tvOS 18, watchOS 11, *)
2 | public struct Expression<each Input, Output> : Sendable {
| `- note: found this candidate
3 | public let expression: any StandardPredicateExpression<Output>
4 | public let variable: (repeat PredicateExpressions.Variable<each Input>)
AST.Expression:1:17: note: found this candidate
1 | public protocol Expression : AST.Statement {
| `- note: found this candidate
2 | }
/Users/admin/builder/spi-builder-workspace/.dependencies/checkouts/swift-ast/Sources/Parser/Parser+Expression.swift:53:48: error: 'Expression' is ambiguous for type lookup in this context
51 | case noTry
52 |
53 | fileprivate func wrap(expr: Expression) -> Expression {
| `- error: 'Expression' is ambiguous for type lookup in this context
54 | switch self {
55 | case .try(let startLocation):
Foundation.Expression:2:15: note: found this candidate
1 | @available(macOS 15, iOS 18, tvOS 18, watchOS 11, *)
2 | public struct Expression<each Input, Output> : Sendable {
| `- note: found this candidate
3 | public let expression: any StandardPredicateExpression<Output>
4 | public let variable: (repeat PredicateExpressions.Variable<each Input>)
AST.Expression:1:17: note: found this candidate
1 | public protocol Expression : AST.Statement {
| `- note: found this candidate
2 | }
/Users/admin/builder/spi-builder-workspace/.dependencies/checkouts/swift-ast/Sources/Parser/Parser+Expression.swift:53:33: error: 'Expression' is ambiguous for type lookup in this context
51 | case noTry
52 |
53 | fileprivate func wrap(expr: Expression) -> Expression {
| `- error: 'Expression' is ambiguous for type lookup in this context
54 | switch self {
55 | case .try(let startLocation):
Foundation.Expression:2:15: note: found this candidate
1 | @available(macOS 15, iOS 18, tvOS 18, watchOS 11, *)
2 | public struct Expression<each Input, Output> : Sendable {
| `- note: found this candidate
3 | public let expression: any StandardPredicateExpression<Output>
4 | public let variable: (repeat PredicateExpressions.Variable<each Input>)
AST.Expression:1:17: note: found this candidate
1 | public protocol Expression : AST.Statement {
| `- note: found this candidate
2 | }
/Users/admin/builder/spi-builder-workspace/.dependencies/checkouts/swift-ast/Sources/Parser/Parser+Expression.swift:89:15: error: 'Expression' is ambiguous for type lookup in this context
87 | private func parseBinaryExpressions( // swift-lint:suppress(high_ncss,high_cyclomatic_complexity)
88 | leftExpression: Expression, config: ParserExpressionConfig
89 | ) throws -> Expression {
| `- error: 'Expression' is ambiguous for type lookup in this context
90 | var resultExpr: Expression = leftExpression
91 |
Foundation.Expression:2:15: note: found this candidate
1 | @available(macOS 15, iOS 18, tvOS 18, watchOS 11, *)
2 | public struct Expression<each Input, Output> : Sendable {
| `- note: found this candidate
3 | public let expression: any StandardPredicateExpression<Output>
4 | public let variable: (repeat PredicateExpressions.Variable<each Input>)
AST.Expression:1:17: note: found this candidate
1 | public protocol Expression : AST.Statement {
| `- note: found this candidate
2 | }
/Users/admin/builder/spi-builder-workspace/.dependencies/checkouts/swift-ast/Sources/Parser/Parser+Expression.swift:88:21: error: 'Expression' is ambiguous for type lookup in this context
86 |
87 | private func parseBinaryExpressions( // swift-lint:suppress(high_ncss,high_cyclomatic_complexity)
88 | leftExpression: Expression, config: ParserExpressionConfig
| `- error: 'Expression' is ambiguous for type lookup in this context
89 | ) throws -> Expression {
90 | var resultExpr: Expression = leftExpression
Foundation.Expression:2:15: note: found this candidate
1 | @available(macOS 15, iOS 18, tvOS 18, watchOS 11, *)
2 | public struct Expression<each Input, Output> : Sendable {
| `- note: found this candidate
3 | public let expression: any StandardPredicateExpression<Output>
4 | public let variable: (repeat PredicateExpressions.Variable<each Input>)
AST.Expression:1:17: note: found this candidate
1 | public protocol Expression : AST.Statement {
| `- note: found this candidate
2 | }
/Users/admin/builder/spi-builder-workspace/.dependencies/checkouts/swift-ast/Sources/Parser/Parser+Expression.swift:252:80: error: 'Expression' is ambiguous for type lookup in this context
250 | }
251 |
252 | private func parsePrefixExpression(config: ParserExpressionConfig) throws -> Expression {
| `- error: 'Expression' is ambiguous for type lookup in this context
253 | let startLocation = getStartLocation()
254 | switch _lexer.read([.dummyPrefixOperator, .prefixAmp]) {
Foundation.Expression:2:15: note: found this candidate
1 | @available(macOS 15, iOS 18, tvOS 18, watchOS 11, *)
2 | public struct Expression<each Input, Output> : Sendable {
| `- note: found this candidate
3 | public let expression: any StandardPredicateExpression<Output>
4 | public let variable: (repeat PredicateExpressions.Variable<each Input>)
AST.Expression:1:17: note: found this candidate
1 | public protocol Expression : AST.Statement {
| `- note: found this candidate
2 | }
/Users/admin/builder/spi-builder-workspace/.dependencies/checkouts/swift-ast/Sources/Parser/Parser+Expression.swift:1081:45: error: 'Expression' is ambiguous for type lookup in this context
1079 | }
1080 |
1081 | private func parseDictionaryLiteral(head: Expression, startLocation: SourceLocation) throws -> LiteralExpression {
| `- error: 'Expression' is ambiguous for type lookup in this context
1082 | var entries: [DictionaryEntry] = []
1083 | // complete first entry
Foundation.Expression:2:15: note: found this candidate
1 | @available(macOS 15, iOS 18, tvOS 18, watchOS 11, *)
2 | public struct Expression<each Input, Output> : Sendable {
| `- note: found this candidate
3 | public let expression: any StandardPredicateExpression<Output>
4 | public let variable: (repeat PredicateExpressions.Variable<each Input>)
AST.Expression:1:17: note: found this candidate
1 | public protocol Expression : AST.Statement {
| `- note: found this candidate
2 | }
/Users/admin/builder/spi-builder-workspace/.dependencies/checkouts/swift-ast/Sources/Parser/Parser+Expression.swift:1101:11: error: 'Expression' is ambiguous for type lookup in this context
1099 |
1100 | private func parseArrayLiteral(
1101 | head: Expression, startLocation: SourceLocation
| `- error: 'Expression' is ambiguous for type lookup in this context
1102 | ) throws -> LiteralExpression {
1103 | var exprs: [Expression] = [head]
Foundation.Expression:2:15: note: found this candidate
1 | @available(macOS 15, iOS 18, tvOS 18, watchOS 11, *)
2 | public struct Expression<each Input, Output> : Sendable {
| `- note: found this candidate
3 | public let expression: any StandardPredicateExpression<Output>
4 | public let variable: (repeat PredicateExpressions.Variable<each Input>)
AST.Expression:1:17: note: found this candidate
1 | public protocol Expression : AST.Statement {
| `- note: found this candidate
2 | }
Failed frontend command:
/Applications/Xcode-27.0.0-Release.Candidate.app/Contents/Developer/Toolchains/XcodeDefault.xctoolchain/usr/bin/swift-frontend -frontend -emit-module -experimental-skip-non-inlinable-function-bodies-without-types /Users/admin/builder/spi-builder-workspace/.dependencies/checkouts/swift-ast/Sources/Parser/Parser+Attribute.swift /Users/admin/builder/spi-builder-workspace/.dependencies/checkouts/swift-ast/Sources/Parser/Parser+Common.swift /Users/admin/builder/spi-builder-workspace/.dependencies/checkouts/swift-ast/Sources/Parser/Parser+Declaration.swift /Users/admin/builder/spi-builder-workspace/.dependencies/checkouts/swift-ast/Sources/Parser/Parser+Diagnostic.swift /Users/admin/builder/spi-builder-workspace/.dependencies/checkouts/swift-ast/Sources/Parser/Parser+Expression.swift /Users/admin/builder/spi-builder-workspace/.dependencies/checkouts/swift-ast/Sources/Parser/Parser+Generic.swift /Users/admin/builder/spi-builder-workspace/.dependencies/checkouts/swift-ast/Sources/Parser/Parser+Lexing.swift /Users/admin/builder/spi-builder-workspace/.dependencies/checkouts/swift-ast/Sources/Parser/Parser+Modifier.swift /Users/admin/builder/spi-builder-workspace/.dependencies/checkouts/swift-ast/Sources/Parser/Parser+Pattern.swift /Users/admin/builder/spi-builder-workspace/.dependencies/checkouts/swift-ast/Sources/Parser/Parser+Statement.swift /Users/admin/builder/spi-builder-workspace/.dependencies/checkouts/swift-ast/Sources/Parser/Parser+Type.swift /Users/admin/builder/spi-builder-workspace/.dependencies/checkouts/swift-ast/Sources/Parser/Parser+Util.swift /Users/admin/builder/spi-builder-workspace/.dependencies/checkouts/swift-ast/Sources/Parser/Parser.swift -target arm64_32-apple-watchos9.0 -disable-cross-import-overlay-search -load-resolved-plugin /Applications/Xcode-27.0.0-Release.Candidate.app/Contents/Developer/Platforms/WatchOS.platform/Developer/usr/lib/swift/host/plugins/libFoundationMacros.dylib\#/Applications/Xcode-27.0.0-Release.Candidate.app/Contents/Developer/Platforms/WatchOS.platform/Developer/usr/bin/swift-plugin-server\#FoundationMacros -load-resolved-plugin /Applications/Xcode-27.0.0-Release.Candidate.app/Contents/Developer/Platforms/WatchOS.platform/Developer/usr/lib/swift/host/plugins/libObservationMacros.dylib\#/Applications/Xcode-27.0.0-Release.Candidate.app/Contents/Developer/Platforms/WatchOS.platform/Developer/usr/bin/swift-plugin-server\#ObservationMacros -load-resolved-plugin /Applications/Xcode-27.0.0-Release.Candidate.app/Contents/Developer/Platforms/WatchOS.platform/Developer/usr/lib/swift/host/plugins/libSwiftMacros.dylib\#/Applications/Xcode-27.0.0-Release.Candidate.app/Contents/Developer/Platforms/WatchOS.platform/Developer/usr/bin/swift-plugin-server\#SwiftMacros -disable-implicit-swift-modules -Xcc -fno-implicit-modules -Xcc -fno-implicit-module-maps -explicit-swift-module-map-file /Users/admin/builder/spi-builder-workspace/.derivedData/Build/Intermediates.noindex/swift-ast.build/Debug-watchos/Parser-t.build/Objects-normal/arm64_32/Parser-dependencies-1.json -enable-objc-interop -sdk /Applications/Xcode-27.0.0-Release.Candidate.app/Contents/Developer/Platforms/WatchOS.platform/Developer/SDKs/WatchOS27.0.sdk -I /Users/admin/builder/spi-builder-workspace/.derivedData/Build/Products/Debug-watchos -Isystem /Applications/Xcode-27.0.0-Release.Candidate.app/Contents/Developer/Platforms/WatchOS.platform/Developer/usr/lib -F /Users/admin/builder/spi-builder-workspace/.derivedData/Build/Products/Debug-watchos/PackageFrameworks -F /Users/admin/builder/spi-builder-workspace/.derivedData/Build/Products/Debug-watchos -F /Applications/Xcode-27.0.0-Release.Candidate.app/Contents/Developer/Platforms/WatchOS.platform/Developer/Library/Frameworks -F /Applications/Xcode-27.0.0-Release.Candidate.app/Contents/Developer/Platforms/WatchOS.platform/Developer/SDKs/WatchOS27.0.sdk/Developer/Library/Frameworks -module-cache-path /Users/admin/builder/spi-builder-workspace/.derivedData/Build/Intermediates.noindex/SwiftExplicitPrecompiledModules -no-color-diagnostics -Xcc -fno-color-diagnostics -enable-testing -g -debug-info-format\=dwarf -dwarf-version\=4 -suppress-warnings -profile-generate -profile-coverage-mapping -swift-version 5 -Onone -D SWIFT_PACKAGE -D DEBUG -D SWIFT_MODULE_RESOURCE_BUNDLE_UNAVAILABLE -D Xcode -serialize-debugging-options -enable-experimental-feature DebugDescriptionMacro -empty-abi-descriptor -validate-clang-modules-once -clang-build-session-file /Users/admin/builder/spi-builder-workspace/.derivedData/ModuleCache.noindex/Session.modulevalidation -Xcc -working-directory -Xcc /Users/admin/builder/spi-builder-workspace/.swiftpm/xcode -enable-anonymous-context-mangled-names -file-compilation-dir /Users/admin/builder/spi-builder-workspace/.swiftpm/xcode -Xcc -D_LIBCPP_HARDENING_MODE\=_LIBCPP_HARDENING_MODE_DEBUG -Xcc -ivfsstatcache -Xcc /Users/admin/builder/spi-builder-workspace/.derivedData/SDKStatCaches.noindex/watchos27.0-24R360-e829b21a6f8c9b70876ba0858053c04477534ef55a1706bf4c1112bbb242f0a2.sdkstatcache -Xcc -fmodules-prune-interval\=86400 -Xcc -fmodules-prune-after\=345600 -Xcc -I/Users/admin/builder/spi-builder-workspace/.derivedData/Build/Products/Debug-watchos/include -Xcc -I/Users/admin/builder/spi-builder-workspace/.derivedData/Build/Intermediates.noindex/swift-ast.build/Debug-watchos/Parser-t.build/DerivedSources-normal/arm64_32 -Xcc -I/Users/admin/builder/spi-builder-workspace/.derivedData/Build/Intermediates.noindex/swift-ast.build/Debug-watchos/Parser-t.build/DerivedSources/arm64_32 -Xcc -I/Users/admin/builder/spi-builder-workspace/.derivedData/Build/Intermediates.noindex/swift-ast.build/Debug-watchos/Parser-t.build/DerivedSources -Xcc -DSWIFT_PACKAGE -Xcc -DDEBUG\=1 -no-auto-bridging-header-chaining -module-name Parser -const-gather-protocols-file /Users/admin/builder/spi-builder-workspace/.derivedData/Build/Intermediates.noindex/swift-ast.build/Debug-watchos/Parser-t.build/Objects-normal/arm64_32/Parser_const_extract_protocols.json -disable-clang-spi -clang-target arm64_32-apple-watchos27.0 -target-sdk-version 27.0 -target-sdk-name watchos27.0 -in-process-plugin-server-path /Applications/Xcode-27.0.0-Release.Candidate.app/Contents/Developer/Toolchains/XcodeDefault.xctoolchain/usr/lib/swift/host/libSwiftInProcPluginServer.dylib -emit-module-doc-path /Users/admin/builder/spi-builder-workspace/.derivedData/Build/Intermediates.noindex/swift-ast.build/Debug-watchos/Parser-t.build/Objects-normal/arm64_32/Parser.swiftdoc -emit-module-source-info-path /Users/admin/builder/spi-builder-workspace/.derivedData/Build/Intermediates.noindex/swift-ast.build/Debug-watchos/Parser-t.build/Objects-normal/arm64_32/Parser.swiftsourceinfo -emit-objc-header-path /Users/admin/builder/spi-builder-workspace/.derivedData/Build/Intermediates.noindex/swift-ast.build/Debug-watchos/Parser-t.build/Objects-normal/arm64_32/Parser-Swift.h -serialize-diagnostics-path /Users/admin/builder/spi-builder-workspace/.derivedData/Build/Intermediates.noindex/swift-ast.build/Debug-watchos/Parser-t.build/Objects-normal/arm64_32/Parser-primary-emit-module.dia -emit-dependencies-path /Users/admin/builder/spi-builder-workspace/.derivedData/Build/Intermediates.noindex/swift-ast.build/Debug-watchos/Parser-t.build/Objects-normal/arm64_32/Parser-primary-emit-module.d -parse-as-library -o /Users/admin/builder/spi-builder-workspace/.derivedData/Build/Intermediates.noindex/swift-ast.build/Debug-watchos/Parser-t.build/Objects-normal/arm64_32/Parser.swiftmodule -emit-abi-descriptor-path /Users/admin/builder/spi-builder-workspace/.derivedData/Build/Intermediates.noindex/swift-ast.build/Debug-watchos/Parser-t.build/Objects-normal/arm64_32/Parser.abi.json
SwiftCompile normal arm64_32 (in target 'Parser' from project 'swift-ast')
cd /Users/admin/builder/spi-builder-workspace/.swiftpm/xcode
SwiftEmitModule normal arm64 Emitting\ module\ for\ Parser (in target 'Parser' from project 'swift-ast')
/Users/admin/builder/spi-builder-workspace/.dependencies/checkouts/swift-ast/Sources/Parser/Parser+Expression.swift:40:93: error: 'Expression' is ambiguous for type lookup in this context
38 | }
39 |
40 | func parseExpression(config: ParserExpressionConfig = ParserExpressionConfig()) throws -> Expression {
| `- error: 'Expression' is ambiguous for type lookup in this context
41 | let tryKind = parseTryKind()
42 | let prefixExpr = try parsePrefixExpression(config: config)
Foundation.Expression:2:15: note: found this candidate
1 | @available(macOS 15, iOS 18, tvOS 18, watchOS 11, *)
2 | public struct Expression<each Input, Output> : Sendable {
| `- note: found this candidate
3 | public let expression: any StandardPredicateExpression<Output>
4 | public let variable: (repeat PredicateExpressions.Variable<each Input>)
AST.Expression:1:17: note: found this candidate
1 | public protocol Expression : AST.Statement {
| `- note: found this candidate
2 | }
/Users/admin/builder/spi-builder-workspace/.dependencies/checkouts/swift-ast/Sources/Parser/Parser+Expression.swift:53:48: error: 'Expression' is ambiguous for type lookup in this context
51 | case noTry
52 |
53 | fileprivate func wrap(expr: Expression) -> Expression {
| `- error: 'Expression' is ambiguous for type lookup in this context
54 | switch self {
55 | case .try(let startLocation):
Foundation.Expression:2:15: note: found this candidate
1 | @available(macOS 15, iOS 18, tvOS 18, watchOS 11, *)
2 | public struct Expression<each Input, Output> : Sendable {
| `- note: found this candidate
3 | public let expression: any StandardPredicateExpression<Output>
4 | public let variable: (repeat PredicateExpressions.Variable<each Input>)
AST.Expression:1:17: note: found this candidate
1 | public protocol Expression : AST.Statement {
| `- note: found this candidate
2 | }
/Users/admin/builder/spi-builder-workspace/.dependencies/checkouts/swift-ast/Sources/Parser/Parser+Expression.swift:53:33: error: 'Expression' is ambiguous for type lookup in this context
51 | case noTry
52 |
53 | fileprivate func wrap(expr: Expression) -> Expression {
| `- error: 'Expression' is ambiguous for type lookup in this context
54 | switch self {
55 | case .try(let startLocation):
Foundation.Expression:2:15: note: found this candidate
1 | @available(macOS 15, iOS 18, tvOS 18, watchOS 11, *)
2 | public struct Expression<each Input, Output> : Sendable {
| `- note: found this candidate
3 | public let expression: any StandardPredicateExpression<Output>
4 | public let variable: (repeat PredicateExpressions.Variable<each Input>)
AST.Expression:1:17: note: found this candidate
1 | public protocol Expression : AST.Statement {
| `- note: found this candidate
2 | }
/Users/admin/builder/spi-builder-workspace/.dependencies/checkouts/swift-ast/Sources/Parser/Parser+Expression.swift:89:15: error: 'Expression' is ambiguous for type lookup in this context
87 | private func parseBinaryExpressions( // swift-lint:suppress(high_ncss,high_cyclomatic_complexity)
88 | leftExpression: Expression, config: ParserExpressionConfig
89 | ) throws -> Expression {
| `- error: 'Expression' is ambiguous for type lookup in this context
90 | var resultExpr: Expression = leftExpression
91 |
Foundation.Expression:2:15: note: found this candidate
1 | @available(macOS 15, iOS 18, tvOS 18, watchOS 11, *)
2 | public struct Expression<each Input, Output> : Sendable {
| `- note: found this candidate
3 | public let expression: any StandardPredicateExpression<Output>
4 | public let variable: (repeat PredicateExpressions.Variable<each Input>)
AST.Expression:1:17: note: found this candidate
1 | public protocol Expression : AST.Statement {
| `- note: found this candidate
2 | }
/Users/admin/builder/spi-builder-workspace/.dependencies/checkouts/swift-ast/Sources/Parser/Parser+Expression.swift:88:21: error: 'Expression' is ambiguous for type lookup in this context
86 |
87 | private func parseBinaryExpressions( // swift-lint:suppress(high_ncss,high_cyclomatic_complexity)
88 | leftExpression: Expression, config: ParserExpressionConfig
| `- error: 'Expression' is ambiguous for type lookup in this context
89 | ) throws -> Expression {
90 | var resultExpr: Expression = leftExpression
Foundation.Expression:2:15: note: found this candidate
1 | @available(macOS 15, iOS 18, tvOS 18, watchOS 11, *)
2 | public struct Expression<each Input, Output> : Sendable {
| `- note: found this candidate
3 | public let expression: any StandardPredicateExpression<Output>
4 | public let variable: (repeat PredicateExpressions.Variable<each Input>)
AST.Expression:1:17: note: found this candidate
1 | public protocol Expression : AST.Statement {
| `- note: found this candidate
2 | }
/Users/admin/builder/spi-builder-workspace/.dependencies/checkouts/swift-ast/Sources/Parser/Parser+Expression.swift:252:80: error: 'Expression' is ambiguous for type lookup in this context
250 | }
251 |
252 | private func parsePrefixExpression(config: ParserExpressionConfig) throws -> Expression {
| `- error: 'Expression' is ambiguous for type lookup in this context
253 | let startLocation = getStartLocation()
254 | switch _lexer.read([.dummyPrefixOperator, .prefixAmp]) {
Foundation.Expression:2:15: note: found this candidate
1 | @available(macOS 15, iOS 18, tvOS 18, watchOS 11, *)
2 | public struct Expression<each Input, Output> : Sendable {
| `- note: found this candidate
3 | public let expression: any StandardPredicateExpression<Output>
4 | public let variable: (repeat PredicateExpressions.Variable<each Input>)
AST.Expression:1:17: note: found this candidate
1 | public protocol Expression : AST.Statement {
| `- note: found this candidate
2 | }
/Users/admin/builder/spi-builder-workspace/.dependencies/checkouts/swift-ast/Sources/Parser/Parser+Expression.swift:1081:45: error: 'Expression' is ambiguous for type lookup in this context
1079 | }
1080 |
1081 | private func parseDictionaryLiteral(head: Expression, startLocation: SourceLocation) throws -> LiteralExpression {
| `- error: 'Expression' is ambiguous for type lookup in this context
1082 | var entries: [DictionaryEntry] = []
1083 | // complete first entry
Foundation.Expression:2:15: note: found this candidate
1 | @available(macOS 15, iOS 18, tvOS 18, watchOS 11, *)
2 | public struct Expression<each Input, Output> : Sendable {
| `- note: found this candidate
3 | public let expression: any StandardPredicateExpression<Output>
4 | public let variable: (repeat PredicateExpressions.Variable<each Input>)
AST.Expression:1:17: note: found this candidate
1 | public protocol Expression : AST.Statement {
| `- note: found this candidate
2 | }
SwiftCompile normal arm64 (in target 'Parser' from project 'swift-ast')
cd /Users/admin/builder/spi-builder-workspace/.swiftpm/xcode
SwiftDriverJobDiscovery normal arm64 Emitting module for Sema (in target 'Sema' from project 'swift-ast')
SwiftDriver\ Compilation\ Requirements Sema normal arm64 com.apple.xcode.tools.swift.compiler (in target 'Sema' from project 'swift-ast')
cd /Users/admin/builder/spi-builder-workspace/.swiftpm/xcode
builtin-Swift-Compilation-Requirements -- /Applications/Xcode-27.0.0-Release.Candidate.app/Contents/Developer/Toolchains/XcodeDefault.xctoolchain/usr/bin/swiftc -parse-as-library -module-name Sema -Onone @/Users/admin/builder/spi-builder-workspace/.derivedData/Build/Intermediates.noindex/swift-ast.build/Debug-watchos/Sema-t.build/Objects-normal/arm64/Sema.SwiftFileList -DSWIFT_PACKAGE -DDEBUG -DSWIFT_MODULE_RESOURCE_BUNDLE_UNAVAILABLE -DXcode -plugin-path /Applications/Xcode-27.0.0-Release.Candidate.app/Contents/Developer/Toolchains/XcodeDefault.xctoolchain/usr/lib/swift/host/plugins/testing -enable-experimental-feature DebugDescriptionMacro -sdk /Applications/Xcode-27.0.0-Release.Candidate.app/Contents/Developer/Platforms/WatchOS.platform/Developer/SDKs/WatchOS27.0.sdk -target arm64-apple-watchos9.0 -g -module-cache-path /Users/admin/builder/spi-builder-workspace/.derivedData/ModuleCache.noindex -Xfrontend -serialize-debugging-options -profile-coverage-mapping -profile-generate -enable-testing -suppress-warnings -index-store-path /Users/admin/builder/spi-builder-workspace/.derivedData/Index.noindex/DataStore -Xcc -D_LIBCPP_HARDENING_MODE\=_LIBCPP_HARDENING_MODE_DEBUG -swift-version 5 -I /Users/admin/builder/spi-builder-workspace/.derivedData/Build/Products/Debug-watchos -Isystem /Applications/Xcode-27.0.0-Release.Candidate.app/Contents/Developer/Platforms/WatchOS.platform/Developer/usr/lib -F /Users/admin/builder/spi-builder-workspace/.derivedData/Build/Products/Debug-watchos/PackageFrameworks -F /Users/admin/builder/spi-builder-workspace/.derivedData/Build/Products/Debug-watchos -F /Applications/Xcode-27.0.0-Release.Candidate.app/Contents/Developer/Platforms/WatchOS.platform/Developer/Library/Frameworks -F /Applications/Xcode-27.0.0-Release.Candidate.app/Contents/Developer/Platforms/WatchOS.platform/Developer/SDKs/WatchOS27.0.sdk/Developer/Library/Frameworks -c -j10 -enable-batch-mode -incremental -Xcc -ivfsstatcache -Xcc /Users/admin/builder/spi-builder-workspace/.derivedData/SDKStatCaches.noindex/watchos27.0-24R360-e829b21a6f8c9b70876ba0858053c04477534ef55a1706bf4c1112bbb242f0a2.sdkstatcache -output-file-map /Users/admin/builder/spi-builder-workspace/.derivedData/Build/Intermediates.noindex/swift-ast.build/Debug-watchos/Sema-t.build/Objects-normal/arm64/Sema-OutputFileMap.json -save-temps -no-color-diagnostics -explicit-module-build -module-cache-path /Users/admin/builder/spi-builder-workspace/.derivedData/Build/Intermediates.noindex/SwiftExplicitPrecompiledModules -clang-scanner-module-cache-path /Users/admin/builder/spi-builder-workspace/.derivedData/ModuleCache.noindex -sdk-module-cache-path /Users/admin/builder/spi-builder-workspace/.derivedData/SDKExplicitPrecompiledModules -emit-dependencies -emit-module -emit-module-path /Users/admin/builder/spi-builder-workspace/.derivedData/Build/Intermediates.noindex/swift-ast.build/Debug-watchos/Sema-t.build/Objects-normal/arm64/Sema.swiftmodule -serialize-diagnostics -dependency-scan-serialize-diagnostics-path /Users/admin/builder/spi-builder-workspace/.derivedData/Build/Intermediates.noindex/swift-ast.build/Debug-watchos/Sema-t.build/Objects-normal/arm64/Sema-dependency-scan.dia -validate-clang-modules-once -clang-build-session-file /Users/admin/builder/spi-builder-workspace/.derivedData/ModuleCache.noindex/Session.modulevalidation -Xcc -fmodules-prune-interval\=86400 -Xcc -fmodules-prune-after\=345600 -emit-const-values -const-gather-protocols-list /Users/admin/builder/spi-builder-workspace/.derivedData/Build/Intermediates.noindex/swift-ast.build/Debug-watchos/Sema-t.build/Objects-normal/arm64/Sema_const_extract_protocols.json -Xcc -I/Users/admin/builder/spi-builder-workspace/.derivedData/Build/Products/Debug-watchos/include -Xcc -I/Users/admin/builder/spi-builder-workspace/.derivedData/Build/Intermediates.noindex/swift-ast.build/Debug-watchos/Sema-t.build/DerivedSources-normal/arm64 -Xcc -I/Users/admin/builder/spi-builder-workspace/.derivedData/Build/Intermediates.noindex/swift-ast.build/Debug-watchos/Sema-t.build/DerivedSources/arm64 -Xcc -I/Users/admin/builder/spi-builder-workspace/.derivedData/Build/Intermediates.noindex/swift-ast.build/Debug-watchos/Sema-t.build/DerivedSources -Xcc -DSWIFT_PACKAGE -Xcc -DDEBUG\=1 -emit-objc-header -emit-objc-header-path /Users/admin/builder/spi-builder-workspace/.derivedData/Build/Intermediates.noindex/swift-ast.build/Debug-watchos/Sema-t.build/Objects-normal/arm64/Sema-Swift.h -working-directory /Users/admin/builder/spi-builder-workspace/.swiftpm/xcode -experimental-emit-module-separately -disable-cmo
SwiftDriverJobDiscovery normal arm64_32 Emitting module for Sema (in target 'Sema' from project 'swift-ast')
SwiftDriver\ Compilation\ Requirements Sema normal arm64_32 com.apple.xcode.tools.swift.compiler (in target 'Sema' from project 'swift-ast')
cd /Users/admin/builder/spi-builder-workspace/.swiftpm/xcode
builtin-Swift-Compilation-Requirements -- /Applications/Xcode-27.0.0-Release.Candidate.app/Contents/Developer/Toolchains/XcodeDefault.xctoolchain/usr/bin/swiftc -parse-as-library -module-name Sema -Onone @/Users/admin/builder/spi-builder-workspace/.derivedData/Build/Intermediates.noindex/swift-ast.build/Debug-watchos/Sema-t.build/Objects-normal/arm64_32/Sema.SwiftFileList -DSWIFT_PACKAGE -DDEBUG -DSWIFT_MODULE_RESOURCE_BUNDLE_UNAVAILABLE -DXcode -plugin-path /Applications/Xcode-27.0.0-Release.Candidate.app/Contents/Developer/Toolchains/XcodeDefault.xctoolchain/usr/lib/swift/host/plugins/testing -enable-experimental-feature DebugDescriptionMacro -sdk /Applications/Xcode-27.0.0-Release.Candidate.app/Contents/Developer/Platforms/WatchOS.platform/Developer/SDKs/WatchOS27.0.sdk -target arm64_32-apple-watchos9.0 -g -module-cache-path /Users/admin/builder/spi-builder-workspace/.derivedData/ModuleCache.noindex -Xfrontend -serialize-debugging-options -profile-coverage-mapping -profile-generate -enable-testing -suppress-warnings -index-store-path /Users/admin/builder/spi-builder-workspace/.derivedData/Index.noindex/DataStore -Xcc -D_LIBCPP_HARDENING_MODE\=_LIBCPP_HARDENING_MODE_DEBUG -swift-version 5 -I /Users/admin/builder/spi-builder-workspace/.derivedData/Build/Products/Debug-watchos -Isystem /Applications/Xcode-27.0.0-Release.Candidate.app/Contents/Developer/Platforms/WatchOS.platform/Developer/usr/lib -F /Users/admin/builder/spi-builder-workspace/.derivedData/Build/Products/Debug-watchos/PackageFrameworks -F /Users/admin/builder/spi-builder-workspace/.derivedData/Build/Products/Debug-watchos -F /Applications/Xcode-27.0.0-Release.Candidate.app/Contents/Developer/Platforms/WatchOS.platform/Developer/Library/Frameworks -F /Applications/Xcode-27.0.0-Release.Candidate.app/Contents/Developer/Platforms/WatchOS.platform/Developer/SDKs/WatchOS27.0.sdk/Developer/Library/Frameworks -c -j10 -enable-batch-mode -incremental -Xcc -ivfsstatcache -Xcc /Users/admin/builder/spi-builder-workspace/.derivedData/SDKStatCaches.noindex/watchos27.0-24R360-e829b21a6f8c9b70876ba0858053c04477534ef55a1706bf4c1112bbb242f0a2.sdkstatcache -output-file-map /Users/admin/builder/spi-builder-workspace/.derivedData/Build/Intermediates.noindex/swift-ast.build/Debug-watchos/Sema-t.build/Objects-normal/arm64_32/Sema-OutputFileMap.json -save-temps -no-color-diagnostics -explicit-module-build -module-cache-path /Users/admin/builder/spi-builder-workspace/.derivedData/Build/Intermediates.noindex/SwiftExplicitPrecompiledModules -clang-scanner-module-cache-path /Users/admin/builder/spi-builder-workspace/.derivedData/ModuleCache.noindex -sdk-module-cache-path /Users/admin/builder/spi-builder-workspace/.derivedData/SDKExplicitPrecompiledModules -emit-dependencies -emit-module -emit-module-path /Users/admin/builder/spi-builder-workspace/.derivedData/Build/Intermediates.noindex/swift-ast.build/Debug-watchos/Sema-t.build/Objects-normal/arm64_32/Sema.swiftmodule -serialize-diagnostics -dependency-scan-serialize-diagnostics-path /Users/admin/builder/spi-builder-workspace/.derivedData/Build/Intermediates.noindex/swift-ast.build/Debug-watchos/Sema-t.build/Objects-normal/arm64_32/Sema-dependency-scan.dia -validate-clang-modules-once -clang-build-session-file /Users/admin/builder/spi-builder-workspace/.derivedData/ModuleCache.noindex/Session.modulevalidation -Xcc -fmodules-prune-interval\=86400 -Xcc -fmodules-prune-after\=345600 -emit-const-values -const-gather-protocols-list /Users/admin/builder/spi-builder-workspace/.derivedData/Build/Intermediates.noindex/swift-ast.build/Debug-watchos/Sema-t.build/Objects-normal/arm64_32/Sema_const_extract_protocols.json -Xcc -I/Users/admin/builder/spi-builder-workspace/.derivedData/Build/Products/Debug-watchos/include -Xcc -I/Users/admin/builder/spi-builder-workspace/.derivedData/Build/Intermediates.noindex/swift-ast.build/Debug-watchos/Sema-t.build/DerivedSources-normal/arm64_32 -Xcc -I/Users/admin/builder/spi-builder-workspace/.derivedData/Build/Intermediates.noindex/swift-ast.build/Debug-watchos/Sema-t.build/DerivedSources/arm64_32 -Xcc -I/Users/admin/builder/spi-builder-workspace/.derivedData/Build/Intermediates.noindex/swift-ast.build/Debug-watchos/Sema-t.build/DerivedSources -Xcc -DSWIFT_PACKAGE -Xcc -DDEBUG\=1 -emit-objc-header -emit-objc-header-path /Users/admin/builder/spi-builder-workspace/.derivedData/Build/Intermediates.noindex/swift-ast.build/Debug-watchos/Sema-t.build/Objects-normal/arm64_32/Sema-Swift.h -working-directory /Users/admin/builder/spi-builder-workspace/.swiftpm/xcode -experimental-emit-module-separately -disable-cmo
Copy /Users/admin/builder/spi-builder-workspace/.derivedData/Build/Products/Debug-watchos/Sema.swiftmodule/arm64-apple-watchos.swiftmodule /Users/admin/builder/spi-builder-workspace/.derivedData/Build/Intermediates.noindex/swift-ast.build/Debug-watchos/Sema-t.build/Objects-normal/arm64/Sema.swiftmodule (in target 'Sema' from project 'swift-ast')
cd /Users/admin/builder/spi-builder-workspace/.dependencies/checkouts/swift-ast
builtin-copy -exclude .DS_Store -exclude CVS -exclude .svn -exclude .git -exclude .hg -resolve-src-symlinks -rename /Users/admin/builder/spi-builder-workspace/.derivedData/Build/Intermediates.noindex/swift-ast.build/Debug-watchos/Sema-t.build/Objects-normal/arm64/Sema.swiftmodule /Users/admin/builder/spi-builder-workspace/.derivedData/Build/Products/Debug-watchos/Sema.swiftmodule/arm64-apple-watchos.swiftmodule
SwiftMergeGeneratedHeaders /Users/admin/builder/spi-builder-workspace/.derivedData/Build/Intermediates.noindex/GeneratedModuleMaps-watchos/Sema-Swift.h /Users/admin/builder/spi-builder-workspace/.derivedData/Build/Intermediates.noindex/swift-ast.build/Debug-watchos/Sema-t.build/Objects-normal/arm64/Sema-Swift.h /Users/admin/builder/spi-builder-workspace/.derivedData/Build/Intermediates.noindex/swift-ast.build/Debug-watchos/Sema-t.build/Objects-normal/arm64_32/Sema-Swift.h (in target 'Sema' from project 'swift-ast')
cd /Users/admin/builder/spi-builder-workspace/.dependencies/checkouts/swift-ast
builtin-swiftHeaderTool -arch arm64 /Users/admin/builder/spi-builder-workspace/.derivedData/Build/Intermediates.noindex/swift-ast.build/Debug-watchos/Sema-t.build/Objects-normal/arm64/Sema-Swift.h -arch arm64_32 /Users/admin/builder/spi-builder-workspace/.derivedData/Build/Intermediates.noindex/swift-ast.build/Debug-watchos/Sema-t.build/Objects-normal/arm64_32/Sema-Swift.h -o /Users/admin/builder/spi-builder-workspace/.derivedData/Build/Intermediates.noindex/GeneratedModuleMaps-watchos/Sema-Swift.h
Copy /Users/admin/builder/spi-builder-workspace/.derivedData/Build/Products/Debug-watchos/Sema.swiftmodule/arm64_32-apple-watchos.swiftmodule /Users/admin/builder/spi-builder-workspace/.derivedData/Build/Intermediates.noindex/swift-ast.build/Debug-watchos/Sema-t.build/Objects-normal/arm64_32/Sema.swiftmodule (in target 'Sema' from project 'swift-ast')
cd /Users/admin/builder/spi-builder-workspace/.dependencies/checkouts/swift-ast
builtin-copy -exclude .DS_Store -exclude CVS -exclude .svn -exclude .git -exclude .hg -resolve-src-symlinks -rename /Users/admin/builder/spi-builder-workspace/.derivedData/Build/Intermediates.noindex/swift-ast.build/Debug-watchos/Sema-t.build/Objects-normal/arm64_32/Sema.swiftmodule /Users/admin/builder/spi-builder-workspace/.derivedData/Build/Products/Debug-watchos/Sema.swiftmodule/arm64_32-apple-watchos.swiftmodule
Copy /Users/admin/builder/spi-builder-workspace/.derivedData/Build/Products/Debug-watchos/Sema.swiftmodule/arm64_32-apple-watchos.swiftdoc /Users/admin/builder/spi-builder-workspace/.derivedData/Build/Intermediates.noindex/swift-ast.build/Debug-watchos/Sema-t.build/Objects-normal/arm64_32/Sema.swiftdoc (in target 'Sema' from project 'swift-ast')
cd /Users/admin/builder/spi-builder-workspace/.dependencies/checkouts/swift-ast
builtin-copy -exclude .DS_Store -exclude CVS -exclude .svn -exclude .git -exclude .hg -resolve-src-symlinks -rename /Users/admin/builder/spi-builder-workspace/.derivedData/Build/Intermediates.noindex/swift-ast.build/Debug-watchos/Sema-t.build/Objects-normal/arm64_32/Sema.swiftdoc /Users/admin/builder/spi-builder-workspace/.derivedData/Build/Products/Debug-watchos/Sema.swiftmodule/arm64_32-apple-watchos.swiftdoc
Copy /Users/admin/builder/spi-builder-workspace/.derivedData/Build/Products/Debug-watchos/Sema.swiftmodule/arm64_32-apple-watchos.abi.json /Users/admin/builder/spi-builder-workspace/.derivedData/Build/Intermediates.noindex/swift-ast.build/Debug-watchos/Sema-t.build/Objects-normal/arm64_32/Sema.abi.json (in target 'Sema' from project 'swift-ast')
cd /Users/admin/builder/spi-builder-workspace/.dependencies/checkouts/swift-ast
builtin-copy -exclude .DS_Store -exclude CVS -exclude .svn -exclude .git -exclude .hg -resolve-src-symlinks -rename /Users/admin/builder/spi-builder-workspace/.derivedData/Build/Intermediates.noindex/swift-ast.build/Debug-watchos/Sema-t.build/Objects-normal/arm64_32/Sema.abi.json /Users/admin/builder/spi-builder-workspace/.derivedData/Build/Products/Debug-watchos/Sema.swiftmodule/arm64_32-apple-watchos.abi.json
Copy /Users/admin/builder/spi-builder-workspace/.derivedData/Build/Products/Debug-watchos/Sema.swiftmodule/arm64-apple-watchos.swiftdoc /Users/admin/builder/spi-builder-workspace/.derivedData/Build/Intermediates.noindex/swift-ast.build/Debug-watchos/Sema-t.build/Objects-normal/arm64/Sema.swiftdoc (in target 'Sema' from project 'swift-ast')
cd /Users/admin/builder/spi-builder-workspace/.dependencies/checkouts/swift-ast
builtin-copy -exclude .DS_Store -exclude CVS -exclude .svn -exclude .git -exclude .hg -resolve-src-symlinks -rename /Users/admin/builder/spi-builder-workspace/.derivedData/Build/Intermediates.noindex/swift-ast.build/Debug-watchos/Sema-t.build/Objects-normal/arm64/Sema.swiftdoc /Users/admin/builder/spi-builder-workspace/.derivedData/Build/Products/Debug-watchos/Sema.swiftmodule/arm64-apple-watchos.swiftdoc
Copy /Users/admin/builder/spi-builder-workspace/.derivedData/Build/Products/Debug-watchos/Sema.swiftmodule/arm64-apple-watchos.abi.json /Users/admin/builder/spi-builder-workspace/.derivedData/Build/Intermediates.noindex/swift-ast.build/Debug-watchos/Sema-t.build/Objects-normal/arm64/Sema.abi.json (in target 'Sema' from project 'swift-ast')
cd /Users/admin/builder/spi-builder-workspace/.dependencies/checkouts/swift-ast
builtin-copy -exclude .DS_Store -exclude CVS -exclude .svn -exclude .git -exclude .hg -resolve-src-symlinks -rename /Users/admin/builder/spi-builder-workspace/.derivedData/Build/Intermediates.noindex/swift-ast.build/Debug-watchos/Sema-t.build/Objects-normal/arm64/Sema.abi.json /Users/admin/builder/spi-builder-workspace/.derivedData/Build/Products/Debug-watchos/Sema.swiftmodule/arm64-apple-watchos.abi.json
Copy /Users/admin/builder/spi-builder-workspace/.derivedData/Build/Products/Debug-watchos/Sema.swiftmodule/Project/arm64_32-apple-watchos.swiftsourceinfo /Users/admin/builder/spi-builder-workspace/.derivedData/Build/Intermediates.noindex/swift-ast.build/Debug-watchos/Sema-t.build/Objects-normal/arm64_32/Sema.swiftsourceinfo (in target 'Sema' from project 'swift-ast')
cd /Users/admin/builder/spi-builder-workspace/.dependencies/checkouts/swift-ast
builtin-copy -exclude .DS_Store -exclude CVS -exclude .svn -exclude .git -exclude .hg -resolve-src-symlinks -rename /Users/admin/builder/spi-builder-workspace/.derivedData/Build/Intermediates.noindex/swift-ast.build/Debug-watchos/Sema-t.build/Objects-normal/arm64_32/Sema.swiftsourceinfo /Users/admin/builder/spi-builder-workspace/.derivedData/Build/Products/Debug-watchos/Sema.swiftmodule/Project/arm64_32-apple-watchos.swiftsourceinfo
Copy /Users/admin/builder/spi-builder-workspace/.derivedData/Build/Products/Debug-watchos/Sema.swiftmodule/Project/arm64-apple-watchos.swiftsourceinfo /Users/admin/builder/spi-builder-workspace/.derivedData/Build/Intermediates.noindex/swift-ast.build/Debug-watchos/Sema-t.build/Objects-normal/arm64/Sema.swiftsourceinfo (in target 'Sema' from project 'swift-ast')
cd /Users/admin/builder/spi-builder-workspace/.dependencies/checkouts/swift-ast
builtin-copy -exclude .DS_Store -exclude CVS -exclude .svn -exclude .git -exclude .hg -resolve-src-symlinks -rename /Users/admin/builder/spi-builder-workspace/.derivedData/Build/Intermediates.noindex/swift-ast.build/Debug-watchos/Sema-t.build/Objects-normal/arm64/Sema.swiftsourceinfo /Users/admin/builder/spi-builder-workspace/.derivedData/Build/Products/Debug-watchos/Sema.swiftmodule/Project/arm64-apple-watchos.swiftsourceinfo
SwiftDriverJobDiscovery normal arm64 Compiling LexicalParentAssignment.swift (in target 'Sema' from project 'swift-ast')
SwiftCompile normal arm64_32 Compiling\ Parser+Type.swift /Users/admin/builder/spi-builder-workspace/.dependencies/checkouts/swift-ast/Sources/Parser/Parser+Type.swift (in target 'Parser' from project 'swift-ast')
SwiftCompile normal arm64_32 /Users/admin/builder/spi-builder-workspace/.dependencies/checkouts/swift-ast/Sources/Parser/Parser+Type.swift (in target 'Parser' from project 'swift-ast')
cd /Users/admin/builder/spi-builder-workspace/.swiftpm/xcode
builtin-SwiftPerFileCompile Parser+Type.swift
SwiftCompile normal arm64 Compiling\ Parser+Statement.swift /Users/admin/builder/spi-builder-workspace/.dependencies/checkouts/swift-ast/Sources/Parser/Parser+Statement.swift (in target 'Parser' from project 'swift-ast')
SwiftCompile normal arm64 /Users/admin/builder/spi-builder-workspace/.dependencies/checkouts/swift-ast/Sources/Parser/Parser+Statement.swift (in target 'Parser' from project 'swift-ast')
cd /Users/admin/builder/spi-builder-workspace/.swiftpm/xcode
builtin-SwiftPerFileCompile Parser+Statement.swift
SwiftDriverJobDiscovery normal arm64 Compiling ASTNode.swift, ASTNodeContext.swift, ASTTextRepresentable.swift, ASTUnit.swift, ASTUnitCollection.swift, ASTVisitor+Traversal.swift, ASTVisitor.swift, Attribute.swift, Attributes.swift, CodeBlock.swift, Declaration.swift, GetterSetterBlock.swift, GetterSetterKeywordBlock.swift (in target 'AST' from project 'swift-ast')
SwiftCompile normal arm64_32 Compiling\ Parser+Modifier.swift /Users/admin/builder/spi-builder-workspace/.dependencies/checkouts/swift-ast/Sources/Parser/Parser+Modifier.swift (in target 'Parser' from project 'swift-ast')
SwiftCompile normal arm64_32 /Users/admin/builder/spi-builder-workspace/.dependencies/checkouts/swift-ast/Sources/Parser/Parser+Modifier.swift (in target 'Parser' from project 'swift-ast')
cd /Users/admin/builder/spi-builder-workspace/.swiftpm/xcode
builtin-SwiftPerFileCompile Parser+Modifier.swift
SwiftCompile normal arm64 Compiling\ Parser+Attribute.swift,\ Parser+Common.swift /Users/admin/builder/spi-builder-workspace/.dependencies/checkouts/swift-ast/Sources/Parser/Parser+Attribute.swift /Users/admin/builder/spi-builder-workspace/.dependencies/checkouts/swift-ast/Sources/Parser/Parser+Common.swift (in target 'Parser' from project 'swift-ast')
SwiftCompile normal arm64 /Users/admin/builder/spi-builder-workspace/.dependencies/checkouts/swift-ast/Sources/Parser/Parser+Attribute.swift (in target 'Parser' from project 'swift-ast')
cd /Users/admin/builder/spi-builder-workspace/.swiftpm/xcode
builtin-SwiftPerFileCompile Parser+Attribute.swift
SwiftCompile normal arm64 /Users/admin/builder/spi-builder-workspace/.dependencies/checkouts/swift-ast/Sources/Parser/Parser+Common.swift (in target 'Parser' from project 'swift-ast')
cd /Users/admin/builder/spi-builder-workspace/.swiftpm/xcode
builtin-SwiftPerFileCompile Parser+Common.swift
PruneExplicitPrecompiledModules /Users/admin/builder/spi-builder-workspace/.derivedData/Build/Intermediates.noindex/ExplicitPrecompiledModules
PruneExplicitPrecompiledModules /Users/admin/builder/spi-builder-workspace/.derivedData/Build/Intermediates.noindex/SwiftExplicitPrecompiledModules
PruneExplicitPrecompiledModules /Users/admin/builder/spi-builder-workspace/.derivedData/SDKExplicitPrecompiledModules
2026-09-19 05:50:40.797 xcodebuild[1246:6798] [MT] IDERunDestination: Supported platforms for the buildables in the current scheme is empty.
** BUILD FAILED **
The following build commands failed:
SwiftEmitModule normal arm64_32 Emitting\ module\ for\ Parser (in target 'Parser' from project 'swift-ast')
SwiftCompile normal arm64_32 (in target 'Parser' from project 'swift-ast')
Building workspace AdversaryLabClientSwift with scheme AdversaryLabClientSwift-Package
(3 failures)
Command line invocation:
/Applications/Xcode-27.0.0-Release.Candidate.app/Contents/Developer/usr/bin/xcodebuild -IDEClonedSourcePackagesDirPathOverride=/Users/admin/builder/spi-builder-workspace/.dependencies -resolvePackageDependencies
Resolve Package Graph
Resolved source packages:
InternetProtocols: https://github.com/OperatorFoundation/InternetProtocols.git @ 2.2.1
AdversaryLabClientSwift: /Users/admin/builder/spi-builder-workspace
Datable: https://github.com/OperatorFoundation/Datable.git @ 3.1.5
Bits: https://github.com/OperatorFoundation/Bits.git @ 2.0.1
swift-argument-parser: https://github.com/apple/swift-argument-parser.git @ 0.5.0
PacketStream: https://github.com/OperatorFoundation/PacketStream.git @ 0.2.1
NetUtils: https://github.com/OperatorFoundation/swift-netutils.git @ 4.3.0
Song: https://github.com/OperatorFoundation/Song.git @ 0.2.6
ZIPFoundation: https://github.com/weichsel/ZIPFoundation.git @ 0.9.20
PacketCaptureBPF: https://github.com/OperatorFoundation/PacketCaptureBPF.git @ 0.2.10
swift-ast: https://github.com/OperatorFoundation/swift-ast.git @ 0.19.12
SwiftQueue: https://github.com/OperatorFoundation/SwiftQueue.git @ 0.1.3
Net: https://github.com/OperatorFoundation/Net.git @ 0.0.7
Chord: https://github.com/OperatorFoundation/Chord.git @ 0.1.6
resolved source packages: InternetProtocols, AdversaryLabClientSwift, Datable, Bits, swift-argument-parser, PacketStream, NetUtils, Song, ZIPFoundation, PacketCaptureBPF, swift-ast, SwiftQueue, Net, Chord
2026-09-19 05:50:56.863 xcodebuild[1769:10503] [MT] IDERunDestination: Supported platforms for the buildables in the current scheme is empty.
{
"dependencies" : [
{
"identity" : "swift-argument-parser",
"requirement" : {
"range" : [
{
"lower_bound" : "0.4.1",
"upper_bound" : "1.0.0"
}
]
},
"type" : "sourceControl",
"url" : "https://github.com/apple/swift-argument-parser.git"
},
{
"identity" : "bits",
"requirement" : {
"range" : [
{
"lower_bound" : "2.0.1",
"upper_bound" : "3.0.0"
}
]
},
"type" : "sourceControl",
"url" : "https://github.com/OperatorFoundation/Bits.git"
},
{
"identity" : "chord",
"requirement" : {
"range" : [
{
"lower_bound" : "0.0.13",
"upper_bound" : "1.0.0"
}
]
},
"type" : "sourceControl",
"url" : "https://github.com/OperatorFoundation/Chord.git"
},
{
"identity" : "datable",
"requirement" : {
"range" : [
{
"lower_bound" : "3.1.3",
"upper_bound" : "4.0.0"
}
]
},
"type" : "sourceControl",
"url" : "https://github.com/OperatorFoundation/Datable.git"
},
{
"identity" : "internetprotocols",
"requirement" : {
"range" : [
{
"lower_bound" : "2.2.0",
"upper_bound" : "3.0.0"
}
]
},
"type" : "sourceControl",
"url" : "https://github.com/OperatorFoundation/InternetProtocols.git"
},
{
"identity" : "packetcapturebpf",
"requirement" : {
"range" : [
{
"lower_bound" : "0.2.10",
"upper_bound" : "1.0.0"
}
]
},
"type" : "sourceControl",
"url" : "https://github.com/OperatorFoundation/PacketCaptureBPF.git"
},
{
"identity" : "packetstream",
"requirement" : {
"range" : [
{
"lower_bound" : "0.2.1",
"upper_bound" : "1.0.0"
}
]
},
"type" : "sourceControl",
"url" : "https://github.com/OperatorFoundation/PacketStream.git"
},
{
"identity" : "song",
"requirement" : {
"range" : [
{
"lower_bound" : "0.2.6",
"upper_bound" : "1.0.0"
}
]
},
"type" : "sourceControl",
"url" : "https://github.com/OperatorFoundation/Song.git"
},
{
"identity" : "swift-netutils",
"requirement" : {
"range" : [
{
"lower_bound" : "4.3.0",
"upper_bound" : "5.0.0"
}
]
},
"type" : "sourceControl",
"url" : "https://github.com/OperatorFoundation/swift-netutils.git"
},
{
"identity" : "swiftqueue",
"requirement" : {
"range" : [
{
"lower_bound" : "0.1.1",
"upper_bound" : "1.0.0"
}
]
},
"type" : "sourceControl",
"url" : "https://github.com/OperatorFoundation/SwiftQueue.git"
},
{
"identity" : "zipfoundation",
"requirement" : {
"range" : [
{
"lower_bound" : "0.9.12",
"upper_bound" : "1.0.0"
}
]
},
"type" : "sourceControl",
"url" : "https://github.com/weichsel/ZIPFoundation.git"
}
],
"manifest_display_name" : "AdversaryLabClientSwift",
"name" : "AdversaryLabClientSwift",
"path" : "/Users/admin/builder/spi-builder-workspace",
"platforms" : [
{
"name" : "macos",
"version" : "10.15"
}
],
"products" : [
{
"name" : "AdversaryLabClient",
"targets" : [
"AdversaryLabClient"
],
"type" : {
"executable" : null
}
},
{
"name" : "AdversaryLabClientCore",
"targets" : [
"AdversaryLabClientCore"
],
"type" : {
"library" : [
"automatic"
]
}
},
{
"name" : "RawPacket",
"targets" : [
"RawPacket"
],
"type" : {
"library" : [
"automatic"
]
}
}
],
"targets" : [
{
"c99name" : "RawPacket",
"module_type" : "SwiftTarget",
"name" : "RawPacket",
"path" : "Sources/RawPacket",
"product_memberships" : [
"AdversaryLabClient",
"AdversaryLabClientCore",
"RawPacket"
],
"sources" : [
"RawPacket.swift"
],
"type" : "library"
},
{
"c99name" : "AdversaryLabClientCoreTests",
"module_type" : "SwiftTarget",
"name" : "AdversaryLabClientCoreTests",
"path" : "Tests/AdversaryLabClientCoreTests",
"sources" : [
"XCTestManifests.swift"
],
"target_dependencies" : [
"AdversaryLabClientCore"
],
"type" : "test"
},
{
"c99name" : "AdversaryLabClientCore",
"module_type" : "SwiftTarget",
"name" : "AdversaryLabClientCore",
"path" : "Sources/AdversaryLabClientCore",
"product_dependencies" : [
"Bits",
"Chord",
"Datable",
"InternetProtocols",
"NetUtils",
"PacketCaptureBPF",
"PacketStream",
"SwiftQueue",
"ZIPFoundation",
"Symphony"
],
"product_memberships" : [
"AdversaryLabClient",
"AdversaryLabClientCore"
],
"sources" : [
"AdversaryLabClient.swift",
"Connection.swift",
"Constants.swift",
"InterfaceController.swift",
"SongProtocol.swift",
"State.swift"
],
"target_dependencies" : [
"RawPacket"
],
"type" : "library"
},
{
"c99name" : "AdversaryLabClient",
"module_type" : "SwiftTarget",
"name" : "AdversaryLabClient",
"path" : "Sources/AdversaryLabClient",
"product_dependencies" : [
"ArgumentParser"
],
"product_memberships" : [
"AdversaryLabClient"
],
"sources" : [
"main.swift"
],
"target_dependencies" : [
"AdversaryLabClientCore"
],
"type" : "executable"
}
],
"tools_version" : "5.3"
}
{
"workspace" : {
"name" : "AdversaryLabClientSwift",
"schemes" : [
"AdversaryLabClient",
"AdversaryLabClientCore",
"AdversaryLabClientSwift-Package",
"RawPacket"
]
}
}
2026-09-19 05:50:58.393 xcodebuild[1777:10571] [MT] IDERunDestination: Supported platforms for the buildables in the current scheme is empty.
Running build ...
env DEVELOPER_DIR=/Applications/Xcode-27.0.0-Release.Candidate.app xcrun xcodebuild -IDEClonedSourcePackagesDirPathOverride=$PWD/.dependencies -skipMacroValidation -skipPackagePluginValidation -derivedDataPath $PWD/.derivedData build -scheme AdversaryLabClientSwift-Package -destination generic/platform=watchOS
Command line invocation:
/Applications/Xcode-27.0.0-Release.Candidate.app/Contents/Developer/usr/bin/xcodebuild -IDEClonedSourcePackagesDirPathOverride=/Users/admin/builder/spi-builder-workspace/.dependencies -skipMacroValidation -skipPackagePluginValidation -derivedDataPath /Users/admin/builder/spi-builder-workspace/.derivedData build -scheme AdversaryLabClientSwift-Package -destination generic/platform=watchOS
Resolve Package Graph
Resolved source packages:
Bits: https://github.com/OperatorFoundation/Bits.git @ 2.0.1
PacketStream: https://github.com/OperatorFoundation/PacketStream.git @ 0.2.1
Net: https://github.com/OperatorFoundation/Net.git @ 0.0.7
ZIPFoundation: https://github.com/weichsel/ZIPFoundation.git @ 0.9.20
swift-ast: https://github.com/OperatorFoundation/swift-ast.git @ 0.19.12
Datable: https://github.com/OperatorFoundation/Datable.git @ 3.1.5
swift-argument-parser: https://github.com/apple/swift-argument-parser.git @ 0.5.0
PacketCaptureBPF: https://github.com/OperatorFoundation/PacketCaptureBPF.git @ 0.2.10
InternetProtocols: https://github.com/OperatorFoundation/InternetProtocols.git @ 2.2.1
SwiftQueue: https://github.com/OperatorFoundation/SwiftQueue.git @ 0.1.3
AdversaryLabClientSwift: /Users/admin/builder/spi-builder-workspace
NetUtils: https://github.com/OperatorFoundation/swift-netutils.git @ 4.3.0
Song: https://github.com/OperatorFoundation/Song.git @ 0.2.6
Chord: https://github.com/OperatorFoundation/Chord.git @ 0.1.6
ComputePackagePrebuildTargetDependencyGraph
Prepare packages
CreateBuildRequest
SendProjectDescription
CreateBuildOperation
ComputeTargetDependencyGraph
note: Building targets in dependency order
note: Target dependency graph (41 targets)
Target 'AdversaryLabClient-product' in project 'AdversaryLabClientSwift'
➜ Explicit dependency on target 'RawPacket' in project 'AdversaryLabClientSwift'
➜ Explicit dependency on target 'AdversaryLabClientCore' in project 'AdversaryLabClientSwift'
➜ Explicit dependency on target 'Bits-product' in project 'Bits'
➜ Explicit dependency on target 'Chord-product' in project 'Chord'
➜ Explicit dependency on target 'Datable-product' in project 'Datable'
➜ Explicit dependency on target 'InternetProtocols-product' in project 'InternetProtocols'
➜ Explicit dependency on target 'NetUtils-product' in project 'NetUtils'
➜ Explicit dependency on target 'PacketCaptureBPF-product' in project 'PacketCaptureBPF'
➜ Explicit dependency on target 'PacketStream-product' in project 'PacketStream'
➜ Explicit dependency on target 'SwiftQueue-product' in project 'SwiftQueue'
➜ Explicit dependency on target 'ZIPFoundation-product' in project 'ZIPFoundation'
➜ Explicit dependency on target 'Symphony-product' in project 'Song'
➜ Explicit dependency on target 'ArgumentParser-product' in project 'swift-argument-parser'
Target 'ArgumentParser-product' in project 'swift-argument-parser'
➜ Explicit dependency on target 'ArgumentParser' in project 'swift-argument-parser'
➜ Explicit dependency on target 'ArgumentParserToolInfo' in project 'swift-argument-parser'
Target 'ArgumentParser' in project 'swift-argument-parser'
➜ Explicit dependency on target 'ArgumentParserToolInfo' in project 'swift-argument-parser'
Target 'ArgumentParserToolInfo' in project 'swift-argument-parser' (no dependencies)
Target 'RawPacket-product' in project 'AdversaryLabClientSwift'
➜ Explicit dependency on target 'RawPacket' in project 'AdversaryLabClientSwift'
Target 'AdversaryLabClientCore-product' in project 'AdversaryLabClientSwift'
➜ Explicit dependency on target 'AdversaryLabClientCore' in project 'AdversaryLabClientSwift'
➜ Explicit dependency on target 'RawPacket' in project 'AdversaryLabClientSwift'
➜ Explicit dependency on target 'Bits-product' in project 'Bits'
➜ Explicit dependency on target 'Chord-product' in project 'Chord'
➜ Explicit dependency on target 'Datable-product' in project 'Datable'
➜ Explicit dependency on target 'InternetProtocols-product' in project 'InternetProtocols'
➜ Explicit dependency on target 'NetUtils-product' in project 'NetUtils'
➜ Explicit dependency on target 'PacketCaptureBPF-product' in project 'PacketCaptureBPF'
➜ Explicit dependency on target 'PacketStream-product' in project 'PacketStream'
➜ Explicit dependency on target 'SwiftQueue-product' in project 'SwiftQueue'
➜ Explicit dependency on target 'ZIPFoundation-product' in project 'ZIPFoundation'
➜ Explicit dependency on target 'Symphony-product' in project 'Song'
Target 'AdversaryLabClientCore' in project 'AdversaryLabClientSwift'
➜ Explicit dependency on target 'RawPacket' in project 'AdversaryLabClientSwift'
➜ Explicit dependency on target 'Bits-product' in project 'Bits'
➜ Explicit dependency on target 'Chord-product' in project 'Chord'
➜ Explicit dependency on target 'Datable-product' in project 'Datable'
➜ Explicit dependency on target 'InternetProtocols-product' in project 'InternetProtocols'
➜ Explicit dependency on target 'NetUtils-product' in project 'NetUtils'
➜ Explicit dependency on target 'PacketCaptureBPF-product' in project 'PacketCaptureBPF'
➜ Explicit dependency on target 'PacketStream-product' in project 'PacketStream'
➜ Explicit dependency on target 'SwiftQueue-product' in project 'SwiftQueue'
➜ Explicit dependency on target 'ZIPFoundation-product' in project 'ZIPFoundation'
➜ Explicit dependency on target 'Symphony-product' in project 'Song'
Target 'Symphony-product' in project 'Song'
➜ Explicit dependency on target 'Symphony' in project 'Song'
➜ Explicit dependency on target 'Expressible' in project 'Song'
➜ Explicit dependency on target 'Song' in project 'Song'
➜ Explicit dependency on target 'Net-product' in project 'Net'
➜ Explicit dependency on target 'SwiftAST-product' in project 'swift-ast'
➜ Explicit dependency on target 'Datable-product' in project 'Datable'
Target 'Symphony' in project 'Song'
➜ Explicit dependency on target 'Expressible' in project 'Song'
➜ Explicit dependency on target 'Song' in project 'Song'
➜ Explicit dependency on target 'Net-product' in project 'Net'
➜ Explicit dependency on target 'SwiftAST-product' in project 'swift-ast'
➜ Explicit dependency on target 'Datable-product' in project 'Datable'
Target 'Song' in project 'Song'
➜ Explicit dependency on target 'Expressible' in project 'Song'
➜ Explicit dependency on target 'Net-product' in project 'Net'
➜ Explicit dependency on target 'SwiftAST-product' in project 'swift-ast'
➜ Explicit dependency on target 'Datable-product' in project 'Datable'
Target 'Expressible' in project 'Song'
➜ Explicit dependency on target 'Net-product' in project 'Net'
➜ Explicit dependency on target 'SwiftAST-product' in project 'swift-ast'
Target 'SwiftAST-product' in project 'swift-ast'
➜ Explicit dependency on target 'Bocho' in project 'swift-ast'
➜ Explicit dependency on target 'Source' in project 'swift-ast'
➜ Explicit dependency on target 'Diagnostic' in project 'swift-ast'
➜ Explicit dependency on target 'AST' in project 'swift-ast'
➜ Explicit dependency on target 'Lexer' in project 'swift-ast'
➜ Explicit dependency on target 'Parser' in project 'swift-ast'
➜ Explicit dependency on target 'Sema' in project 'swift-ast'
Target 'Sema' in project 'swift-ast'
➜ Explicit dependency on target 'Bocho' in project 'swift-ast'
➜ Explicit dependency on target 'Source' in project 'swift-ast'
➜ Explicit dependency on target 'Diagnostic' in project 'swift-ast'
➜ Explicit dependency on target 'AST' in project 'swift-ast'
Target 'Parser' in project 'swift-ast'
➜ Explicit dependency on target 'Bocho' in project 'swift-ast'
➜ Explicit dependency on target 'Source' in project 'swift-ast'
➜ Explicit dependency on target 'Diagnostic' in project 'swift-ast'
➜ Explicit dependency on target 'AST' in project 'swift-ast'
➜ Explicit dependency on target 'Lexer' in project 'swift-ast'
Target 'Lexer' in project 'swift-ast'
➜ Explicit dependency on target 'Bocho' in project 'swift-ast'
➜ Explicit dependency on target 'Source' in project 'swift-ast'
➜ Explicit dependency on target 'Diagnostic' in project 'swift-ast'
Target 'AST' in project 'swift-ast'
➜ Explicit dependency on target 'Bocho' in project 'swift-ast'
➜ Explicit dependency on target 'Source' in project 'swift-ast'
➜ Explicit dependency on target 'Diagnostic' in project 'swift-ast'
Target 'Diagnostic' in project 'swift-ast'
➜ Explicit dependency on target 'Bocho' in project 'swift-ast'
➜ Explicit dependency on target 'Source' in project 'swift-ast'
Target 'Source' in project 'swift-ast'
➜ Explicit dependency on target 'Bocho' in project 'swift-ast'
Target 'Bocho' in project 'swift-ast' (no dependencies)
Target 'Net-product' in project 'Net'
➜ Explicit dependency on target 'Net' in project 'Net'
Target 'Net' in project 'Net' (no dependencies)
Target 'ZIPFoundation-product' in project 'ZIPFoundation'
➜ Explicit dependency on target 'ZIPFoundation' in project 'ZIPFoundation'
➜ Explicit dependency on target 'ZIPFoundation_ZIPFoundation' in project 'ZIPFoundation'
Target 'ZIPFoundation' in project 'ZIPFoundation'
➜ Explicit dependency on target 'ZIPFoundation_ZIPFoundation' in project 'ZIPFoundation'
Target 'ZIPFoundation_ZIPFoundation' in project 'ZIPFoundation' (no dependencies)
Target 'PacketCaptureBPF-product' in project 'PacketCaptureBPF'
➜ Explicit dependency on target 'PacketCaptureBPF' in project 'PacketCaptureBPF'
➜ Explicit dependency on target 'PacketStream-product' in project 'PacketStream'
➜ Explicit dependency on target 'Datable-product' in project 'Datable'
➜ Explicit dependency on target 'Bits-product' in project 'Bits'
➜ Explicit dependency on target 'SwiftQueue-product' in project 'SwiftQueue'
Target 'PacketCaptureBPF' in project 'PacketCaptureBPF'
➜ Explicit dependency on target 'PacketStream-product' in project 'PacketStream'
➜ Explicit dependency on target 'Datable-product' in project 'Datable'
➜ Explicit dependency on target 'Bits-product' in project 'Bits'
➜ Explicit dependency on target 'SwiftQueue-product' in project 'SwiftQueue'
Target 'PacketStream-product' in project 'PacketStream'
➜ Explicit dependency on target 'PacketStream' in project 'PacketStream'
Target 'PacketStream' in project 'PacketStream' (no dependencies)
Target 'NetUtils-product' in project 'NetUtils'
➜ Explicit dependency on target 'NetUtils' in project 'NetUtils'
Target 'NetUtils' in project 'NetUtils' (no dependencies)
Target 'InternetProtocols-product' in project 'InternetProtocols'
➜ Explicit dependency on target 'InternetProtocols' in project 'InternetProtocols'
➜ Explicit dependency on target 'Datable-product' in project 'Datable'
➜ Explicit dependency on target 'Bits-product' in project 'Bits'
Target 'InternetProtocols' in project 'InternetProtocols'
➜ Explicit dependency on target 'Datable-product' in project 'Datable'
➜ Explicit dependency on target 'Bits-product' in project 'Bits'
Target 'Chord-product' in project 'Chord'
➜ Explicit dependency on target 'Chord' in project 'Chord'
➜ Explicit dependency on target 'SwiftQueue-product' in project 'SwiftQueue'
Target 'Chord' in project 'Chord'
➜ Explicit dependency on target 'SwiftQueue-product' in project 'SwiftQueue'
Target 'SwiftQueue-product' in project 'SwiftQueue'
➜ Explicit dependency on target 'SwiftQueue' in project 'SwiftQueue'
Target 'SwiftQueue' in project 'SwiftQueue' (no dependencies)
Target 'Bits-product' in project 'Bits'
➜ Explicit dependency on target 'Bits' in project 'Bits'
➜ Explicit dependency on target 'Datable-product' in project 'Datable'
Target 'Bits' in project 'Bits'
➜ Explicit dependency on target 'Datable-product' in project 'Datable'
Target 'Datable-product' in project 'Datable'
➜ Explicit dependency on target 'Datable' in project 'Datable'
Target 'Datable' in project 'Datable' (no dependencies)
Target 'RawPacket' in project 'AdversaryLabClientSwift' (no dependencies)
GatherProvisioningInputs
CreateBuildDescription
ClangStatCache /Applications/Xcode-27.0.0-Release.Candidate.app/Contents/Developer/Toolchains/XcodeDefault.xctoolchain/usr/bin/clang-stat-cache /Applications/Xcode-27.0.0-Release.Candidate.app/Contents/Developer/Platforms/WatchOS.platform/Developer/SDKs/WatchOS27.0.sdk /Users/admin/builder/spi-builder-workspace/.derivedData/SDKStatCaches.noindex/watchos27.0-24R360-e829b21a6f8c9b70876ba0858053c04477534ef55a1706bf4c1112bbb242f0a2.sdkstatcache
cd /Users/admin/builder/spi-builder-workspace/.swiftpm/xcode
/Applications/Xcode-27.0.0-Release.Candidate.app/Contents/Developer/Toolchains/XcodeDefault.xctoolchain/usr/bin/clang-stat-cache /Applications/Xcode-27.0.0-Release.Candidate.app/Contents/Developer/Platforms/WatchOS.platform/Developer/SDKs/WatchOS27.0.sdk -o /Users/admin/builder/spi-builder-workspace/.derivedData/SDKStatCaches.noindex/watchos27.0-24R360-e829b21a6f8c9b70876ba0858053c04477534ef55a1706bf4c1112bbb242f0a2.sdkstatcache
SwiftDriver Sema normal arm64_32 com.apple.xcode.tools.swift.compiler (in target 'Sema' from project 'swift-ast')
cd /Users/admin/builder/spi-builder-workspace/.swiftpm/xcode
builtin-SwiftDriver -- /Applications/Xcode-27.0.0-Release.Candidate.app/Contents/Developer/Toolchains/XcodeDefault.xctoolchain/usr/bin/swiftc -parse-as-library -module-name Sema -Onone @/Users/admin/builder/spi-builder-workspace/.derivedData/Build/Intermediates.noindex/swift-ast.build/Debug-watchos/Sema-t.build/Objects-normal/arm64_32/Sema.SwiftFileList -DSWIFT_PACKAGE -DDEBUG -DSWIFT_MODULE_RESOURCE_BUNDLE_UNAVAILABLE -DXcode -plugin-path /Applications/Xcode-27.0.0-Release.Candidate.app/Contents/Developer/Toolchains/XcodeDefault.xctoolchain/usr/lib/swift/host/plugins/testing -enable-experimental-feature DebugDescriptionMacro -sdk /Applications/Xcode-27.0.0-Release.Candidate.app/Contents/Developer/Platforms/WatchOS.platform/Developer/SDKs/WatchOS27.0.sdk -target arm64_32-apple-watchos9.0 -g -module-cache-path /Users/admin/builder/spi-builder-workspace/.derivedData/ModuleCache.noindex -Xfrontend -serialize-debugging-options -profile-coverage-mapping -profile-generate -enable-testing -suppress-warnings -index-store-path /Users/admin/builder/spi-builder-workspace/.derivedData/Index.noindex/DataStore -Xcc -D_LIBCPP_HARDENING_MODE\=_LIBCPP_HARDENING_MODE_DEBUG -swift-version 5 -I /Users/admin/builder/spi-builder-workspace/.derivedData/Build/Products/Debug-watchos -Isystem /Applications/Xcode-27.0.0-Release.Candidate.app/Contents/Developer/Platforms/WatchOS.platform/Developer/usr/lib -F /Users/admin/builder/spi-builder-workspace/.derivedData/Build/Products/Debug-watchos/PackageFrameworks -F /Users/admin/builder/spi-builder-workspace/.derivedData/Build/Products/Debug-watchos -F /Applications/Xcode-27.0.0-Release.Candidate.app/Contents/Developer/Platforms/WatchOS.platform/Developer/Library/Frameworks -F /Applications/Xcode-27.0.0-Release.Candidate.app/Contents/Developer/Platforms/WatchOS.platform/Developer/SDKs/WatchOS27.0.sdk/Developer/Library/Frameworks -c -j10 -enable-batch-mode -incremental -Xcc -ivfsstatcache -Xcc /Users/admin/builder/spi-builder-workspace/.derivedData/SDKStatCaches.noindex/watchos27.0-24R360-e829b21a6f8c9b70876ba0858053c04477534ef55a1706bf4c1112bbb242f0a2.sdkstatcache -output-file-map /Users/admin/builder/spi-builder-workspace/.derivedData/Build/Intermediates.noindex/swift-ast.build/Debug-watchos/Sema-t.build/Objects-normal/arm64_32/Sema-OutputFileMap.json -save-temps -no-color-diagnostics -explicit-module-build -module-cache-path /Users/admin/builder/spi-builder-workspace/.derivedData/Build/Intermediates.noindex/SwiftExplicitPrecompiledModules -clang-scanner-module-cache-path /Users/admin/builder/spi-builder-workspace/.derivedData/ModuleCache.noindex -sdk-module-cache-path /Users/admin/builder/spi-builder-workspace/.derivedData/SDKExplicitPrecompiledModules -emit-dependencies -emit-module -emit-module-path /Users/admin/builder/spi-builder-workspace/.derivedData/Build/Intermediates.noindex/swift-ast.build/Debug-watchos/Sema-t.build/Objects-normal/arm64_32/Sema.swiftmodule -serialize-diagnostics -dependency-scan-serialize-diagnostics-path /Users/admin/builder/spi-builder-workspace/.derivedData/Build/Intermediates.noindex/swift-ast.build/Debug-watchos/Sema-t.build/Objects-normal/arm64_32/Sema-dependency-scan.dia -validate-clang-modules-once -clang-build-session-file /Users/admin/builder/spi-builder-workspace/.derivedData/ModuleCache.noindex/Session.modulevalidation -Xcc -fmodules-prune-interval\=86400 -Xcc -fmodules-prune-after\=345600 -emit-const-values -const-gather-protocols-list /Users/admin/builder/spi-builder-workspace/.derivedData/Build/Intermediates.noindex/swift-ast.build/Debug-watchos/Sema-t.build/Objects-normal/arm64_32/Sema_const_extract_protocols.json -Xcc -I/Users/admin/builder/spi-builder-workspace/.derivedData/Build/Products/Debug-watchos/include -Xcc -I/Users/admin/builder/spi-builder-workspace/.derivedData/Build/Intermediates.noindex/swift-ast.build/Debug-watchos/Sema-t.build/DerivedSources-normal/arm64_32 -Xcc -I/Users/admin/builder/spi-builder-workspace/.derivedData/Build/Intermediates.noindex/swift-ast.build/Debug-watchos/Sema-t.build/DerivedSources/arm64_32 -Xcc -I/Users/admin/builder/spi-builder-workspace/.derivedData/Build/Intermediates.noindex/swift-ast.build/Debug-watchos/Sema-t.build/DerivedSources -Xcc -DSWIFT_PACKAGE -Xcc -DDEBUG\=1 -emit-objc-header -emit-objc-header-path /Users/admin/builder/spi-builder-workspace/.derivedData/Build/Intermediates.noindex/swift-ast.build/Debug-watchos/Sema-t.build/Objects-normal/arm64_32/Sema-Swift.h -working-directory /Users/admin/builder/spi-builder-workspace/.swiftpm/xcode -experimental-emit-module-separately -disable-cmo
SwiftDriver Parser normal arm64_32 com.apple.xcode.tools.swift.compiler (in target 'Parser' from project 'swift-ast')
cd /Users/admin/builder/spi-builder-workspace/.swiftpm/xcode
builtin-SwiftDriver -- /Applications/Xcode-27.0.0-Release.Candidate.app/Contents/Developer/Toolchains/XcodeDefault.xctoolchain/usr/bin/swiftc -parse-as-library -module-name Parser -Onone @/Users/admin/builder/spi-builder-workspace/.derivedData/Build/Intermediates.noindex/swift-ast.build/Debug-watchos/Parser-t.build/Objects-normal/arm64_32/Parser.SwiftFileList -DSWIFT_PACKAGE -DDEBUG -DSWIFT_MODULE_RESOURCE_BUNDLE_UNAVAILABLE -DXcode -plugin-path /Applications/Xcode-27.0.0-Release.Candidate.app/Contents/Developer/Toolchains/XcodeDefault.xctoolchain/usr/lib/swift/host/plugins/testing -enable-experimental-feature DebugDescriptionMacro -sdk /Applications/Xcode-27.0.0-Release.Candidate.app/Contents/Developer/Platforms/WatchOS.platform/Developer/SDKs/WatchOS27.0.sdk -target arm64_32-apple-watchos9.0 -g -module-cache-path /Users/admin/builder/spi-builder-workspace/.derivedData/ModuleCache.noindex -Xfrontend -serialize-debugging-options -profile-coverage-mapping -profile-generate -enable-testing -suppress-warnings -index-store-path /Users/admin/builder/spi-builder-workspace/.derivedData/Index.noindex/DataStore -Xcc -D_LIBCPP_HARDENING_MODE\=_LIBCPP_HARDENING_MODE_DEBUG -swift-version 5 -I /Users/admin/builder/spi-builder-workspace/.derivedData/Build/Products/Debug-watchos -Isystem /Applications/Xcode-27.0.0-Release.Candidate.app/Contents/Developer/Platforms/WatchOS.platform/Developer/usr/lib -F /Users/admin/builder/spi-builder-workspace/.derivedData/Build/Products/Debug-watchos/PackageFrameworks -F /Users/admin/builder/spi-builder-workspace/.derivedData/Build/Products/Debug-watchos -F /Applications/Xcode-27.0.0-Release.Candidate.app/Contents/Developer/Platforms/WatchOS.platform/Developer/Library/Frameworks -F /Applications/Xcode-27.0.0-Release.Candidate.app/Contents/Developer/Platforms/WatchOS.platform/Developer/SDKs/WatchOS27.0.sdk/Developer/Library/Frameworks -c -j10 -enable-batch-mode -incremental -Xcc -ivfsstatcache -Xcc /Users/admin/builder/spi-builder-workspace/.derivedData/SDKStatCaches.noindex/watchos27.0-24R360-e829b21a6f8c9b70876ba0858053c04477534ef55a1706bf4c1112bbb242f0a2.sdkstatcache -output-file-map /Users/admin/builder/spi-builder-workspace/.derivedData/Build/Intermediates.noindex/swift-ast.build/Debug-watchos/Parser-t.build/Objects-normal/arm64_32/Parser-OutputFileMap.json -save-temps -no-color-diagnostics -explicit-module-build -module-cache-path /Users/admin/builder/spi-builder-workspace/.derivedData/Build/Intermediates.noindex/SwiftExplicitPrecompiledModules -clang-scanner-module-cache-path /Users/admin/builder/spi-builder-workspace/.derivedData/ModuleCache.noindex -sdk-module-cache-path /Users/admin/builder/spi-builder-workspace/.derivedData/SDKExplicitPrecompiledModules -emit-dependencies -emit-module -emit-module-path /Users/admin/builder/spi-builder-workspace/.derivedData/Build/Intermediates.noindex/swift-ast.build/Debug-watchos/Parser-t.build/Objects-normal/arm64_32/Parser.swiftmodule -serialize-diagnostics -dependency-scan-serialize-diagnostics-path /Users/admin/builder/spi-builder-workspace/.derivedData/Build/Intermediates.noindex/swift-ast.build/Debug-watchos/Parser-t.build/Objects-normal/arm64_32/Parser-dependency-scan.dia -validate-clang-modules-once -clang-build-session-file /Users/admin/builder/spi-builder-workspace/.derivedData/ModuleCache.noindex/Session.modulevalidation -Xcc -fmodules-prune-interval\=86400 -Xcc -fmodules-prune-after\=345600 -emit-const-values -const-gather-protocols-list /Users/admin/builder/spi-builder-workspace/.derivedData/Build/Intermediates.noindex/swift-ast.build/Debug-watchos/Parser-t.build/Objects-normal/arm64_32/Parser_const_extract_protocols.json -Xcc -I/Users/admin/builder/spi-builder-workspace/.derivedData/Build/Products/Debug-watchos/include -Xcc -I/Users/admin/builder/spi-builder-workspace/.derivedData/Build/Intermediates.noindex/swift-ast.build/Debug-watchos/Parser-t.build/DerivedSources-normal/arm64_32 -Xcc -I/Users/admin/builder/spi-builder-workspace/.derivedData/Build/Intermediates.noindex/swift-ast.build/Debug-watchos/Parser-t.build/DerivedSources/arm64_32 -Xcc -I/Users/admin/builder/spi-builder-workspace/.derivedData/Build/Intermediates.noindex/swift-ast.build/Debug-watchos/Parser-t.build/DerivedSources -Xcc -DSWIFT_PACKAGE -Xcc -DDEBUG\=1 -emit-objc-header -emit-objc-header-path /Users/admin/builder/spi-builder-workspace/.derivedData/Build/Intermediates.noindex/swift-ast.build/Debug-watchos/Parser-t.build/Objects-normal/arm64_32/Parser-Swift.h -working-directory /Users/admin/builder/spi-builder-workspace/.swiftpm/xcode -experimental-emit-module-separately -disable-cmo
SwiftDriver Sema normal arm64 com.apple.xcode.tools.swift.compiler (in target 'Sema' from project 'swift-ast')
cd /Users/admin/builder/spi-builder-workspace/.swiftpm/xcode
builtin-SwiftDriver -- /Applications/Xcode-27.0.0-Release.Candidate.app/Contents/Developer/Toolchains/XcodeDefault.xctoolchain/usr/bin/swiftc -parse-as-library -module-name Sema -Onone @/Users/admin/builder/spi-builder-workspace/.derivedData/Build/Intermediates.noindex/swift-ast.build/Debug-watchos/Sema-t.build/Objects-normal/arm64/Sema.SwiftFileList -DSWIFT_PACKAGE -DDEBUG -DSWIFT_MODULE_RESOURCE_BUNDLE_UNAVAILABLE -DXcode -plugin-path /Applications/Xcode-27.0.0-Release.Candidate.app/Contents/Developer/Toolchains/XcodeDefault.xctoolchain/usr/lib/swift/host/plugins/testing -enable-experimental-feature DebugDescriptionMacro -sdk /Applications/Xcode-27.0.0-Release.Candidate.app/Contents/Developer/Platforms/WatchOS.platform/Developer/SDKs/WatchOS27.0.sdk -target arm64-apple-watchos9.0 -g -module-cache-path /Users/admin/builder/spi-builder-workspace/.derivedData/ModuleCache.noindex -Xfrontend -serialize-debugging-options -profile-coverage-mapping -profile-generate -enable-testing -suppress-warnings -index-store-path /Users/admin/builder/spi-builder-workspace/.derivedData/Index.noindex/DataStore -Xcc -D_LIBCPP_HARDENING_MODE\=_LIBCPP_HARDENING_MODE_DEBUG -swift-version 5 -I /Users/admin/builder/spi-builder-workspace/.derivedData/Build/Products/Debug-watchos -Isystem /Applications/Xcode-27.0.0-Release.Candidate.app/Contents/Developer/Platforms/WatchOS.platform/Developer/usr/lib -F /Users/admin/builder/spi-builder-workspace/.derivedData/Build/Products/Debug-watchos/PackageFrameworks -F /Users/admin/builder/spi-builder-workspace/.derivedData/Build/Products/Debug-watchos -F /Applications/Xcode-27.0.0-Release.Candidate.app/Contents/Developer/Platforms/WatchOS.platform/Developer/Library/Frameworks -F /Applications/Xcode-27.0.0-Release.Candidate.app/Contents/Developer/Platforms/WatchOS.platform/Developer/SDKs/WatchOS27.0.sdk/Developer/Library/Frameworks -c -j10 -enable-batch-mode -incremental -Xcc -ivfsstatcache -Xcc /Users/admin/builder/spi-builder-workspace/.derivedData/SDKStatCaches.noindex/watchos27.0-24R360-e829b21a6f8c9b70876ba0858053c04477534ef55a1706bf4c1112bbb242f0a2.sdkstatcache -output-file-map /Users/admin/builder/spi-builder-workspace/.derivedData/Build/Intermediates.noindex/swift-ast.build/Debug-watchos/Sema-t.build/Objects-normal/arm64/Sema-OutputFileMap.json -save-temps -no-color-diagnostics -explicit-module-build -module-cache-path /Users/admin/builder/spi-builder-workspace/.derivedData/Build/Intermediates.noindex/SwiftExplicitPrecompiledModules -clang-scanner-module-cache-path /Users/admin/builder/spi-builder-workspace/.derivedData/ModuleCache.noindex -sdk-module-cache-path /Users/admin/builder/spi-builder-workspace/.derivedData/SDKExplicitPrecompiledModules -emit-dependencies -emit-module -emit-module-path /Users/admin/builder/spi-builder-workspace/.derivedData/Build/Intermediates.noindex/swift-ast.build/Debug-watchos/Sema-t.build/Objects-normal/arm64/Sema.swiftmodule -serialize-diagnostics -dependency-scan-serialize-diagnostics-path /Users/admin/builder/spi-builder-workspace/.derivedData/Build/Intermediates.noindex/swift-ast.build/Debug-watchos/Sema-t.build/Objects-normal/arm64/Sema-dependency-scan.dia -validate-clang-modules-once -clang-build-session-file /Users/admin/builder/spi-builder-workspace/.derivedData/ModuleCache.noindex/Session.modulevalidation -Xcc -fmodules-prune-interval\=86400 -Xcc -fmodules-prune-after\=345600 -emit-const-values -const-gather-protocols-list /Users/admin/builder/spi-builder-workspace/.derivedData/Build/Intermediates.noindex/swift-ast.build/Debug-watchos/Sema-t.build/Objects-normal/arm64/Sema_const_extract_protocols.json -Xcc -I/Users/admin/builder/spi-builder-workspace/.derivedData/Build/Products/Debug-watchos/include -Xcc -I/Users/admin/builder/spi-builder-workspace/.derivedData/Build/Intermediates.noindex/swift-ast.build/Debug-watchos/Sema-t.build/DerivedSources-normal/arm64 -Xcc -I/Users/admin/builder/spi-builder-workspace/.derivedData/Build/Intermediates.noindex/swift-ast.build/Debug-watchos/Sema-t.build/DerivedSources/arm64 -Xcc -I/Users/admin/builder/spi-builder-workspace/.derivedData/Build/Intermediates.noindex/swift-ast.build/Debug-watchos/Sema-t.build/DerivedSources -Xcc -DSWIFT_PACKAGE -Xcc -DDEBUG\=1 -emit-objc-header -emit-objc-header-path /Users/admin/builder/spi-builder-workspace/.derivedData/Build/Intermediates.noindex/swift-ast.build/Debug-watchos/Sema-t.build/Objects-normal/arm64/Sema-Swift.h -working-directory /Users/admin/builder/spi-builder-workspace/.swiftpm/xcode -experimental-emit-module-separately -disable-cmo
SwiftDriver Parser normal arm64 com.apple.xcode.tools.swift.compiler (in target 'Parser' from project 'swift-ast')
cd /Users/admin/builder/spi-builder-workspace/.swiftpm/xcode
builtin-SwiftDriver -- /Applications/Xcode-27.0.0-Release.Candidate.app/Contents/Developer/Toolchains/XcodeDefault.xctoolchain/usr/bin/swiftc -parse-as-library -module-name Parser -Onone @/Users/admin/builder/spi-builder-workspace/.derivedData/Build/Intermediates.noindex/swift-ast.build/Debug-watchos/Parser-t.build/Objects-normal/arm64/Parser.SwiftFileList -DSWIFT_PACKAGE -DDEBUG -DSWIFT_MODULE_RESOURCE_BUNDLE_UNAVAILABLE -DXcode -plugin-path /Applications/Xcode-27.0.0-Release.Candidate.app/Contents/Developer/Toolchains/XcodeDefault.xctoolchain/usr/lib/swift/host/plugins/testing -enable-experimental-feature DebugDescriptionMacro -sdk /Applications/Xcode-27.0.0-Release.Candidate.app/Contents/Developer/Platforms/WatchOS.platform/Developer/SDKs/WatchOS27.0.sdk -target arm64-apple-watchos9.0 -g -module-cache-path /Users/admin/builder/spi-builder-workspace/.derivedData/ModuleCache.noindex -Xfrontend -serialize-debugging-options -profile-coverage-mapping -profile-generate -enable-testing -suppress-warnings -index-store-path /Users/admin/builder/spi-builder-workspace/.derivedData/Index.noindex/DataStore -Xcc -D_LIBCPP_HARDENING_MODE\=_LIBCPP_HARDENING_MODE_DEBUG -swift-version 5 -I /Users/admin/builder/spi-builder-workspace/.derivedData/Build/Products/Debug-watchos -Isystem /Applications/Xcode-27.0.0-Release.Candidate.app/Contents/Developer/Platforms/WatchOS.platform/Developer/usr/lib -F /Users/admin/builder/spi-builder-workspace/.derivedData/Build/Products/Debug-watchos/PackageFrameworks -F /Users/admin/builder/spi-builder-workspace/.derivedData/Build/Products/Debug-watchos -F /Applications/Xcode-27.0.0-Release.Candidate.app/Contents/Developer/Platforms/WatchOS.platform/Developer/Library/Frameworks -F /Applications/Xcode-27.0.0-Release.Candidate.app/Contents/Developer/Platforms/WatchOS.platform/Developer/SDKs/WatchOS27.0.sdk/Developer/Library/Frameworks -c -j10 -enable-batch-mode -incremental -Xcc -ivfsstatcache -Xcc /Users/admin/builder/spi-builder-workspace/.derivedData/SDKStatCaches.noindex/watchos27.0-24R360-e829b21a6f8c9b70876ba0858053c04477534ef55a1706bf4c1112bbb242f0a2.sdkstatcache -output-file-map /Users/admin/builder/spi-builder-workspace/.derivedData/Build/Intermediates.noindex/swift-ast.build/Debug-watchos/Parser-t.build/Objects-normal/arm64/Parser-OutputFileMap.json -save-temps -no-color-diagnostics -explicit-module-build -module-cache-path /Users/admin/builder/spi-builder-workspace/.derivedData/Build/Intermediates.noindex/SwiftExplicitPrecompiledModules -clang-scanner-module-cache-path /Users/admin/builder/spi-builder-workspace/.derivedData/ModuleCache.noindex -sdk-module-cache-path /Users/admin/builder/spi-builder-workspace/.derivedData/SDKExplicitPrecompiledModules -emit-dependencies -emit-module -emit-module-path /Users/admin/builder/spi-builder-workspace/.derivedData/Build/Intermediates.noindex/swift-ast.build/Debug-watchos/Parser-t.build/Objects-normal/arm64/Parser.swiftmodule -serialize-diagnostics -dependency-scan-serialize-diagnostics-path /Users/admin/builder/spi-builder-workspace/.derivedData/Build/Intermediates.noindex/swift-ast.build/Debug-watchos/Parser-t.build/Objects-normal/arm64/Parser-dependency-scan.dia -validate-clang-modules-once -clang-build-session-file /Users/admin/builder/spi-builder-workspace/.derivedData/ModuleCache.noindex/Session.modulevalidation -Xcc -fmodules-prune-interval\=86400 -Xcc -fmodules-prune-after\=345600 -emit-const-values -const-gather-protocols-list /Users/admin/builder/spi-builder-workspace/.derivedData/Build/Intermediates.noindex/swift-ast.build/Debug-watchos/Parser-t.build/Objects-normal/arm64/Parser_const_extract_protocols.json -Xcc -I/Users/admin/builder/spi-builder-workspace/.derivedData/Build/Products/Debug-watchos/include -Xcc -I/Users/admin/builder/spi-builder-workspace/.derivedData/Build/Intermediates.noindex/swift-ast.build/Debug-watchos/Parser-t.build/DerivedSources-normal/arm64 -Xcc -I/Users/admin/builder/spi-builder-workspace/.derivedData/Build/Intermediates.noindex/swift-ast.build/Debug-watchos/Parser-t.build/DerivedSources/arm64 -Xcc -I/Users/admin/builder/spi-builder-workspace/.derivedData/Build/Intermediates.noindex/swift-ast.build/Debug-watchos/Parser-t.build/DerivedSources -Xcc -DSWIFT_PACKAGE -Xcc -DDEBUG\=1 -emit-objc-header -emit-objc-header-path /Users/admin/builder/spi-builder-workspace/.derivedData/Build/Intermediates.noindex/swift-ast.build/Debug-watchos/Parser-t.build/Objects-normal/arm64/Parser-Swift.h -working-directory /Users/admin/builder/spi-builder-workspace/.swiftpm/xcode -experimental-emit-module-separately -disable-cmo
SwiftDriver AST normal arm64_32 com.apple.xcode.tools.swift.compiler (in target 'AST' from project 'swift-ast')
cd /Users/admin/builder/spi-builder-workspace/.swiftpm/xcode
builtin-SwiftDriver -- /Applications/Xcode-27.0.0-Release.Candidate.app/Contents/Developer/Toolchains/XcodeDefault.xctoolchain/usr/bin/swiftc -parse-as-library -module-name AST -Onone @/Users/admin/builder/spi-builder-workspace/.derivedData/Build/Intermediates.noindex/swift-ast.build/Debug-watchos/AST-t.build/Objects-normal/arm64_32/AST.SwiftFileList -DSWIFT_PACKAGE -DDEBUG -DSWIFT_MODULE_RESOURCE_BUNDLE_UNAVAILABLE -DXcode -plugin-path /Applications/Xcode-27.0.0-Release.Candidate.app/Contents/Developer/Toolchains/XcodeDefault.xctoolchain/usr/lib/swift/host/plugins/testing -enable-experimental-feature DebugDescriptionMacro -sdk /Applications/Xcode-27.0.0-Release.Candidate.app/Contents/Developer/Platforms/WatchOS.platform/Developer/SDKs/WatchOS27.0.sdk -target arm64_32-apple-watchos9.0 -g -module-cache-path /Users/admin/builder/spi-builder-workspace/.derivedData/ModuleCache.noindex -Xfrontend -serialize-debugging-options -profile-coverage-mapping -profile-generate -enable-testing -suppress-warnings -index-store-path /Users/admin/builder/spi-builder-workspace/.derivedData/Index.noindex/DataStore -Xcc -D_LIBCPP_HARDENING_MODE\=_LIBCPP_HARDENING_MODE_DEBUG -swift-version 5 -I /Users/admin/builder/spi-builder-workspace/.derivedData/Build/Products/Debug-watchos -Isystem /Applications/Xcode-27.0.0-Release.Candidate.app/Contents/Developer/Platforms/WatchOS.platform/Developer/usr/lib -F /Users/admin/builder/spi-builder-workspace/.derivedData/Build/Products/Debug-watchos/PackageFrameworks -F /Users/admin/builder/spi-builder-workspace/.derivedData/Build/Products/Debug-watchos -F /Applications/Xcode-27.0.0-Release.Candidate.app/Contents/Developer/Platforms/WatchOS.platform/Developer/Library/Frameworks -F /Applications/Xcode-27.0.0-Release.Candidate.app/Contents/Developer/Platforms/WatchOS.platform/Developer/SDKs/WatchOS27.0.sdk/Developer/Library/Frameworks -c -j10 -enable-batch-mode -incremental -Xcc -ivfsstatcache -Xcc /Users/admin/builder/spi-builder-workspace/.derivedData/SDKStatCaches.noindex/watchos27.0-24R360-e829b21a6f8c9b70876ba0858053c04477534ef55a1706bf4c1112bbb242f0a2.sdkstatcache -output-file-map /Users/admin/builder/spi-builder-workspace/.derivedData/Build/Intermediates.noindex/swift-ast.build/Debug-watchos/AST-t.build/Objects-normal/arm64_32/AST-OutputFileMap.json -save-temps -no-color-diagnostics -explicit-module-build -module-cache-path /Users/admin/builder/spi-builder-workspace/.derivedData/Build/Intermediates.noindex/SwiftExplicitPrecompiledModules -clang-scanner-module-cache-path /Users/admin/builder/spi-builder-workspace/.derivedData/ModuleCache.noindex -sdk-module-cache-path /Users/admin/builder/spi-builder-workspace/.derivedData/SDKExplicitPrecompiledModules -emit-dependencies -emit-module -emit-module-path /Users/admin/builder/spi-builder-workspace/.derivedData/Build/Intermediates.noindex/swift-ast.build/Debug-watchos/AST-t.build/Objects-normal/arm64_32/AST.swiftmodule -serialize-diagnostics -dependency-scan-serialize-diagnostics-path /Users/admin/builder/spi-builder-workspace/.derivedData/Build/Intermediates.noindex/swift-ast.build/Debug-watchos/AST-t.build/Objects-normal/arm64_32/AST-dependency-scan.dia -validate-clang-modules-once -clang-build-session-file /Users/admin/builder/spi-builder-workspace/.derivedData/ModuleCache.noindex/Session.modulevalidation -Xcc -fmodules-prune-interval\=86400 -Xcc -fmodules-prune-after\=345600 -emit-const-values -const-gather-protocols-list /Users/admin/builder/spi-builder-workspace/.derivedData/Build/Intermediates.noindex/swift-ast.build/Debug-watchos/AST-t.build/Objects-normal/arm64_32/AST_const_extract_protocols.json -Xcc -I/Users/admin/builder/spi-builder-workspace/.derivedData/Build/Products/Debug-watchos/include -Xcc -I/Users/admin/builder/spi-builder-workspace/.derivedData/Build/Intermediates.noindex/swift-ast.build/Debug-watchos/AST-t.build/DerivedSources-normal/arm64_32 -Xcc -I/Users/admin/builder/spi-builder-workspace/.derivedData/Build/Intermediates.noindex/swift-ast.build/Debug-watchos/AST-t.build/DerivedSources/arm64_32 -Xcc -I/Users/admin/builder/spi-builder-workspace/.derivedData/Build/Intermediates.noindex/swift-ast.build/Debug-watchos/AST-t.build/DerivedSources -Xcc -DSWIFT_PACKAGE -Xcc -DDEBUG\=1 -emit-objc-header -emit-objc-header-path /Users/admin/builder/spi-builder-workspace/.derivedData/Build/Intermediates.noindex/swift-ast.build/Debug-watchos/AST-t.build/Objects-normal/arm64_32/AST-Swift.h -working-directory /Users/admin/builder/spi-builder-workspace/.swiftpm/xcode -experimental-emit-module-separately -disable-cmo
SwiftDriver AST normal arm64 com.apple.xcode.tools.swift.compiler (in target 'AST' from project 'swift-ast')
cd /Users/admin/builder/spi-builder-workspace/.swiftpm/xcode
builtin-SwiftDriver -- /Applications/Xcode-27.0.0-Release.Candidate.app/Contents/Developer/Toolchains/XcodeDefault.xctoolchain/usr/bin/swiftc -parse-as-library -module-name AST -Onone @/Users/admin/builder/spi-builder-workspace/.derivedData/Build/Intermediates.noindex/swift-ast.build/Debug-watchos/AST-t.build/Objects-normal/arm64/AST.SwiftFileList -DSWIFT_PACKAGE -DDEBUG -DSWIFT_MODULE_RESOURCE_BUNDLE_UNAVAILABLE -DXcode -plugin-path /Applications/Xcode-27.0.0-Release.Candidate.app/Contents/Developer/Toolchains/XcodeDefault.xctoolchain/usr/lib/swift/host/plugins/testing -enable-experimental-feature DebugDescriptionMacro -sdk /Applications/Xcode-27.0.0-Release.Candidate.app/Contents/Developer/Platforms/WatchOS.platform/Developer/SDKs/WatchOS27.0.sdk -target arm64-apple-watchos9.0 -g -module-cache-path /Users/admin/builder/spi-builder-workspace/.derivedData/ModuleCache.noindex -Xfrontend -serialize-debugging-options -profile-coverage-mapping -profile-generate -enable-testing -suppress-warnings -index-store-path /Users/admin/builder/spi-builder-workspace/.derivedData/Index.noindex/DataStore -Xcc -D_LIBCPP_HARDENING_MODE\=_LIBCPP_HARDENING_MODE_DEBUG -swift-version 5 -I /Users/admin/builder/spi-builder-workspace/.derivedData/Build/Products/Debug-watchos -Isystem /Applications/Xcode-27.0.0-Release.Candidate.app/Contents/Developer/Platforms/WatchOS.platform/Developer/usr/lib -F /Users/admin/builder/spi-builder-workspace/.derivedData/Build/Products/Debug-watchos/PackageFrameworks -F /Users/admin/builder/spi-builder-workspace/.derivedData/Build/Products/Debug-watchos -F /Applications/Xcode-27.0.0-Release.Candidate.app/Contents/Developer/Platforms/WatchOS.platform/Developer/Library/Frameworks -F /Applications/Xcode-27.0.0-Release.Candidate.app/Contents/Developer/Platforms/WatchOS.platform/Developer/SDKs/WatchOS27.0.sdk/Developer/Library/Frameworks -c -j10 -enable-batch-mode -incremental -Xcc -ivfsstatcache -Xcc /Users/admin/builder/spi-builder-workspace/.derivedData/SDKStatCaches.noindex/watchos27.0-24R360-e829b21a6f8c9b70876ba0858053c04477534ef55a1706bf4c1112bbb242f0a2.sdkstatcache -output-file-map /Users/admin/builder/spi-builder-workspace/.derivedData/Build/Intermediates.noindex/swift-ast.build/Debug-watchos/AST-t.build/Objects-normal/arm64/AST-OutputFileMap.json -save-temps -no-color-diagnostics -explicit-module-build -module-cache-path /Users/admin/builder/spi-builder-workspace/.derivedData/Build/Intermediates.noindex/SwiftExplicitPrecompiledModules -clang-scanner-module-cache-path /Users/admin/builder/spi-builder-workspace/.derivedData/ModuleCache.noindex -sdk-module-cache-path /Users/admin/builder/spi-builder-workspace/.derivedData/SDKExplicitPrecompiledModules -emit-dependencies -emit-module -emit-module-path /Users/admin/builder/spi-builder-workspace/.derivedData/Build/Intermediates.noindex/swift-ast.build/Debug-watchos/AST-t.build/Objects-normal/arm64/AST.swiftmodule -serialize-diagnostics -dependency-scan-serialize-diagnostics-path /Users/admin/builder/spi-builder-workspace/.derivedData/Build/Intermediates.noindex/swift-ast.build/Debug-watchos/AST-t.build/Objects-normal/arm64/AST-dependency-scan.dia -validate-clang-modules-once -clang-build-session-file /Users/admin/builder/spi-builder-workspace/.derivedData/ModuleCache.noindex/Session.modulevalidation -Xcc -fmodules-prune-interval\=86400 -Xcc -fmodules-prune-after\=345600 -emit-const-values -const-gather-protocols-list /Users/admin/builder/spi-builder-workspace/.derivedData/Build/Intermediates.noindex/swift-ast.build/Debug-watchos/AST-t.build/Objects-normal/arm64/AST_const_extract_protocols.json -Xcc -I/Users/admin/builder/spi-builder-workspace/.derivedData/Build/Products/Debug-watchos/include -Xcc -I/Users/admin/builder/spi-builder-workspace/.derivedData/Build/Intermediates.noindex/swift-ast.build/Debug-watchos/AST-t.build/DerivedSources-normal/arm64 -Xcc -I/Users/admin/builder/spi-builder-workspace/.derivedData/Build/Intermediates.noindex/swift-ast.build/Debug-watchos/AST-t.build/DerivedSources/arm64 -Xcc -I/Users/admin/builder/spi-builder-workspace/.derivedData/Build/Intermediates.noindex/swift-ast.build/Debug-watchos/AST-t.build/DerivedSources -Xcc -DSWIFT_PACKAGE -Xcc -DDEBUG\=1 -emit-objc-header -emit-objc-header-path /Users/admin/builder/spi-builder-workspace/.derivedData/Build/Intermediates.noindex/swift-ast.build/Debug-watchos/AST-t.build/Objects-normal/arm64/AST-Swift.h -working-directory /Users/admin/builder/spi-builder-workspace/.swiftpm/xcode -experimental-emit-module-separately -disable-cmo
SwiftCompile normal arm64_32 Compiling\ SequenceExpressionFolding.swift /Users/admin/builder/spi-builder-workspace/.dependencies/checkouts/swift-ast/Sources/Sema/SequenceExpressionFolding.swift (in target 'Sema' from project 'swift-ast')
SwiftCompile normal arm64_32 /Users/admin/builder/spi-builder-workspace/.dependencies/checkouts/swift-ast/Sources/Sema/SequenceExpressionFolding.swift (in target 'Sema' from project 'swift-ast')
cd /Users/admin/builder/spi-builder-workspace/.swiftpm/xcode
builtin-SwiftPerFileCompile SequenceExpressionFolding.swift
SwiftEmitModule normal arm64_32 Emitting\ module\ for\ Sema (in target 'Sema' from project 'swift-ast')
SwiftCompile normal arm64_32 (in target 'Sema' from project 'swift-ast')
cd /Users/admin/builder/spi-builder-workspace/.swiftpm/xcode
SwiftCompile normal arm64_32 Compiling\ LexicalParentAssignment.swift /Users/admin/builder/spi-builder-workspace/.dependencies/checkouts/swift-ast/Sources/Sema/LexicalParentAssignment.swift (in target 'Sema' from project 'swift-ast')
SwiftCompile normal arm64_32 /Users/admin/builder/spi-builder-workspace/.dependencies/checkouts/swift-ast/Sources/Sema/LexicalParentAssignment.swift (in target 'Sema' from project 'swift-ast')
cd /Users/admin/builder/spi-builder-workspace/.swiftpm/xcode
builtin-SwiftPerFileCompile LexicalParentAssignment.swift
SwiftEmitModule normal arm64_32 Emitting\ module\ for\ Parser (in target 'Parser' from project 'swift-ast')
/Users/admin/builder/spi-builder-workspace/.dependencies/checkouts/swift-ast/Sources/Parser/Parser+Expression.swift:40:93: error: 'Expression' is ambiguous for type lookup in this context
38 | }
39 |
40 | func parseExpression(config: ParserExpressionConfig = ParserExpressionConfig()) throws -> Expression {
| `- error: 'Expression' is ambiguous for type lookup in this context
41 | let tryKind = parseTryKind()
42 | let prefixExpr = try parsePrefixExpression(config: config)
Foundation.Expression:2:15: note: found this candidate
1 | @available(macOS 15, iOS 18, tvOS 18, watchOS 11, *)
2 | public struct Expression<each Input, Output> : Sendable {
| `- note: found this candidate
3 | public let expression: any StandardPredicateExpression<Output>
4 | public let variable: (repeat PredicateExpressions.Variable<each Input>)
AST.Expression:1:17: note: found this candidate
1 | public protocol Expression : AST.Statement {
| `- note: found this candidate
2 | }
/Users/admin/builder/spi-builder-workspace/.dependencies/checkouts/swift-ast/Sources/Parser/Parser+Expression.swift:53:48: error: 'Expression' is ambiguous for type lookup in this context
51 | case noTry
52 |
53 | fileprivate func wrap(expr: Expression) -> Expression {
| `- error: 'Expression' is ambiguous for type lookup in this context
54 | switch self {
55 | case .try(let startLocation):
Foundation.Expression:2:15: note: found this candidate
1 | @available(macOS 15, iOS 18, tvOS 18, watchOS 11, *)
2 | public struct Expression<each Input, Output> : Sendable {
| `- note: found this candidate
3 | public let expression: any StandardPredicateExpression<Output>
4 | public let variable: (repeat PredicateExpressions.Variable<each Input>)
AST.Expression:1:17: note: found this candidate
1 | public protocol Expression : AST.Statement {
| `- note: found this candidate
2 | }
/Users/admin/builder/spi-builder-workspace/.dependencies/checkouts/swift-ast/Sources/Parser/Parser+Expression.swift:53:33: error: 'Expression' is ambiguous for type lookup in this context
51 | case noTry
52 |
53 | fileprivate func wrap(expr: Expression) -> Expression {
| `- error: 'Expression' is ambiguous for type lookup in this context
54 | switch self {
55 | case .try(let startLocation):
Foundation.Expression:2:15: note: found this candidate
1 | @available(macOS 15, iOS 18, tvOS 18, watchOS 11, *)
2 | public struct Expression<each Input, Output> : Sendable {
| `- note: found this candidate
3 | public let expression: any StandardPredicateExpression<Output>
4 | public let variable: (repeat PredicateExpressions.Variable<each Input>)
AST.Expression:1:17: note: found this candidate
1 | public protocol Expression : AST.Statement {
| `- note: found this candidate
2 | }
/Users/admin/builder/spi-builder-workspace/.dependencies/checkouts/swift-ast/Sources/Parser/Parser+Expression.swift:89:15: error: 'Expression' is ambiguous for type lookup in this context
87 | private func parseBinaryExpressions( // swift-lint:suppress(high_ncss,high_cyclomatic_complexity)
88 | leftExpression: Expression, config: ParserExpressionConfig
89 | ) throws -> Expression {
| `- error: 'Expression' is ambiguous for type lookup in this context
90 | var resultExpr: Expression = leftExpression
91 |
Foundation.Expression:2:15: note: found this candidate
1 | @available(macOS 15, iOS 18, tvOS 18, watchOS 11, *)
2 | public struct Expression<each Input, Output> : Sendable {
| `- note: found this candidate
3 | public let expression: any StandardPredicateExpression<Output>
4 | public let variable: (repeat PredicateExpressions.Variable<each Input>)
AST.Expression:1:17: note: found this candidate
1 | public protocol Expression : AST.Statement {
| `- note: found this candidate
2 | }
/Users/admin/builder/spi-builder-workspace/.dependencies/checkouts/swift-ast/Sources/Parser/Parser+Expression.swift:88:21: error: 'Expression' is ambiguous for type lookup in this context
86 |
87 | private func parseBinaryExpressions( // swift-lint:suppress(high_ncss,high_cyclomatic_complexity)
88 | leftExpression: Expression, config: ParserExpressionConfig
| `- error: 'Expression' is ambiguous for type lookup in this context
89 | ) throws -> Expression {
90 | var resultExpr: Expression = leftExpression
Foundation.Expression:2:15: note: found this candidate
1 | @available(macOS 15, iOS 18, tvOS 18, watchOS 11, *)
2 | public struct Expression<each Input, Output> : Sendable {
| `- note: found this candidate
3 | public let expression: any StandardPredicateExpression<Output>
4 | public let variable: (repeat PredicateExpressions.Variable<each Input>)
AST.Expression:1:17: note: found this candidate
1 | public protocol Expression : AST.Statement {
| `- note: found this candidate
2 | }
/Users/admin/builder/spi-builder-workspace/.dependencies/checkouts/swift-ast/Sources/Parser/Parser+Expression.swift:252:80: error: 'Expression' is ambiguous for type lookup in this context
250 | }
251 |
252 | private func parsePrefixExpression(config: ParserExpressionConfig) throws -> Expression {
| `- error: 'Expression' is ambiguous for type lookup in this context
253 | let startLocation = getStartLocation()
254 | switch _lexer.read([.dummyPrefixOperator, .prefixAmp]) {
Foundation.Expression:2:15: note: found this candidate
1 | @available(macOS 15, iOS 18, tvOS 18, watchOS 11, *)
2 | public struct Expression<each Input, Output> : Sendable {
| `- note: found this candidate
3 | public let expression: any StandardPredicateExpression<Output>
4 | public let variable: (repeat PredicateExpressions.Variable<each Input>)
AST.Expression:1:17: note: found this candidate
1 | public protocol Expression : AST.Statement {
| `- note: found this candidate
2 | }
/Users/admin/builder/spi-builder-workspace/.dependencies/checkouts/swift-ast/Sources/Parser/Parser+Expression.swift:1081:45: error: 'Expression' is ambiguous for type lookup in this context
1079 | }
1080 |
1081 | private func parseDictionaryLiteral(head: Expression, startLocation: SourceLocation) throws -> LiteralExpression {
| `- error: 'Expression' is ambiguous for type lookup in this context
1082 | var entries: [DictionaryEntry] = []
1083 | // complete first entry
Foundation.Expression:2:15: note: found this candidate
1 | @available(macOS 15, iOS 18, tvOS 18, watchOS 11, *)
2 | public struct Expression<each Input, Output> : Sendable {
| `- note: found this candidate
3 | public let expression: any StandardPredicateExpression<Output>
4 | public let variable: (repeat PredicateExpressions.Variable<each Input>)
AST.Expression:1:17: note: found this candidate
1 | public protocol Expression : AST.Statement {
| `- note: found this candidate
2 | }
/Users/admin/builder/spi-builder-workspace/.dependencies/checkouts/swift-ast/Sources/Parser/Parser+Expression.swift:1101:11: error: 'Expression' is ambiguous for type lookup in this context
1099 |
1100 | private func parseArrayLiteral(
1101 | head: Expression, startLocation: SourceLocation
| `- error: 'Expression' is ambiguous for type lookup in this context
1102 | ) throws -> LiteralExpression {
1103 | var exprs: [Expression] = [head]
Foundation.Expression:2:15: note: found this candidate
1 | @available(macOS 15, iOS 18, tvOS 18, watchOS 11, *)
2 | public struct Expression<each Input, Output> : Sendable {
| `- note: found this candidate
3 | public let expression: any StandardPredicateExpression<Output>
4 | public let variable: (repeat PredicateExpressions.Variable<each Input>)
AST.Expression:1:17: note: found this candidate
1 | public protocol Expression : AST.Statement {
| `- note: found this candidate
2 | }
Failed frontend command:
/Applications/Xcode-27.0.0-Release.Candidate.app/Contents/Developer/Toolchains/XcodeDefault.xctoolchain/usr/bin/swift-frontend -frontend -emit-module -experimental-skip-non-inlinable-function-bodies-without-types /Users/admin/builder/spi-builder-workspace/.dependencies/checkouts/swift-ast/Sources/Parser/Parser+Attribute.swift /Users/admin/builder/spi-builder-workspace/.dependencies/checkouts/swift-ast/Sources/Parser/Parser+Common.swift /Users/admin/builder/spi-builder-workspace/.dependencies/checkouts/swift-ast/Sources/Parser/Parser+Declaration.swift /Users/admin/builder/spi-builder-workspace/.dependencies/checkouts/swift-ast/Sources/Parser/Parser+Diagnostic.swift /Users/admin/builder/spi-builder-workspace/.dependencies/checkouts/swift-ast/Sources/Parser/Parser+Expression.swift /Users/admin/builder/spi-builder-workspace/.dependencies/checkouts/swift-ast/Sources/Parser/Parser+Generic.swift /Users/admin/builder/spi-builder-workspace/.dependencies/checkouts/swift-ast/Sources/Parser/Parser+Lexing.swift /Users/admin/builder/spi-builder-workspace/.dependencies/checkouts/swift-ast/Sources/Parser/Parser+Modifier.swift /Users/admin/builder/spi-builder-workspace/.dependencies/checkouts/swift-ast/Sources/Parser/Parser+Pattern.swift /Users/admin/builder/spi-builder-workspace/.dependencies/checkouts/swift-ast/Sources/Parser/Parser+Statement.swift /Users/admin/builder/spi-builder-workspace/.dependencies/checkouts/swift-ast/Sources/Parser/Parser+Type.swift /Users/admin/builder/spi-builder-workspace/.dependencies/checkouts/swift-ast/Sources/Parser/Parser+Util.swift /Users/admin/builder/spi-builder-workspace/.dependencies/checkouts/swift-ast/Sources/Parser/Parser.swift -target arm64_32-apple-watchos9.0 -disable-cross-import-overlay-search -load-resolved-plugin /Applications/Xcode-27.0.0-Release.Candidate.app/Contents/Developer/Platforms/WatchOS.platform/Developer/usr/lib/swift/host/plugins/libFoundationMacros.dylib\#/Applications/Xcode-27.0.0-Release.Candidate.app/Contents/Developer/Platforms/WatchOS.platform/Developer/usr/bin/swift-plugin-server\#FoundationMacros -load-resolved-plugin /Applications/Xcode-27.0.0-Release.Candidate.app/Contents/Developer/Platforms/WatchOS.platform/Developer/usr/lib/swift/host/plugins/libObservationMacros.dylib\#/Applications/Xcode-27.0.0-Release.Candidate.app/Contents/Developer/Platforms/WatchOS.platform/Developer/usr/bin/swift-plugin-server\#ObservationMacros -load-resolved-plugin /Applications/Xcode-27.0.0-Release.Candidate.app/Contents/Developer/Platforms/WatchOS.platform/Developer/usr/lib/swift/host/plugins/libSwiftMacros.dylib\#/Applications/Xcode-27.0.0-Release.Candidate.app/Contents/Developer/Platforms/WatchOS.platform/Developer/usr/bin/swift-plugin-server\#SwiftMacros -disable-implicit-swift-modules -Xcc -fno-implicit-modules -Xcc -fno-implicit-module-maps -explicit-swift-module-map-file /Users/admin/builder/spi-builder-workspace/.derivedData/Build/Intermediates.noindex/swift-ast.build/Debug-watchos/Parser-t.build/Objects-normal/arm64_32/Parser-dependencies-1.json -enable-objc-interop -sdk /Applications/Xcode-27.0.0-Release.Candidate.app/Contents/Developer/Platforms/WatchOS.platform/Developer/SDKs/WatchOS27.0.sdk -I /Users/admin/builder/spi-builder-workspace/.derivedData/Build/Products/Debug-watchos -Isystem /Applications/Xcode-27.0.0-Release.Candidate.app/Contents/Developer/Platforms/WatchOS.platform/Developer/usr/lib -F /Users/admin/builder/spi-builder-workspace/.derivedData/Build/Products/Debug-watchos/PackageFrameworks -F /Users/admin/builder/spi-builder-workspace/.derivedData/Build/Products/Debug-watchos -F /Applications/Xcode-27.0.0-Release.Candidate.app/Contents/Developer/Platforms/WatchOS.platform/Developer/Library/Frameworks -F /Applications/Xcode-27.0.0-Release.Candidate.app/Contents/Developer/Platforms/WatchOS.platform/Developer/SDKs/WatchOS27.0.sdk/Developer/Library/Frameworks -module-cache-path /Users/admin/builder/spi-builder-workspace/.derivedData/Build/Intermediates.noindex/SwiftExplicitPrecompiledModules -no-color-diagnostics -Xcc -fno-color-diagnostics -enable-testing -g -debug-info-format\=dwarf -dwarf-version\=4 -suppress-warnings -profile-generate -profile-coverage-mapping -swift-version 5 -Onone -D SWIFT_PACKAGE -D DEBUG -D SWIFT_MODULE_RESOURCE_BUNDLE_UNAVAILABLE -D Xcode -serialize-debugging-options -enable-experimental-feature DebugDescriptionMacro -empty-abi-descriptor -validate-clang-modules-once -clang-build-session-file /Users/admin/builder/spi-builder-workspace/.derivedData/ModuleCache.noindex/Session.modulevalidation -Xcc -working-directory -Xcc /Users/admin/builder/spi-builder-workspace/.swiftpm/xcode -enable-anonymous-context-mangled-names -file-compilation-dir /Users/admin/builder/spi-builder-workspace/.swiftpm/xcode -Xcc -D_LIBCPP_HARDENING_MODE\=_LIBCPP_HARDENING_MODE_DEBUG -Xcc -ivfsstatcache -Xcc /Users/admin/builder/spi-builder-workspace/.derivedData/SDKStatCaches.noindex/watchos27.0-24R360-e829b21a6f8c9b70876ba0858053c04477534ef55a1706bf4c1112bbb242f0a2.sdkstatcache -Xcc -fmodules-prune-interval\=86400 -Xcc -fmodules-prune-after\=345600 -Xcc -I/Users/admin/builder/spi-builder-workspace/.derivedData/Build/Products/Debug-watchos/include -Xcc -I/Users/admin/builder/spi-builder-workspace/.derivedData/Build/Intermediates.noindex/swift-ast.build/Debug-watchos/Parser-t.build/DerivedSources-normal/arm64_32 -Xcc -I/Users/admin/builder/spi-builder-workspace/.derivedData/Build/Intermediates.noindex/swift-ast.build/Debug-watchos/Parser-t.build/DerivedSources/arm64_32 -Xcc -I/Users/admin/builder/spi-builder-workspace/.derivedData/Build/Intermediates.noindex/swift-ast.build/Debug-watchos/Parser-t.build/DerivedSources -Xcc -DSWIFT_PACKAGE -Xcc -DDEBUG\=1 -no-auto-bridging-header-chaining -module-name Parser -const-gather-protocols-file /Users/admin/builder/spi-builder-workspace/.derivedData/Build/Intermediates.noindex/swift-ast.build/Debug-watchos/Parser-t.build/Objects-normal/arm64_32/Parser_const_extract_protocols.json -disable-clang-spi -clang-target arm64_32-apple-watchos27.0 -target-sdk-version 27.0 -target-sdk-name watchos27.0 -in-process-plugin-server-path /Applications/Xcode-27.0.0-Release.Candidate.app/Contents/Developer/Toolchains/XcodeDefault.xctoolchain/usr/lib/swift/host/libSwiftInProcPluginServer.dylib -emit-module-doc-path /Users/admin/builder/spi-builder-workspace/.derivedData/Build/Intermediates.noindex/swift-ast.build/Debug-watchos/Parser-t.build/Objects-normal/arm64_32/Parser.swiftdoc -emit-module-source-info-path /Users/admin/builder/spi-builder-workspace/.derivedData/Build/Intermediates.noindex/swift-ast.build/Debug-watchos/Parser-t.build/Objects-normal/arm64_32/Parser.swiftsourceinfo -emit-objc-header-path /Users/admin/builder/spi-builder-workspace/.derivedData/Build/Intermediates.noindex/swift-ast.build/Debug-watchos/Parser-t.build/Objects-normal/arm64_32/Parser-Swift.h -serialize-diagnostics-path /Users/admin/builder/spi-builder-workspace/.derivedData/Build/Intermediates.noindex/swift-ast.build/Debug-watchos/Parser-t.build/Objects-normal/arm64_32/Parser-primary-emit-module.dia -emit-dependencies-path /Users/admin/builder/spi-builder-workspace/.derivedData/Build/Intermediates.noindex/swift-ast.build/Debug-watchos/Parser-t.build/Objects-normal/arm64_32/Parser-primary-emit-module.d -parse-as-library -o /Users/admin/builder/spi-builder-workspace/.derivedData/Build/Intermediates.noindex/swift-ast.build/Debug-watchos/Parser-t.build/Objects-normal/arm64_32/Parser.swiftmodule -emit-abi-descriptor-path /Users/admin/builder/spi-builder-workspace/.derivedData/Build/Intermediates.noindex/swift-ast.build/Debug-watchos/Parser-t.build/Objects-normal/arm64_32/Parser.abi.json
SwiftCompile normal arm64_32 (in target 'Parser' from project 'swift-ast')
cd /Users/admin/builder/spi-builder-workspace/.swiftpm/xcode
SwiftCompile normal arm64_32 Compiling\ Parser+Attribute.swift,\ Parser+Common.swift /Users/admin/builder/spi-builder-workspace/.dependencies/checkouts/swift-ast/Sources/Parser/Parser+Attribute.swift /Users/admin/builder/spi-builder-workspace/.dependencies/checkouts/swift-ast/Sources/Parser/Parser+Common.swift (in target 'Parser' from project 'swift-ast')
SwiftCompile normal arm64_32 /Users/admin/builder/spi-builder-workspace/.dependencies/checkouts/swift-ast/Sources/Parser/Parser+Attribute.swift (in target 'Parser' from project 'swift-ast')
cd /Users/admin/builder/spi-builder-workspace/.swiftpm/xcode
builtin-SwiftPerFileCompile Parser+Attribute.swift
SwiftCompile normal arm64_32 /Users/admin/builder/spi-builder-workspace/.dependencies/checkouts/swift-ast/Sources/Parser/Parser+Common.swift (in target 'Parser' from project 'swift-ast')
cd /Users/admin/builder/spi-builder-workspace/.swiftpm/xcode
builtin-SwiftPerFileCompile Parser+Common.swift
SwiftCompile normal arm64_32 Compiling\ Parser+Declaration.swift,\ Parser+Diagnostic.swift /Users/admin/builder/spi-builder-workspace/.dependencies/checkouts/swift-ast/Sources/Parser/Parser+Declaration.swift /Users/admin/builder/spi-builder-workspace/.dependencies/checkouts/swift-ast/Sources/Parser/Parser+Diagnostic.swift (in target 'Parser' from project 'swift-ast')
SwiftCompile normal arm64_32 /Users/admin/builder/spi-builder-workspace/.dependencies/checkouts/swift-ast/Sources/Parser/Parser+Declaration.swift (in target 'Parser' from project 'swift-ast')
cd /Users/admin/builder/spi-builder-workspace/.swiftpm/xcode
builtin-SwiftPerFileCompile Parser+Declaration.swift
SwiftCompile normal arm64_32 /Users/admin/builder/spi-builder-workspace/.dependencies/checkouts/swift-ast/Sources/Parser/Parser+Diagnostic.swift (in target 'Parser' from project 'swift-ast')
cd /Users/admin/builder/spi-builder-workspace/.swiftpm/xcode
builtin-SwiftPerFileCompile Parser+Diagnostic.swift
SwiftCompile normal arm64_32 Compiling\ Parser+Util.swift /Users/admin/builder/spi-builder-workspace/.dependencies/checkouts/swift-ast/Sources/Parser/Parser+Util.swift (in target 'Parser' from project 'swift-ast')
SwiftCompile normal arm64_32 /Users/admin/builder/spi-builder-workspace/.dependencies/checkouts/swift-ast/Sources/Parser/Parser+Util.swift (in target 'Parser' from project 'swift-ast')
cd /Users/admin/builder/spi-builder-workspace/.swiftpm/xcode
builtin-SwiftPerFileCompile Parser+Util.swift
SwiftEmitModule normal arm64 Emitting\ module\ for\ Parser (in target 'Parser' from project 'swift-ast')
/Users/admin/builder/spi-builder-workspace/.dependencies/checkouts/swift-ast/Sources/Parser/Parser+Expression.swift:40:93: error: 'Expression' is ambiguous for type lookup in this context
38 | }
39 |
40 | func parseExpression(config: ParserExpressionConfig = ParserExpressionConfig()) throws -> Expression {
| `- error: 'Expression' is ambiguous for type lookup in this context
41 | let tryKind = parseTryKind()
42 | let prefixExpr = try parsePrefixExpression(config: config)
Foundation.Expression:2:15: note: found this candidate
1 | @available(macOS 15, iOS 18, tvOS 18, watchOS 11, *)
2 | public struct Expression<each Input, Output> : Sendable {
| `- note: found this candidate
3 | public let expression: any StandardPredicateExpression<Output>
4 | public let variable: (repeat PredicateExpressions.Variable<each Input>)
AST.Expression:1:17: note: found this candidate
1 | public protocol Expression : AST.Statement {
| `- note: found this candidate
2 | }
/Users/admin/builder/spi-builder-workspace/.dependencies/checkouts/swift-ast/Sources/Parser/Parser+Expression.swift:53:48: error: 'Expression' is ambiguous for type lookup in this context
51 | case noTry
52 |
53 | fileprivate func wrap(expr: Expression) -> Expression {
| `- error: 'Expression' is ambiguous for type lookup in this context
54 | switch self {
55 | case .try(let startLocation):
Foundation.Expression:2:15: note: found this candidate
1 | @available(macOS 15, iOS 18, tvOS 18, watchOS 11, *)
2 | public struct Expression<each Input, Output> : Sendable {
| `- note: found this candidate
3 | public let expression: any StandardPredicateExpression<Output>
4 | public let variable: (repeat PredicateExpressions.Variable<each Input>)
AST.Expression:1:17: note: found this candidate
1 | public protocol Expression : AST.Statement {
| `- note: found this candidate
2 | }
/Users/admin/builder/spi-builder-workspace/.dependencies/checkouts/swift-ast/Sources/Parser/Parser+Expression.swift:53:33: error: 'Expression' is ambiguous for type lookup in this context
51 | case noTry
52 |
53 | fileprivate func wrap(expr: Expression) -> Expression {
| `- error: 'Expression' is ambiguous for type lookup in this context
54 | switch self {
55 | case .try(let startLocation):
Foundation.Expression:2:15: note: found this candidate
1 | @available(macOS 15, iOS 18, tvOS 18, watchOS 11, *)
2 | public struct Expression<each Input, Output> : Sendable {
| `- note: found this candidate
3 | public let expression: any StandardPredicateExpression<Output>
4 | public let variable: (repeat PredicateExpressions.Variable<each Input>)
AST.Expression:1:17: note: found this candidate
1 | public protocol Expression : AST.Statement {
| `- note: found this candidate
2 | }
/Users/admin/builder/spi-builder-workspace/.dependencies/checkouts/swift-ast/Sources/Parser/Parser+Expression.swift:89:15: error: 'Expression' is ambiguous for type lookup in this context
87 | private func parseBinaryExpressions( // swift-lint:suppress(high_ncss,high_cyclomatic_complexity)
88 | leftExpression: Expression, config: ParserExpressionConfig
89 | ) throws -> Expression {
| `- error: 'Expression' is ambiguous for type lookup in this context
90 | var resultExpr: Expression = leftExpression
91 |
Foundation.Expression:2:15: note: found this candidate
1 | @available(macOS 15, iOS 18, tvOS 18, watchOS 11, *)
2 | public struct Expression<each Input, Output> : Sendable {
| `- note: found this candidate
3 | public let expression: any StandardPredicateExpression<Output>
4 | public let variable: (repeat PredicateExpressions.Variable<each Input>)
AST.Expression:1:17: note: found this candidate
1 | public protocol Expression : AST.Statement {
| `- note: found this candidate
2 | }
/Users/admin/builder/spi-builder-workspace/.dependencies/checkouts/swift-ast/Sources/Parser/Parser+Expression.swift:88:21: error: 'Expression' is ambiguous for type lookup in this context
86 |
87 | private func parseBinaryExpressions( // swift-lint:suppress(high_ncss,high_cyclomatic_complexity)
88 | leftExpression: Expression, config: ParserExpressionConfig
| `- error: 'Expression' is ambiguous for type lookup in this context
89 | ) throws -> Expression {
90 | var resultExpr: Expression = leftExpression
Foundation.Expression:2:15: note: found this candidate
1 | @available(macOS 15, iOS 18, tvOS 18, watchOS 11, *)
2 | public struct Expression<each Input, Output> : Sendable {
| `- note: found this candidate
3 | public let expression: any StandardPredicateExpression<Output>
4 | public let variable: (repeat PredicateExpressions.Variable<each Input>)
AST.Expression:1:17: note: found this candidate
1 | public protocol Expression : AST.Statement {
| `- note: found this candidate
2 | }
/Users/admin/builder/spi-builder-workspace/.dependencies/checkouts/swift-ast/Sources/Parser/Parser+Expression.swift:252:80: error: 'Expression' is ambiguous for type lookup in this context
250 | }
251 |
252 | private func parsePrefixExpression(config: ParserExpressionConfig) throws -> Expression {
| `- error: 'Expression' is ambiguous for type lookup in this context
253 | let startLocation = getStartLocation()
254 | switch _lexer.read([.dummyPrefixOperator, .prefixAmp]) {
Foundation.Expression:2:15: note: found this candidate
1 | @available(macOS 15, iOS 18, tvOS 18, watchOS 11, *)
2 | public struct Expression<each Input, Output> : Sendable {
| `- note: found this candidate
3 | public let expression: any StandardPredicateExpression<Output>
4 | public let variable: (repeat PredicateExpressions.Variable<each Input>)
AST.Expression:1:17: note: found this candidate
1 | public protocol Expression : AST.Statement {
| `- note: found this candidate
2 | }
/Users/admin/builder/spi-builder-workspace/.dependencies/checkouts/swift-ast/Sources/Parser/Parser+Expression.swift:1081:45: error: 'Expression' is ambiguous for type lookup in this context
1079 | }
1080 |
1081 | private func parseDictionaryLiteral(head: Expression, startLocation: SourceLocation) throws -> LiteralExpression {
| `- error: 'Expression' is ambiguous for type lookup in this context
1082 | var entries: [DictionaryEntry] = []
1083 | // complete first entry
Foundation.Expression:2:15: note: found this candidate
1 | @available(macOS 15, iOS 18, tvOS 18, watchOS 11, *)
2 | public struct Expression<each Input, Output> : Sendable {
| `- note: found this candidate
3 | public let expression: any StandardPredicateExpression<Output>
4 | public let variable: (repeat PredicateExpressions.Variable<each Input>)
AST.Expression:1:17: note: found this candidate
1 | public protocol Expression : AST.Statement {
| `- note: found this candidate
2 | }
SwiftCompile normal arm64 (in target 'Parser' from project 'swift-ast')
cd /Users/admin/builder/spi-builder-workspace/.swiftpm/xcode
SwiftEmitModule normal arm64 Emitting\ module\ for\ Sema (in target 'Sema' from project 'swift-ast')
SwiftCompile normal arm64 (in target 'Sema' from project 'swift-ast')
cd /Users/admin/builder/spi-builder-workspace/.swiftpm/xcode
SwiftCompile normal arm64 Compiling\ SequenceExpressionFolding.swift /Users/admin/builder/spi-builder-workspace/.dependencies/checkouts/swift-ast/Sources/Sema/SequenceExpressionFolding.swift (in target 'Sema' from project 'swift-ast')
SwiftCompile normal arm64 /Users/admin/builder/spi-builder-workspace/.dependencies/checkouts/swift-ast/Sources/Sema/SequenceExpressionFolding.swift (in target 'Sema' from project 'swift-ast')
cd /Users/admin/builder/spi-builder-workspace/.swiftpm/xcode
builtin-SwiftPerFileCompile SequenceExpressionFolding.swift
SwiftDriverJobDiscovery normal arm64_32 Compiling LexicalParentAssignment.swift (in target 'Sema' from project 'swift-ast')
SwiftCompile normal arm64 Compiling\ Parser+Statement.swift /Users/admin/builder/spi-builder-workspace/.dependencies/checkouts/swift-ast/Sources/Parser/Parser+Statement.swift (in target 'Parser' from project 'swift-ast')
SwiftCompile normal arm64 /Users/admin/builder/spi-builder-workspace/.dependencies/checkouts/swift-ast/Sources/Parser/Parser+Statement.swift (in target 'Parser' from project 'swift-ast')
cd /Users/admin/builder/spi-builder-workspace/.swiftpm/xcode
builtin-SwiftPerFileCompile Parser+Statement.swift
SwiftDriverJobDiscovery normal arm64_32 Compiling Parser+Attribute.swift, Parser+Common.swift (in target 'Parser' from project 'swift-ast')
SwiftCompile normal arm64 Compiling\ Parser+Modifier.swift /Users/admin/builder/spi-builder-workspace/.dependencies/checkouts/swift-ast/Sources/Parser/Parser+Modifier.swift (in target 'Parser' from project 'swift-ast')
SwiftCompile normal arm64 /Users/admin/builder/spi-builder-workspace/.dependencies/checkouts/swift-ast/Sources/Parser/Parser+Modifier.swift (in target 'Parser' from project 'swift-ast')
cd /Users/admin/builder/spi-builder-workspace/.swiftpm/xcode
builtin-SwiftPerFileCompile Parser+Modifier.swift
SwiftDriverJobDiscovery normal arm64_32 Compiling Parser+Util.swift (in target 'Parser' from project 'swift-ast')
PruneExplicitPrecompiledModules /Users/admin/builder/spi-builder-workspace/.derivedData/Build/Intermediates.noindex/SwiftExplicitPrecompiledModules
PruneExplicitPrecompiledModules /Users/admin/builder/spi-builder-workspace/.derivedData/SDKExplicitPrecompiledModules
PruneExplicitPrecompiledModules /Users/admin/builder/spi-builder-workspace/.derivedData/Build/Intermediates.noindex/ExplicitPrecompiledModules
2026-09-19 05:50:59.642 xcodebuild[1778:10597] [MT] IDERunDestination: Supported platforms for the buildables in the current scheme is empty.
** BUILD FAILED **
The following build commands failed:
SwiftEmitModule normal arm64_32 Emitting\ module\ for\ Parser (in target 'Parser' from project 'swift-ast')
SwiftCompile normal arm64_32 (in target 'Parser' from project 'swift-ast')
Building workspace AdversaryLabClientSwift with scheme AdversaryLabClientSwift-Package
(3 failures)
BUILD FAILURE 6.4 watchOS