The Swift Package Index logo.Swift Package Index

Build Information

Failed to build MyScript iink SDK, reference master (32d82e), with Swift 6.2 for Linux on 28 Sep 2026 17:02:40 UTC.

Build Command

bash -c docker run --pull=always --rm -v "checkouts-54344845-0":/host -w "$PWD" -e JAVA_HOME="/root/.sdkman/candidates/java/current" -e SPI_BUILD="1" -e SPI_PROCESSING="1" registry.gitlab.com/saguaro1/spi-images:basic-6.2-latest swift build --triple x86_64-unknown-linux-gnu 2>&1

Build Log

========================================
RunAll
========================================
Builder version: 5.1.0
Interrupt handler set up.
========================================
Checkout
========================================
Clone URL: https://github.com/MyScript/interactive-ink-packages-ios.git
Reference: master
Initialized empty Git repository in /host/spi-builder-workspace/.git/
hint: Using 'master' as the name for the initial branch. This default branch name
hint: is subject to change. To configure the initial branch name to use in all
hint: of your new repositories, which will suppress this warning, call:
hint:
hint: 	git config --global init.defaultBranch <name>
hint:
hint: Names commonly chosen instead of 'master' are 'main', 'trunk' and
hint: 'development'. The just-created branch can be renamed via this command:
hint:
hint: 	git branch -m <name>
From https://github.com/MyScript/interactive-ink-packages-ios
 * branch            master     -> FETCH_HEAD
 * [new branch]      master     -> origin/master
HEAD is now at 32d82e1 Update to 4.5.1
Cloned https://github.com/MyScript/interactive-ink-packages-ios.git
Revision (git rev-parse @):
32d82e1500f093caf7632d7f40e83d710fc09ac8
SUCCESS checkout https://github.com/MyScript/interactive-ink-packages-ios.git at master
========================================
Build
========================================
Selected platform:         linux
Swift version:             6.2
Building package at path:  $PWD
https://github.com/MyScript/interactive-ink-packages-ios.git
Running build ...
bash -c docker run --pull=always --rm -v "checkouts-54344845-0":/host -w "$PWD" -e JAVA_HOME="/root/.sdkman/candidates/java/current" -e SPI_BUILD="1" -e SPI_PROCESSING="1" registry.gitlab.com/saguaro1/spi-images:basic-6.2-latest swift build --triple x86_64-unknown-linux-gnu 2>&1
basic-6.2-latest: Pulling from saguaro1/spi-images
Digest: sha256:813c8e8a77634154d7d247705cb89167ff1c866446abbe321f542129dc4cf5a7
Status: Image is up to date for registry.gitlab.com/saguaro1/spi-images:basic-6.2-latest
warning: 'spi-builder-workspace': [Package.swift][INFO] Binary source mode: remote
[Package.swift][INFO] For library libiink using REMOTE binary: https://api.github.com/repos/MyScript/interactive-ink-packages-ios/releases/assets/581082126.zip
Downloading binary artifact https://api.github.com/repos/MyScript/interactive-ink-packages-ios/releases/assets/581082126.zip
[16375/136638086] Downloading https://api.github.com/repos/MyScript/interactive-ink-packages-ios/releases/assets/581082126.zip
Downloaded https://api.github.com/repos/MyScript/interactive-ink-packages-ios/releases/assets/581082126.zip (7.94s)
warning: 'spi-builder-workspace': found 1 file(s) which are unhandled; explicitly declare them as resources or exclude from the target
    /host/spi-builder-workspace/Sources/libiinkTarget/PrivacyInfo.xcprivacy
Building for debugging...
[0/4] Write sources
[2/4] Compiling libiink dummy.c
[3/4] Write swift-version-24593BA9C3E375BF.txt
error: emit-module command failed with exit code 1 (use -v to see invocation)
[5/6] Emitting module libiinkSwift
<module-includes>:1:10: note: in file included from <module-includes>:1:
1 | #include "iink/IINK.h"
  |          `- note: in file included from <module-includes>:1:
2 |
/host/spi-builder-workspace/Sources/libiink/include/iink/IINK.h:3:9: note: in file included from /host/spi-builder-workspace/Sources/libiink/include/iink/IINK.h:3:
 1 | // Copyright @ MyScript. All rights reserved.
 2 |
 3 | #import <iink/IINKConfiguration.h>
   |         `- note: in file included from /host/spi-builder-workspace/Sources/libiink/include/iink/IINK.h:3:
 4 | #import <iink/IINKConfigurationDelegate.h>
 5 | #import <iink/IINKContentBlock.h>
/host/spi-builder-workspace/Sources/libiink/include/iink/IINKConfiguration.h:3:9: error: 'Foundation/Foundation.h' file not found
 1 | // Copyright @ MyScript. All rights reserved.
 2 |
 3 | #import <Foundation/Foundation.h>
   |         `- error: 'Foundation/Foundation.h' file not found
 4 | #import <iink/IINKParameterSet.h>
 5 | #import <iink/IINKConfigurationDelegate.h>
/host/spi-builder-workspace/Sources/libiinkSwift/IINK.swift:2:8: error: could not build C module 'libiink'
 1 | // Copyright @ MyScript. All rights reserved.
 2 | import libiink
   |        `- error: could not build C module 'libiink'
 3 |
 4 | //
[6/6] Compiling libiinkSwift IINK.swift
<module-includes>:1:10: note: in file included from <module-includes>:1:
1 | #include "iink/IINK.h"
  |          `- note: in file included from <module-includes>:1:
2 |
/host/spi-builder-workspace/Sources/libiink/include/iink/IINK.h:3:9: note: in file included from /host/spi-builder-workspace/Sources/libiink/include/iink/IINK.h:3:
 1 | // Copyright @ MyScript. All rights reserved.
 2 |
 3 | #import <iink/IINKConfiguration.h>
   |         `- note: in file included from /host/spi-builder-workspace/Sources/libiink/include/iink/IINK.h:3:
 4 | #import <iink/IINKConfigurationDelegate.h>
 5 | #import <iink/IINKContentBlock.h>
/host/spi-builder-workspace/Sources/libiink/include/iink/IINKConfiguration.h:3:9: error: 'Foundation/Foundation.h' file not found
 1 | // Copyright @ MyScript. All rights reserved.
 2 |
 3 | #import <Foundation/Foundation.h>
   |         `- error: 'Foundation/Foundation.h' file not found
 4 | #import <iink/IINKParameterSet.h>
 5 | #import <iink/IINKConfigurationDelegate.h>
/host/spi-builder-workspace/Sources/libiinkSwift/IINK.swift:2:8: error: could not build C module 'libiink'
 1 | // Copyright @ MyScript. All rights reserved.
 2 | import libiink
   |        `- error: could not build C module 'libiink'
 3 |
 4 | //
BUILD FAILURE 6.2 linux