Build Information
Failed to build swift-osc-core, reference main (23eb2d), with Swift 6.4 for tvOS using Xcode 27.0 on 25 Oct 2026 02:42:25 UTC.
Build Command
env DEVELOPER_DIR=/Applications/Xcode-27.0.0.app xcrun xcodebuild -IDEClonedSourcePackagesDirPathOverride=$PWD/.dependencies -skipMacroValidation -skipPackagePluginValidation -derivedDataPath $PWD/.derivedData build -scheme swift-osc-core -destination generic/platform=tvOSBuild Log
========================================
RunAll
========================================
Builder version: 5.1.3
Interrupt handler set up.
========================================
Checkout
========================================
Clone URL: https://github.com/orchetect/swift-osc-core.git
Reference: main
Initialized empty Git repository in /Users/admin/builder/spi-builder-workspace/.git/
From https://github.com/orchetect/swift-osc-core
* branch main -> FETCH_HEAD
* [new branch] main -> origin/main
HEAD is now at 23eb2d3 IOTests: `OSCTCPServer`: Added lifecycle tests to check lifecycle with and without starting the server
Cloned https://github.com/orchetect/swift-osc-core.git
Revision (git rev-parse @):
23eb2d37c74746a6dd8135493e0545969388a43a
SPI manifest file found: $PWD/.spi.yml
SUCCESS checkout https://github.com/orchetect/swift-osc-core.git at main
========================================
Build
========================================
Selected platform: tvOS
Swift version: 6.4
Building package at path: $PWD
https://github.com/orchetect/swift-osc-core.git
Command line invocation:
/Applications/Xcode-27.0.0.app/Contents/Developer/usr/bin/xcodebuild -IDEClonedSourcePackagesDirPathOverride=/Users/admin/builder/spi-builder-workspace/.dependencies -resolvePackageDependencies
Resolve Package Graph
Fetching from https://github.com/orchetect/swift-data-parsing
Fetching from https://github.com/apple/swift-numerics
Fetching from https://github.com/orchetect/swift-ascii
Creating working copy of package ‘swift-numerics’
Checking out 1.1.1 of package ‘swift-numerics’
Creating working copy of package ‘swift-data-parsing’
Checking out 0.1.2 of package ‘swift-data-parsing’
Creating working copy of package ‘swift-ascii’
Checking out 1.3.1 of package ‘swift-ascii’
Resolve Package Graph
Resolved source packages:
swift-data-parsing: https://github.com/orchetect/swift-data-parsing @ 0.1.2
swift-osc-core: /Users/admin/builder/spi-builder-workspace
swift-numerics: https://github.com/apple/swift-numerics @ 1.1.1
swift-ascii: https://github.com/orchetect/swift-ascii @ 1.3.1
resolved source packages: swift-data-parsing, swift-osc-core, swift-numerics, swift-ascii
2026-10-24 22:42:19.716 xcodebuild[560:3031] [MT] IDERunDestination: Supported platforms for the buildables in the current scheme is empty.
Running build ...
env DEVELOPER_DIR=/Applications/Xcode-27.0.0.app xcrun xcodebuild -IDEClonedSourcePackagesDirPathOverride=$PWD/.dependencies -skipMacroValidation -skipPackagePluginValidation -derivedDataPath $PWD/.derivedData build -scheme swift-osc-core -destination generic/platform=tvOS
Command line invocation:
/Applications/Xcode-27.0.0.app/Contents/Developer/usr/bin/xcodebuild -IDEClonedSourcePackagesDirPathOverride=/Users/admin/builder/spi-builder-workspace/.dependencies -skipMacroValidation -skipPackagePluginValidation -derivedDataPath /Users/admin/builder/spi-builder-workspace/.derivedData build -scheme swift-osc-core -destination generic/platform=tvOS
Resolve Package Graph
Resolve Package Graph
Resolved source packages:
swift-ascii: https://github.com/orchetect/swift-ascii @ 1.3.1
swift-data-parsing: https://github.com/orchetect/swift-data-parsing @ 0.1.2
swift-numerics: https://github.com/apple/swift-numerics @ 1.1.1
swift-osc-core: /Users/admin/builder/spi-builder-workspace
2026-10-24 22:42:22.813 xcodebuild[741:4171] [MT] IDERunDestination: Supported platforms for the buildables in the current scheme is empty.
2026-10-24 22:42:22.906 xcodebuild[741:4171] Writing error result bundle to /var/folders/xq/y_g06wb113726d38xsyx71_h0000gn/T/ResultBundle_2026-24-10_22-42-0022.xcresult
xcodebuild: error: The workspace named "swift-osc-core" does not contain a scheme named "swift-osc-core". The "-list" option can be used to find the names of the schemes in the workspace.
Command line invocation:
/Applications/Xcode-27.0.0.app/Contents/Developer/usr/bin/xcodebuild -IDEClonedSourcePackagesDirPathOverride=/Users/admin/builder/spi-builder-workspace/.dependencies -resolvePackageDependencies
Resolve Package Graph
Resolved source packages:
swift-data-parsing: https://github.com/orchetect/swift-data-parsing @ 0.1.2
swift-numerics: https://github.com/apple/swift-numerics @ 1.1.1
swift-ascii: https://github.com/orchetect/swift-ascii @ 1.3.1
swift-osc-core: /Users/admin/builder/spi-builder-workspace
resolved source packages: swift-data-parsing, swift-numerics, swift-ascii, swift-osc-core
2026-10-24 22:42:24.149 xcodebuild[774:4373] [MT] IDERunDestination: Supported platforms for the buildables in the current scheme is empty.
Running build ...
env DEVELOPER_DIR=/Applications/Xcode-27.0.0.app xcrun xcodebuild -IDEClonedSourcePackagesDirPathOverride=$PWD/.dependencies -skipMacroValidation -skipPackagePluginValidation -derivedDataPath $PWD/.derivedData build -scheme swift-osc-core -destination generic/platform=tvOS
Command line invocation:
/Applications/Xcode-27.0.0.app/Contents/Developer/usr/bin/xcodebuild -IDEClonedSourcePackagesDirPathOverride=/Users/admin/builder/spi-builder-workspace/.dependencies -skipMacroValidation -skipPackagePluginValidation -derivedDataPath /Users/admin/builder/spi-builder-workspace/.derivedData build -scheme swift-osc-core -destination generic/platform=tvOS
Resolve Package Graph
Resolved source packages:
swift-osc-core: /Users/admin/builder/spi-builder-workspace
swift-numerics: https://github.com/apple/swift-numerics @ 1.1.1
swift-data-parsing: https://github.com/orchetect/swift-data-parsing @ 0.1.2
swift-ascii: https://github.com/orchetect/swift-ascii @ 1.3.1
2026-10-24 22:42:25.210 xcodebuild[775:4403] [MT] IDERunDestination: Supported platforms for the buildables in the current scheme is empty.
2026-10-24 22:42:25.256 xcodebuild[775:4403] Writing error result bundle to /var/folders/xq/y_g06wb113726d38xsyx71_h0000gn/T/ResultBundle_2026-24-10_22-42-0025.xcresult
xcodebuild: error: The workspace named "swift-osc-core" does not contain a scheme named "swift-osc-core". The "-list" option can be used to find the names of the schemes in the workspace.
BUILD FAILURE 6.4 tvOS