Build Information
Failed to build AXSwift, reference main (e18a18), with Swift 6.4 for watchOS using Xcode 27.0 on 17 Sep 2026 21:39:37 UTC.
Build Command
env DEVELOPER_DIR=/Applications/Xcode-27.0.0-Release.Candidate.app xcrun xcodebuild -IDEClonedSourcePackagesDirPathOverride=$PWD/.dependencies -skipMacroValidation -skipPackagePluginValidation -derivedDataPath $PWD/.derivedData build -scheme AXSwift-Package -destination generic/platform=watchOSBuild Log
========================================
RunAll
========================================
Builder version: 5.1.0
Interrupt handler set up.
========================================
Checkout
========================================
Clone URL: https://github.com/tmandry/AXSwift.git
Reference: main
Initialized empty Git repository in /Users/admin/builder/spi-builder-workspace/.git/
From https://github.com/tmandry/AXSwift
* branch main -> FETCH_HEAD
* [new branch] main -> origin/main
HEAD is now at e18a184 No longer force casting attribute values to prevent a crash when the value doesn't match the expected type
Cloned https://github.com/tmandry/AXSwift.git
Revision (git rev-parse @):
e18a18453d135ad45809a384ee5139e05ea52def
SUCCESS checkout https://github.com/tmandry/AXSwift.git at main
========================================
Build
========================================
Selected platform: watchOS
Swift version: 6.4
Building package at path: $PWD
https://github.com/tmandry/AXSwift.git
Command line invocation:
/Applications/Xcode-27.0.0-Release.Candidate.app/Contents/Developer/usr/bin/xcodebuild -IDEClonedSourcePackagesDirPathOverride=/Users/admin/builder/spi-builder-workspace/.dependencies -resolvePackageDependencies
resolved source packages:
{
"dependencies" : [
],
"manifest_display_name" : "AXSwift",
"name" : "AXSwift",
"path" : "/Users/admin/builder/spi-builder-workspace",
"platforms" : [
],
"products" : [
{
"name" : "AXSwift",
"targets" : [
"AXSwift"
],
"type" : {
"library" : [
"automatic"
]
}
},
{
"name" : "AXSwiftObserverExample",
"targets" : [
"AXSwiftObserverExample"
],
"type" : {
"executable" : null
}
},
{
"name" : "AXSwiftExample",
"targets" : [
"AXSwiftExample"
],
"type" : {
"executable" : null
}
}
],
"targets" : [
{
"c99name" : "AXSwiftObserverExample",
"module_type" : "SwiftTarget",
"name" : "AXSwiftObserverExample",
"path" : "AXSwiftObserverExample",
"product_memberships" : [
"AXSwiftObserverExample"
],
"sources" : [
"AppDelegate.swift",
"main.swift"
],
"target_dependencies" : [
"AXSwift"
],
"type" : "executable"
},
{
"c99name" : "AXSwiftExample",
"module_type" : "SwiftTarget",
"name" : "AXSwiftExample",
"path" : "AXSwiftExample",
"product_memberships" : [
"AXSwiftExample"
],
"sources" : [
"AppDelegate.swift",
"main.swift"
],
"target_dependencies" : [
"AXSwift"
],
"type" : "executable"
},
{
"c99name" : "AXSwift",
"module_type" : "SwiftTarget",
"name" : "AXSwift",
"path" : "Sources",
"product_memberships" : [
"AXSwift",
"AXSwiftObserverExample",
"AXSwiftExample"
],
"sources" : [
"AXSwift.swift",
"Application.swift",
"Constants.swift",
"Error.swift",
"Observer.swift",
"SystemWideElement.swift",
"UIElement.swift"
],
"type" : "library"
}
],
"tools_version" : "4.0"
}
{
"project" : {
"configurations" : [
"Debug",
"Release"
],
"name" : "AXSwift",
"schemes" : [
"AXSwift",
"AXSwiftExample",
"AXSwiftObserverExample"
],
"targets" : [
"AXSwift",
"AXSwiftExample",
"AXSwiftObserverExample"
]
}
}
{
"workspace" : {
"name" : "AXSwift",
"schemes" : [
"AXSwift",
"AXSwift-Package",
"AXSwiftExample",
"AXSwiftObserverExample"
]
}
}
2026-09-17 17:39:29.150 xcodebuild[621:3898] [MT] IDERunDestination: Supported platforms for the buildables in the current scheme is empty.
Running build ...
env DEVELOPER_DIR=/Applications/Xcode-27.0.0-Release.Candidate.app xcrun xcodebuild -IDEClonedSourcePackagesDirPathOverride=$PWD/.dependencies -skipMacroValidation -skipPackagePluginValidation -derivedDataPath $PWD/.derivedData build -scheme AXSwift-Package -destination generic/platform=watchOS
Command line invocation:
/Applications/Xcode-27.0.0-Release.Candidate.app/Contents/Developer/usr/bin/xcodebuild -IDEClonedSourcePackagesDirPathOverride=/Users/admin/builder/spi-builder-workspace/.dependencies -skipMacroValidation -skipPackagePluginValidation -derivedDataPath /Users/admin/builder/spi-builder-workspace/.derivedData build -scheme AXSwift-Package -destination generic/platform=watchOS
Resolve Package Graph
Resolved source packages:
AXSwift: /Users/admin/builder/spi-builder-workspace
ComputePackagePrebuildTargetDependencyGraph
Prepare packages
CreateBuildRequest
SendProjectDescription
CreateBuildOperation
ComputeTargetDependencyGraph
note: Building targets in dependency order
note: Target dependency graph (4 targets)
Target 'AXSwiftExample-product' in project 'AXSwift'
➜ Explicit dependency on target 'AXSwift' in project 'AXSwift'
Target 'AXSwiftObserverExample-product' in project 'AXSwift'
➜ Explicit dependency on target 'AXSwift' in project 'AXSwift'
Target 'AXSwift-product' in project 'AXSwift'
➜ Explicit dependency on target 'AXSwift' in project 'AXSwift'
Target 'AXSwift' in project 'AXSwift' (no dependencies)
GatherProvisioningInputs
CreateBuildDescription
ExecuteExternalTool /Applications/Xcode-27.0.0-Release.Candidate.app/Contents/Developer/Toolchains/XcodeDefault.xctoolchain/usr/bin/clang -v -E -dM -isysroot /Applications/Xcode-27.0.0-Release.Candidate.app/Contents/Developer/Platforms/WatchOS.platform/Developer/SDKs/WatchOS27.0.sdk -x c -c /dev/null
ExecuteExternalTool /Applications/Xcode-27.0.0-Release.Candidate.app/Contents/Developer/Toolchains/XcodeDefault.xctoolchain/usr/bin/swiftc --version
ExecuteExternalTool /Applications/Xcode-27.0.0-Release.Candidate.app/Contents/Developer/Toolchains/XcodeDefault.xctoolchain/usr/bin/ld -version_details
Build description signature: a2c8545e176cc8874e657e8e12c72f9f
Build description path: /Users/admin/builder/spi-builder-workspace/.derivedData/Build/Intermediates.noindex/XCBuildData/a2c8545e176cc8874e657e8e12c72f9f.xcbuilddata
CreateBuildDirectory /Users/admin/builder/spi-builder-workspace/.derivedData/ModuleCache.noindex
cd /Users/admin/builder/spi-builder-workspace/.swiftpm/xcode
builtin-create-build-directory /Users/admin/builder/spi-builder-workspace/.derivedData/ModuleCache.noindex
CreateBuildDirectory /Users/admin/builder/spi-builder-workspace/.derivedData/SDKExplicitPrecompiledModules
cd /Users/admin/builder/spi-builder-workspace/.swiftpm/xcode
builtin-create-build-directory /Users/admin/builder/spi-builder-workspace/.derivedData/SDKExplicitPrecompiledModules
CreateBuildDirectory /Users/admin/builder/spi-builder-workspace/.derivedData/CompilationCache.noindex
cd /Users/admin/builder/spi-builder-workspace/.swiftpm/xcode
builtin-create-build-directory /Users/admin/builder/spi-builder-workspace/.derivedData/CompilationCache.noindex
CreateBuildDirectory /Users/admin/builder/spi-builder-workspace/.derivedData/Build/Intermediates.noindex
cd /Users/admin/builder/spi-builder-workspace/.swiftpm/xcode
builtin-create-build-directory /Users/admin/builder/spi-builder-workspace/.derivedData/Build/Intermediates.noindex
ClangStatCache /Applications/Xcode-27.0.0-Release.Candidate.app/Contents/Developer/Toolchains/XcodeDefault.xctoolchain/usr/bin/clang-stat-cache /Applications/Xcode-27.0.0-Release.Candidate.app/Contents/Developer/Platforms/WatchOS.platform/Developer/SDKs/WatchOS27.0.sdk /Users/admin/builder/spi-builder-workspace/.derivedData/SDKStatCaches.noindex/watchos27.0-24R360-e829b21a6f8c9b70876ba0858053c04477534ef55a1706bf4c1112bbb242f0a2.sdkstatcache
cd /Users/admin/builder/spi-builder-workspace/.swiftpm/xcode
/Applications/Xcode-27.0.0-Release.Candidate.app/Contents/Developer/Toolchains/XcodeDefault.xctoolchain/usr/bin/clang-stat-cache /Applications/Xcode-27.0.0-Release.Candidate.app/Contents/Developer/Platforms/WatchOS.platform/Developer/SDKs/WatchOS27.0.sdk -o /Users/admin/builder/spi-builder-workspace/.derivedData/SDKStatCaches.noindex/watchos27.0-24R360-e829b21a6f8c9b70876ba0858053c04477534ef55a1706bf4c1112bbb242f0a2.sdkstatcache
CreateBuildDirectory /Users/admin/builder/spi-builder-workspace/.derivedData/Build/Products
cd /Users/admin/builder/spi-builder-workspace/.swiftpm/xcode
builtin-create-build-directory /Users/admin/builder/spi-builder-workspace/.derivedData/Build/Products
CreateBuildDirectory /Users/admin/builder/spi-builder-workspace/.derivedData/Build/Intermediates.noindex/SwiftExplicitPrecompiledModules
cd /Users/admin/builder/spi-builder-workspace/.swiftpm/xcode
builtin-create-build-directory /Users/admin/builder/spi-builder-workspace/.derivedData/Build/Intermediates.noindex/SwiftExplicitPrecompiledModules
CreateBuildDirectory /Users/admin/builder/spi-builder-workspace/.derivedData/Build/Intermediates.noindex/PrecompiledHeaders
cd /Users/admin/builder/spi-builder-workspace/.swiftpm/xcode
builtin-create-build-directory /Users/admin/builder/spi-builder-workspace/.derivedData/Build/Intermediates.noindex/PrecompiledHeaders
CreateBuildDirectory /Users/admin/builder/spi-builder-workspace/.derivedData/Build/Intermediates.noindex/ExplicitPrecompiledModules
cd /Users/admin/builder/spi-builder-workspace/.swiftpm/xcode
builtin-create-build-directory /Users/admin/builder/spi-builder-workspace/.derivedData/Build/Intermediates.noindex/ExplicitPrecompiledModules
CreateBuildDirectory /Users/admin/builder/spi-builder-workspace/.derivedData/Build/Intermediates.noindex/EagerLinkingTBDs/Debug-watchos
cd /Users/admin/builder/spi-builder-workspace/.swiftpm/xcode
builtin-create-build-directory /Users/admin/builder/spi-builder-workspace/.derivedData/Build/Intermediates.noindex/EagerLinkingTBDs/Debug-watchos
CreateBuildDirectory /Users/admin/builder/spi-builder-workspace/.derivedData/Build/Products/Debug-watchos
cd /Users/admin/builder/spi-builder-workspace/.swiftpm/xcode
builtin-create-build-directory /Users/admin/builder/spi-builder-workspace/.derivedData/Build/Products/Debug-watchos
CreateBuildDirectory /Users/admin/builder/spi-builder-workspace/.derivedData/Build/Products/Debug-watchos/PackageFrameworks
cd /Users/admin/builder/spi-builder-workspace/.swiftpm/xcode
builtin-create-build-directory /Users/admin/builder/spi-builder-workspace/.derivedData/Build/Products/Debug-watchos/PackageFrameworks
WriteAuxiliaryFile /Users/admin/builder/spi-builder-workspace/.derivedData/Build/Intermediates.noindex/AXSwift.build/Debug-watchos/AXSwiftObserverExample-p.build/Objects-normal/arm64_32/AXSwiftObserverExample-OutputFileMap.json (in target 'AXSwiftObserverExample-product' from project 'AXSwift')
cd /Users/admin/builder/spi-builder-workspace
write-file /Users/admin/builder/spi-builder-workspace/.derivedData/Build/Intermediates.noindex/AXSwift.build/Debug-watchos/AXSwiftObserverExample-p.build/Objects-normal/arm64_32/AXSwiftObserverExample-OutputFileMap.json
WriteAuxiliaryFile /Users/admin/builder/spi-builder-workspace/.derivedData/Build/Intermediates.noindex/AXSwift.build/Debug-watchos/AXSwiftObserverExample-p.build/Objects-normal/arm64/AXSwiftObserverExample-OutputFileMap.json (in target 'AXSwiftObserverExample-product' from project 'AXSwift')
cd /Users/admin/builder/spi-builder-workspace
write-file /Users/admin/builder/spi-builder-workspace/.derivedData/Build/Intermediates.noindex/AXSwift.build/Debug-watchos/AXSwiftObserverExample-p.build/Objects-normal/arm64/AXSwiftObserverExample-OutputFileMap.json
WriteAuxiliaryFile /Users/admin/builder/spi-builder-workspace/.derivedData/Build/Intermediates.noindex/AXSwift.build/Debug-watchos/AXSwiftObserverExample-p.build/Objects-normal/arm64_32/AXSwiftObserverExample_const_extract_protocols.json (in target 'AXSwiftObserverExample-product' from project 'AXSwift')
cd /Users/admin/builder/spi-builder-workspace
write-file /Users/admin/builder/spi-builder-workspace/.derivedData/Build/Intermediates.noindex/AXSwift.build/Debug-watchos/AXSwiftObserverExample-p.build/Objects-normal/arm64_32/AXSwiftObserverExample_const_extract_protocols.json
WriteAuxiliaryFile /Users/admin/builder/spi-builder-workspace/.derivedData/Build/Intermediates.noindex/AXSwift.build/Debug-watchos/AXSwiftObserverExample-p.build/Objects-normal/arm64/AXSwiftObserverExample.SwiftFileList (in target 'AXSwiftObserverExample-product' from project 'AXSwift')
cd /Users/admin/builder/spi-builder-workspace
write-file /Users/admin/builder/spi-builder-workspace/.derivedData/Build/Intermediates.noindex/AXSwift.build/Debug-watchos/AXSwiftObserverExample-p.build/Objects-normal/arm64/AXSwiftObserverExample.SwiftFileList
WriteAuxiliaryFile /Users/admin/builder/spi-builder-workspace/.derivedData/Build/Intermediates.noindex/AXSwift.build/Debug-watchos/AXSwiftObserverExample-p.build/Objects-normal/arm64/AXSwiftObserverExample_const_extract_protocols.json (in target 'AXSwiftObserverExample-product' from project 'AXSwift')
cd /Users/admin/builder/spi-builder-workspace
write-file /Users/admin/builder/spi-builder-workspace/.derivedData/Build/Intermediates.noindex/AXSwift.build/Debug-watchos/AXSwiftObserverExample-p.build/Objects-normal/arm64/AXSwiftObserverExample_const_extract_protocols.json
WriteAuxiliaryFile /Users/admin/builder/spi-builder-workspace/.derivedData/Build/Intermediates.noindex/AXSwift.build/Debug-watchos/AXSwiftObserverExample-p.build/Objects-normal/arm64_32/AXSwiftObserverExample.LinkFileList (in target 'AXSwiftObserverExample-product' from project 'AXSwift')
cd /Users/admin/builder/spi-builder-workspace
write-file /Users/admin/builder/spi-builder-workspace/.derivedData/Build/Intermediates.noindex/AXSwift.build/Debug-watchos/AXSwiftObserverExample-p.build/Objects-normal/arm64_32/AXSwiftObserverExample.LinkFileList
WriteAuxiliaryFile /Users/admin/builder/spi-builder-workspace/.derivedData/Build/Intermediates.noindex/AXSwift.build/Debug-watchos/AXSwiftObserverExample-p.build/Objects-normal/arm64/AXSwiftObserverExample.LinkFileList (in target 'AXSwiftObserverExample-product' from project 'AXSwift')
cd /Users/admin/builder/spi-builder-workspace
write-file /Users/admin/builder/spi-builder-workspace/.derivedData/Build/Intermediates.noindex/AXSwift.build/Debug-watchos/AXSwiftObserverExample-p.build/Objects-normal/arm64/AXSwiftObserverExample.LinkFileList
WriteAuxiliaryFile /Users/admin/builder/spi-builder-workspace/.derivedData/Build/Intermediates.noindex/AXSwift.build/Debug-watchos/AXSwiftObserverExample-p.build/Objects-normal/arm64_32/AXSwiftObserverExample.SwiftFileList (in target 'AXSwiftObserverExample-product' from project 'AXSwift')
cd /Users/admin/builder/spi-builder-workspace
write-file /Users/admin/builder/spi-builder-workspace/.derivedData/Build/Intermediates.noindex/AXSwift.build/Debug-watchos/AXSwiftObserverExample-p.build/Objects-normal/arm64_32/AXSwiftObserverExample.SwiftFileList
WriteAuxiliaryFile /Users/admin/builder/spi-builder-workspace/.derivedData/Build/Intermediates.noindex/AXSwift.build/Debug-watchos/AXSwiftObserverExample-p.build/AXSwiftObserverExample.DependencyStaticMetadataFileList (in target 'AXSwiftObserverExample-product' from project 'AXSwift')
cd /Users/admin/builder/spi-builder-workspace
write-file /Users/admin/builder/spi-builder-workspace/.derivedData/Build/Intermediates.noindex/AXSwift.build/Debug-watchos/AXSwiftObserverExample-p.build/AXSwiftObserverExample.DependencyStaticMetadataFileList
WriteAuxiliaryFile /Users/admin/builder/spi-builder-workspace/.derivedData/Build/Intermediates.noindex/AXSwift.build/Debug-watchos/AXSwiftObserverExample-p.build/AXSwiftObserverExample.DependencyMetadataFileList (in target 'AXSwiftObserverExample-product' from project 'AXSwift')
cd /Users/admin/builder/spi-builder-workspace
write-file /Users/admin/builder/spi-builder-workspace/.derivedData/Build/Intermediates.noindex/AXSwift.build/Debug-watchos/AXSwiftObserverExample-p.build/AXSwiftObserverExample.DependencyMetadataFileList
WriteAuxiliaryFile /Users/admin/builder/spi-builder-workspace/.derivedData/Build/Intermediates.noindex/AXSwift.build/Debug-watchos/AXSwiftExample-p.build/Objects-normal/arm64_32/AXSwiftExample.SwiftFileList (in target 'AXSwiftExample-product' from project 'AXSwift')
cd /Users/admin/builder/spi-builder-workspace
write-file /Users/admin/builder/spi-builder-workspace/.derivedData/Build/Intermediates.noindex/AXSwift.build/Debug-watchos/AXSwiftExample-p.build/Objects-normal/arm64_32/AXSwiftExample.SwiftFileList
WriteAuxiliaryFile /Users/admin/builder/spi-builder-workspace/.derivedData/Build/Intermediates.noindex/AXSwift.build/Debug-watchos/AXSwiftExample-p.build/Objects-normal/arm64_32/AXSwiftExample_const_extract_protocols.json (in target 'AXSwiftExample-product' from project 'AXSwift')
cd /Users/admin/builder/spi-builder-workspace
write-file /Users/admin/builder/spi-builder-workspace/.derivedData/Build/Intermediates.noindex/AXSwift.build/Debug-watchos/AXSwiftExample-p.build/Objects-normal/arm64_32/AXSwiftExample_const_extract_protocols.json
WriteAuxiliaryFile /Users/admin/builder/spi-builder-workspace/.derivedData/Build/Intermediates.noindex/AXSwift.build/Debug-watchos/AXSwiftExample-p.build/Objects-normal/arm64_32/AXSwiftExample.LinkFileList (in target 'AXSwiftExample-product' from project 'AXSwift')
cd /Users/admin/builder/spi-builder-workspace
write-file /Users/admin/builder/spi-builder-workspace/.derivedData/Build/Intermediates.noindex/AXSwift.build/Debug-watchos/AXSwiftExample-p.build/Objects-normal/arm64_32/AXSwiftExample.LinkFileList
WriteAuxiliaryFile /Users/admin/builder/spi-builder-workspace/.derivedData/Build/Intermediates.noindex/AXSwift.build/Debug-watchos/AXSwiftExample-p.build/Objects-normal/arm64_32/AXSwiftExample-OutputFileMap.json (in target 'AXSwiftExample-product' from project 'AXSwift')
cd /Users/admin/builder/spi-builder-workspace
write-file /Users/admin/builder/spi-builder-workspace/.derivedData/Build/Intermediates.noindex/AXSwift.build/Debug-watchos/AXSwiftExample-p.build/Objects-normal/arm64_32/AXSwiftExample-OutputFileMap.json
WriteAuxiliaryFile /Users/admin/builder/spi-builder-workspace/.derivedData/Build/Intermediates.noindex/AXSwift.build/Debug-watchos/AXSwiftExample-p.build/Objects-normal/arm64/AXSwiftExample_const_extract_protocols.json (in target 'AXSwiftExample-product' from project 'AXSwift')
cd /Users/admin/builder/spi-builder-workspace
write-file /Users/admin/builder/spi-builder-workspace/.derivedData/Build/Intermediates.noindex/AXSwift.build/Debug-watchos/AXSwiftExample-p.build/Objects-normal/arm64/AXSwiftExample_const_extract_protocols.json
WriteAuxiliaryFile /Users/admin/builder/spi-builder-workspace/.derivedData/Build/Intermediates.noindex/AXSwift.build/Debug-watchos/AXSwiftExample-p.build/Objects-normal/arm64/AXSwiftExample.SwiftFileList (in target 'AXSwiftExample-product' from project 'AXSwift')
cd /Users/admin/builder/spi-builder-workspace
write-file /Users/admin/builder/spi-builder-workspace/.derivedData/Build/Intermediates.noindex/AXSwift.build/Debug-watchos/AXSwiftExample-p.build/Objects-normal/arm64/AXSwiftExample.SwiftFileList
WriteAuxiliaryFile /Users/admin/builder/spi-builder-workspace/.derivedData/Build/Intermediates.noindex/AXSwift.build/Debug-watchos/AXSwiftExample-p.build/Objects-normal/arm64/AXSwiftExample.LinkFileList (in target 'AXSwiftExample-product' from project 'AXSwift')
cd /Users/admin/builder/spi-builder-workspace
write-file /Users/admin/builder/spi-builder-workspace/.derivedData/Build/Intermediates.noindex/AXSwift.build/Debug-watchos/AXSwiftExample-p.build/Objects-normal/arm64/AXSwiftExample.LinkFileList
WriteAuxiliaryFile /Users/admin/builder/spi-builder-workspace/.derivedData/Build/Intermediates.noindex/AXSwift.build/Debug-watchos/AXSwiftExample-p.build/Objects-normal/arm64/AXSwiftExample-OutputFileMap.json (in target 'AXSwiftExample-product' from project 'AXSwift')
cd /Users/admin/builder/spi-builder-workspace
write-file /Users/admin/builder/spi-builder-workspace/.derivedData/Build/Intermediates.noindex/AXSwift.build/Debug-watchos/AXSwiftExample-p.build/Objects-normal/arm64/AXSwiftExample-OutputFileMap.json
WriteAuxiliaryFile /Users/admin/builder/spi-builder-workspace/.derivedData/Build/Intermediates.noindex/AXSwift.build/Debug-watchos/AXSwiftExample-p.build/AXSwiftExample.DependencyStaticMetadataFileList (in target 'AXSwiftExample-product' from project 'AXSwift')
cd /Users/admin/builder/spi-builder-workspace
write-file /Users/admin/builder/spi-builder-workspace/.derivedData/Build/Intermediates.noindex/AXSwift.build/Debug-watchos/AXSwiftExample-p.build/AXSwiftExample.DependencyStaticMetadataFileList
WriteAuxiliaryFile /Users/admin/builder/spi-builder-workspace/.derivedData/Build/Intermediates.noindex/AXSwift.build/Debug-watchos/AXSwiftExample-p.build/AXSwiftExample.DependencyMetadataFileList (in target 'AXSwiftExample-product' from project 'AXSwift')
cd /Users/admin/builder/spi-builder-workspace
write-file /Users/admin/builder/spi-builder-workspace/.derivedData/Build/Intermediates.noindex/AXSwift.build/Debug-watchos/AXSwiftExample-p.build/AXSwiftExample.DependencyMetadataFileList
WriteAuxiliaryFile /Users/admin/builder/spi-builder-workspace/.derivedData/Build/Intermediates.noindex/AXSwift.build/Debug-watchos/AXSwift-t.build/Objects-normal/arm64_32/AXSwift_const_extract_protocols.json (in target 'AXSwift' from project 'AXSwift')
cd /Users/admin/builder/spi-builder-workspace
write-file /Users/admin/builder/spi-builder-workspace/.derivedData/Build/Intermediates.noindex/AXSwift.build/Debug-watchos/AXSwift-t.build/Objects-normal/arm64_32/AXSwift_const_extract_protocols.json
WriteAuxiliaryFile /Users/admin/builder/spi-builder-workspace/.derivedData/Build/Intermediates.noindex/AXSwift.build/Debug-watchos/AXSwift-t.build/Objects-normal/arm64_32/AXSwift.SwiftFileList (in target 'AXSwift' from project 'AXSwift')
cd /Users/admin/builder/spi-builder-workspace
write-file /Users/admin/builder/spi-builder-workspace/.derivedData/Build/Intermediates.noindex/AXSwift.build/Debug-watchos/AXSwift-t.build/Objects-normal/arm64_32/AXSwift.SwiftFileList
WriteAuxiliaryFile /Users/admin/builder/spi-builder-workspace/.derivedData/Build/Intermediates.noindex/AXSwift.build/Debug-watchos/AXSwift-t.build/Objects-normal/arm64_32/AXSwift.SwiftConstValuesFileList (in target 'AXSwift' from project 'AXSwift')
cd /Users/admin/builder/spi-builder-workspace
write-file /Users/admin/builder/spi-builder-workspace/.derivedData/Build/Intermediates.noindex/AXSwift.build/Debug-watchos/AXSwift-t.build/Objects-normal/arm64_32/AXSwift.SwiftConstValuesFileList
WriteAuxiliaryFile /Users/admin/builder/spi-builder-workspace/.derivedData/Build/Intermediates.noindex/AXSwift.build/Debug-watchos/AXSwift-t.build/Objects-normal/arm64_32/AXSwift.LinkFileList (in target 'AXSwift' from project 'AXSwift')
cd /Users/admin/builder/spi-builder-workspace
write-file /Users/admin/builder/spi-builder-workspace/.derivedData/Build/Intermediates.noindex/AXSwift.build/Debug-watchos/AXSwift-t.build/Objects-normal/arm64_32/AXSwift.LinkFileList
WriteAuxiliaryFile /Users/admin/builder/spi-builder-workspace/.derivedData/Build/Intermediates.noindex/AXSwift.build/Debug-watchos/AXSwift-t.build/Objects-normal/arm64_32/AXSwift-OutputFileMap.json (in target 'AXSwift' from project 'AXSwift')
cd /Users/admin/builder/spi-builder-workspace
write-file /Users/admin/builder/spi-builder-workspace/.derivedData/Build/Intermediates.noindex/AXSwift.build/Debug-watchos/AXSwift-t.build/Objects-normal/arm64_32/AXSwift-OutputFileMap.json
WriteAuxiliaryFile /Users/admin/builder/spi-builder-workspace/.derivedData/Build/Intermediates.noindex/AXSwift.build/Debug-watchos/AXSwift-t.build/Objects-normal/arm64/AXSwift_const_extract_protocols.json (in target 'AXSwift' from project 'AXSwift')
cd /Users/admin/builder/spi-builder-workspace
write-file /Users/admin/builder/spi-builder-workspace/.derivedData/Build/Intermediates.noindex/AXSwift.build/Debug-watchos/AXSwift-t.build/Objects-normal/arm64/AXSwift_const_extract_protocols.json
WriteAuxiliaryFile /Users/admin/builder/spi-builder-workspace/.derivedData/Build/Intermediates.noindex/AXSwift.build/Debug-watchos/AXSwift-t.build/Objects-normal/arm64/AXSwift.SwiftFileList (in target 'AXSwift' from project 'AXSwift')
cd /Users/admin/builder/spi-builder-workspace
write-file /Users/admin/builder/spi-builder-workspace/.derivedData/Build/Intermediates.noindex/AXSwift.build/Debug-watchos/AXSwift-t.build/Objects-normal/arm64/AXSwift.SwiftFileList
WriteAuxiliaryFile /Users/admin/builder/spi-builder-workspace/.derivedData/Build/Intermediates.noindex/AXSwift.build/Debug-watchos/AXSwift-t.build/Objects-normal/arm64/AXSwift.SwiftConstValuesFileList (in target 'AXSwift' from project 'AXSwift')
cd /Users/admin/builder/spi-builder-workspace
write-file /Users/admin/builder/spi-builder-workspace/.derivedData/Build/Intermediates.noindex/AXSwift.build/Debug-watchos/AXSwift-t.build/Objects-normal/arm64/AXSwift.SwiftConstValuesFileList
WriteAuxiliaryFile /Users/admin/builder/spi-builder-workspace/.derivedData/Build/Intermediates.noindex/AXSwift.build/Debug-watchos/AXSwift-t.build/Objects-normal/arm64/AXSwift.LinkFileList (in target 'AXSwift' from project 'AXSwift')
cd /Users/admin/builder/spi-builder-workspace
write-file /Users/admin/builder/spi-builder-workspace/.derivedData/Build/Intermediates.noindex/AXSwift.build/Debug-watchos/AXSwift-t.build/Objects-normal/arm64/AXSwift.LinkFileList
WriteAuxiliaryFile /Users/admin/builder/spi-builder-workspace/.derivedData/Build/Intermediates.noindex/AXSwift.build/Debug-watchos/AXSwift-t.build/AXSwift.modulemap (in target 'AXSwift' from project 'AXSwift')
cd /Users/admin/builder/spi-builder-workspace
write-file /Users/admin/builder/spi-builder-workspace/.derivedData/Build/Intermediates.noindex/AXSwift.build/Debug-watchos/AXSwift-t.build/AXSwift.modulemap
WriteAuxiliaryFile /Users/admin/builder/spi-builder-workspace/.derivedData/Build/Intermediates.noindex/AXSwift.build/Debug-watchos/AXSwift-t.build/Objects-normal/arm64/AXSwift-OutputFileMap.json (in target 'AXSwift' from project 'AXSwift')
cd /Users/admin/builder/spi-builder-workspace
write-file /Users/admin/builder/spi-builder-workspace/.derivedData/Build/Intermediates.noindex/AXSwift.build/Debug-watchos/AXSwift-t.build/Objects-normal/arm64/AXSwift-OutputFileMap.json
WriteAuxiliaryFile /Users/admin/builder/spi-builder-workspace/.derivedData/Build/Intermediates.noindex/AXSwift.build/Debug-watchos/AXSwift-t.build/AXSwift.DependencyStaticMetadataFileList (in target 'AXSwift' from project 'AXSwift')
cd /Users/admin/builder/spi-builder-workspace
write-file /Users/admin/builder/spi-builder-workspace/.derivedData/Build/Intermediates.noindex/AXSwift.build/Debug-watchos/AXSwift-t.build/AXSwift.DependencyStaticMetadataFileList
WriteAuxiliaryFile /Users/admin/builder/spi-builder-workspace/.derivedData/Build/Intermediates.noindex/AXSwift.build/Debug-watchos/AXSwift-t.build/AXSwift.DependencyMetadataFileList (in target 'AXSwift' from project 'AXSwift')
cd /Users/admin/builder/spi-builder-workspace
write-file /Users/admin/builder/spi-builder-workspace/.derivedData/Build/Intermediates.noindex/AXSwift.build/Debug-watchos/AXSwift-t.build/AXSwift.DependencyMetadataFileList
Copy /Users/admin/builder/spi-builder-workspace/.derivedData/Build/Intermediates.noindex/GeneratedModuleMaps-watchos/AXSwift.modulemap /Users/admin/builder/spi-builder-workspace/.derivedData/Build/Intermediates.noindex/AXSwift.build/Debug-watchos/AXSwift-t.build/AXSwift.modulemap (in target 'AXSwift' from project 'AXSwift')
cd /Users/admin/builder/spi-builder-workspace
builtin-copy -exclude .DS_Store -exclude CVS -exclude .svn -exclude .git -exclude .hg -resolve-src-symlinks /Users/admin/builder/spi-builder-workspace/.derivedData/Build/Intermediates.noindex/AXSwift.build/Debug-watchos/AXSwift-t.build/AXSwift.modulemap /Users/admin/builder/spi-builder-workspace/.derivedData/Build/Intermediates.noindex/GeneratedModuleMaps-watchos
SwiftDriver AXSwift normal arm64_32 com.apple.xcode.tools.swift.compiler (in target 'AXSwift' from project 'AXSwift')
cd /Users/admin/builder/spi-builder-workspace/.swiftpm/xcode
builtin-SwiftDriver -- /Applications/Xcode-27.0.0-Release.Candidate.app/Contents/Developer/Toolchains/XcodeDefault.xctoolchain/usr/bin/swiftc -parse-as-library -module-name AXSwift -Onone @/Users/admin/builder/spi-builder-workspace/.derivedData/Build/Intermediates.noindex/AXSwift.build/Debug-watchos/AXSwift-t.build/Objects-normal/arm64_32/AXSwift.SwiftFileList -DSWIFT_PACKAGE -DDEBUG -DSWIFT_MODULE_RESOURCE_BUNDLE_UNAVAILABLE -DXcode -plugin-path /Applications/Xcode-27.0.0-Release.Candidate.app/Contents/Developer/Toolchains/XcodeDefault.xctoolchain/usr/lib/swift/host/plugins/testing -enable-experimental-feature DebugDescriptionMacro -sdk /Applications/Xcode-27.0.0-Release.Candidate.app/Contents/Developer/Platforms/WatchOS.platform/Developer/SDKs/WatchOS27.0.sdk -target arm64_32-apple-watchos9.0 -g -module-cache-path /Users/admin/builder/spi-builder-workspace/.derivedData/ModuleCache.noindex -Xfrontend -serialize-debugging-options -enable-testing -index-store-path /Users/admin/builder/spi-builder-workspace/.derivedData/Index.noindex/DataStore -Xcc -D_LIBCPP_HARDENING_MODE\=_LIBCPP_HARDENING_MODE_DEBUG -swift-version 4 -I /Users/admin/builder/spi-builder-workspace/.derivedData/Build/Products/Debug-watchos -Isystem /Applications/Xcode-27.0.0-Release.Candidate.app/Contents/Developer/Platforms/WatchOS.platform/Developer/usr/lib -F /Users/admin/builder/spi-builder-workspace/.derivedData/Build/Products/Debug-watchos -F /Applications/Xcode-27.0.0-Release.Candidate.app/Contents/Developer/Platforms/WatchOS.platform/Developer/Library/Frameworks -F /Applications/Xcode-27.0.0-Release.Candidate.app/Contents/Developer/Platforms/WatchOS.platform/Developer/SDKs/WatchOS27.0.sdk/Developer/Library/Frameworks -c -j10 -enable-batch-mode -incremental -Xcc -ivfsstatcache -Xcc /Users/admin/builder/spi-builder-workspace/.derivedData/SDKStatCaches.noindex/watchos27.0-24R360-e829b21a6f8c9b70876ba0858053c04477534ef55a1706bf4c1112bbb242f0a2.sdkstatcache -output-file-map /Users/admin/builder/spi-builder-workspace/.derivedData/Build/Intermediates.noindex/AXSwift.build/Debug-watchos/AXSwift-t.build/Objects-normal/arm64_32/AXSwift-OutputFileMap.json -save-temps -no-color-diagnostics -emit-dependencies -emit-module -emit-module-path /Users/admin/builder/spi-builder-workspace/.derivedData/Build/Intermediates.noindex/AXSwift.build/Debug-watchos/AXSwift-t.build/Objects-normal/arm64_32/AXSwift.swiftmodule -serialize-diagnostics -validate-clang-modules-once -clang-build-session-file /Users/admin/builder/spi-builder-workspace/.derivedData/ModuleCache.noindex/Session.modulevalidation -Xcc -fmodules-prune-interval\=86400 -Xcc -fmodules-prune-after\=345600 -emit-const-values -const-gather-protocols-list /Users/admin/builder/spi-builder-workspace/.derivedData/Build/Intermediates.noindex/AXSwift.build/Debug-watchos/AXSwift-t.build/Objects-normal/arm64_32/AXSwift_const_extract_protocols.json -Xcc -I/Users/admin/builder/spi-builder-workspace/.derivedData/Build/Products/Debug-watchos/include -Xcc -I/Users/admin/builder/spi-builder-workspace/.derivedData/Build/Intermediates.noindex/AXSwift.build/Debug-watchos/AXSwift-t.build/DerivedSources-normal/arm64_32 -Xcc -I/Users/admin/builder/spi-builder-workspace/.derivedData/Build/Intermediates.noindex/AXSwift.build/Debug-watchos/AXSwift-t.build/DerivedSources/arm64_32 -Xcc -I/Users/admin/builder/spi-builder-workspace/.derivedData/Build/Intermediates.noindex/AXSwift.build/Debug-watchos/AXSwift-t.build/DerivedSources -Xcc -DSWIFT_PACKAGE -Xcc -DDEBUG\=1 -emit-objc-header -emit-objc-header-path /Users/admin/builder/spi-builder-workspace/.derivedData/Build/Intermediates.noindex/AXSwift.build/Debug-watchos/AXSwift-t.build/Objects-normal/arm64_32/AXSwift-Swift.h -working-directory /Users/admin/builder/spi-builder-workspace/.swiftpm/xcode -experimental-emit-module-separately -disable-cmo
SwiftDriver AXSwift normal arm64 com.apple.xcode.tools.swift.compiler (in target 'AXSwift' from project 'AXSwift')
cd /Users/admin/builder/spi-builder-workspace/.swiftpm/xcode
builtin-SwiftDriver -- /Applications/Xcode-27.0.0-Release.Candidate.app/Contents/Developer/Toolchains/XcodeDefault.xctoolchain/usr/bin/swiftc -parse-as-library -module-name AXSwift -Onone @/Users/admin/builder/spi-builder-workspace/.derivedData/Build/Intermediates.noindex/AXSwift.build/Debug-watchos/AXSwift-t.build/Objects-normal/arm64/AXSwift.SwiftFileList -DSWIFT_PACKAGE -DDEBUG -DSWIFT_MODULE_RESOURCE_BUNDLE_UNAVAILABLE -DXcode -plugin-path /Applications/Xcode-27.0.0-Release.Candidate.app/Contents/Developer/Toolchains/XcodeDefault.xctoolchain/usr/lib/swift/host/plugins/testing -enable-experimental-feature DebugDescriptionMacro -sdk /Applications/Xcode-27.0.0-Release.Candidate.app/Contents/Developer/Platforms/WatchOS.platform/Developer/SDKs/WatchOS27.0.sdk -target arm64-apple-watchos9.0 -g -module-cache-path /Users/admin/builder/spi-builder-workspace/.derivedData/ModuleCache.noindex -Xfrontend -serialize-debugging-options -enable-testing -index-store-path /Users/admin/builder/spi-builder-workspace/.derivedData/Index.noindex/DataStore -Xcc -D_LIBCPP_HARDENING_MODE\=_LIBCPP_HARDENING_MODE_DEBUG -swift-version 4 -I /Users/admin/builder/spi-builder-workspace/.derivedData/Build/Products/Debug-watchos -Isystem /Applications/Xcode-27.0.0-Release.Candidate.app/Contents/Developer/Platforms/WatchOS.platform/Developer/usr/lib -F /Users/admin/builder/spi-builder-workspace/.derivedData/Build/Products/Debug-watchos -F /Applications/Xcode-27.0.0-Release.Candidate.app/Contents/Developer/Platforms/WatchOS.platform/Developer/Library/Frameworks -F /Applications/Xcode-27.0.0-Release.Candidate.app/Contents/Developer/Platforms/WatchOS.platform/Developer/SDKs/WatchOS27.0.sdk/Developer/Library/Frameworks -c -j10 -enable-batch-mode -incremental -Xcc -ivfsstatcache -Xcc /Users/admin/builder/spi-builder-workspace/.derivedData/SDKStatCaches.noindex/watchos27.0-24R360-e829b21a6f8c9b70876ba0858053c04477534ef55a1706bf4c1112bbb242f0a2.sdkstatcache -output-file-map /Users/admin/builder/spi-builder-workspace/.derivedData/Build/Intermediates.noindex/AXSwift.build/Debug-watchos/AXSwift-t.build/Objects-normal/arm64/AXSwift-OutputFileMap.json -save-temps -no-color-diagnostics -emit-dependencies -emit-module -emit-module-path /Users/admin/builder/spi-builder-workspace/.derivedData/Build/Intermediates.noindex/AXSwift.build/Debug-watchos/AXSwift-t.build/Objects-normal/arm64/AXSwift.swiftmodule -serialize-diagnostics -validate-clang-modules-once -clang-build-session-file /Users/admin/builder/spi-builder-workspace/.derivedData/ModuleCache.noindex/Session.modulevalidation -Xcc -fmodules-prune-interval\=86400 -Xcc -fmodules-prune-after\=345600 -emit-const-values -const-gather-protocols-list /Users/admin/builder/spi-builder-workspace/.derivedData/Build/Intermediates.noindex/AXSwift.build/Debug-watchos/AXSwift-t.build/Objects-normal/arm64/AXSwift_const_extract_protocols.json -Xcc -I/Users/admin/builder/spi-builder-workspace/.derivedData/Build/Products/Debug-watchos/include -Xcc -I/Users/admin/builder/spi-builder-workspace/.derivedData/Build/Intermediates.noindex/AXSwift.build/Debug-watchos/AXSwift-t.build/DerivedSources-normal/arm64 -Xcc -I/Users/admin/builder/spi-builder-workspace/.derivedData/Build/Intermediates.noindex/AXSwift.build/Debug-watchos/AXSwift-t.build/DerivedSources/arm64 -Xcc -I/Users/admin/builder/spi-builder-workspace/.derivedData/Build/Intermediates.noindex/AXSwift.build/Debug-watchos/AXSwift-t.build/DerivedSources -Xcc -DSWIFT_PACKAGE -Xcc -DDEBUG\=1 -emit-objc-header -emit-objc-header-path /Users/admin/builder/spi-builder-workspace/.derivedData/Build/Intermediates.noindex/AXSwift.build/Debug-watchos/AXSwift-t.build/Objects-normal/arm64/AXSwift-Swift.h -working-directory /Users/admin/builder/spi-builder-workspace/.swiftpm/xcode -experimental-emit-module-separately -disable-cmo
SwiftCompile normal arm64 Compiling\ Constants.swift /Users/admin/builder/spi-builder-workspace/Sources/Constants.swift (in target 'AXSwift' from project 'AXSwift')
SwiftCompile normal arm64 /Users/admin/builder/spi-builder-workspace/Sources/Constants.swift (in target 'AXSwift' from project 'AXSwift')
cd /Users/admin/builder/spi-builder-workspace/.swiftpm/xcode
builtin-SwiftPerFileCompile Constants.swift
SwiftCompile normal arm64 Compiling\ AXSwift.swift /Users/admin/builder/spi-builder-workspace/Sources/AXSwift.swift (in target 'AXSwift' from project 'AXSwift')
SwiftCompile normal arm64 /Users/admin/builder/spi-builder-workspace/Sources/AXSwift.swift (in target 'AXSwift' from project 'AXSwift')
cd /Users/admin/builder/spi-builder-workspace/.swiftpm/xcode
builtin-SwiftPerFileCompile AXSwift.swift
SwiftCompile normal arm64 Compiling\ Error.swift /Users/admin/builder/spi-builder-workspace/Sources/Error.swift (in target 'AXSwift' from project 'AXSwift')
SwiftCompile normal arm64 /Users/admin/builder/spi-builder-workspace/Sources/Error.swift (in target 'AXSwift' from project 'AXSwift')
cd /Users/admin/builder/spi-builder-workspace/.swiftpm/xcode
builtin-SwiftPerFileCompile Error.swift
SwiftCompile normal arm64 Compiling\ SystemWideElement.swift /Users/admin/builder/spi-builder-workspace/Sources/SystemWideElement.swift (in target 'AXSwift' from project 'AXSwift')
SwiftCompile normal arm64 /Users/admin/builder/spi-builder-workspace/Sources/SystemWideElement.swift (in target 'AXSwift' from project 'AXSwift')
cd /Users/admin/builder/spi-builder-workspace/.swiftpm/xcode
builtin-SwiftPerFileCompile SystemWideElement.swift
SwiftCompile normal arm64 Compiling\ Application.swift /Users/admin/builder/spi-builder-workspace/Sources/Application.swift (in target 'AXSwift' from project 'AXSwift')
SwiftCompile normal arm64 /Users/admin/builder/spi-builder-workspace/Sources/Application.swift (in target 'AXSwift' from project 'AXSwift')
cd /Users/admin/builder/spi-builder-workspace/.swiftpm/xcode
builtin-SwiftPerFileCompile Application.swift
SwiftEmitModule normal arm64 Emitting\ module\ for\ AXSwift (in target 'AXSwift' from project 'AXSwift')
SwiftCompile normal arm64 (in target 'AXSwift' from project 'AXSwift')
cd /Users/admin/builder/spi-builder-workspace/.swiftpm/xcode
SwiftCompile normal arm64 Compiling\ Observer.swift /Users/admin/builder/spi-builder-workspace/Sources/Observer.swift (in target 'AXSwift' from project 'AXSwift')
SwiftCompile normal arm64 /Users/admin/builder/spi-builder-workspace/Sources/Observer.swift (in target 'AXSwift' from project 'AXSwift')
cd /Users/admin/builder/spi-builder-workspace/.swiftpm/xcode
builtin-SwiftPerFileCompile Observer.swift
SwiftCompile normal arm64 Compiling\ UIElement.swift /Users/admin/builder/spi-builder-workspace/Sources/UIElement.swift (in target 'AXSwift' from project 'AXSwift')
SwiftCompile normal arm64 /Users/admin/builder/spi-builder-workspace/Sources/UIElement.swift (in target 'AXSwift' from project 'AXSwift')
cd /Users/admin/builder/spi-builder-workspace/.swiftpm/xcode
builtin-SwiftPerFileCompile UIElement.swift
SwiftCompile normal arm64_32 Compiling\ Error.swift /Users/admin/builder/spi-builder-workspace/Sources/Error.swift (in target 'AXSwift' from project 'AXSwift')
SwiftCompile normal arm64_32 /Users/admin/builder/spi-builder-workspace/Sources/Error.swift (in target 'AXSwift' from project 'AXSwift')
cd /Users/admin/builder/spi-builder-workspace/.swiftpm/xcode
builtin-SwiftPerFileCompile Error.swift
SwiftEmitModule normal arm64_32 Emitting\ module\ for\ AXSwift (in target 'AXSwift' from project 'AXSwift')
/Users/admin/builder/spi-builder-workspace/Sources/AXSwift.swift:1:8: error: no such module 'Cocoa'
1 | import Cocoa
| `- error: no such module 'Cocoa'
2 |
3 | @discardableResult
Failed frontend command:
/Applications/Xcode-27.0.0-Release.Candidate.app/Contents/Developer/Toolchains/XcodeDefault.xctoolchain/usr/bin/swift-frontend -frontend -emit-module -experimental-skip-non-inlinable-function-bodies-without-types /Users/admin/builder/spi-builder-workspace/Sources/AXSwift.swift /Users/admin/builder/spi-builder-workspace/Sources/Application.swift /Users/admin/builder/spi-builder-workspace/Sources/Constants.swift /Users/admin/builder/spi-builder-workspace/Sources/Error.swift /Users/admin/builder/spi-builder-workspace/Sources/Observer.swift /Users/admin/builder/spi-builder-workspace/Sources/SystemWideElement.swift /Users/admin/builder/spi-builder-workspace/Sources/UIElement.swift -target arm64_32-apple-watchos9.0 -enable-objc-interop -sdk /Applications/Xcode-27.0.0-Release.Candidate.app/Contents/Developer/Platforms/WatchOS.platform/Developer/SDKs/WatchOS27.0.sdk -I /Users/admin/builder/spi-builder-workspace/.derivedData/Build/Products/Debug-watchos -Isystem /Applications/Xcode-27.0.0-Release.Candidate.app/Contents/Developer/Platforms/WatchOS.platform/Developer/usr/lib -F /Users/admin/builder/spi-builder-workspace/.derivedData/Build/Products/Debug-watchos -F /Applications/Xcode-27.0.0-Release.Candidate.app/Contents/Developer/Platforms/WatchOS.platform/Developer/Library/Frameworks -F /Applications/Xcode-27.0.0-Release.Candidate.app/Contents/Developer/Platforms/WatchOS.platform/Developer/SDKs/WatchOS27.0.sdk/Developer/Library/Frameworks -module-cache-path /Users/admin/builder/spi-builder-workspace/.derivedData/ModuleCache.noindex -no-color-diagnostics -Xcc -fno-color-diagnostics -enable-testing -g -debug-info-format\=dwarf -dwarf-version\=4 -swift-version 4 -Onone -D SWIFT_PACKAGE -D DEBUG -D SWIFT_MODULE_RESOURCE_BUNDLE_UNAVAILABLE -D Xcode -serialize-debugging-options -enable-experimental-feature DebugDescriptionMacro -empty-abi-descriptor -plugin-path /Applications/Xcode-27.0.0-Release.Candidate.app/Contents/Developer/Toolchains/XcodeDefault.xctoolchain/usr/lib/swift/host/plugins/testing -validate-clang-modules-once -clang-build-session-file /Users/admin/builder/spi-builder-workspace/.derivedData/ModuleCache.noindex/Session.modulevalidation -Xcc -working-directory -Xcc /Users/admin/builder/spi-builder-workspace/.swiftpm/xcode -enable-anonymous-context-mangled-names -file-compilation-dir /Users/admin/builder/spi-builder-workspace/.swiftpm/xcode -Xcc -D_LIBCPP_HARDENING_MODE\=_LIBCPP_HARDENING_MODE_DEBUG -Xcc -ivfsstatcache -Xcc /Users/admin/builder/spi-builder-workspace/.derivedData/SDKStatCaches.noindex/watchos27.0-24R360-e829b21a6f8c9b70876ba0858053c04477534ef55a1706bf4c1112bbb242f0a2.sdkstatcache -Xcc -fmodules-prune-interval\=86400 -Xcc -fmodules-prune-after\=345600 -Xcc -I/Users/admin/builder/spi-builder-workspace/.derivedData/Build/Products/Debug-watchos/include -Xcc -I/Users/admin/builder/spi-builder-workspace/.derivedData/Build/Intermediates.noindex/AXSwift.build/Debug-watchos/AXSwift-t.build/DerivedSources-normal/arm64_32 -Xcc -I/Users/admin/builder/spi-builder-workspace/.derivedData/Build/Intermediates.noindex/AXSwift.build/Debug-watchos/AXSwift-t.build/DerivedSources/arm64_32 -Xcc -I/Users/admin/builder/spi-builder-workspace/.derivedData/Build/Intermediates.noindex/AXSwift.build/Debug-watchos/AXSwift-t.build/DerivedSources -Xcc -DSWIFT_PACKAGE -Xcc -DDEBUG\=1 -no-auto-bridging-header-chaining -module-name AXSwift -const-gather-protocols-file /Users/admin/builder/spi-builder-workspace/.derivedData/Build/Intermediates.noindex/AXSwift.build/Debug-watchos/AXSwift-t.build/Objects-normal/arm64_32/AXSwift_const_extract_protocols.json -disable-clang-spi -target-sdk-version 27.0 -target-sdk-name watchos27.0 -external-plugin-path /Applications/Xcode-27.0.0-Release.Candidate.app/Contents/Developer/Platforms/WatchOS.platform/Developer/usr/lib/swift/host/plugins\#/Applications/Xcode-27.0.0-Release.Candidate.app/Contents/Developer/Platforms/WatchOS.platform/Developer/usr/bin/swift-plugin-server -external-plugin-path /Applications/Xcode-27.0.0-Release.Candidate.app/Contents/Developer/Platforms/WatchOS.platform/Developer/usr/local/lib/swift/host/plugins\#/Applications/Xcode-27.0.0-Release.Candidate.app/Contents/Developer/Platforms/WatchOS.platform/Developer/usr/bin/swift-plugin-server -in-process-plugin-server-path /Applications/Xcode-27.0.0-Release.Candidate.app/Contents/Developer/Toolchains/XcodeDefault.xctoolchain/usr/lib/swift/host/libSwiftInProcPluginServer.dylib -plugin-path /Applications/Xcode-27.0.0-Release.Candidate.app/Contents/Developer/Toolchains/XcodeDefault.xctoolchain/usr/lib/swift/host/plugins -plugin-path /Applications/Xcode-27.0.0-Release.Candidate.app/Contents/Developer/Toolchains/XcodeDefault.xctoolchain/usr/local/lib/swift/host/plugins -emit-module-doc-path /Users/admin/builder/spi-builder-workspace/.derivedData/Build/Intermediates.noindex/AXSwift.build/Debug-watchos/AXSwift-t.build/Objects-normal/arm64_32/AXSwift.swiftdoc -emit-module-source-info-path /Users/admin/builder/spi-builder-workspace/.derivedData/Build/Intermediates.noindex/AXSwift.build/Debug-watchos/AXSwift-t.build/Objects-normal/arm64_32/AXSwift.swiftsourceinfo -emit-objc-header-path /Users/admin/builder/spi-builder-workspace/.derivedData/Build/Intermediates.noindex/AXSwift.build/Debug-watchos/AXSwift-t.build/Objects-normal/arm64_32/AXSwift-Swift.h -serialize-diagnostics-path /Users/admin/builder/spi-builder-workspace/.derivedData/Build/Intermediates.noindex/AXSwift.build/Debug-watchos/AXSwift-t.build/Objects-normal/arm64_32/AXSwift-primary-emit-module.dia -emit-dependencies-path /Users/admin/builder/spi-builder-workspace/.derivedData/Build/Intermediates.noindex/AXSwift.build/Debug-watchos/AXSwift-t.build/Objects-normal/arm64_32/AXSwift-primary-emit-module.d -parse-as-library -o /Users/admin/builder/spi-builder-workspace/.derivedData/Build/Intermediates.noindex/AXSwift.build/Debug-watchos/AXSwift-t.build/Objects-normal/arm64_32/AXSwift.swiftmodule -emit-abi-descriptor-path /Users/admin/builder/spi-builder-workspace/.derivedData/Build/Intermediates.noindex/AXSwift.build/Debug-watchos/AXSwift-t.build/Objects-normal/arm64_32/AXSwift.abi.json
SwiftCompile normal arm64_32 (in target 'AXSwift' from project 'AXSwift')
cd /Users/admin/builder/spi-builder-workspace/.swiftpm/xcode
PruneExplicitPrecompiledModules /Users/admin/builder/spi-builder-workspace/.derivedData/Build/Intermediates.noindex/ExplicitPrecompiledModules
PruneExplicitPrecompiledModules /Users/admin/builder/spi-builder-workspace/.derivedData/SDKExplicitPrecompiledModules
PruneExplicitPrecompiledModules /Users/admin/builder/spi-builder-workspace/.derivedData/Build/Intermediates.noindex/SwiftExplicitPrecompiledModules
2026-09-17 17:39:30.835 xcodebuild[658:4297] [MT] IDERunDestination: Supported platforms for the buildables in the current scheme is empty.
** BUILD FAILED **
The following build commands failed:
SwiftEmitModule normal arm64_32 Emitting\ module\ for\ AXSwift (in target 'AXSwift' from project 'AXSwift')
SwiftCompile normal arm64_32 (in target 'AXSwift' from project 'AXSwift')
Building workspace AXSwift with scheme AXSwift-Package
(3 failures)
Command line invocation:
/Applications/Xcode-27.0.0-Release.Candidate.app/Contents/Developer/usr/bin/xcodebuild -IDEClonedSourcePackagesDirPathOverride=/Users/admin/builder/spi-builder-workspace/.dependencies -resolvePackageDependencies
Resolve Package Graph
Resolved source packages:
AXSwift: /Users/admin/builder/spi-builder-workspace
resolved source packages: AXSwift
2026-09-17 17:39:34.714 xcodebuild[683:4501] [MT] IDERunDestination: Supported platforms for the buildables in the current scheme is empty.
{
"dependencies" : [
],
"manifest_display_name" : "AXSwift",
"name" : "AXSwift",
"path" : "/Users/admin/builder/spi-builder-workspace",
"platforms" : [
],
"products" : [
{
"name" : "AXSwift",
"targets" : [
"AXSwift"
],
"type" : {
"library" : [
"automatic"
]
}
},
{
"name" : "AXSwiftObserverExample",
"targets" : [
"AXSwiftObserverExample"
],
"type" : {
"executable" : null
}
},
{
"name" : "AXSwiftExample",
"targets" : [
"AXSwiftExample"
],
"type" : {
"executable" : null
}
}
],
"targets" : [
{
"c99name" : "AXSwiftObserverExample",
"module_type" : "SwiftTarget",
"name" : "AXSwiftObserverExample",
"path" : "AXSwiftObserverExample",
"product_memberships" : [
"AXSwiftObserverExample"
],
"sources" : [
"AppDelegate.swift",
"main.swift"
],
"target_dependencies" : [
"AXSwift"
],
"type" : "executable"
},
{
"c99name" : "AXSwiftExample",
"module_type" : "SwiftTarget",
"name" : "AXSwiftExample",
"path" : "AXSwiftExample",
"product_memberships" : [
"AXSwiftExample"
],
"sources" : [
"AppDelegate.swift",
"main.swift"
],
"target_dependencies" : [
"AXSwift"
],
"type" : "executable"
},
{
"c99name" : "AXSwift",
"module_type" : "SwiftTarget",
"name" : "AXSwift",
"path" : "Sources",
"product_memberships" : [
"AXSwift",
"AXSwiftObserverExample",
"AXSwiftExample"
],
"sources" : [
"AXSwift.swift",
"Application.swift",
"Constants.swift",
"Error.swift",
"Observer.swift",
"SystemWideElement.swift",
"UIElement.swift"
],
"type" : "library"
}
],
"tools_version" : "4.0"
}
{
"workspace" : {
"name" : "AXSwift",
"schemes" : [
"AXSwift",
"AXSwift-Package",
"AXSwiftExample",
"AXSwiftObserverExample"
]
}
}
2026-09-17 17:39:35.898 xcodebuild[691:4560] [MT] IDERunDestination: Supported platforms for the buildables in the current scheme is empty.
Running build ...
env DEVELOPER_DIR=/Applications/Xcode-27.0.0-Release.Candidate.app xcrun xcodebuild -IDEClonedSourcePackagesDirPathOverride=$PWD/.dependencies -skipMacroValidation -skipPackagePluginValidation -derivedDataPath $PWD/.derivedData build -scheme AXSwift-Package -destination generic/platform=watchOS
Command line invocation:
/Applications/Xcode-27.0.0-Release.Candidate.app/Contents/Developer/usr/bin/xcodebuild -IDEClonedSourcePackagesDirPathOverride=/Users/admin/builder/spi-builder-workspace/.dependencies -skipMacroValidation -skipPackagePluginValidation -derivedDataPath /Users/admin/builder/spi-builder-workspace/.derivedData build -scheme AXSwift-Package -destination generic/platform=watchOS
Resolve Package Graph
Resolved source packages:
AXSwift: /Users/admin/builder/spi-builder-workspace
ComputePackagePrebuildTargetDependencyGraph
Prepare packages
CreateBuildRequest
SendProjectDescription
CreateBuildOperation
ComputeTargetDependencyGraph
note: Building targets in dependency order
note: Target dependency graph (4 targets)
Target 'AXSwiftExample-product' in project 'AXSwift'
➜ Explicit dependency on target 'AXSwift' in project 'AXSwift'
Target 'AXSwiftObserverExample-product' in project 'AXSwift'
➜ Explicit dependency on target 'AXSwift' in project 'AXSwift'
Target 'AXSwift-product' in project 'AXSwift'
➜ Explicit dependency on target 'AXSwift' in project 'AXSwift'
Target 'AXSwift' in project 'AXSwift' (no dependencies)
GatherProvisioningInputs
CreateBuildDescription
ClangStatCache /Applications/Xcode-27.0.0-Release.Candidate.app/Contents/Developer/Toolchains/XcodeDefault.xctoolchain/usr/bin/clang-stat-cache /Applications/Xcode-27.0.0-Release.Candidate.app/Contents/Developer/Platforms/WatchOS.platform/Developer/SDKs/WatchOS27.0.sdk /Users/admin/builder/spi-builder-workspace/.derivedData/SDKStatCaches.noindex/watchos27.0-24R360-e829b21a6f8c9b70876ba0858053c04477534ef55a1706bf4c1112bbb242f0a2.sdkstatcache
cd /Users/admin/builder/spi-builder-workspace/.swiftpm/xcode
/Applications/Xcode-27.0.0-Release.Candidate.app/Contents/Developer/Toolchains/XcodeDefault.xctoolchain/usr/bin/clang-stat-cache /Applications/Xcode-27.0.0-Release.Candidate.app/Contents/Developer/Platforms/WatchOS.platform/Developer/SDKs/WatchOS27.0.sdk -o /Users/admin/builder/spi-builder-workspace/.derivedData/SDKStatCaches.noindex/watchos27.0-24R360-e829b21a6f8c9b70876ba0858053c04477534ef55a1706bf4c1112bbb242f0a2.sdkstatcache
SwiftDriver AXSwift normal arm64 com.apple.xcode.tools.swift.compiler (in target 'AXSwift' from project 'AXSwift')
cd /Users/admin/builder/spi-builder-workspace/.swiftpm/xcode
builtin-SwiftDriver -- /Applications/Xcode-27.0.0-Release.Candidate.app/Contents/Developer/Toolchains/XcodeDefault.xctoolchain/usr/bin/swiftc -parse-as-library -module-name AXSwift -Onone @/Users/admin/builder/spi-builder-workspace/.derivedData/Build/Intermediates.noindex/AXSwift.build/Debug-watchos/AXSwift-t.build/Objects-normal/arm64/AXSwift.SwiftFileList -DSWIFT_PACKAGE -DDEBUG -DSWIFT_MODULE_RESOURCE_BUNDLE_UNAVAILABLE -DXcode -plugin-path /Applications/Xcode-27.0.0-Release.Candidate.app/Contents/Developer/Toolchains/XcodeDefault.xctoolchain/usr/lib/swift/host/plugins/testing -enable-experimental-feature DebugDescriptionMacro -sdk /Applications/Xcode-27.0.0-Release.Candidate.app/Contents/Developer/Platforms/WatchOS.platform/Developer/SDKs/WatchOS27.0.sdk -target arm64-apple-watchos9.0 -g -module-cache-path /Users/admin/builder/spi-builder-workspace/.derivedData/ModuleCache.noindex -Xfrontend -serialize-debugging-options -enable-testing -index-store-path /Users/admin/builder/spi-builder-workspace/.derivedData/Index.noindex/DataStore -Xcc -D_LIBCPP_HARDENING_MODE\=_LIBCPP_HARDENING_MODE_DEBUG -swift-version 4 -I /Users/admin/builder/spi-builder-workspace/.derivedData/Build/Products/Debug-watchos -Isystem /Applications/Xcode-27.0.0-Release.Candidate.app/Contents/Developer/Platforms/WatchOS.platform/Developer/usr/lib -F /Users/admin/builder/spi-builder-workspace/.derivedData/Build/Products/Debug-watchos -F /Applications/Xcode-27.0.0-Release.Candidate.app/Contents/Developer/Platforms/WatchOS.platform/Developer/Library/Frameworks -F /Applications/Xcode-27.0.0-Release.Candidate.app/Contents/Developer/Platforms/WatchOS.platform/Developer/SDKs/WatchOS27.0.sdk/Developer/Library/Frameworks -c -j10 -enable-batch-mode -incremental -Xcc -ivfsstatcache -Xcc /Users/admin/builder/spi-builder-workspace/.derivedData/SDKStatCaches.noindex/watchos27.0-24R360-e829b21a6f8c9b70876ba0858053c04477534ef55a1706bf4c1112bbb242f0a2.sdkstatcache -output-file-map /Users/admin/builder/spi-builder-workspace/.derivedData/Build/Intermediates.noindex/AXSwift.build/Debug-watchos/AXSwift-t.build/Objects-normal/arm64/AXSwift-OutputFileMap.json -save-temps -no-color-diagnostics -emit-dependencies -emit-module -emit-module-path /Users/admin/builder/spi-builder-workspace/.derivedData/Build/Intermediates.noindex/AXSwift.build/Debug-watchos/AXSwift-t.build/Objects-normal/arm64/AXSwift.swiftmodule -serialize-diagnostics -validate-clang-modules-once -clang-build-session-file /Users/admin/builder/spi-builder-workspace/.derivedData/ModuleCache.noindex/Session.modulevalidation -Xcc -fmodules-prune-interval\=86400 -Xcc -fmodules-prune-after\=345600 -emit-const-values -const-gather-protocols-list /Users/admin/builder/spi-builder-workspace/.derivedData/Build/Intermediates.noindex/AXSwift.build/Debug-watchos/AXSwift-t.build/Objects-normal/arm64/AXSwift_const_extract_protocols.json -Xcc -I/Users/admin/builder/spi-builder-workspace/.derivedData/Build/Products/Debug-watchos/include -Xcc -I/Users/admin/builder/spi-builder-workspace/.derivedData/Build/Intermediates.noindex/AXSwift.build/Debug-watchos/AXSwift-t.build/DerivedSources-normal/arm64 -Xcc -I/Users/admin/builder/spi-builder-workspace/.derivedData/Build/Intermediates.noindex/AXSwift.build/Debug-watchos/AXSwift-t.build/DerivedSources/arm64 -Xcc -I/Users/admin/builder/spi-builder-workspace/.derivedData/Build/Intermediates.noindex/AXSwift.build/Debug-watchos/AXSwift-t.build/DerivedSources -Xcc -DSWIFT_PACKAGE -Xcc -DDEBUG\=1 -emit-objc-header -emit-objc-header-path /Users/admin/builder/spi-builder-workspace/.derivedData/Build/Intermediates.noindex/AXSwift.build/Debug-watchos/AXSwift-t.build/Objects-normal/arm64/AXSwift-Swift.h -working-directory /Users/admin/builder/spi-builder-workspace/.swiftpm/xcode -experimental-emit-module-separately -disable-cmo
SwiftDriver AXSwift normal arm64_32 com.apple.xcode.tools.swift.compiler (in target 'AXSwift' from project 'AXSwift')
cd /Users/admin/builder/spi-builder-workspace/.swiftpm/xcode
builtin-SwiftDriver -- /Applications/Xcode-27.0.0-Release.Candidate.app/Contents/Developer/Toolchains/XcodeDefault.xctoolchain/usr/bin/swiftc -parse-as-library -module-name AXSwift -Onone @/Users/admin/builder/spi-builder-workspace/.derivedData/Build/Intermediates.noindex/AXSwift.build/Debug-watchos/AXSwift-t.build/Objects-normal/arm64_32/AXSwift.SwiftFileList -DSWIFT_PACKAGE -DDEBUG -DSWIFT_MODULE_RESOURCE_BUNDLE_UNAVAILABLE -DXcode -plugin-path /Applications/Xcode-27.0.0-Release.Candidate.app/Contents/Developer/Toolchains/XcodeDefault.xctoolchain/usr/lib/swift/host/plugins/testing -enable-experimental-feature DebugDescriptionMacro -sdk /Applications/Xcode-27.0.0-Release.Candidate.app/Contents/Developer/Platforms/WatchOS.platform/Developer/SDKs/WatchOS27.0.sdk -target arm64_32-apple-watchos9.0 -g -module-cache-path /Users/admin/builder/spi-builder-workspace/.derivedData/ModuleCache.noindex -Xfrontend -serialize-debugging-options -enable-testing -index-store-path /Users/admin/builder/spi-builder-workspace/.derivedData/Index.noindex/DataStore -Xcc -D_LIBCPP_HARDENING_MODE\=_LIBCPP_HARDENING_MODE_DEBUG -swift-version 4 -I /Users/admin/builder/spi-builder-workspace/.derivedData/Build/Products/Debug-watchos -Isystem /Applications/Xcode-27.0.0-Release.Candidate.app/Contents/Developer/Platforms/WatchOS.platform/Developer/usr/lib -F /Users/admin/builder/spi-builder-workspace/.derivedData/Build/Products/Debug-watchos -F /Applications/Xcode-27.0.0-Release.Candidate.app/Contents/Developer/Platforms/WatchOS.platform/Developer/Library/Frameworks -F /Applications/Xcode-27.0.0-Release.Candidate.app/Contents/Developer/Platforms/WatchOS.platform/Developer/SDKs/WatchOS27.0.sdk/Developer/Library/Frameworks -c -j10 -enable-batch-mode -incremental -Xcc -ivfsstatcache -Xcc /Users/admin/builder/spi-builder-workspace/.derivedData/SDKStatCaches.noindex/watchos27.0-24R360-e829b21a6f8c9b70876ba0858053c04477534ef55a1706bf4c1112bbb242f0a2.sdkstatcache -output-file-map /Users/admin/builder/spi-builder-workspace/.derivedData/Build/Intermediates.noindex/AXSwift.build/Debug-watchos/AXSwift-t.build/Objects-normal/arm64_32/AXSwift-OutputFileMap.json -save-temps -no-color-diagnostics -emit-dependencies -emit-module -emit-module-path /Users/admin/builder/spi-builder-workspace/.derivedData/Build/Intermediates.noindex/AXSwift.build/Debug-watchos/AXSwift-t.build/Objects-normal/arm64_32/AXSwift.swiftmodule -serialize-diagnostics -validate-clang-modules-once -clang-build-session-file /Users/admin/builder/spi-builder-workspace/.derivedData/ModuleCache.noindex/Session.modulevalidation -Xcc -fmodules-prune-interval\=86400 -Xcc -fmodules-prune-after\=345600 -emit-const-values -const-gather-protocols-list /Users/admin/builder/spi-builder-workspace/.derivedData/Build/Intermediates.noindex/AXSwift.build/Debug-watchos/AXSwift-t.build/Objects-normal/arm64_32/AXSwift_const_extract_protocols.json -Xcc -I/Users/admin/builder/spi-builder-workspace/.derivedData/Build/Products/Debug-watchos/include -Xcc -I/Users/admin/builder/spi-builder-workspace/.derivedData/Build/Intermediates.noindex/AXSwift.build/Debug-watchos/AXSwift-t.build/DerivedSources-normal/arm64_32 -Xcc -I/Users/admin/builder/spi-builder-workspace/.derivedData/Build/Intermediates.noindex/AXSwift.build/Debug-watchos/AXSwift-t.build/DerivedSources/arm64_32 -Xcc -I/Users/admin/builder/spi-builder-workspace/.derivedData/Build/Intermediates.noindex/AXSwift.build/Debug-watchos/AXSwift-t.build/DerivedSources -Xcc -DSWIFT_PACKAGE -Xcc -DDEBUG\=1 -emit-objc-header -emit-objc-header-path /Users/admin/builder/spi-builder-workspace/.derivedData/Build/Intermediates.noindex/AXSwift.build/Debug-watchos/AXSwift-t.build/Objects-normal/arm64_32/AXSwift-Swift.h -working-directory /Users/admin/builder/spi-builder-workspace/.swiftpm/xcode -experimental-emit-module-separately -disable-cmo
SwiftEmitModule normal arm64_32 Emitting\ module\ for\ AXSwift (in target 'AXSwift' from project 'AXSwift')
SwiftCompile normal arm64_32 (in target 'AXSwift' from project 'AXSwift')
cd /Users/admin/builder/spi-builder-workspace/.swiftpm/xcode
/Users/admin/builder/spi-builder-workspace/Sources/AXSwift.swift:1:8: error: no such module 'Cocoa'
1 | import Cocoa
| `- error: no such module 'Cocoa'
2 |
3 | @discardableResult
Failed frontend command:
/Applications/Xcode-27.0.0-Release.Candidate.app/Contents/Developer/Toolchains/XcodeDefault.xctoolchain/usr/bin/swift-frontend -frontend -emit-module -experimental-skip-non-inlinable-function-bodies-without-types /Users/admin/builder/spi-builder-workspace/Sources/AXSwift.swift /Users/admin/builder/spi-builder-workspace/Sources/Application.swift /Users/admin/builder/spi-builder-workspace/Sources/Constants.swift /Users/admin/builder/spi-builder-workspace/Sources/Error.swift /Users/admin/builder/spi-builder-workspace/Sources/Observer.swift /Users/admin/builder/spi-builder-workspace/Sources/SystemWideElement.swift /Users/admin/builder/spi-builder-workspace/Sources/UIElement.swift -target arm64_32-apple-watchos9.0 -enable-objc-interop -sdk /Applications/Xcode-27.0.0-Release.Candidate.app/Contents/Developer/Platforms/WatchOS.platform/Developer/SDKs/WatchOS27.0.sdk -I /Users/admin/builder/spi-builder-workspace/.derivedData/Build/Products/Debug-watchos -Isystem /Applications/Xcode-27.0.0-Release.Candidate.app/Contents/Developer/Platforms/WatchOS.platform/Developer/usr/lib -F /Users/admin/builder/spi-builder-workspace/.derivedData/Build/Products/Debug-watchos -F /Applications/Xcode-27.0.0-Release.Candidate.app/Contents/Developer/Platforms/WatchOS.platform/Developer/Library/Frameworks -F /Applications/Xcode-27.0.0-Release.Candidate.app/Contents/Developer/Platforms/WatchOS.platform/Developer/SDKs/WatchOS27.0.sdk/Developer/Library/Frameworks -module-cache-path /Users/admin/builder/spi-builder-workspace/.derivedData/ModuleCache.noindex -no-color-diagnostics -Xcc -fno-color-diagnostics -enable-testing -g -debug-info-format\=dwarf -dwarf-version\=4 -swift-version 4 -Onone -D SWIFT_PACKAGE -D DEBUG -D SWIFT_MODULE_RESOURCE_BUNDLE_UNAVAILABLE -D Xcode -serialize-debugging-options -enable-experimental-feature DebugDescriptionMacro -empty-abi-descriptor -plugin-path /Applications/Xcode-27.0.0-Release.Candidate.app/Contents/Developer/Toolchains/XcodeDefault.xctoolchain/usr/lib/swift/host/plugins/testing -validate-clang-modules-once -clang-build-session-file /Users/admin/builder/spi-builder-workspace/.derivedData/ModuleCache.noindex/Session.modulevalidation -Xcc -working-directory -Xcc /Users/admin/builder/spi-builder-workspace/.swiftpm/xcode -enable-anonymous-context-mangled-names -file-compilation-dir /Users/admin/builder/spi-builder-workspace/.swiftpm/xcode -Xcc -D_LIBCPP_HARDENING_MODE\=_LIBCPP_HARDENING_MODE_DEBUG -Xcc -ivfsstatcache -Xcc /Users/admin/builder/spi-builder-workspace/.derivedData/SDKStatCaches.noindex/watchos27.0-24R360-e829b21a6f8c9b70876ba0858053c04477534ef55a1706bf4c1112bbb242f0a2.sdkstatcache -Xcc -fmodules-prune-interval\=86400 -Xcc -fmodules-prune-after\=345600 -Xcc -I/Users/admin/builder/spi-builder-workspace/.derivedData/Build/Products/Debug-watchos/include -Xcc -I/Users/admin/builder/spi-builder-workspace/.derivedData/Build/Intermediates.noindex/AXSwift.build/Debug-watchos/AXSwift-t.build/DerivedSources-normal/arm64_32 -Xcc -I/Users/admin/builder/spi-builder-workspace/.derivedData/Build/Intermediates.noindex/AXSwift.build/Debug-watchos/AXSwift-t.build/DerivedSources/arm64_32 -Xcc -I/Users/admin/builder/spi-builder-workspace/.derivedData/Build/Intermediates.noindex/AXSwift.build/Debug-watchos/AXSwift-t.build/DerivedSources -Xcc -DSWIFT_PACKAGE -Xcc -DDEBUG\=1 -no-auto-bridging-header-chaining -module-name AXSwift -const-gather-protocols-file /Users/admin/builder/spi-builder-workspace/.derivedData/Build/Intermediates.noindex/AXSwift.build/Debug-watchos/AXSwift-t.build/Objects-normal/arm64_32/AXSwift_const_extract_protocols.json -disable-clang-spi -target-sdk-version 27.0 -target-sdk-name watchos27.0 -external-plugin-path /Applications/Xcode-27.0.0-Release.Candidate.app/Contents/Developer/Platforms/WatchOS.platform/Developer/usr/lib/swift/host/plugins\#/Applications/Xcode-27.0.0-Release.Candidate.app/Contents/Developer/Platforms/WatchOS.platform/Developer/usr/bin/swift-plugin-server -external-plugin-path /Applications/Xcode-27.0.0-Release.Candidate.app/Contents/Developer/Platforms/WatchOS.platform/Developer/usr/local/lib/swift/host/plugins\#/Applications/Xcode-27.0.0-Release.Candidate.app/Contents/Developer/Platforms/WatchOS.platform/Developer/usr/bin/swift-plugin-server -in-process-plugin-server-path /Applications/Xcode-27.0.0-Release.Candidate.app/Contents/Developer/Toolchains/XcodeDefault.xctoolchain/usr/lib/swift/host/libSwiftInProcPluginServer.dylib -plugin-path /Applications/Xcode-27.0.0-Release.Candidate.app/Contents/Developer/Toolchains/XcodeDefault.xctoolchain/usr/lib/swift/host/plugins -plugin-path /Applications/Xcode-27.0.0-Release.Candidate.app/Contents/Developer/Toolchains/XcodeDefault.xctoolchain/usr/local/lib/swift/host/plugins -emit-module-doc-path /Users/admin/builder/spi-builder-workspace/.derivedData/Build/Intermediates.noindex/AXSwift.build/Debug-watchos/AXSwift-t.build/Objects-normal/arm64_32/AXSwift.swiftdoc -emit-module-source-info-path /Users/admin/builder/spi-builder-workspace/.derivedData/Build/Intermediates.noindex/AXSwift.build/Debug-watchos/AXSwift-t.build/Objects-normal/arm64_32/AXSwift.swiftsourceinfo -emit-objc-header-path /Users/admin/builder/spi-builder-workspace/.derivedData/Build/Intermediates.noindex/AXSwift.build/Debug-watchos/AXSwift-t.build/Objects-normal/arm64_32/AXSwift-Swift.h -serialize-diagnostics-path /Users/admin/builder/spi-builder-workspace/.derivedData/Build/Intermediates.noindex/AXSwift.build/Debug-watchos/AXSwift-t.build/Objects-normal/arm64_32/AXSwift-primary-emit-module.dia -emit-dependencies-path /Users/admin/builder/spi-builder-workspace/.derivedData/Build/Intermediates.noindex/AXSwift.build/Debug-watchos/AXSwift-t.build/Objects-normal/arm64_32/AXSwift-primary-emit-module.d -parse-as-library -o /Users/admin/builder/spi-builder-workspace/.derivedData/Build/Intermediates.noindex/AXSwift.build/Debug-watchos/AXSwift-t.build/Objects-normal/arm64_32/AXSwift.swiftmodule -emit-abi-descriptor-path /Users/admin/builder/spi-builder-workspace/.derivedData/Build/Intermediates.noindex/AXSwift.build/Debug-watchos/AXSwift-t.build/Objects-normal/arm64_32/AXSwift.abi.json
SwiftCompile normal arm64_32 Compiling\ Error.swift /Users/admin/builder/spi-builder-workspace/Sources/Error.swift (in target 'AXSwift' from project 'AXSwift')
SwiftCompile normal arm64_32 /Users/admin/builder/spi-builder-workspace/Sources/Error.swift (in target 'AXSwift' from project 'AXSwift')
cd /Users/admin/builder/spi-builder-workspace/.swiftpm/xcode
builtin-SwiftPerFileCompile Error.swift
SwiftCompile normal arm64_32 Compiling\ Constants.swift /Users/admin/builder/spi-builder-workspace/Sources/Constants.swift (in target 'AXSwift' from project 'AXSwift')
SwiftCompile normal arm64_32 /Users/admin/builder/spi-builder-workspace/Sources/Constants.swift (in target 'AXSwift' from project 'AXSwift')
cd /Users/admin/builder/spi-builder-workspace/.swiftpm/xcode
builtin-SwiftPerFileCompile Constants.swift
SwiftCompile normal arm64_32 Compiling\ Application.swift /Users/admin/builder/spi-builder-workspace/Sources/Application.swift (in target 'AXSwift' from project 'AXSwift')
SwiftCompile normal arm64_32 /Users/admin/builder/spi-builder-workspace/Sources/Application.swift (in target 'AXSwift' from project 'AXSwift')
cd /Users/admin/builder/spi-builder-workspace/.swiftpm/xcode
builtin-SwiftPerFileCompile Application.swift
SwiftCompile normal arm64_32 Compiling\ UIElement.swift /Users/admin/builder/spi-builder-workspace/Sources/UIElement.swift (in target 'AXSwift' from project 'AXSwift')
SwiftCompile normal arm64_32 /Users/admin/builder/spi-builder-workspace/Sources/UIElement.swift (in target 'AXSwift' from project 'AXSwift')
cd /Users/admin/builder/spi-builder-workspace/.swiftpm/xcode
builtin-SwiftPerFileCompile UIElement.swift
SwiftCompile normal arm64_32 Compiling\ Observer.swift /Users/admin/builder/spi-builder-workspace/Sources/Observer.swift (in target 'AXSwift' from project 'AXSwift')
SwiftCompile normal arm64_32 /Users/admin/builder/spi-builder-workspace/Sources/Observer.swift (in target 'AXSwift' from project 'AXSwift')
cd /Users/admin/builder/spi-builder-workspace/.swiftpm/xcode
builtin-SwiftPerFileCompile Observer.swift
SwiftCompile normal arm64_32 Compiling\ SystemWideElement.swift /Users/admin/builder/spi-builder-workspace/Sources/SystemWideElement.swift (in target 'AXSwift' from project 'AXSwift')
SwiftCompile normal arm64_32 /Users/admin/builder/spi-builder-workspace/Sources/SystemWideElement.swift (in target 'AXSwift' from project 'AXSwift')
cd /Users/admin/builder/spi-builder-workspace/.swiftpm/xcode
builtin-SwiftPerFileCompile SystemWideElement.swift
SwiftCompile normal arm64_32 Compiling\ AXSwift.swift /Users/admin/builder/spi-builder-workspace/Sources/AXSwift.swift (in target 'AXSwift' from project 'AXSwift')
SwiftCompile normal arm64_32 /Users/admin/builder/spi-builder-workspace/Sources/AXSwift.swift (in target 'AXSwift' from project 'AXSwift')
cd /Users/admin/builder/spi-builder-workspace/.swiftpm/xcode
builtin-SwiftPerFileCompile AXSwift.swift
SwiftCompile normal arm64 Compiling\ Error.swift /Users/admin/builder/spi-builder-workspace/Sources/Error.swift (in target 'AXSwift' from project 'AXSwift')
SwiftCompile normal arm64 /Users/admin/builder/spi-builder-workspace/Sources/Error.swift (in target 'AXSwift' from project 'AXSwift')
cd /Users/admin/builder/spi-builder-workspace/.swiftpm/xcode
builtin-SwiftPerFileCompile Error.swift
SwiftEmitModule normal arm64 Emitting\ module\ for\ AXSwift (in target 'AXSwift' from project 'AXSwift')
/Users/admin/builder/spi-builder-workspace/Sources/AXSwift.swift:1:8: error: no such module 'Cocoa'
1 | import Cocoa
| `- error: no such module 'Cocoa'
2 |
3 | @discardableResult
Failed frontend command:
/Applications/Xcode-27.0.0-Release.Candidate.app/Contents/Developer/Toolchains/XcodeDefault.xctoolchain/usr/bin/swift-frontend -frontend -emit-module -experimental-skip-non-inlinable-function-bodies-without-types /Users/admin/builder/spi-builder-workspace/Sources/AXSwift.swift /Users/admin/builder/spi-builder-workspace/Sources/Application.swift /Users/admin/builder/spi-builder-workspace/Sources/Constants.swift /Users/admin/builder/spi-builder-workspace/Sources/Error.swift /Users/admin/builder/spi-builder-workspace/Sources/Observer.swift /Users/admin/builder/spi-builder-workspace/Sources/SystemWideElement.swift /Users/admin/builder/spi-builder-workspace/Sources/UIElement.swift -target arm64-apple-watchos9.0 -Xllvm -aarch64-use-tbi -enable-objc-interop -stack-check -sdk /Applications/Xcode-27.0.0-Release.Candidate.app/Contents/Developer/Platforms/WatchOS.platform/Developer/SDKs/WatchOS27.0.sdk -I /Users/admin/builder/spi-builder-workspace/.derivedData/Build/Products/Debug-watchos -Isystem /Applications/Xcode-27.0.0-Release.Candidate.app/Contents/Developer/Platforms/WatchOS.platform/Developer/usr/lib -F /Users/admin/builder/spi-builder-workspace/.derivedData/Build/Products/Debug-watchos -F /Applications/Xcode-27.0.0-Release.Candidate.app/Contents/Developer/Platforms/WatchOS.platform/Developer/Library/Frameworks -F /Applications/Xcode-27.0.0-Release.Candidate.app/Contents/Developer/Platforms/WatchOS.platform/Developer/SDKs/WatchOS27.0.sdk/Developer/Library/Frameworks -module-cache-path /Users/admin/builder/spi-builder-workspace/.derivedData/ModuleCache.noindex -no-color-diagnostics -Xcc -fno-color-diagnostics -enable-testing -g -debug-info-format\=dwarf -dwarf-version\=4 -swift-version 4 -Onone -D SWIFT_PACKAGE -D DEBUG -D SWIFT_MODULE_RESOURCE_BUNDLE_UNAVAILABLE -D Xcode -serialize-debugging-options -enable-experimental-feature DebugDescriptionMacro -empty-abi-descriptor -plugin-path /Applications/Xcode-27.0.0-Release.Candidate.app/Contents/Developer/Toolchains/XcodeDefault.xctoolchain/usr/lib/swift/host/plugins/testing -validate-clang-modules-once -clang-build-session-file /Users/admin/builder/spi-builder-workspace/.derivedData/ModuleCache.noindex/Session.modulevalidation -Xcc -working-directory -Xcc /Users/admin/builder/spi-builder-workspace/.swiftpm/xcode -enable-anonymous-context-mangled-names -file-compilation-dir /Users/admin/builder/spi-builder-workspace/.swiftpm/xcode -Xcc -D_LIBCPP_HARDENING_MODE\=_LIBCPP_HARDENING_MODE_DEBUG -Xcc -ivfsstatcache -Xcc /Users/admin/builder/spi-builder-workspace/.derivedData/SDKStatCaches.noindex/watchos27.0-24R360-e829b21a6f8c9b70876ba0858053c04477534ef55a1706bf4c1112bbb242f0a2.sdkstatcache -Xcc -fmodules-prune-interval\=86400 -Xcc -fmodules-prune-after\=345600 -Xcc -I/Users/admin/builder/spi-builder-workspace/.derivedData/Build/Products/Debug-watchos/include -Xcc -I/Users/admin/builder/spi-builder-workspace/.derivedData/Build/Intermediates.noindex/AXSwift.build/Debug-watchos/AXSwift-t.build/DerivedSources-normal/arm64 -Xcc -I/Users/admin/builder/spi-builder-workspace/.derivedData/Build/Intermediates.noindex/AXSwift.build/Debug-watchos/AXSwift-t.build/DerivedSources/arm64 -Xcc -I/Users/admin/builder/spi-builder-workspace/.derivedData/Build/Intermediates.noindex/AXSwift.build/Debug-watchos/AXSwift-t.build/DerivedSources -Xcc -DSWIFT_PACKAGE -Xcc -DDEBUG\=1 -no-auto-bridging-header-chaining -module-name AXSwift -const-gather-protocols-file /Users/admin/builder/spi-builder-workspace/.derivedData/Build/Intermediates.noindex/AXSwift.build/Debug-watchos/AXSwift-t.build/Objects-normal/arm64/AXSwift_const_extract_protocols.json -disable-clang-spi -target-sdk-version 27.0 -target-sdk-name watchos27.0 -external-plugin-path /Applications/Xcode-27.0.0-Release.Candidate.app/Contents/Developer/Platforms/WatchOS.platform/Developer/usr/lib/swift/host/plugins\#/Applications/Xcode-27.0.0-Release.Candidate.app/Contents/Developer/Platforms/WatchOS.platform/Developer/usr/bin/swift-plugin-server -external-plugin-path /Applications/Xcode-27.0.0-Release.Candidate.app/Contents/Developer/Platforms/WatchOS.platform/Developer/usr/local/lib/swift/host/plugins\#/Applications/Xcode-27.0.0-Release.Candidate.app/Contents/Developer/Platforms/WatchOS.platform/Developer/usr/bin/swift-plugin-server -in-process-plugin-server-path /Applications/Xcode-27.0.0-Release.Candidate.app/Contents/Developer/Toolchains/XcodeDefault.xctoolchain/usr/lib/swift/host/libSwiftInProcPluginServer.dylib -plugin-path /Applications/Xcode-27.0.0-Release.Candidate.app/Contents/Developer/Toolchains/XcodeDefault.xctoolchain/usr/lib/swift/host/plugins -plugin-path /Applications/Xcode-27.0.0-Release.Candidate.app/Contents/Developer/Toolchains/XcodeDefault.xctoolchain/usr/local/lib/swift/host/plugins -emit-module-doc-path /Users/admin/builder/spi-builder-workspace/.derivedData/Build/Intermediates.noindex/AXSwift.build/Debug-watchos/AXSwift-t.build/Objects-normal/arm64/AXSwift.swiftdoc -emit-module-source-info-path /Users/admin/builder/spi-builder-workspace/.derivedData/Build/Intermediates.noindex/AXSwift.build/Debug-watchos/AXSwift-t.build/Objects-normal/arm64/AXSwift.swiftsourceinfo -emit-objc-header-path /Users/admin/builder/spi-builder-workspace/.derivedData/Build/Intermediates.noindex/AXSwift.build/Debug-watchos/AXSwift-t.build/Objects-normal/arm64/AXSwift-Swift.h -serialize-diagnostics-path /Users/admin/builder/spi-builder-workspace/.derivedData/Build/Intermediates.noindex/AXSwift.build/Debug-watchos/AXSwift-t.build/Objects-normal/arm64/AXSwift-primary-emit-module.dia -emit-dependencies-path /Users/admin/builder/spi-builder-workspace/.derivedData/Build/Intermediates.noindex/AXSwift.build/Debug-watchos/AXSwift-t.build/Objects-normal/arm64/AXSwift-primary-emit-module.d -parse-as-library -o /Users/admin/builder/spi-builder-workspace/.derivedData/Build/Intermediates.noindex/AXSwift.build/Debug-watchos/AXSwift-t.build/Objects-normal/arm64/AXSwift.swiftmodule -emit-abi-descriptor-path /Users/admin/builder/spi-builder-workspace/.derivedData/Build/Intermediates.noindex/AXSwift.build/Debug-watchos/AXSwift-t.build/Objects-normal/arm64/AXSwift.abi.json
SwiftCompile normal arm64 (in target 'AXSwift' from project 'AXSwift')
cd /Users/admin/builder/spi-builder-workspace/.swiftpm/xcode
SwiftCompile normal arm64 Compiling\ Observer.swift /Users/admin/builder/spi-builder-workspace/Sources/Observer.swift (in target 'AXSwift' from project 'AXSwift')
SwiftCompile normal arm64 /Users/admin/builder/spi-builder-workspace/Sources/Observer.swift (in target 'AXSwift' from project 'AXSwift')
cd /Users/admin/builder/spi-builder-workspace/.swiftpm/xcode
builtin-SwiftPerFileCompile Observer.swift
PruneExplicitPrecompiledModules /Users/admin/builder/spi-builder-workspace/.derivedData/Build/Intermediates.noindex/ExplicitPrecompiledModules
PruneExplicitPrecompiledModules /Users/admin/builder/spi-builder-workspace/.derivedData/Build/Intermediates.noindex/SwiftExplicitPrecompiledModules
PruneExplicitPrecompiledModules /Users/admin/builder/spi-builder-workspace/.derivedData/SDKExplicitPrecompiledModules
2026-09-17 17:39:36.846 xcodebuild[692:4588] [MT] IDERunDestination: Supported platforms for the buildables in the current scheme is empty.
** BUILD FAILED **
The following build commands failed:
SwiftCompile normal arm64_32 (in target 'AXSwift' from project 'AXSwift')
SwiftEmitModule normal arm64_32 Emitting\ module\ for\ AXSwift (in target 'AXSwift' from project 'AXSwift')
SwiftEmitModule normal arm64 Emitting\ module\ for\ AXSwift (in target 'AXSwift' from project 'AXSwift')
SwiftCompile normal arm64 (in target 'AXSwift' from project 'AXSwift')
Building workspace AXSwift with scheme AXSwift-Package
(5 failures)
BUILD FAILURE 6.4 watchOS