Build Information
Failed to build ErmisFmp4Parser, reference giapphan (6f35ea), with Swift 6.4 for watchOS using Xcode 27.0 on 23 Sep 2026 14:24:19 UTC.
Build Command
env DEVELOPER_DIR=/Applications/Xcode-27.0.0-Release.Candidate.app xcrun xcodebuild -IDEClonedSourcePackagesDirPathOverride=$PWD/.dependencies -skipMacroValidation -skipPackagePluginValidation -derivedDataPath $PWD/.derivedData build -scheme ErmisFmp4Parser -destination generic/platform=watchOSBuild Log
========================================
RunAll
========================================
Builder version: 5.1.0
Interrupt handler set up.
========================================
Checkout
========================================
Clone URL: https://github.com/giapdeviscool/fmp4_parser_swift_package.git
Reference: giapphan
Initialized empty Git repository in /Users/admin/builder/spi-builder-workspace/.git/
From https://github.com/giapdeviscool/fmp4_parser_swift_package
* branch giapphan -> FETCH_HEAD
* [new branch] giapphan -> origin/giapphan
HEAD is now at 6f35ea2 swiftpackage
Cloned https://github.com/giapdeviscool/fmp4_parser_swift_package.git
Revision (git rev-parse @):
6f35ea2c3117f00f6f21d92bd9784c53e96b3554
SUCCESS checkout https://github.com/giapdeviscool/fmp4_parser_swift_package.git at giapphan
========================================
Build
========================================
Selected platform: watchOS
Swift version: 6.4
Building package at path: $PWD
https://github.com/giapdeviscool/fmp4_parser_swift_package.git
Command line invocation:
/Applications/Xcode-27.0.0-Release.Candidate.app/Contents/Developer/usr/bin/xcodebuild -IDEClonedSourcePackagesDirPathOverride=/Users/admin/builder/spi-builder-workspace/.dependencies -resolvePackageDependencies
Resolve Package Graph
Resolve Package Graph
Resolved source packages:
ErmisFmp4Parser: /Users/admin/builder/spi-builder-workspace
resolved source packages: ErmisFmp4Parser
2026-09-23 10:23:41.408 xcodebuild[531:3059] [MT] IDERunDestination: Supported platforms for the buildables in the current scheme is empty.
{
"dependencies" : [
],
"manifest_display_name" : "ErmisFmp4Parser",
"name" : "ErmisFmp4Parser",
"path" : "/Users/admin/builder/spi-builder-workspace",
"platforms" : [
{
"name" : "ios",
"version" : "13.0"
},
{
"name" : "macos",
"version" : "10.15"
}
],
"products" : [
{
"name" : "ErmisFmp4Parser",
"targets" : [
"ErmisFmp4Parser"
],
"type" : {
"library" : [
"automatic"
]
}
}
],
"targets" : [
{
"c99name" : "ErmisFmp4ParserFFI",
"module_type" : "BinaryTarget",
"name" : "ErmisFmp4ParserFFI",
"path" : "ErmisFmp4ParserFFI.xcframework",
"product_memberships" : [
"ErmisFmp4Parser"
],
"sources" : [
],
"type" : "binary"
},
{
"c99name" : "ErmisFmp4Parser",
"module_type" : "SwiftTarget",
"name" : "ErmisFmp4Parser",
"path" : "Sources/ErmisFmp4Parser",
"product_memberships" : [
"ErmisFmp4Parser"
],
"sources" : [
"ErmisFmp4Parser.swift"
],
"target_dependencies" : [
"ErmisFmp4ParserFFI"
],
"type" : "library"
}
],
"tools_version" : "5.9"
}
{
"workspace" : {
"name" : "ErmisFmp4Parser",
"schemes" : [
"ErmisFmp4Parser"
]
}
}
2026-09-23 10:24:13.527 xcodebuild[652:4071] [MT] IDERunDestination: Supported platforms for the buildables in the current scheme is empty.
Running build ...
env DEVELOPER_DIR=/Applications/Xcode-27.0.0-Release.Candidate.app xcrun xcodebuild -IDEClonedSourcePackagesDirPathOverride=$PWD/.dependencies -skipMacroValidation -skipPackagePluginValidation -derivedDataPath $PWD/.derivedData build -scheme ErmisFmp4Parser -destination generic/platform=watchOS
Command line invocation:
/Applications/Xcode-27.0.0-Release.Candidate.app/Contents/Developer/usr/bin/xcodebuild -IDEClonedSourcePackagesDirPathOverride=/Users/admin/builder/spi-builder-workspace/.dependencies -skipMacroValidation -skipPackagePluginValidation -derivedDataPath /Users/admin/builder/spi-builder-workspace/.derivedData build -scheme ErmisFmp4Parser -destination generic/platform=watchOS
Resolve Package Graph
Resolved source packages:
ErmisFmp4Parser: /Users/admin/builder/spi-builder-workspace
ComputePackagePrebuildTargetDependencyGraph
Prepare packages
CreateBuildRequest
SendProjectDescription
CreateBuildOperation
ComputeTargetDependencyGraph
note: Building targets in dependency order
note: Target dependency graph (2 targets)
Target 'ErmisFmp4Parser-product' in project 'ErmisFmp4Parser'
➜ Explicit dependency on target 'ErmisFmp4Parser' in project 'ErmisFmp4Parser'
Target 'ErmisFmp4Parser' in project 'ErmisFmp4Parser' (no dependencies)
GatherProvisioningInputs
CreateBuildDescription
ExecuteExternalTool /Applications/Xcode-27.0.0-Release.Candidate.app/Contents/Developer/Toolchains/XcodeDefault.xctoolchain/usr/bin/clang -v -E -dM -isysroot /Applications/Xcode-27.0.0-Release.Candidate.app/Contents/Developer/Platforms/WatchOS.platform/Developer/SDKs/WatchOS27.0.sdk -x c -c /dev/null
ExecuteExternalTool /Applications/Xcode-27.0.0-Release.Candidate.app/Contents/Developer/Toolchains/XcodeDefault.xctoolchain/usr/bin/swiftc --version
ExecuteExternalTool /Applications/Xcode-27.0.0-Release.Candidate.app/Contents/Developer/Toolchains/XcodeDefault.xctoolchain/usr/bin/ld -version_details
Build description signature: fbc64370a84a2ad5a46e9408f5460054
Build description path: /Users/admin/builder/spi-builder-workspace/.derivedData/Build/Intermediates.noindex/XCBuildData/fbc64370a84a2ad5a46e9408f5460054.xcbuilddata
/Users/admin/builder/spi-builder-workspace/ErmisFmp4ParserFFI.xcframework:1:1: error: While building for watchOS, no library for this platform was found in '/Users/admin/builder/spi-builder-workspace/ErmisFmp4ParserFFI.xcframework'. (in target 'ErmisFmp4Parser' from project 'ErmisFmp4Parser')
/Users/admin/builder/spi-builder-workspace/ErmisFmp4ParserFFI.xcframework:1:1: error: While building for watchOS, no library for this platform was found in '/Users/admin/builder/spi-builder-workspace/ErmisFmp4ParserFFI.xcframework'. (in target 'ErmisFmp4Parser-product' from project 'ErmisFmp4Parser')
2026-09-23 10:24:15.114 xcodebuild[653:4114] [MT] IDERunDestination: Supported platforms for the buildables in the current scheme is empty.
** BUILD FAILED **
The following build commands failed:
Building workspace ErmisFmp4Parser with scheme ErmisFmp4Parser
(1 failure)
Command line invocation:
/Applications/Xcode-27.0.0-Release.Candidate.app/Contents/Developer/usr/bin/xcodebuild -IDEClonedSourcePackagesDirPathOverride=/Users/admin/builder/spi-builder-workspace/.dependencies -resolvePackageDependencies
Resolve Package Graph
Resolved source packages:
ErmisFmp4Parser: /Users/admin/builder/spi-builder-workspace
resolved source packages: ErmisFmp4Parser
2026-09-23 10:24:16.801 xcodebuild[667:4216] [MT] IDERunDestination: Supported platforms for the buildables in the current scheme is empty.
{
"dependencies" : [
],
"manifest_display_name" : "ErmisFmp4Parser",
"name" : "ErmisFmp4Parser",
"path" : "/Users/admin/builder/spi-builder-workspace",
"platforms" : [
{
"name" : "ios",
"version" : "13.0"
},
{
"name" : "macos",
"version" : "10.15"
}
],
"products" : [
{
"name" : "ErmisFmp4Parser",
"targets" : [
"ErmisFmp4Parser"
],
"type" : {
"library" : [
"automatic"
]
}
}
],
"targets" : [
{
"c99name" : "ErmisFmp4ParserFFI",
"module_type" : "BinaryTarget",
"name" : "ErmisFmp4ParserFFI",
"path" : "ErmisFmp4ParserFFI.xcframework",
"product_memberships" : [
"ErmisFmp4Parser"
],
"sources" : [
],
"type" : "binary"
},
{
"c99name" : "ErmisFmp4Parser",
"module_type" : "SwiftTarget",
"name" : "ErmisFmp4Parser",
"path" : "Sources/ErmisFmp4Parser",
"product_memberships" : [
"ErmisFmp4Parser"
],
"sources" : [
"ErmisFmp4Parser.swift"
],
"target_dependencies" : [
"ErmisFmp4ParserFFI"
],
"type" : "library"
}
],
"tools_version" : "5.9"
}
{
"workspace" : {
"name" : "ErmisFmp4Parser",
"schemes" : [
"ErmisFmp4Parser"
]
}
}
2026-09-23 10:24:17.981 xcodebuild[675:4276] [MT] IDERunDestination: Supported platforms for the buildables in the current scheme is empty.
Running build ...
env DEVELOPER_DIR=/Applications/Xcode-27.0.0-Release.Candidate.app xcrun xcodebuild -IDEClonedSourcePackagesDirPathOverride=$PWD/.dependencies -skipMacroValidation -skipPackagePluginValidation -derivedDataPath $PWD/.derivedData build -scheme ErmisFmp4Parser -destination generic/platform=watchOS
Command line invocation:
/Applications/Xcode-27.0.0-Release.Candidate.app/Contents/Developer/usr/bin/xcodebuild -IDEClonedSourcePackagesDirPathOverride=/Users/admin/builder/spi-builder-workspace/.dependencies -skipMacroValidation -skipPackagePluginValidation -derivedDataPath /Users/admin/builder/spi-builder-workspace/.derivedData build -scheme ErmisFmp4Parser -destination generic/platform=watchOS
Resolve Package Graph
Resolved source packages:
ErmisFmp4Parser: /Users/admin/builder/spi-builder-workspace
ComputePackagePrebuildTargetDependencyGraph
Prepare packages
CreateBuildRequest
SendProjectDescription
CreateBuildOperation
ComputeTargetDependencyGraph
note: Building targets in dependency order
note: Target dependency graph (2 targets)
Target 'ErmisFmp4Parser-product' in project 'ErmisFmp4Parser'
➜ Explicit dependency on target 'ErmisFmp4Parser' in project 'ErmisFmp4Parser'
Target 'ErmisFmp4Parser' in project 'ErmisFmp4Parser' (no dependencies)
GatherProvisioningInputs
CreateBuildDescription
/Users/admin/builder/spi-builder-workspace/ErmisFmp4ParserFFI.xcframework:1:1: error: While building for watchOS, no library for this platform was found in '/Users/admin/builder/spi-builder-workspace/ErmisFmp4ParserFFI.xcframework'. (in target 'ErmisFmp4Parser-product' from project 'ErmisFmp4Parser')
/Users/admin/builder/spi-builder-workspace/ErmisFmp4ParserFFI.xcframework:1:1: error: While building for watchOS, no library for this platform was found in '/Users/admin/builder/spi-builder-workspace/ErmisFmp4ParserFFI.xcframework'. (in target 'ErmisFmp4Parser' from project 'ErmisFmp4Parser')
2026-09-23 10:24:18.945 xcodebuild[676:4300] [MT] IDERunDestination: Supported platforms for the buildables in the current scheme is empty.
** BUILD FAILED **
The following build commands failed:
Building workspace ErmisFmp4Parser with scheme ErmisFmp4Parser
(1 failure)
BUILD FAILURE 6.4 watchOS