Build Information
Failed to build JTAppleCalendar, reference master (6a19c8), with Swift 6.4 for watchOS using Xcode 27.0 on 19 Sep 2026 15:02:11 UTC.
Build Command
No build command. This typically means the build failed at an early stage where we determine the build command.Build Log
========================================
RunAll
========================================
Builder version: 5.1.0
Interrupt handler set up.
========================================
Checkout
========================================
Clone URL: https://github.com/patchthecode/JTAppleCalendar.git
Reference: master
Initialized empty Git repository in /Users/admin/builder/spi-builder-workspace/.git/
From https://github.com/patchthecode/JTAppleCalendar
* branch master -> FETCH_HEAD
* [new branch] master -> origin/master
HEAD is now at 6a19c89 Added missing file from readme link
Cloned https://github.com/patchthecode/JTAppleCalendar.git
Revision (git rev-parse @):
6a19c89f40b928c7bf7cf43a7df1fef739b8a0ab
SUCCESS checkout https://github.com/patchthecode/JTAppleCalendar.git at master
========================================
Build
========================================
Selected platform: watchOS
Swift version: 6.4
Building package at path: $PWD
https://github.com/patchthecode/JTAppleCalendar.git
Command line invocation:
/Applications/Xcode-27.0.0-Release.Candidate.app/Contents/Developer/usr/bin/xcodebuild -IDEClonedSourcePackagesDirPathOverride=/Users/admin/builder/spi-builder-workspace/.dependencies -resolvePackageDependencies
2026-09-19 11:02:10.463 xcodebuild[529:3022] Writing error result bundle to /var/folders/xq/y_g06wb113726d38xsyx71_h0000gn/T/ResultBundle_2026-19-09_11-02-0010.xcresult
xcodebuild: error: The directory /Users/admin/builder/spi-builder-workspace contains 2 projects, including multiple projects with the current extension (.xcodeproj). Specify the project to use with the -project option.
Command line invocation:
/Applications/Xcode-27.0.0-Release.Candidate.app/Contents/Developer/usr/bin/xcodebuild -IDEClonedSourcePackagesDirPathOverride=/Users/admin/builder/spi-builder-workspace/.dependencies -resolvePackageDependencies
2026-09-19 11:02:11.489 xcodebuild[539:3119] Writing error result bundle to /var/folders/xq/y_g06wb113726d38xsyx71_h0000gn/T/ResultBundle_2026-19-09_11-02-0011.xcresult
xcodebuild: error: The directory /Users/admin/builder/spi-builder-workspace contains 2 projects, including multiple projects with the current extension (.xcodeproj). Specify the project to use with the -project option.
BUILD FAILURE 6.4 watchOS