Build Information
Failed to build SIMDson, reference main (485a06), with Swift 6.4 for watchOS using Xcode 27.0 on 21 Sep 2026 01:27:22 UTC.
Build Command
env DEVELOPER_DIR=/Applications/Xcode-27.0.0-Release.Candidate.app xcrun xcodebuild -IDEClonedSourcePackagesDirPathOverride=$PWD/.dependencies -skipMacroValidation -skipPackagePluginValidation -derivedDataPath $PWD/.derivedData build -scheme SIMDson -destination generic/platform=watchOSBuild Log
cd /Users/admin/builder/spi-builder-workspace/.swiftpm/xcode
builtin-SwiftPerFileCompile Suffix.swift
SwiftCompile normal arm64 /Users/admin/builder/spi-builder-workspace/.dependencies/checkouts/swift-algorithms/Sources/Algorithms/Trim.swift (in target 'Algorithms' from project 'swift-algorithms')
cd /Users/admin/builder/spi-builder-workspace/.swiftpm/xcode
builtin-SwiftPerFileCompile Trim.swift
SwiftCompile normal arm64 Compiling\ Rotate.swift,\ Split.swift,\ Stride.swift /Users/admin/builder/spi-builder-workspace/.dependencies/checkouts/swift-algorithms/Sources/Algorithms/Rotate.swift /Users/admin/builder/spi-builder-workspace/.dependencies/checkouts/swift-algorithms/Sources/Algorithms/Split.swift /Users/admin/builder/spi-builder-workspace/.dependencies/checkouts/swift-algorithms/Sources/Algorithms/Stride.swift (in target 'Algorithms' from project 'swift-algorithms')
SwiftCompile normal arm64 /Users/admin/builder/spi-builder-workspace/.dependencies/checkouts/swift-algorithms/Sources/Algorithms/Rotate.swift (in target 'Algorithms' from project 'swift-algorithms')
cd /Users/admin/builder/spi-builder-workspace/.swiftpm/xcode
builtin-SwiftPerFileCompile Rotate.swift
SwiftCompile normal arm64 /Users/admin/builder/spi-builder-workspace/.dependencies/checkouts/swift-algorithms/Sources/Algorithms/Split.swift (in target 'Algorithms' from project 'swift-algorithms')
cd /Users/admin/builder/spi-builder-workspace/.swiftpm/xcode
builtin-SwiftPerFileCompile Split.swift
SwiftCompile normal arm64 /Users/admin/builder/spi-builder-workspace/.dependencies/checkouts/swift-algorithms/Sources/Algorithms/Stride.swift (in target 'Algorithms' from project 'swift-algorithms')
cd /Users/admin/builder/spi-builder-workspace/.swiftpm/xcode
builtin-SwiftPerFileCompile Stride.swift
SwiftDriverJobDiscovery normal arm64_32 Compiling Combinations.swift, Compacted.swift, Cycle.swift (in target 'Algorithms' from project 'swift-algorithms')
SwiftCompile normal arm64_32 Compiling\ Suffix.swift,\ Trim.swift /Users/admin/builder/spi-builder-workspace/.dependencies/checkouts/swift-algorithms/Sources/Algorithms/Suffix.swift /Users/admin/builder/spi-builder-workspace/.dependencies/checkouts/swift-algorithms/Sources/Algorithms/Trim.swift (in target 'Algorithms' from project 'swift-algorithms')
SwiftCompile normal arm64_32 /Users/admin/builder/spi-builder-workspace/.dependencies/checkouts/swift-algorithms/Sources/Algorithms/Suffix.swift (in target 'Algorithms' from project 'swift-algorithms')
cd /Users/admin/builder/spi-builder-workspace/.swiftpm/xcode
builtin-SwiftPerFileCompile Suffix.swift
SwiftCompile normal arm64_32 /Users/admin/builder/spi-builder-workspace/.dependencies/checkouts/swift-algorithms/Sources/Algorithms/Trim.swift (in target 'Algorithms' from project 'swift-algorithms')
cd /Users/admin/builder/spi-builder-workspace/.swiftpm/xcode
builtin-SwiftPerFileCompile Trim.swift
SwiftDriverJobDiscovery normal arm64 Compiling Combinations.swift, Compacted.swift, Cycle.swift (in target 'Algorithms' from project 'swift-algorithms')
SwiftCompile normal arm64_32 Compiling\ Product.swift,\ RandomSample.swift,\ Reductions.swift /Users/admin/builder/spi-builder-workspace/.dependencies/checkouts/swift-algorithms/Sources/Algorithms/Product.swift /Users/admin/builder/spi-builder-workspace/.dependencies/checkouts/swift-algorithms/Sources/Algorithms/RandomSample.swift /Users/admin/builder/spi-builder-workspace/.dependencies/checkouts/swift-algorithms/Sources/Algorithms/Reductions.swift (in target 'Algorithms' from project 'swift-algorithms')
SwiftCompile normal arm64_32 /Users/admin/builder/spi-builder-workspace/.dependencies/checkouts/swift-algorithms/Sources/Algorithms/Product.swift (in target 'Algorithms' from project 'swift-algorithms')
cd /Users/admin/builder/spi-builder-workspace/.swiftpm/xcode
builtin-SwiftPerFileCompile Product.swift
SwiftCompile normal arm64_32 /Users/admin/builder/spi-builder-workspace/.dependencies/checkouts/swift-algorithms/Sources/Algorithms/RandomSample.swift (in target 'Algorithms' from project 'swift-algorithms')
cd /Users/admin/builder/spi-builder-workspace/.swiftpm/xcode
builtin-SwiftPerFileCompile RandomSample.swift
SwiftCompile normal arm64_32 /Users/admin/builder/spi-builder-workspace/.dependencies/checkouts/swift-algorithms/Sources/Algorithms/Reductions.swift (in target 'Algorithms' from project 'swift-algorithms')
cd /Users/admin/builder/spi-builder-workspace/.swiftpm/xcode
builtin-SwiftPerFileCompile Reductions.swift
SwiftDriverJobDiscovery normal arm64 Compiling Suffix.swift, Trim.swift (in target 'Algorithms' from project 'swift-algorithms')
SwiftCompile normal arm64 Compiling\ Intersperse.swift,\ Joined.swift,\ Keyed.swift /Users/admin/builder/spi-builder-workspace/.dependencies/checkouts/swift-algorithms/Sources/Algorithms/Intersperse.swift /Users/admin/builder/spi-builder-workspace/.dependencies/checkouts/swift-algorithms/Sources/Algorithms/Joined.swift /Users/admin/builder/spi-builder-workspace/.dependencies/checkouts/swift-algorithms/Sources/Algorithms/Keyed.swift (in target 'Algorithms' from project 'swift-algorithms')
SwiftCompile normal arm64 /Users/admin/builder/spi-builder-workspace/.dependencies/checkouts/swift-algorithms/Sources/Algorithms/Intersperse.swift (in target 'Algorithms' from project 'swift-algorithms')
cd /Users/admin/builder/spi-builder-workspace/.swiftpm/xcode
builtin-SwiftPerFileCompile Intersperse.swift
SwiftCompile normal arm64 /Users/admin/builder/spi-builder-workspace/.dependencies/checkouts/swift-algorithms/Sources/Algorithms/Joined.swift (in target 'Algorithms' from project 'swift-algorithms')
cd /Users/admin/builder/spi-builder-workspace/.swiftpm/xcode
builtin-SwiftPerFileCompile Joined.swift
SwiftCompile normal arm64 /Users/admin/builder/spi-builder-workspace/.dependencies/checkouts/swift-algorithms/Sources/Algorithms/Keyed.swift (in target 'Algorithms' from project 'swift-algorithms')
cd /Users/admin/builder/spi-builder-workspace/.swiftpm/xcode
builtin-SwiftPerFileCompile Keyed.swift
SwiftDriverJobDiscovery normal arm64 Compiling MinMax.swift, Partition.swift, Permutations.swift (in target 'Algorithms' from project 'swift-algorithms')
SwiftCompile normal arm64_32 Compiling\ EitherSequence.swift,\ EndsWith.swift,\ FirstNonNil.swift /Users/admin/builder/spi-builder-workspace/.dependencies/checkouts/swift-algorithms/Sources/Algorithms/EitherSequence.swift /Users/admin/builder/spi-builder-workspace/.dependencies/checkouts/swift-algorithms/Sources/Algorithms/EndsWith.swift /Users/admin/builder/spi-builder-workspace/.dependencies/checkouts/swift-algorithms/Sources/Algorithms/FirstNonNil.swift (in target 'Algorithms' from project 'swift-algorithms')
SwiftCompile normal arm64_32 /Users/admin/builder/spi-builder-workspace/.dependencies/checkouts/swift-algorithms/Sources/Algorithms/EitherSequence.swift (in target 'Algorithms' from project 'swift-algorithms')
cd /Users/admin/builder/spi-builder-workspace/.swiftpm/xcode
builtin-SwiftPerFileCompile EitherSequence.swift
SwiftCompile normal arm64_32 /Users/admin/builder/spi-builder-workspace/.dependencies/checkouts/swift-algorithms/Sources/Algorithms/EndsWith.swift (in target 'Algorithms' from project 'swift-algorithms')
cd /Users/admin/builder/spi-builder-workspace/.swiftpm/xcode
builtin-SwiftPerFileCompile EndsWith.swift
SwiftCompile normal arm64_32 /Users/admin/builder/spi-builder-workspace/.dependencies/checkouts/swift-algorithms/Sources/Algorithms/FirstNonNil.swift (in target 'Algorithms' from project 'swift-algorithms')
cd /Users/admin/builder/spi-builder-workspace/.swiftpm/xcode
builtin-SwiftPerFileCompile FirstNonNil.swift
SwiftDriverJobDiscovery normal arm64_32 Compiling MinMax.swift, Partition.swift, Permutations.swift (in target 'Algorithms' from project 'swift-algorithms')
SwiftCompile normal arm64_32 Compiling\ FlattenCollection.swift,\ Grouped.swift,\ Indexed.swift /Users/admin/builder/spi-builder-workspace/.dependencies/checkouts/swift-algorithms/Sources/Algorithms/FlattenCollection.swift /Users/admin/builder/spi-builder-workspace/.dependencies/checkouts/swift-algorithms/Sources/Algorithms/Grouped.swift /Users/admin/builder/spi-builder-workspace/.dependencies/checkouts/swift-algorithms/Sources/Algorithms/Indexed.swift (in target 'Algorithms' from project 'swift-algorithms')
SwiftCompile normal arm64_32 /Users/admin/builder/spi-builder-workspace/.dependencies/checkouts/swift-algorithms/Sources/Algorithms/FlattenCollection.swift (in target 'Algorithms' from project 'swift-algorithms')
cd /Users/admin/builder/spi-builder-workspace/.swiftpm/xcode
builtin-SwiftPerFileCompile FlattenCollection.swift
SwiftCompile normal arm64_32 /Users/admin/builder/spi-builder-workspace/.dependencies/checkouts/swift-algorithms/Sources/Algorithms/Grouped.swift (in target 'Algorithms' from project 'swift-algorithms')
cd /Users/admin/builder/spi-builder-workspace/.swiftpm/xcode
builtin-SwiftPerFileCompile Grouped.swift
SwiftCompile normal arm64_32 /Users/admin/builder/spi-builder-workspace/.dependencies/checkouts/swift-algorithms/Sources/Algorithms/Indexed.swift (in target 'Algorithms' from project 'swift-algorithms')
cd /Users/admin/builder/spi-builder-workspace/.swiftpm/xcode
builtin-SwiftPerFileCompile Indexed.swift
SwiftDriverJobDiscovery normal arm64_32 Compiling Rotate.swift, Split.swift, Stride.swift (in target 'Algorithms' from project 'swift-algorithms')
SwiftCompile normal arm64_32 Compiling\ AdjacentPairs.swift,\ Chain.swift,\ Chunked.swift /Users/admin/builder/spi-builder-workspace/.dependencies/checkouts/swift-algorithms/Sources/Algorithms/AdjacentPairs.swift /Users/admin/builder/spi-builder-workspace/.dependencies/checkouts/swift-algorithms/Sources/Algorithms/Chain.swift /Users/admin/builder/spi-builder-workspace/.dependencies/checkouts/swift-algorithms/Sources/Algorithms/Chunked.swift (in target 'Algorithms' from project 'swift-algorithms')
SwiftCompile normal arm64_32 /Users/admin/builder/spi-builder-workspace/.dependencies/checkouts/swift-algorithms/Sources/Algorithms/AdjacentPairs.swift (in target 'Algorithms' from project 'swift-algorithms')
cd /Users/admin/builder/spi-builder-workspace/.swiftpm/xcode
builtin-SwiftPerFileCompile AdjacentPairs.swift
SwiftCompile normal arm64_32 /Users/admin/builder/spi-builder-workspace/.dependencies/checkouts/swift-algorithms/Sources/Algorithms/Chain.swift (in target 'Algorithms' from project 'swift-algorithms')
cd /Users/admin/builder/spi-builder-workspace/.swiftpm/xcode
builtin-SwiftPerFileCompile Chain.swift
SwiftCompile normal arm64_32 /Users/admin/builder/spi-builder-workspace/.dependencies/checkouts/swift-algorithms/Sources/Algorithms/Chunked.swift (in target 'Algorithms' from project 'swift-algorithms')
cd /Users/admin/builder/spi-builder-workspace/.swiftpm/xcode
builtin-SwiftPerFileCompile Chunked.swift
SwiftDriverJobDiscovery normal arm64_32 Compiling Suffix.swift, Trim.swift (in target 'Algorithms' from project 'swift-algorithms')
SwiftCompile normal arm64 Compiling\ FlattenCollection.swift,\ Grouped.swift,\ Indexed.swift /Users/admin/builder/spi-builder-workspace/.dependencies/checkouts/swift-algorithms/Sources/Algorithms/FlattenCollection.swift /Users/admin/builder/spi-builder-workspace/.dependencies/checkouts/swift-algorithms/Sources/Algorithms/Grouped.swift /Users/admin/builder/spi-builder-workspace/.dependencies/checkouts/swift-algorithms/Sources/Algorithms/Indexed.swift (in target 'Algorithms' from project 'swift-algorithms')
SwiftCompile normal arm64 /Users/admin/builder/spi-builder-workspace/.dependencies/checkouts/swift-algorithms/Sources/Algorithms/FlattenCollection.swift (in target 'Algorithms' from project 'swift-algorithms')
cd /Users/admin/builder/spi-builder-workspace/.swiftpm/xcode
builtin-SwiftPerFileCompile FlattenCollection.swift
SwiftCompile normal arm64 /Users/admin/builder/spi-builder-workspace/.dependencies/checkouts/swift-algorithms/Sources/Algorithms/Grouped.swift (in target 'Algorithms' from project 'swift-algorithms')
cd /Users/admin/builder/spi-builder-workspace/.swiftpm/xcode
builtin-SwiftPerFileCompile Grouped.swift
SwiftCompile normal arm64 /Users/admin/builder/spi-builder-workspace/.dependencies/checkouts/swift-algorithms/Sources/Algorithms/Indexed.swift (in target 'Algorithms' from project 'swift-algorithms')
cd /Users/admin/builder/spi-builder-workspace/.swiftpm/xcode
builtin-SwiftPerFileCompile Indexed.swift
SwiftDriverJobDiscovery normal arm64_32 Compiling Intersperse.swift, Joined.swift, Keyed.swift (in target 'Algorithms' from project 'swift-algorithms')
SwiftCompile normal arm64 Compiling\ Product.swift,\ RandomSample.swift,\ Reductions.swift /Users/admin/builder/spi-builder-workspace/.dependencies/checkouts/swift-algorithms/Sources/Algorithms/Product.swift /Users/admin/builder/spi-builder-workspace/.dependencies/checkouts/swift-algorithms/Sources/Algorithms/RandomSample.swift /Users/admin/builder/spi-builder-workspace/.dependencies/checkouts/swift-algorithms/Sources/Algorithms/Reductions.swift (in target 'Algorithms' from project 'swift-algorithms')
SwiftCompile normal arm64 /Users/admin/builder/spi-builder-workspace/.dependencies/checkouts/swift-algorithms/Sources/Algorithms/Product.swift (in target 'Algorithms' from project 'swift-algorithms')
cd /Users/admin/builder/spi-builder-workspace/.swiftpm/xcode
builtin-SwiftPerFileCompile Product.swift
SwiftCompile normal arm64 /Users/admin/builder/spi-builder-workspace/.dependencies/checkouts/swift-algorithms/Sources/Algorithms/RandomSample.swift (in target 'Algorithms' from project 'swift-algorithms')
cd /Users/admin/builder/spi-builder-workspace/.swiftpm/xcode
builtin-SwiftPerFileCompile RandomSample.swift
SwiftCompile normal arm64 /Users/admin/builder/spi-builder-workspace/.dependencies/checkouts/swift-algorithms/Sources/Algorithms/Reductions.swift (in target 'Algorithms' from project 'swift-algorithms')
cd /Users/admin/builder/spi-builder-workspace/.swiftpm/xcode
builtin-SwiftPerFileCompile Reductions.swift
SwiftDriverJobDiscovery normal arm64 Compiling AdjacentPairs.swift, Chain.swift, Chunked.swift (in target 'Algorithms' from project 'swift-algorithms')
SwiftCompile normal arm64 Compiling\ EitherSequence.swift,\ EndsWith.swift,\ FirstNonNil.swift /Users/admin/builder/spi-builder-workspace/.dependencies/checkouts/swift-algorithms/Sources/Algorithms/EitherSequence.swift /Users/admin/builder/spi-builder-workspace/.dependencies/checkouts/swift-algorithms/Sources/Algorithms/EndsWith.swift /Users/admin/builder/spi-builder-workspace/.dependencies/checkouts/swift-algorithms/Sources/Algorithms/FirstNonNil.swift (in target 'Algorithms' from project 'swift-algorithms')
SwiftCompile normal arm64 /Users/admin/builder/spi-builder-workspace/.dependencies/checkouts/swift-algorithms/Sources/Algorithms/EitherSequence.swift (in target 'Algorithms' from project 'swift-algorithms')
cd /Users/admin/builder/spi-builder-workspace/.swiftpm/xcode
builtin-SwiftPerFileCompile EitherSequence.swift
SwiftCompile normal arm64 /Users/admin/builder/spi-builder-workspace/.dependencies/checkouts/swift-algorithms/Sources/Algorithms/EndsWith.swift (in target 'Algorithms' from project 'swift-algorithms')
cd /Users/admin/builder/spi-builder-workspace/.swiftpm/xcode
builtin-SwiftPerFileCompile EndsWith.swift
SwiftCompile normal arm64 /Users/admin/builder/spi-builder-workspace/.dependencies/checkouts/swift-algorithms/Sources/Algorithms/FirstNonNil.swift (in target 'Algorithms' from project 'swift-algorithms')
cd /Users/admin/builder/spi-builder-workspace/.swiftpm/xcode
builtin-SwiftPerFileCompile FirstNonNil.swift
SwiftDriverJobDiscovery normal arm64_32 Compiling EitherSequence.swift, EndsWith.swift, FirstNonNil.swift (in target 'Algorithms' from project 'swift-algorithms')
SwiftCompile normal arm64 Compiling\ Unique.swift,\ Windows.swift /Users/admin/builder/spi-builder-workspace/.dependencies/checkouts/swift-algorithms/Sources/Algorithms/Unique.swift /Users/admin/builder/spi-builder-workspace/.dependencies/checkouts/swift-algorithms/Sources/Algorithms/Windows.swift (in target 'Algorithms' from project 'swift-algorithms')
SwiftCompile normal arm64 /Users/admin/builder/spi-builder-workspace/.dependencies/checkouts/swift-algorithms/Sources/Algorithms/Unique.swift (in target 'Algorithms' from project 'swift-algorithms')
cd /Users/admin/builder/spi-builder-workspace/.swiftpm/xcode
builtin-SwiftPerFileCompile Unique.swift
SwiftCompile normal arm64 /Users/admin/builder/spi-builder-workspace/.dependencies/checkouts/swift-algorithms/Sources/Algorithms/Windows.swift (in target 'Algorithms' from project 'swift-algorithms')
cd /Users/admin/builder/spi-builder-workspace/.swiftpm/xcode
builtin-SwiftPerFileCompile Windows.swift
SwiftDriverJobDiscovery normal arm64_32 Compiling FlattenCollection.swift, Grouped.swift, Indexed.swift (in target 'Algorithms' from project 'swift-algorithms')
SwiftDriverJobDiscovery normal arm64 Compiling Rotate.swift, Split.swift, Stride.swift (in target 'Algorithms' from project 'swift-algorithms')
ExtractAppIntentsMetadata (in target 'RealModule' from project 'swift-numerics')
cd /Users/admin/builder/spi-builder-workspace/.dependencies/checkouts/swift-numerics
/Applications/Xcode-27.0.0-Release.Candidate.app/Contents/Developer/Toolchains/XcodeDefault.xctoolchain/usr/bin/appintentsmetadataprocessor --toolchain-dir /var/run/com.apple.security.cryptexd/mnt/com.apple.MobileAsset.MetalToolchain-v27.1.266.1.jZKocf/Metal.xctoolchain --module-name RealModule --sdk-root /Applications/Xcode-27.0.0-Release.Candidate.app/Contents/Developer/Platforms/WatchOS.platform/Developer/SDKs/WatchOS27.0.sdk --xcode-version 27A266a --platform-family watchOS --deployment-target 9.0 --bundle-identifier swift-numerics.RealModule --output /Users/admin/builder/spi-builder-workspace/.derivedData/Build/Products/Debug-watchos/RealModule.appintents --target-triple arm64-apple-watchos9.0 --target-triple arm64_32-apple-watchos9.0 --binary-file /Users/admin/builder/spi-builder-workspace/.derivedData/Build/Products/Debug-watchos/RealModule.o --dependency-file /Users/admin/builder/spi-builder-workspace/.derivedData/Build/Intermediates.noindex/swift-numerics.build/Debug-watchos/RealModule-t.build/Objects-normal/arm64/RealModule_dependency_info.dat --dependency-file /Users/admin/builder/spi-builder-workspace/.derivedData/Build/Intermediates.noindex/swift-numerics.build/Debug-watchos/RealModule-t.build/Objects-normal/arm64_32/RealModule_dependency_info.dat --stringsdata-file /Users/admin/builder/spi-builder-workspace/.derivedData/Build/Intermediates.noindex/swift-numerics.build/Debug-watchos/RealModule-t.build/Objects-normal/arm64/ExtractedAppShortcutsMetadata.stringsdata --stringsdata-file /Users/admin/builder/spi-builder-workspace/.derivedData/Build/Intermediates.noindex/swift-numerics.build/Debug-watchos/RealModule-t.build/Objects-normal/arm64_32/ExtractedAppShortcutsMetadata.stringsdata --source-file-list /Users/admin/builder/spi-builder-workspace/.derivedData/Build/Intermediates.noindex/swift-numerics.build/Debug-watchos/RealModule-t.build/Objects-normal/arm64/RealModule.SwiftFileList --source-file-list /Users/admin/builder/spi-builder-workspace/.derivedData/Build/Intermediates.noindex/swift-numerics.build/Debug-watchos/RealModule-t.build/Objects-normal/arm64_32/RealModule.SwiftFileList --metadata-file-list /Users/admin/builder/spi-builder-workspace/.derivedData/Build/Intermediates.noindex/swift-numerics.build/Debug-watchos/RealModule-t.build/RealModule.DependencyMetadataFileList --static-metadata-file-list /Users/admin/builder/spi-builder-workspace/.derivedData/Build/Intermediates.noindex/swift-numerics.build/Debug-watchos/RealModule-t.build/RealModule.DependencyStaticMetadataFileList --swift-const-vals-list /Users/admin/builder/spi-builder-workspace/.derivedData/Build/Intermediates.noindex/swift-numerics.build/Debug-watchos/RealModule-t.build/Objects-normal/arm64/RealModule.SwiftConstValuesFileList --swift-const-vals-list /Users/admin/builder/spi-builder-workspace/.derivedData/Build/Intermediates.noindex/swift-numerics.build/Debug-watchos/RealModule-t.build/Objects-normal/arm64_32/RealModule.SwiftConstValuesFileList --force --compile-time-extraction --deployment-aware-processing --no-app-shortcuts-localization
2026-09-20 21:26:32.722 appintentsmetadataprocessor[1284:7576] Starting appintentsmetadataprocessor export
2026-09-20 21:26:32.802 appintentsmetadataprocessor[1284:7576] Extracted no relevant App Intents symbols, skipping writing output
SwiftDriverJobDiscovery normal arm64 Emitting module for Algorithms (in target 'Algorithms' from project 'swift-algorithms')
SwiftDriver\ Compilation\ Requirements Algorithms normal arm64 com.apple.xcode.tools.swift.compiler (in target 'Algorithms' from project 'swift-algorithms')
cd /Users/admin/builder/spi-builder-workspace/.swiftpm/xcode
builtin-Swift-Compilation-Requirements -- /Applications/Xcode-27.0.0-Release.Candidate.app/Contents/Developer/Toolchains/XcodeDefault.xctoolchain/usr/bin/swiftc -parse-as-library -module-name Algorithms -Onone @/Users/admin/builder/spi-builder-workspace/.derivedData/Build/Intermediates.noindex/swift-algorithms.build/Debug-watchos/Algorithms-t.build/Objects-normal/arm64/Algorithms.SwiftFileList -DSWIFT_PACKAGE -DDEBUG -DSWIFT_MODULE_RESOURCE_BUNDLE_UNAVAILABLE -Xcc -fmodule-map-file\=/Users/admin/builder/spi-builder-workspace/.dependencies/checkouts/swift-numerics/Sources/_NumericsShims/include/module.modulemap -DXcode -plugin-path /Applications/Xcode-27.0.0-Release.Candidate.app/Contents/Developer/Toolchains/XcodeDefault.xctoolchain/usr/lib/swift/host/plugins/testing -enable-experimental-feature DebugDescriptionMacro -sdk /Applications/Xcode-27.0.0-Release.Candidate.app/Contents/Developer/Platforms/WatchOS.platform/Developer/SDKs/WatchOS27.0.sdk -target arm64-apple-watchos9.0 -g -module-cache-path /Users/admin/builder/spi-builder-workspace/.derivedData/ModuleCache.noindex -Xfrontend -serialize-debugging-options -profile-coverage-mapping -profile-generate -enable-testing -suppress-warnings -index-store-path /Users/admin/builder/spi-builder-workspace/.derivedData/Index.noindex/DataStore -Xcc -D_LIBCPP_HARDENING_MODE\=_LIBCPP_HARDENING_MODE_DEBUG -swift-version 5 -I /Users/admin/builder/spi-builder-workspace/.derivedData/Build/Products/Debug-watchos -Isystem /Applications/Xcode-27.0.0-Release.Candidate.app/Contents/Developer/Platforms/WatchOS.platform/Developer/usr/lib -F /Users/admin/builder/spi-builder-workspace/.derivedData/Build/Products/Debug-watchos/PackageFrameworks -F /Users/admin/builder/spi-builder-workspace/.derivedData/Build/Products/Debug-watchos -F /Applications/Xcode-27.0.0-Release.Candidate.app/Contents/Developer/Platforms/WatchOS.platform/Developer/Library/Frameworks -F /Applications/Xcode-27.0.0-Release.Candidate.app/Contents/Developer/Platforms/WatchOS.platform/Developer/SDKs/WatchOS27.0.sdk/Developer/Library/Frameworks -c -j10 -enable-batch-mode -incremental -Xcc -ivfsstatcache -Xcc /Users/admin/builder/spi-builder-workspace/.derivedData/SDKStatCaches.noindex/watchos27.0-24R360-e829b21a6f8c9b70876ba0858053c04477534ef55a1706bf4c1112bbb242f0a2.sdkstatcache -output-file-map /Users/admin/builder/spi-builder-workspace/.derivedData/Build/Intermediates.noindex/swift-algorithms.build/Debug-watchos/Algorithms-t.build/Objects-normal/arm64/Algorithms-OutputFileMap.json -save-temps -no-color-diagnostics -explicit-module-build -module-cache-path /Users/admin/builder/spi-builder-workspace/.derivedData/Build/Intermediates.noindex/SwiftExplicitPrecompiledModules -clang-scanner-module-cache-path /Users/admin/builder/spi-builder-workspace/.derivedData/ModuleCache.noindex -sdk-module-cache-path /Users/admin/builder/spi-builder-workspace/.derivedData/SDKExplicitPrecompiledModules -emit-dependencies -emit-module -emit-module-path /Users/admin/builder/spi-builder-workspace/.derivedData/Build/Intermediates.noindex/swift-algorithms.build/Debug-watchos/Algorithms-t.build/Objects-normal/arm64/Algorithms.swiftmodule -serialize-diagnostics -dependency-scan-serialize-diagnostics-path /Users/admin/builder/spi-builder-workspace/.derivedData/Build/Intermediates.noindex/swift-algorithms.build/Debug-watchos/Algorithms-t.build/Objects-normal/arm64/Algorithms-dependency-scan.dia -validate-clang-modules-once -clang-build-session-file /Users/admin/builder/spi-builder-workspace/.derivedData/ModuleCache.noindex/Session.modulevalidation -Xcc -fmodules-prune-interval\=86400 -Xcc -fmodules-prune-after\=345600 -emit-const-values -const-gather-protocols-list /Users/admin/builder/spi-builder-workspace/.derivedData/Build/Intermediates.noindex/swift-algorithms.build/Debug-watchos/Algorithms-t.build/Objects-normal/arm64/Algorithms_const_extract_protocols.json -Xcc -I/Users/admin/builder/spi-builder-workspace/.dependencies/checkouts/swift-numerics/Sources/_NumericsShims/include -Xcc -I/Users/admin/builder/spi-builder-workspace/.derivedData/Build/Products/Debug-watchos/include -Xcc -I/Users/admin/builder/spi-builder-workspace/.derivedData/Build/Intermediates.noindex/swift-algorithms.build/Debug-watchos/Algorithms-t.build/DerivedSources-normal/arm64 -Xcc -I/Users/admin/builder/spi-builder-workspace/.derivedData/Build/Intermediates.noindex/swift-algorithms.build/Debug-watchos/Algorithms-t.build/DerivedSources/arm64 -Xcc -I/Users/admin/builder/spi-builder-workspace/.derivedData/Build/Intermediates.noindex/swift-algorithms.build/Debug-watchos/Algorithms-t.build/DerivedSources -Xcc -DSWIFT_PACKAGE -Xcc -DDEBUG\=1 -emit-objc-header -emit-objc-header-path /Users/admin/builder/spi-builder-workspace/.derivedData/Build/Intermediates.noindex/swift-algorithms.build/Debug-watchos/Algorithms-t.build/Objects-normal/arm64/Algorithms-Swift.h -working-directory /Users/admin/builder/spi-builder-workspace/.swiftpm/xcode -experimental-emit-module-separately -disable-cmo
Copy /Users/admin/builder/spi-builder-workspace/.derivedData/Build/Products/Debug-watchos/Algorithms.swiftmodule/arm64-apple-watchos.swiftmodule /Users/admin/builder/spi-builder-workspace/.derivedData/Build/Intermediates.noindex/swift-algorithms.build/Debug-watchos/Algorithms-t.build/Objects-normal/arm64/Algorithms.swiftmodule (in target 'Algorithms' from project 'swift-algorithms')
cd /Users/admin/builder/spi-builder-workspace/.dependencies/checkouts/swift-algorithms
builtin-copy -exclude .DS_Store -exclude CVS -exclude .svn -exclude .git -exclude .hg -resolve-src-symlinks -rename /Users/admin/builder/spi-builder-workspace/.derivedData/Build/Intermediates.noindex/swift-algorithms.build/Debug-watchos/Algorithms-t.build/Objects-normal/arm64/Algorithms.swiftmodule /Users/admin/builder/spi-builder-workspace/.derivedData/Build/Products/Debug-watchos/Algorithms.swiftmodule/arm64-apple-watchos.swiftmodule
Copy /Users/admin/builder/spi-builder-workspace/.derivedData/Build/Products/Debug-watchos/Algorithms.swiftmodule/arm64-apple-watchos.swiftdoc /Users/admin/builder/spi-builder-workspace/.derivedData/Build/Intermediates.noindex/swift-algorithms.build/Debug-watchos/Algorithms-t.build/Objects-normal/arm64/Algorithms.swiftdoc (in target 'Algorithms' from project 'swift-algorithms')
cd /Users/admin/builder/spi-builder-workspace/.dependencies/checkouts/swift-algorithms
builtin-copy -exclude .DS_Store -exclude CVS -exclude .svn -exclude .git -exclude .hg -resolve-src-symlinks -rename /Users/admin/builder/spi-builder-workspace/.derivedData/Build/Intermediates.noindex/swift-algorithms.build/Debug-watchos/Algorithms-t.build/Objects-normal/arm64/Algorithms.swiftdoc /Users/admin/builder/spi-builder-workspace/.derivedData/Build/Products/Debug-watchos/Algorithms.swiftmodule/arm64-apple-watchos.swiftdoc
Copy /Users/admin/builder/spi-builder-workspace/.derivedData/Build/Products/Debug-watchos/Algorithms.swiftmodule/arm64-apple-watchos.abi.json /Users/admin/builder/spi-builder-workspace/.derivedData/Build/Intermediates.noindex/swift-algorithms.build/Debug-watchos/Algorithms-t.build/Objects-normal/arm64/Algorithms.abi.json (in target 'Algorithms' from project 'swift-algorithms')
cd /Users/admin/builder/spi-builder-workspace/.dependencies/checkouts/swift-algorithms
builtin-copy -exclude .DS_Store -exclude CVS -exclude .svn -exclude .git -exclude .hg -resolve-src-symlinks -rename /Users/admin/builder/spi-builder-workspace/.derivedData/Build/Intermediates.noindex/swift-algorithms.build/Debug-watchos/Algorithms-t.build/Objects-normal/arm64/Algorithms.abi.json /Users/admin/builder/spi-builder-workspace/.derivedData/Build/Products/Debug-watchos/Algorithms.swiftmodule/arm64-apple-watchos.abi.json
Copy /Users/admin/builder/spi-builder-workspace/.derivedData/Build/Products/Debug-watchos/Algorithms.swiftmodule/Project/arm64-apple-watchos.swiftsourceinfo /Users/admin/builder/spi-builder-workspace/.derivedData/Build/Intermediates.noindex/swift-algorithms.build/Debug-watchos/Algorithms-t.build/Objects-normal/arm64/Algorithms.swiftsourceinfo (in target 'Algorithms' from project 'swift-algorithms')
cd /Users/admin/builder/spi-builder-workspace/.dependencies/checkouts/swift-algorithms
builtin-copy -exclude .DS_Store -exclude CVS -exclude .svn -exclude .git -exclude .hg -resolve-src-symlinks -rename /Users/admin/builder/spi-builder-workspace/.derivedData/Build/Intermediates.noindex/swift-algorithms.build/Debug-watchos/Algorithms-t.build/Objects-normal/arm64/Algorithms.swiftsourceinfo /Users/admin/builder/spi-builder-workspace/.derivedData/Build/Products/Debug-watchos/Algorithms.swiftmodule/Project/arm64-apple-watchos.swiftsourceinfo
Ld /Users/admin/builder/spi-builder-workspace/.derivedData/Build/Intermediates.noindex/Tuplé.build/Debug-watchos/Tuplé-t.build/Objects-normal/arm64_32/Binary/Tuplé.o normal arm64_32 (in target 'Tuplé' from project 'Tuplé')
cd /Users/admin/builder/spi-builder-workspace/.dependencies/checkouts/Tuplay
/Applications/Xcode-27.0.0-Release.Candidate.app/Contents/Developer/Toolchains/XcodeDefault.xctoolchain/usr/bin/clang -Xlinker -reproducible -target arm64_32-apple-watchos10.0 -r -isysroot /Applications/Xcode-27.0.0-Release.Candidate.app/Contents/Developer/Platforms/WatchOS.platform/Developer/SDKs/WatchOS27.0.sdk -O0 -w -Xlinker -no_warn_duplicate_libraries -F/Users/admin/builder/spi-builder-workspace/.derivedData/Build/Intermediates.noindex/EagerLinkingTBDs/Debug-watchos -F/Users/admin/builder/spi-builder-workspace/.derivedData/Build/Products/Debug-watchos/PackageFrameworks -F/Users/admin/builder/spi-builder-workspace/.derivedData/Build/Products/Debug-watchos -iframework /Applications/Xcode-27.0.0-Release.Candidate.app/Contents/Developer/Platforms/WatchOS.platform/Developer/Library/Frameworks -iframework /Applications/Xcode-27.0.0-Release.Candidate.app/Contents/Developer/Platforms/WatchOS.platform/Developer/SDKs/WatchOS27.0.sdk/Developer/Library/Frameworks -filelist /Users/admin/builder/spi-builder-workspace/.derivedData/Build/Intermediates.noindex/Tuplé.build/Debug-watchos/Tuplé-t.build/Objects-normal/arm64_32/Tuplé.LinkFileList -nostdlib -Xlinker -object_path_lto -Xlinker /Users/admin/builder/spi-builder-workspace/.derivedData/Build/Intermediates.noindex/Tuplé.build/Debug-watchos/Tuplé-t.build/Objects-normal/arm64_32/Tuplé_lto.o -Xlinker -no_deduplicate -Xlinker -debug_variant -Xlinker -dependency_info -Xlinker /Users/admin/builder/spi-builder-workspace/.derivedData/Build/Intermediates.noindex/Tuplé.build/Debug-watchos/Tuplé-t.build/Objects-normal/arm64_32/Tuplé_dependency_info.dat -fobjc-link-runtime -L/Applications/Xcode-27.0.0-Release.Candidate.app/Contents/Developer/Toolchains/XcodeDefault.xctoolchain/usr/lib/swift/watchos -L/usr/lib/swift -Xlinker -add_ast_path -Xlinker /Users/admin/builder/spi-builder-workspace/.derivedData/Build/Intermediates.noindex/Tuplé.build/Debug-watchos/Tuplé-t.build/Objects-normal/arm64_32/Tuplé.swiftmodule -o /Users/admin/builder/spi-builder-workspace/.derivedData/Build/Intermediates.noindex/Tuplé.build/Debug-watchos/Tuplé-t.build/Objects-normal/arm64_32/Binary/Tuplé.o
Ld /Users/admin/builder/spi-builder-workspace/.derivedData/Build/Intermediates.noindex/Tuplé.build/Debug-watchos/Tuplé-t.build/Objects-normal/arm64/Binary/Tuplé.o normal arm64 (in target 'Tuplé' from project 'Tuplé')
cd /Users/admin/builder/spi-builder-workspace/.dependencies/checkouts/Tuplay
/Applications/Xcode-27.0.0-Release.Candidate.app/Contents/Developer/Toolchains/XcodeDefault.xctoolchain/usr/bin/clang -Xlinker -reproducible -target arm64-apple-watchos10.0 -r -isysroot /Applications/Xcode-27.0.0-Release.Candidate.app/Contents/Developer/Platforms/WatchOS.platform/Developer/SDKs/WatchOS27.0.sdk -O0 -w -Xlinker -no_warn_duplicate_libraries -F/Users/admin/builder/spi-builder-workspace/.derivedData/Build/Intermediates.noindex/EagerLinkingTBDs/Debug-watchos -F/Users/admin/builder/spi-builder-workspace/.derivedData/Build/Products/Debug-watchos/PackageFrameworks -F/Users/admin/builder/spi-builder-workspace/.derivedData/Build/Products/Debug-watchos -iframework /Applications/Xcode-27.0.0-Release.Candidate.app/Contents/Developer/Platforms/WatchOS.platform/Developer/Library/Frameworks -iframework /Applications/Xcode-27.0.0-Release.Candidate.app/Contents/Developer/Platforms/WatchOS.platform/Developer/SDKs/WatchOS27.0.sdk/Developer/Library/Frameworks -filelist /Users/admin/builder/spi-builder-workspace/.derivedData/Build/Intermediates.noindex/Tuplé.build/Debug-watchos/Tuplé-t.build/Objects-normal/arm64/Tuplé.LinkFileList -nostdlib -Xlinker -object_path_lto -Xlinker /Users/admin/builder/spi-builder-workspace/.derivedData/Build/Intermediates.noindex/Tuplé.build/Debug-watchos/Tuplé-t.build/Objects-normal/arm64/Tuplé_lto.o -Xlinker -no_deduplicate -Xlinker -debug_variant -Xlinker -dependency_info -Xlinker /Users/admin/builder/spi-builder-workspace/.derivedData/Build/Intermediates.noindex/Tuplé.build/Debug-watchos/Tuplé-t.build/Objects-normal/arm64/Tuplé_dependency_info.dat -fobjc-link-runtime -L/Applications/Xcode-27.0.0-Release.Candidate.app/Contents/Developer/Toolchains/XcodeDefault.xctoolchain/usr/lib/swift/watchos -L/usr/lib/swift -Xlinker -add_ast_path -Xlinker /Users/admin/builder/spi-builder-workspace/.derivedData/Build/Intermediates.noindex/Tuplé.build/Debug-watchos/Tuplé-t.build/Objects-normal/arm64/Tuplé.swiftmodule -o /Users/admin/builder/spi-builder-workspace/.derivedData/Build/Intermediates.noindex/Tuplé.build/Debug-watchos/Tuplé-t.build/Objects-normal/arm64/Binary/Tuplé.o
SwiftDriverJobDiscovery normal arm64_32 Emitting module for Algorithms (in target 'Algorithms' from project 'swift-algorithms')
SwiftDriver\ Compilation\ Requirements Algorithms normal arm64_32 com.apple.xcode.tools.swift.compiler (in target 'Algorithms' from project 'swift-algorithms')
cd /Users/admin/builder/spi-builder-workspace/.swiftpm/xcode
builtin-Swift-Compilation-Requirements -- /Applications/Xcode-27.0.0-Release.Candidate.app/Contents/Developer/Toolchains/XcodeDefault.xctoolchain/usr/bin/swiftc -parse-as-library -module-name Algorithms -Onone @/Users/admin/builder/spi-builder-workspace/.derivedData/Build/Intermediates.noindex/swift-algorithms.build/Debug-watchos/Algorithms-t.build/Objects-normal/arm64_32/Algorithms.SwiftFileList -DSWIFT_PACKAGE -DDEBUG -DSWIFT_MODULE_RESOURCE_BUNDLE_UNAVAILABLE -Xcc -fmodule-map-file\=/Users/admin/builder/spi-builder-workspace/.dependencies/checkouts/swift-numerics/Sources/_NumericsShims/include/module.modulemap -DXcode -plugin-path /Applications/Xcode-27.0.0-Release.Candidate.app/Contents/Developer/Toolchains/XcodeDefault.xctoolchain/usr/lib/swift/host/plugins/testing -enable-experimental-feature DebugDescriptionMacro -sdk /Applications/Xcode-27.0.0-Release.Candidate.app/Contents/Developer/Platforms/WatchOS.platform/Developer/SDKs/WatchOS27.0.sdk -target arm64_32-apple-watchos9.0 -g -module-cache-path /Users/admin/builder/spi-builder-workspace/.derivedData/ModuleCache.noindex -Xfrontend -serialize-debugging-options -profile-coverage-mapping -profile-generate -enable-testing -suppress-warnings -index-store-path /Users/admin/builder/spi-builder-workspace/.derivedData/Index.noindex/DataStore -Xcc -D_LIBCPP_HARDENING_MODE\=_LIBCPP_HARDENING_MODE_DEBUG -swift-version 5 -I /Users/admin/builder/spi-builder-workspace/.derivedData/Build/Products/Debug-watchos -Isystem /Applications/Xcode-27.0.0-Release.Candidate.app/Contents/Developer/Platforms/WatchOS.platform/Developer/usr/lib -F /Users/admin/builder/spi-builder-workspace/.derivedData/Build/Products/Debug-watchos/PackageFrameworks -F /Users/admin/builder/spi-builder-workspace/.derivedData/Build/Products/Debug-watchos -F /Applications/Xcode-27.0.0-Release.Candidate.app/Contents/Developer/Platforms/WatchOS.platform/Developer/Library/Frameworks -F /Applications/Xcode-27.0.0-Release.Candidate.app/Contents/Developer/Platforms/WatchOS.platform/Developer/SDKs/WatchOS27.0.sdk/Developer/Library/Frameworks -c -j10 -enable-batch-mode -incremental -Xcc -ivfsstatcache -Xcc /Users/admin/builder/spi-builder-workspace/.derivedData/SDKStatCaches.noindex/watchos27.0-24R360-e829b21a6f8c9b70876ba0858053c04477534ef55a1706bf4c1112bbb242f0a2.sdkstatcache -output-file-map /Users/admin/builder/spi-builder-workspace/.derivedData/Build/Intermediates.noindex/swift-algorithms.build/Debug-watchos/Algorithms-t.build/Objects-normal/arm64_32/Algorithms-OutputFileMap.json -save-temps -no-color-diagnostics -explicit-module-build -module-cache-path /Users/admin/builder/spi-builder-workspace/.derivedData/Build/Intermediates.noindex/SwiftExplicitPrecompiledModules -clang-scanner-module-cache-path /Users/admin/builder/spi-builder-workspace/.derivedData/ModuleCache.noindex -sdk-module-cache-path /Users/admin/builder/spi-builder-workspace/.derivedData/SDKExplicitPrecompiledModules -emit-dependencies -emit-module -emit-module-path /Users/admin/builder/spi-builder-workspace/.derivedData/Build/Intermediates.noindex/swift-algorithms.build/Debug-watchos/Algorithms-t.build/Objects-normal/arm64_32/Algorithms.swiftmodule -serialize-diagnostics -dependency-scan-serialize-diagnostics-path /Users/admin/builder/spi-builder-workspace/.derivedData/Build/Intermediates.noindex/swift-algorithms.build/Debug-watchos/Algorithms-t.build/Objects-normal/arm64_32/Algorithms-dependency-scan.dia -validate-clang-modules-once -clang-build-session-file /Users/admin/builder/spi-builder-workspace/.derivedData/ModuleCache.noindex/Session.modulevalidation -Xcc -fmodules-prune-interval\=86400 -Xcc -fmodules-prune-after\=345600 -emit-const-values -const-gather-protocols-list /Users/admin/builder/spi-builder-workspace/.derivedData/Build/Intermediates.noindex/swift-algorithms.build/Debug-watchos/Algorithms-t.build/Objects-normal/arm64_32/Algorithms_const_extract_protocols.json -Xcc -I/Users/admin/builder/spi-builder-workspace/.dependencies/checkouts/swift-numerics/Sources/_NumericsShims/include -Xcc -I/Users/admin/builder/spi-builder-workspace/.derivedData/Build/Products/Debug-watchos/include -Xcc -I/Users/admin/builder/spi-builder-workspace/.derivedData/Build/Intermediates.noindex/swift-algorithms.build/Debug-watchos/Algorithms-t.build/DerivedSources-normal/arm64_32 -Xcc -I/Users/admin/builder/spi-builder-workspace/.derivedData/Build/Intermediates.noindex/swift-algorithms.build/Debug-watchos/Algorithms-t.build/DerivedSources/arm64_32 -Xcc -I/Users/admin/builder/spi-builder-workspace/.derivedData/Build/Intermediates.noindex/swift-algorithms.build/Debug-watchos/Algorithms-t.build/DerivedSources -Xcc -DSWIFT_PACKAGE -Xcc -DDEBUG\=1 -emit-objc-header -emit-objc-header-path /Users/admin/builder/spi-builder-workspace/.derivedData/Build/Intermediates.noindex/swift-algorithms.build/Debug-watchos/Algorithms-t.build/Objects-normal/arm64_32/Algorithms-Swift.h -working-directory /Users/admin/builder/spi-builder-workspace/.swiftpm/xcode -experimental-emit-module-separately -disable-cmo
SwiftMergeGeneratedHeaders /Users/admin/builder/spi-builder-workspace/.derivedData/Build/Intermediates.noindex/GeneratedModuleMaps-watchos/Algorithms-Swift.h /Users/admin/builder/spi-builder-workspace/.derivedData/Build/Intermediates.noindex/swift-algorithms.build/Debug-watchos/Algorithms-t.build/Objects-normal/arm64/Algorithms-Swift.h /Users/admin/builder/spi-builder-workspace/.derivedData/Build/Intermediates.noindex/swift-algorithms.build/Debug-watchos/Algorithms-t.build/Objects-normal/arm64_32/Algorithms-Swift.h (in target 'Algorithms' from project 'swift-algorithms')
cd /Users/admin/builder/spi-builder-workspace/.dependencies/checkouts/swift-algorithms
builtin-swiftHeaderTool -arch arm64 /Users/admin/builder/spi-builder-workspace/.derivedData/Build/Intermediates.noindex/swift-algorithms.build/Debug-watchos/Algorithms-t.build/Objects-normal/arm64/Algorithms-Swift.h -arch arm64_32 /Users/admin/builder/spi-builder-workspace/.derivedData/Build/Intermediates.noindex/swift-algorithms.build/Debug-watchos/Algorithms-t.build/Objects-normal/arm64_32/Algorithms-Swift.h -o /Users/admin/builder/spi-builder-workspace/.derivedData/Build/Intermediates.noindex/GeneratedModuleMaps-watchos/Algorithms-Swift.h
Copy /Users/admin/builder/spi-builder-workspace/.derivedData/Build/Products/Debug-watchos/Algorithms.swiftmodule/arm64_32-apple-watchos.swiftmodule /Users/admin/builder/spi-builder-workspace/.derivedData/Build/Intermediates.noindex/swift-algorithms.build/Debug-watchos/Algorithms-t.build/Objects-normal/arm64_32/Algorithms.swiftmodule (in target 'Algorithms' from project 'swift-algorithms')
cd /Users/admin/builder/spi-builder-workspace/.dependencies/checkouts/swift-algorithms
builtin-copy -exclude .DS_Store -exclude CVS -exclude .svn -exclude .git -exclude .hg -resolve-src-symlinks -rename /Users/admin/builder/spi-builder-workspace/.derivedData/Build/Intermediates.noindex/swift-algorithms.build/Debug-watchos/Algorithms-t.build/Objects-normal/arm64_32/Algorithms.swiftmodule /Users/admin/builder/spi-builder-workspace/.derivedData/Build/Products/Debug-watchos/Algorithms.swiftmodule/arm64_32-apple-watchos.swiftmodule
SwiftDriverJobDiscovery normal arm64 Compiling EitherSequence.swift, EndsWith.swift, FirstNonNil.swift (in target 'Algorithms' from project 'swift-algorithms')
Copy /Users/admin/builder/spi-builder-workspace/.derivedData/Build/Products/Debug-watchos/Algorithms.swiftmodule/arm64_32-apple-watchos.swiftdoc /Users/admin/builder/spi-builder-workspace/.derivedData/Build/Intermediates.noindex/swift-algorithms.build/Debug-watchos/Algorithms-t.build/Objects-normal/arm64_32/Algorithms.swiftdoc (in target 'Algorithms' from project 'swift-algorithms')
cd /Users/admin/builder/spi-builder-workspace/.dependencies/checkouts/swift-algorithms
builtin-copy -exclude .DS_Store -exclude CVS -exclude .svn -exclude .git -exclude .hg -resolve-src-symlinks -rename /Users/admin/builder/spi-builder-workspace/.derivedData/Build/Intermediates.noindex/swift-algorithms.build/Debug-watchos/Algorithms-t.build/Objects-normal/arm64_32/Algorithms.swiftdoc /Users/admin/builder/spi-builder-workspace/.derivedData/Build/Products/Debug-watchos/Algorithms.swiftmodule/arm64_32-apple-watchos.swiftdoc
Copy /Users/admin/builder/spi-builder-workspace/.derivedData/Build/Products/Debug-watchos/Algorithms.swiftmodule/arm64_32-apple-watchos.abi.json /Users/admin/builder/spi-builder-workspace/.derivedData/Build/Intermediates.noindex/swift-algorithms.build/Debug-watchos/Algorithms-t.build/Objects-normal/arm64_32/Algorithms.abi.json (in target 'Algorithms' from project 'swift-algorithms')
cd /Users/admin/builder/spi-builder-workspace/.dependencies/checkouts/swift-algorithms
builtin-copy -exclude .DS_Store -exclude CVS -exclude .svn -exclude .git -exclude .hg -resolve-src-symlinks -rename /Users/admin/builder/spi-builder-workspace/.derivedData/Build/Intermediates.noindex/swift-algorithms.build/Debug-watchos/Algorithms-t.build/Objects-normal/arm64_32/Algorithms.abi.json /Users/admin/builder/spi-builder-workspace/.derivedData/Build/Products/Debug-watchos/Algorithms.swiftmodule/arm64_32-apple-watchos.abi.json
Copy /Users/admin/builder/spi-builder-workspace/.derivedData/Build/Products/Debug-watchos/Algorithms.swiftmodule/Project/arm64_32-apple-watchos.swiftsourceinfo /Users/admin/builder/spi-builder-workspace/.derivedData/Build/Intermediates.noindex/swift-algorithms.build/Debug-watchos/Algorithms-t.build/Objects-normal/arm64_32/Algorithms.swiftsourceinfo (in target 'Algorithms' from project 'swift-algorithms')
cd /Users/admin/builder/spi-builder-workspace/.dependencies/checkouts/swift-algorithms
builtin-copy -exclude .DS_Store -exclude CVS -exclude .svn -exclude .git -exclude .hg -resolve-src-symlinks -rename /Users/admin/builder/spi-builder-workspace/.derivedData/Build/Intermediates.noindex/swift-algorithms.build/Debug-watchos/Algorithms-t.build/Objects-normal/arm64_32/Algorithms.swiftsourceinfo /Users/admin/builder/spi-builder-workspace/.derivedData/Build/Products/Debug-watchos/Algorithms.swiftmodule/Project/arm64_32-apple-watchos.swiftsourceinfo
SwiftDriver SIMDson normal arm64_32 com.apple.xcode.tools.swift.compiler (in target 'SIMDson' from project 'SIMDson')
cd /Users/admin/builder/spi-builder-workspace/.swiftpm/xcode
builtin-SwiftDriver -- /Applications/Xcode-27.0.0-Release.Candidate.app/Contents/Developer/Toolchains/XcodeDefault.xctoolchain/usr/bin/swiftc -parse-as-library -module-name SIMDson -Onone @/Users/admin/builder/spi-builder-workspace/.derivedData/Build/Intermediates.noindex/SIMDson.build/Debug-watchos/SIMDson-t.build/Objects-normal/arm64_32/SIMDson.SwiftFileList -DSWIFT_PACKAGE -DDEBUG -DSWIFT_MODULE_RESOURCE_BUNDLE_UNAVAILABLE -Xcc -fmodule-map-file\=/Users/admin/builder/spi-builder-workspace/.dependencies/checkouts/swift-numerics/Sources/_NumericsShims/include/module.modulemap -DXcode -Xfrontend -requirement-machine-max-rule-count\=8000 -plugin-path /Applications/Xcode-27.0.0-Release.Candidate.app/Contents/Developer/Toolchains/XcodeDefault.xctoolchain/usr/lib/swift/host/plugins/testing -enable-experimental-feature DebugDescriptionMacro -sdk /Applications/Xcode-27.0.0-Release.Candidate.app/Contents/Developer/Platforms/WatchOS.platform/Developer/SDKs/WatchOS27.0.sdk -target arm64_32-apple-watchos11.0 -g -module-cache-path /Users/admin/builder/spi-builder-workspace/.derivedData/ModuleCache.noindex -Xfrontend -serialize-debugging-options -profile-coverage-mapping -profile-generate -enable-testing -index-store-path /Users/admin/builder/spi-builder-workspace/.derivedData/Index.noindex/DataStore -Xcc -D_LIBCPP_HARDENING_MODE\=_LIBCPP_HARDENING_MODE_DEBUG -swift-version 6 -I /Users/admin/builder/spi-builder-workspace/.derivedData/Build/Products/Debug-watchos -Isystem /Applications/Xcode-27.0.0-Release.Candidate.app/Contents/Developer/Platforms/WatchOS.platform/Developer/usr/lib -F /Users/admin/builder/spi-builder-workspace/.derivedData/Build/Products/Debug-watchos/PackageFrameworks -F /Users/admin/builder/spi-builder-workspace/.derivedData/Build/Products/Debug-watchos -F /Applications/Xcode-27.0.0-Release.Candidate.app/Contents/Developer/Platforms/WatchOS.platform/Developer/Library/Frameworks -F /Applications/Xcode-27.0.0-Release.Candidate.app/Contents/Developer/Platforms/WatchOS.platform/Developer/SDKs/WatchOS27.0.sdk/Developer/Library/Frameworks -c -j10 -enable-batch-mode -incremental -Xcc -ivfsstatcache -Xcc /Users/admin/builder/spi-builder-workspace/.derivedData/SDKStatCaches.noindex/watchos27.0-24R360-e829b21a6f8c9b70876ba0858053c04477534ef55a1706bf4c1112bbb242f0a2.sdkstatcache -output-file-map /Users/admin/builder/spi-builder-workspace/.derivedData/Build/Intermediates.noindex/SIMDson.build/Debug-watchos/SIMDson-t.build/Objects-normal/arm64_32/SIMDson-OutputFileMap.json -save-temps -no-color-diagnostics -explicit-module-build -module-cache-path /Users/admin/builder/spi-builder-workspace/.derivedData/Build/Intermediates.noindex/SwiftExplicitPrecompiledModules -clang-scanner-module-cache-path /Users/admin/builder/spi-builder-workspace/.derivedData/ModuleCache.noindex -sdk-module-cache-path /Users/admin/builder/spi-builder-workspace/.derivedData/SDKExplicitPrecompiledModules -emit-dependencies -emit-module -emit-module-path /Users/admin/builder/spi-builder-workspace/.derivedData/Build/Intermediates.noindex/SIMDson.build/Debug-watchos/SIMDson-t.build/Objects-normal/arm64_32/SIMDson.swiftmodule -serialize-diagnostics -dependency-scan-serialize-diagnostics-path /Users/admin/builder/spi-builder-workspace/.derivedData/Build/Intermediates.noindex/SIMDson.build/Debug-watchos/SIMDson-t.build/Objects-normal/arm64_32/SIMDson-dependency-scan.dia -validate-clang-modules-once -clang-build-session-file /Users/admin/builder/spi-builder-workspace/.derivedData/ModuleCache.noindex/Session.modulevalidation -Xcc -fmodules-prune-interval\=86400 -Xcc -fmodules-prune-after\=345600 -package-name spi_builder_workspace -emit-const-values -const-gather-protocols-list /Users/admin/builder/spi-builder-workspace/.derivedData/Build/Intermediates.noindex/SIMDson.build/Debug-watchos/SIMDson-t.build/Objects-normal/arm64_32/SIMDson_const_extract_protocols.json -Xcc -I/Users/admin/builder/spi-builder-workspace/.dependencies/checkouts/swift-numerics/Sources/_NumericsShims/include -Xcc -I/Users/admin/builder/spi-builder-workspace/.derivedData/Build/Products/Debug-watchos/include -Xcc -I/Users/admin/builder/spi-builder-workspace/.derivedData/Build/Intermediates.noindex/SIMDson.build/Debug-watchos/SIMDson-t.build/DerivedSources-normal/arm64_32 -Xcc -I/Users/admin/builder/spi-builder-workspace/.derivedData/Build/Intermediates.noindex/SIMDson.build/Debug-watchos/SIMDson-t.build/DerivedSources/arm64_32 -Xcc -I/Users/admin/builder/spi-builder-workspace/.derivedData/Build/Intermediates.noindex/SIMDson.build/Debug-watchos/SIMDson-t.build/DerivedSources -Xcc -DSWIFT_PACKAGE -Xcc -DDEBUG\=1 -emit-objc-header -emit-objc-header-path /Users/admin/builder/spi-builder-workspace/.derivedData/Build/Intermediates.noindex/SIMDson.build/Debug-watchos/SIMDson-t.build/Objects-normal/arm64_32/SIMDson-Swift.h -working-directory /Users/admin/builder/spi-builder-workspace/.swiftpm/xcode -experimental-emit-module-separately -disable-cmo
SwiftDriver SIMDson normal arm64 com.apple.xcode.tools.swift.compiler (in target 'SIMDson' from project 'SIMDson')
cd /Users/admin/builder/spi-builder-workspace/.swiftpm/xcode
builtin-SwiftDriver -- /Applications/Xcode-27.0.0-Release.Candidate.app/Contents/Developer/Toolchains/XcodeDefault.xctoolchain/usr/bin/swiftc -parse-as-library -module-name SIMDson -Onone @/Users/admin/builder/spi-builder-workspace/.derivedData/Build/Intermediates.noindex/SIMDson.build/Debug-watchos/SIMDson-t.build/Objects-normal/arm64/SIMDson.SwiftFileList -DSWIFT_PACKAGE -DDEBUG -DSWIFT_MODULE_RESOURCE_BUNDLE_UNAVAILABLE -Xcc -fmodule-map-file\=/Users/admin/builder/spi-builder-workspace/.dependencies/checkouts/swift-numerics/Sources/_NumericsShims/include/module.modulemap -DXcode -Xfrontend -requirement-machine-max-rule-count\=8000 -plugin-path /Applications/Xcode-27.0.0-Release.Candidate.app/Contents/Developer/Toolchains/XcodeDefault.xctoolchain/usr/lib/swift/host/plugins/testing -enable-experimental-feature DebugDescriptionMacro -sdk /Applications/Xcode-27.0.0-Release.Candidate.app/Contents/Developer/Platforms/WatchOS.platform/Developer/SDKs/WatchOS27.0.sdk -target arm64-apple-watchos11.0 -g -module-cache-path /Users/admin/builder/spi-builder-workspace/.derivedData/ModuleCache.noindex -Xfrontend -serialize-debugging-options -profile-coverage-mapping -profile-generate -enable-testing -index-store-path /Users/admin/builder/spi-builder-workspace/.derivedData/Index.noindex/DataStore -Xcc -D_LIBCPP_HARDENING_MODE\=_LIBCPP_HARDENING_MODE_DEBUG -swift-version 6 -I /Users/admin/builder/spi-builder-workspace/.derivedData/Build/Products/Debug-watchos -Isystem /Applications/Xcode-27.0.0-Release.Candidate.app/Contents/Developer/Platforms/WatchOS.platform/Developer/usr/lib -F /Users/admin/builder/spi-builder-workspace/.derivedData/Build/Products/Debug-watchos/PackageFrameworks -F /Users/admin/builder/spi-builder-workspace/.derivedData/Build/Products/Debug-watchos -F /Applications/Xcode-27.0.0-Release.Candidate.app/Contents/Developer/Platforms/WatchOS.platform/Developer/Library/Frameworks -F /Applications/Xcode-27.0.0-Release.Candidate.app/Contents/Developer/Platforms/WatchOS.platform/Developer/SDKs/WatchOS27.0.sdk/Developer/Library/Frameworks -c -j10 -enable-batch-mode -incremental -Xcc -ivfsstatcache -Xcc /Users/admin/builder/spi-builder-workspace/.derivedData/SDKStatCaches.noindex/watchos27.0-24R360-e829b21a6f8c9b70876ba0858053c04477534ef55a1706bf4c1112bbb242f0a2.sdkstatcache -output-file-map /Users/admin/builder/spi-builder-workspace/.derivedData/Build/Intermediates.noindex/SIMDson.build/Debug-watchos/SIMDson-t.build/Objects-normal/arm64/SIMDson-OutputFileMap.json -save-temps -no-color-diagnostics -explicit-module-build -module-cache-path /Users/admin/builder/spi-builder-workspace/.derivedData/Build/Intermediates.noindex/SwiftExplicitPrecompiledModules -clang-scanner-module-cache-path /Users/admin/builder/spi-builder-workspace/.derivedData/ModuleCache.noindex -sdk-module-cache-path /Users/admin/builder/spi-builder-workspace/.derivedData/SDKExplicitPrecompiledModules -emit-dependencies -emit-module -emit-module-path /Users/admin/builder/spi-builder-workspace/.derivedData/Build/Intermediates.noindex/SIMDson.build/Debug-watchos/SIMDson-t.build/Objects-normal/arm64/SIMDson.swiftmodule -serialize-diagnostics -dependency-scan-serialize-diagnostics-path /Users/admin/builder/spi-builder-workspace/.derivedData/Build/Intermediates.noindex/SIMDson.build/Debug-watchos/SIMDson-t.build/Objects-normal/arm64/SIMDson-dependency-scan.dia -validate-clang-modules-once -clang-build-session-file /Users/admin/builder/spi-builder-workspace/.derivedData/ModuleCache.noindex/Session.modulevalidation -Xcc -fmodules-prune-interval\=86400 -Xcc -fmodules-prune-after\=345600 -package-name spi_builder_workspace -emit-const-values -const-gather-protocols-list /Users/admin/builder/spi-builder-workspace/.derivedData/Build/Intermediates.noindex/SIMDson.build/Debug-watchos/SIMDson-t.build/Objects-normal/arm64/SIMDson_const_extract_protocols.json -Xcc -I/Users/admin/builder/spi-builder-workspace/.dependencies/checkouts/swift-numerics/Sources/_NumericsShims/include -Xcc -I/Users/admin/builder/spi-builder-workspace/.derivedData/Build/Products/Debug-watchos/include -Xcc -I/Users/admin/builder/spi-builder-workspace/.derivedData/Build/Intermediates.noindex/SIMDson.build/Debug-watchos/SIMDson-t.build/DerivedSources-normal/arm64 -Xcc -I/Users/admin/builder/spi-builder-workspace/.derivedData/Build/Intermediates.noindex/SIMDson.build/Debug-watchos/SIMDson-t.build/DerivedSources/arm64 -Xcc -I/Users/admin/builder/spi-builder-workspace/.derivedData/Build/Intermediates.noindex/SIMDson.build/Debug-watchos/SIMDson-t.build/DerivedSources -Xcc -DSWIFT_PACKAGE -Xcc -DDEBUG\=1 -emit-objc-header -emit-objc-header-path /Users/admin/builder/spi-builder-workspace/.derivedData/Build/Intermediates.noindex/SIMDson.build/Debug-watchos/SIMDson-t.build/Objects-normal/arm64/SIMDson-Swift.h -working-directory /Users/admin/builder/spi-builder-workspace/.swiftpm/xcode -experimental-emit-module-separately -disable-cmo
CreateUniversalBinary /Users/admin/builder/spi-builder-workspace/.derivedData/Build/Products/Debug-watchos/Tuplé.o normal arm64\ arm64_32 (in target 'Tuplé' from project 'Tuplé')
cd /Users/admin/builder/spi-builder-workspace/.dependencies/checkouts/Tuplay
/Applications/Xcode-27.0.0-Release.Candidate.app/Contents/Developer/Toolchains/XcodeDefault.xctoolchain/usr/bin/lipo -create /Users/admin/builder/spi-builder-workspace/.derivedData/Build/Intermediates.noindex/Tuplé.build/Debug-watchos/Tuplé-t.build/Objects-normal/arm64/Binary/Tuplé.o /Users/admin/builder/spi-builder-workspace/.derivedData/Build/Intermediates.noindex/Tuplé.build/Debug-watchos/Tuplé-t.build/Objects-normal/arm64_32/Binary/Tuplé.o -output /Users/admin/builder/spi-builder-workspace/.derivedData/Build/Products/Debug-watchos/Tuplé.o
ExtractAppIntentsMetadata (in target 'Tuplé' from project 'Tuplé')
cd /Users/admin/builder/spi-builder-workspace/.dependencies/checkouts/Tuplay
/Applications/Xcode-27.0.0-Release.Candidate.app/Contents/Developer/Toolchains/XcodeDefault.xctoolchain/usr/bin/appintentsmetadataprocessor --toolchain-dir /var/run/com.apple.security.cryptexd/mnt/com.apple.MobileAsset.MetalToolchain-v27.1.266.1.jZKocf/Metal.xctoolchain --module-name Tuplé --sdk-root /Applications/Xcode-27.0.0-Release.Candidate.app/Contents/Developer/Platforms/WatchOS.platform/Developer/SDKs/WatchOS27.0.sdk --xcode-version 27A266a --platform-family watchOS --deployment-target 10.0 --bundle-identifier tuplay.Tupl- --output /Users/admin/builder/spi-builder-workspace/.derivedData/Build/Products/Debug-watchos/Tuplé.appintents --target-triple arm64-apple-watchos10.0 --target-triple arm64_32-apple-watchos10.0 --binary-file /Users/admin/builder/spi-builder-workspace/.derivedData/Build/Products/Debug-watchos/Tuplé.o --dependency-file /Users/admin/builder/spi-builder-workspace/.derivedData/Build/Intermediates.noindex/Tuplé.build/Debug-watchos/Tuplé-t.build/Objects-normal/arm64/Tuplé_dependency_info.dat --dependency-file /Users/admin/builder/spi-builder-workspace/.derivedData/Build/Intermediates.noindex/Tuplé.build/Debug-watchos/Tuplé-t.build/Objects-normal/arm64_32/Tuplé_dependency_info.dat --stringsdata-file /Users/admin/builder/spi-builder-workspace/.derivedData/Build/Intermediates.noindex/Tuplé.build/Debug-watchos/Tuplé-t.build/Objects-normal/arm64/ExtractedAppShortcutsMetadata.stringsdata --stringsdata-file /Users/admin/builder/spi-builder-workspace/.derivedData/Build/Intermediates.noindex/Tuplé.build/Debug-watchos/Tuplé-t.build/Objects-normal/arm64_32/ExtractedAppShortcutsMetadata.stringsdata --source-file-list /Users/admin/builder/spi-builder-workspace/.derivedData/Build/Intermediates.noindex/Tuplé.build/Debug-watchos/Tuplé-t.build/Objects-normal/arm64/Tuplé.SwiftFileList --source-file-list /Users/admin/builder/spi-builder-workspace/.derivedData/Build/Intermediates.noindex/Tuplé.build/Debug-watchos/Tuplé-t.build/Objects-normal/arm64_32/Tuplé.SwiftFileList --metadata-file-list /Users/admin/builder/spi-builder-workspace/.derivedData/Build/Intermediates.noindex/Tuplé.build/Debug-watchos/Tuplé-t.build/Tuplé.DependencyMetadataFileList --static-metadata-file-list /Users/admin/builder/spi-builder-workspace/.derivedData/Build/Intermediates.noindex/Tuplé.build/Debug-watchos/Tuplé-t.build/Tuplé.DependencyStaticMetadataFileList --swift-const-vals-list /Users/admin/builder/spi-builder-workspace/.derivedData/Build/Intermediates.noindex/Tuplé.build/Debug-watchos/Tuplé-t.build/Objects-normal/arm64/Tuplé.SwiftConstValuesFileList --swift-const-vals-list /Users/admin/builder/spi-builder-workspace/.derivedData/Build/Intermediates.noindex/Tuplé.build/Debug-watchos/Tuplé-t.build/Objects-normal/arm64_32/Tuplé.SwiftConstValuesFileList --force --compile-time-extraction --deployment-aware-processing --no-app-shortcuts-localization
2026-09-20 21:26:32.821 appintentsmetadataprocessor[1290:7610] Starting appintentsmetadataprocessor export
2026-09-20 21:26:32.909 appintentsmetadataprocessor[1290:7610] Extracted no relevant App Intents symbols, skipping writing output
SwiftDriverJobDiscovery normal arm64_32 Compiling Product.swift, RandomSample.swift, Reductions.swift (in target 'Algorithms' from project 'swift-algorithms')
SwiftDriverJobDiscovery normal arm64 Compiling FlattenCollection.swift, Grouped.swift, Indexed.swift (in target 'Algorithms' from project 'swift-algorithms')
SwiftDriverJobDiscovery normal arm64 Compiling Unique.swift, Windows.swift (in target 'Algorithms' from project 'swift-algorithms')
SwiftDriverJobDiscovery normal arm64 Compiling Intersperse.swift, Joined.swift, Keyed.swift (in target 'Algorithms' from project 'swift-algorithms')
SwiftDriverJobDiscovery normal arm64 Compiling Product.swift, RandomSample.swift, Reductions.swift (in target 'Algorithms' from project 'swift-algorithms')
SwiftDriver\ Compilation Algorithms normal arm64 com.apple.xcode.tools.swift.compiler (in target 'Algorithms' from project 'swift-algorithms')
cd /Users/admin/builder/spi-builder-workspace/.swiftpm/xcode
builtin-Swift-Compilation -- /Applications/Xcode-27.0.0-Release.Candidate.app/Contents/Developer/Toolchains/XcodeDefault.xctoolchain/usr/bin/swiftc -parse-as-library -module-name Algorithms -Onone @/Users/admin/builder/spi-builder-workspace/.derivedData/Build/Intermediates.noindex/swift-algorithms.build/Debug-watchos/Algorithms-t.build/Objects-normal/arm64/Algorithms.SwiftFileList -DSWIFT_PACKAGE -DDEBUG -DSWIFT_MODULE_RESOURCE_BUNDLE_UNAVAILABLE -Xcc -fmodule-map-file\=/Users/admin/builder/spi-builder-workspace/.dependencies/checkouts/swift-numerics/Sources/_NumericsShims/include/module.modulemap -DXcode -plugin-path /Applications/Xcode-27.0.0-Release.Candidate.app/Contents/Developer/Toolchains/XcodeDefault.xctoolchain/usr/lib/swift/host/plugins/testing -enable-experimental-feature DebugDescriptionMacro -sdk /Applications/Xcode-27.0.0-Release.Candidate.app/Contents/Developer/Platforms/WatchOS.platform/Developer/SDKs/WatchOS27.0.sdk -target arm64-apple-watchos9.0 -g -module-cache-path /Users/admin/builder/spi-builder-workspace/.derivedData/ModuleCache.noindex -Xfrontend -serialize-debugging-options -profile-coverage-mapping -profile-generate -enable-testing -suppress-warnings -index-store-path /Users/admin/builder/spi-builder-workspace/.derivedData/Index.noindex/DataStore -Xcc -D_LIBCPP_HARDENING_MODE\=_LIBCPP_HARDENING_MODE_DEBUG -swift-version 5 -I /Users/admin/builder/spi-builder-workspace/.derivedData/Build/Products/Debug-watchos -Isystem /Applications/Xcode-27.0.0-Release.Candidate.app/Contents/Developer/Platforms/WatchOS.platform/Developer/usr/lib -F /Users/admin/builder/spi-builder-workspace/.derivedData/Build/Products/Debug-watchos/PackageFrameworks -F /Users/admin/builder/spi-builder-workspace/.derivedData/Build/Products/Debug-watchos -F /Applications/Xcode-27.0.0-Release.Candidate.app/Contents/Developer/Platforms/WatchOS.platform/Developer/Library/Frameworks -F /Applications/Xcode-27.0.0-Release.Candidate.app/Contents/Developer/Platforms/WatchOS.platform/Developer/SDKs/WatchOS27.0.sdk/Developer/Library/Frameworks -c -j10 -enable-batch-mode -incremental -Xcc -ivfsstatcache -Xcc /Users/admin/builder/spi-builder-workspace/.derivedData/SDKStatCaches.noindex/watchos27.0-24R360-e829b21a6f8c9b70876ba0858053c04477534ef55a1706bf4c1112bbb242f0a2.sdkstatcache -output-file-map /Users/admin/builder/spi-builder-workspace/.derivedData/Build/Intermediates.noindex/swift-algorithms.build/Debug-watchos/Algorithms-t.build/Objects-normal/arm64/Algorithms-OutputFileMap.json -save-temps -no-color-diagnostics -explicit-module-build -module-cache-path /Users/admin/builder/spi-builder-workspace/.derivedData/Build/Intermediates.noindex/SwiftExplicitPrecompiledModules -clang-scanner-module-cache-path /Users/admin/builder/spi-builder-workspace/.derivedData/ModuleCache.noindex -sdk-module-cache-path /Users/admin/builder/spi-builder-workspace/.derivedData/SDKExplicitPrecompiledModules -emit-dependencies -emit-module -emit-module-path /Users/admin/builder/spi-builder-workspace/.derivedData/Build/Intermediates.noindex/swift-algorithms.build/Debug-watchos/Algorithms-t.build/Objects-normal/arm64/Algorithms.swiftmodule -serialize-diagnostics -dependency-scan-serialize-diagnostics-path /Users/admin/builder/spi-builder-workspace/.derivedData/Build/Intermediates.noindex/swift-algorithms.build/Debug-watchos/Algorithms-t.build/Objects-normal/arm64/Algorithms-dependency-scan.dia -validate-clang-modules-once -clang-build-session-file /Users/admin/builder/spi-builder-workspace/.derivedData/ModuleCache.noindex/Session.modulevalidation -Xcc -fmodules-prune-interval\=86400 -Xcc -fmodules-prune-after\=345600 -emit-const-values -const-gather-protocols-list /Users/admin/builder/spi-builder-workspace/.derivedData/Build/Intermediates.noindex/swift-algorithms.build/Debug-watchos/Algorithms-t.build/Objects-normal/arm64/Algorithms_const_extract_protocols.json -Xcc -I/Users/admin/builder/spi-builder-workspace/.dependencies/checkouts/swift-numerics/Sources/_NumericsShims/include -Xcc -I/Users/admin/builder/spi-builder-workspace/.derivedData/Build/Products/Debug-watchos/include -Xcc -I/Users/admin/builder/spi-builder-workspace/.derivedData/Build/Intermediates.noindex/swift-algorithms.build/Debug-watchos/Algorithms-t.build/DerivedSources-normal/arm64 -Xcc -I/Users/admin/builder/spi-builder-workspace/.derivedData/Build/Intermediates.noindex/swift-algorithms.build/Debug-watchos/Algorithms-t.build/DerivedSources/arm64 -Xcc -I/Users/admin/builder/spi-builder-workspace/.derivedData/Build/Intermediates.noindex/swift-algorithms.build/Debug-watchos/Algorithms-t.build/DerivedSources -Xcc -DSWIFT_PACKAGE -Xcc -DDEBUG\=1 -emit-objc-header -emit-objc-header-path /Users/admin/builder/spi-builder-workspace/.derivedData/Build/Intermediates.noindex/swift-algorithms.build/Debug-watchos/Algorithms-t.build/Objects-normal/arm64/Algorithms-Swift.h -working-directory /Users/admin/builder/spi-builder-workspace/.swiftpm/xcode -experimental-emit-module-separately -disable-cmo
Ld /Users/admin/builder/spi-builder-workspace/.derivedData/Build/Intermediates.noindex/swift-algorithms.build/Debug-watchos/Algorithms-t.build/Objects-normal/arm64/Binary/Algorithms.o normal arm64 (in target 'Algorithms' from project 'swift-algorithms')
cd /Users/admin/builder/spi-builder-workspace/.dependencies/checkouts/swift-algorithms
/Applications/Xcode-27.0.0-Release.Candidate.app/Contents/Developer/Toolchains/XcodeDefault.xctoolchain/usr/bin/clang -Xlinker -reproducible -target arm64-apple-watchos9.0 -r -isysroot /Applications/Xcode-27.0.0-Release.Candidate.app/Contents/Developer/Platforms/WatchOS.platform/Developer/SDKs/WatchOS27.0.sdk -O0 -w -Xlinker -no_warn_duplicate_libraries -F/Users/admin/builder/spi-builder-workspace/.derivedData/Build/Intermediates.noindex/EagerLinkingTBDs/Debug-watchos -F/Users/admin/builder/spi-builder-workspace/.derivedData/Build/Products/Debug-watchos/PackageFrameworks -F/Users/admin/builder/spi-builder-workspace/.derivedData/Build/Products/Debug-watchos -iframework /Applications/Xcode-27.0.0-Release.Candidate.app/Contents/Developer/Platforms/WatchOS.platform/Developer/Library/Frameworks -iframework /Applications/Xcode-27.0.0-Release.Candidate.app/Contents/Developer/Platforms/WatchOS.platform/Developer/SDKs/WatchOS27.0.sdk/Developer/Library/Frameworks -filelist /Users/admin/builder/spi-builder-workspace/.derivedData/Build/Intermediates.noindex/swift-algorithms.build/Debug-watchos/Algorithms-t.build/Objects-normal/arm64/Algorithms.LinkFileList -nostdlib -Xlinker -object_path_lto -Xlinker /Users/admin/builder/spi-builder-workspace/.derivedData/Build/Intermediates.noindex/swift-algorithms.build/Debug-watchos/Algorithms-t.build/Objects-normal/arm64/Algorithms_lto.o -Xlinker -no_deduplicate -Xlinker -debug_variant -Xlinker -dependency_info -Xlinker /Users/admin/builder/spi-builder-workspace/.derivedData/Build/Intermediates.noindex/swift-algorithms.build/Debug-watchos/Algorithms-t.build/Objects-normal/arm64/Algorithms_dependency_info.dat -fobjc-link-runtime -L/Applications/Xcode-27.0.0-Release.Candidate.app/Contents/Developer/Toolchains/XcodeDefault.xctoolchain/usr/lib/swift/watchos -L/usr/lib/swift -Xlinker -add_ast_path -Xlinker /Users/admin/builder/spi-builder-workspace/.derivedData/Build/Intermediates.noindex/swift-algorithms.build/Debug-watchos/Algorithms-t.build/Objects-normal/arm64/Algorithms.swiftmodule -o /Users/admin/builder/spi-builder-workspace/.derivedData/Build/Intermediates.noindex/swift-algorithms.build/Debug-watchos/Algorithms-t.build/Objects-normal/arm64/Binary/Algorithms.o
SwiftDriverJobDiscovery normal arm64_32 Compiling AdjacentPairs.swift, Chain.swift, Chunked.swift (in target 'Algorithms' from project 'swift-algorithms')
SwiftDriver\ Compilation Algorithms normal arm64_32 com.apple.xcode.tools.swift.compiler (in target 'Algorithms' from project 'swift-algorithms')
cd /Users/admin/builder/spi-builder-workspace/.swiftpm/xcode
builtin-Swift-Compilation -- /Applications/Xcode-27.0.0-Release.Candidate.app/Contents/Developer/Toolchains/XcodeDefault.xctoolchain/usr/bin/swiftc -parse-as-library -module-name Algorithms -Onone @/Users/admin/builder/spi-builder-workspace/.derivedData/Build/Intermediates.noindex/swift-algorithms.build/Debug-watchos/Algorithms-t.build/Objects-normal/arm64_32/Algorithms.SwiftFileList -DSWIFT_PACKAGE -DDEBUG -DSWIFT_MODULE_RESOURCE_BUNDLE_UNAVAILABLE -Xcc -fmodule-map-file\=/Users/admin/builder/spi-builder-workspace/.dependencies/checkouts/swift-numerics/Sources/_NumericsShims/include/module.modulemap -DXcode -plugin-path /Applications/Xcode-27.0.0-Release.Candidate.app/Contents/Developer/Toolchains/XcodeDefault.xctoolchain/usr/lib/swift/host/plugins/testing -enable-experimental-feature DebugDescriptionMacro -sdk /Applications/Xcode-27.0.0-Release.Candidate.app/Contents/Developer/Platforms/WatchOS.platform/Developer/SDKs/WatchOS27.0.sdk -target arm64_32-apple-watchos9.0 -g -module-cache-path /Users/admin/builder/spi-builder-workspace/.derivedData/ModuleCache.noindex -Xfrontend -serialize-debugging-options -profile-coverage-mapping -profile-generate -enable-testing -suppress-warnings -index-store-path /Users/admin/builder/spi-builder-workspace/.derivedData/Index.noindex/DataStore -Xcc -D_LIBCPP_HARDENING_MODE\=_LIBCPP_HARDENING_MODE_DEBUG -swift-version 5 -I /Users/admin/builder/spi-builder-workspace/.derivedData/Build/Products/Debug-watchos -Isystem /Applications/Xcode-27.0.0-Release.Candidate.app/Contents/Developer/Platforms/WatchOS.platform/Developer/usr/lib -F /Users/admin/builder/spi-builder-workspace/.derivedData/Build/Products/Debug-watchos/PackageFrameworks -F /Users/admin/builder/spi-builder-workspace/.derivedData/Build/Products/Debug-watchos -F /Applications/Xcode-27.0.0-Release.Candidate.app/Contents/Developer/Platforms/WatchOS.platform/Developer/Library/Frameworks -F /Applications/Xcode-27.0.0-Release.Candidate.app/Contents/Developer/Platforms/WatchOS.platform/Developer/SDKs/WatchOS27.0.sdk/Developer/Library/Frameworks -c -j10 -enable-batch-mode -incremental -Xcc -ivfsstatcache -Xcc /Users/admin/builder/spi-builder-workspace/.derivedData/SDKStatCaches.noindex/watchos27.0-24R360-e829b21a6f8c9b70876ba0858053c04477534ef55a1706bf4c1112bbb242f0a2.sdkstatcache -output-file-map /Users/admin/builder/spi-builder-workspace/.derivedData/Build/Intermediates.noindex/swift-algorithms.build/Debug-watchos/Algorithms-t.build/Objects-normal/arm64_32/Algorithms-OutputFileMap.json -save-temps -no-color-diagnostics -explicit-module-build -module-cache-path /Users/admin/builder/spi-builder-workspace/.derivedData/Build/Intermediates.noindex/SwiftExplicitPrecompiledModules -clang-scanner-module-cache-path /Users/admin/builder/spi-builder-workspace/.derivedData/ModuleCache.noindex -sdk-module-cache-path /Users/admin/builder/spi-builder-workspace/.derivedData/SDKExplicitPrecompiledModules -emit-dependencies -emit-module -emit-module-path /Users/admin/builder/spi-builder-workspace/.derivedData/Build/Intermediates.noindex/swift-algorithms.build/Debug-watchos/Algorithms-t.build/Objects-normal/arm64_32/Algorithms.swiftmodule -serialize-diagnostics -dependency-scan-serialize-diagnostics-path /Users/admin/builder/spi-builder-workspace/.derivedData/Build/Intermediates.noindex/swift-algorithms.build/Debug-watchos/Algorithms-t.build/Objects-normal/arm64_32/Algorithms-dependency-scan.dia -validate-clang-modules-once -clang-build-session-file /Users/admin/builder/spi-builder-workspace/.derivedData/ModuleCache.noindex/Session.modulevalidation -Xcc -fmodules-prune-interval\=86400 -Xcc -fmodules-prune-after\=345600 -emit-const-values -const-gather-protocols-list /Users/admin/builder/spi-builder-workspace/.derivedData/Build/Intermediates.noindex/swift-algorithms.build/Debug-watchos/Algorithms-t.build/Objects-normal/arm64_32/Algorithms_const_extract_protocols.json -Xcc -I/Users/admin/builder/spi-builder-workspace/.dependencies/checkouts/swift-numerics/Sources/_NumericsShims/include -Xcc -I/Users/admin/builder/spi-builder-workspace/.derivedData/Build/Products/Debug-watchos/include -Xcc -I/Users/admin/builder/spi-builder-workspace/.derivedData/Build/Intermediates.noindex/swift-algorithms.build/Debug-watchos/Algorithms-t.build/DerivedSources-normal/arm64_32 -Xcc -I/Users/admin/builder/spi-builder-workspace/.derivedData/Build/Intermediates.noindex/swift-algorithms.build/Debug-watchos/Algorithms-t.build/DerivedSources/arm64_32 -Xcc -I/Users/admin/builder/spi-builder-workspace/.derivedData/Build/Intermediates.noindex/swift-algorithms.build/Debug-watchos/Algorithms-t.build/DerivedSources -Xcc -DSWIFT_PACKAGE -Xcc -DDEBUG\=1 -emit-objc-header -emit-objc-header-path /Users/admin/builder/spi-builder-workspace/.derivedData/Build/Intermediates.noindex/swift-algorithms.build/Debug-watchos/Algorithms-t.build/Objects-normal/arm64_32/Algorithms-Swift.h -working-directory /Users/admin/builder/spi-builder-workspace/.swiftpm/xcode -experimental-emit-module-separately -disable-cmo
Ld /Users/admin/builder/spi-builder-workspace/.derivedData/Build/Intermediates.noindex/swift-algorithms.build/Debug-watchos/Algorithms-t.build/Objects-normal/arm64_32/Binary/Algorithms.o normal arm64_32 (in target 'Algorithms' from project 'swift-algorithms')
cd /Users/admin/builder/spi-builder-workspace/.dependencies/checkouts/swift-algorithms
/Applications/Xcode-27.0.0-Release.Candidate.app/Contents/Developer/Toolchains/XcodeDefault.xctoolchain/usr/bin/clang -Xlinker -reproducible -target arm64_32-apple-watchos9.0 -r -isysroot /Applications/Xcode-27.0.0-Release.Candidate.app/Contents/Developer/Platforms/WatchOS.platform/Developer/SDKs/WatchOS27.0.sdk -O0 -w -Xlinker -no_warn_duplicate_libraries -F/Users/admin/builder/spi-builder-workspace/.derivedData/Build/Intermediates.noindex/EagerLinkingTBDs/Debug-watchos -F/Users/admin/builder/spi-builder-workspace/.derivedData/Build/Products/Debug-watchos/PackageFrameworks -F/Users/admin/builder/spi-builder-workspace/.derivedData/Build/Products/Debug-watchos -iframework /Applications/Xcode-27.0.0-Release.Candidate.app/Contents/Developer/Platforms/WatchOS.platform/Developer/Library/Frameworks -iframework /Applications/Xcode-27.0.0-Release.Candidate.app/Contents/Developer/Platforms/WatchOS.platform/Developer/SDKs/WatchOS27.0.sdk/Developer/Library/Frameworks -filelist /Users/admin/builder/spi-builder-workspace/.derivedData/Build/Intermediates.noindex/swift-algorithms.build/Debug-watchos/Algorithms-t.build/Objects-normal/arm64_32/Algorithms.LinkFileList -nostdlib -Xlinker -object_path_lto -Xlinker /Users/admin/builder/spi-builder-workspace/.derivedData/Build/Intermediates.noindex/swift-algorithms.build/Debug-watchos/Algorithms-t.build/Objects-normal/arm64_32/Algorithms_lto.o -Xlinker -no_deduplicate -Xlinker -debug_variant -Xlinker -dependency_info -Xlinker /Users/admin/builder/spi-builder-workspace/.derivedData/Build/Intermediates.noindex/swift-algorithms.build/Debug-watchos/Algorithms-t.build/Objects-normal/arm64_32/Algorithms_dependency_info.dat -fobjc-link-runtime -L/Applications/Xcode-27.0.0-Release.Candidate.app/Contents/Developer/Toolchains/XcodeDefault.xctoolchain/usr/lib/swift/watchos -L/usr/lib/swift -Xlinker -add_ast_path -Xlinker /Users/admin/builder/spi-builder-workspace/.derivedData/Build/Intermediates.noindex/swift-algorithms.build/Debug-watchos/Algorithms-t.build/Objects-normal/arm64_32/Algorithms.swiftmodule -o /Users/admin/builder/spi-builder-workspace/.derivedData/Build/Intermediates.noindex/swift-algorithms.build/Debug-watchos/Algorithms-t.build/Objects-normal/arm64_32/Binary/Algorithms.o
CreateUniversalBinary /Users/admin/builder/spi-builder-workspace/.derivedData/Build/Products/Debug-watchos/Algorithms.o normal arm64\ arm64_32 (in target 'Algorithms' from project 'swift-algorithms')
cd /Users/admin/builder/spi-builder-workspace/.dependencies/checkouts/swift-algorithms
/Applications/Xcode-27.0.0-Release.Candidate.app/Contents/Developer/Toolchains/XcodeDefault.xctoolchain/usr/bin/lipo -create /Users/admin/builder/spi-builder-workspace/.derivedData/Build/Intermediates.noindex/swift-algorithms.build/Debug-watchos/Algorithms-t.build/Objects-normal/arm64/Binary/Algorithms.o /Users/admin/builder/spi-builder-workspace/.derivedData/Build/Intermediates.noindex/swift-algorithms.build/Debug-watchos/Algorithms-t.build/Objects-normal/arm64_32/Binary/Algorithms.o -output /Users/admin/builder/spi-builder-workspace/.derivedData/Build/Products/Debug-watchos/Algorithms.o
ExtractAppIntentsMetadata (in target 'Algorithms' from project 'swift-algorithms')
cd /Users/admin/builder/spi-builder-workspace/.dependencies/checkouts/swift-algorithms
/Applications/Xcode-27.0.0-Release.Candidate.app/Contents/Developer/Toolchains/XcodeDefault.xctoolchain/usr/bin/appintentsmetadataprocessor --toolchain-dir /var/run/com.apple.security.cryptexd/mnt/com.apple.MobileAsset.MetalToolchain-v27.1.266.1.jZKocf/Metal.xctoolchain --module-name Algorithms --sdk-root /Applications/Xcode-27.0.0-Release.Candidate.app/Contents/Developer/Platforms/WatchOS.platform/Developer/SDKs/WatchOS27.0.sdk --xcode-version 27A266a --platform-family watchOS --deployment-target 9.0 --bundle-identifier swift-algorithms.Algorithms --output /Users/admin/builder/spi-builder-workspace/.derivedData/Build/Products/Debug-watchos/Algorithms.appintents --target-triple arm64-apple-watchos9.0 --target-triple arm64_32-apple-watchos9.0 --binary-file /Users/admin/builder/spi-builder-workspace/.derivedData/Build/Products/Debug-watchos/Algorithms.o --dependency-file /Users/admin/builder/spi-builder-workspace/.derivedData/Build/Intermediates.noindex/swift-algorithms.build/Debug-watchos/Algorithms-t.build/Objects-normal/arm64/Algorithms_dependency_info.dat --dependency-file /Users/admin/builder/spi-builder-workspace/.derivedData/Build/Intermediates.noindex/swift-algorithms.build/Debug-watchos/Algorithms-t.build/Objects-normal/arm64_32/Algorithms_dependency_info.dat --stringsdata-file /Users/admin/builder/spi-builder-workspace/.derivedData/Build/Intermediates.noindex/swift-algorithms.build/Debug-watchos/Algorithms-t.build/Objects-normal/arm64/ExtractedAppShortcutsMetadata.stringsdata --stringsdata-file /Users/admin/builder/spi-builder-workspace/.derivedData/Build/Intermediates.noindex/swift-algorithms.build/Debug-watchos/Algorithms-t.build/Objects-normal/arm64_32/ExtractedAppShortcutsMetadata.stringsdata --source-file-list /Users/admin/builder/spi-builder-workspace/.derivedData/Build/Intermediates.noindex/swift-algorithms.build/Debug-watchos/Algorithms-t.build/Objects-normal/arm64/Algorithms.SwiftFileList --source-file-list /Users/admin/builder/spi-builder-workspace/.derivedData/Build/Intermediates.noindex/swift-algorithms.build/Debug-watchos/Algorithms-t.build/Objects-normal/arm64_32/Algorithms.SwiftFileList --metadata-file-list /Users/admin/builder/spi-builder-workspace/.derivedData/Build/Intermediates.noindex/swift-algorithms.build/Debug-watchos/Algorithms-t.build/Algorithms.DependencyMetadataFileList --static-metadata-file-list /Users/admin/builder/spi-builder-workspace/.derivedData/Build/Intermediates.noindex/swift-algorithms.build/Debug-watchos/Algorithms-t.build/Algorithms.DependencyStaticMetadataFileList --swift-const-vals-list /Users/admin/builder/spi-builder-workspace/.derivedData/Build/Intermediates.noindex/swift-algorithms.build/Debug-watchos/Algorithms-t.build/Objects-normal/arm64/Algorithms.SwiftConstValuesFileList --swift-const-vals-list /Users/admin/builder/spi-builder-workspace/.derivedData/Build/Intermediates.noindex/swift-algorithms.build/Debug-watchos/Algorithms-t.build/Objects-normal/arm64_32/Algorithms.SwiftConstValuesFileList --force --compile-time-extraction --deployment-aware-processing --no-app-shortcuts-localization
2026-09-20 21:26:33.248 appintentsmetadataprocessor[1296:7730] Starting appintentsmetadataprocessor export
2026-09-20 21:26:33.312 appintentsmetadataprocessor[1296:7730] Extracted no relevant App Intents symbols, skipping writing output
SwiftExplicitDependencyGeneratePcm arm64 /Users/admin/builder/spi-builder-workspace/.derivedData/SDKExplicitPrecompiledModules/_Builtin_float-E4M4A8689VXF1T7P7BV56IKBT.pcm
SwiftExplicitDependencyGeneratePcm arm64 /Users/admin/builder/spi-builder-workspace/.derivedData/SDKExplicitPrecompiledModules/ptrauth-C7VQASAJ967Q4Q6SRD4I3CFWZ.pcm
SwiftExplicitDependencyGeneratePcm arm64 /Users/admin/builder/spi-builder-workspace/.derivedData/Build/Intermediates.noindex/SwiftExplicitPrecompiledModules/_NumericsShims-DQE6AG6T5W28WXZJH5JSNELR2.pcm
SwiftExplicitDependencyGeneratePcm arm64 /Users/admin/builder/spi-builder-workspace/.derivedData/SDKExplicitPrecompiledModules/_Builtin_stdarg-3X4KLXUYEI0UGBILP4X7D0CYW.pcm
SwiftExplicitDependencyGeneratePcm arm64 /Users/admin/builder/spi-builder-workspace/.derivedData/SDKExplicitPrecompiledModules/ptrcheck-8K07997SIHO7YGY7UQ3LOQ3TJ.pcm
SwiftExplicitDependencyGeneratePcm arm64 /Users/admin/builder/spi-builder-workspace/.derivedData/SDKExplicitPrecompiledModules/_Builtin_stddef-5OH846KKUPSJJT7GCX9XU1TKG.pcm
SwiftExplicitDependencyGeneratePcm arm64 /Users/admin/builder/spi-builder-workspace/.derivedData/SDKExplicitPrecompiledModules/_AvailabilityInternal-42EVAC8Q6P1ZT6G3A168N97G4.pcm
SwiftExplicitDependencyGeneratePcm arm64 /Users/admin/builder/spi-builder-workspace/.derivedData/SDKExplicitPrecompiledModules/_Builtin_stdbool-B692L2PMR118794VVYBG37897.pcm
SwiftExplicitDependencyGeneratePcm arm64_32 /Users/admin/builder/spi-builder-workspace/.derivedData/Build/Intermediates.noindex/SwiftExplicitPrecompiledModules/_NumericsShims-BIA1Z915FTB8UQLF5PIU6U7VR.pcm
SwiftExplicitDependencyGeneratePcm arm64_32 /Users/admin/builder/spi-builder-workspace/.derivedData/SDKExplicitPrecompiledModules/ptrcheck-EAZ3I917ZFA9H6ZCL6PGLG4TR.pcm
SwiftExplicitDependencyGeneratePcm arm64_32 /Users/admin/builder/spi-builder-workspace/.derivedData/SDKExplicitPrecompiledModules/_AvailabilityInternal-22ZP1ILSQW16KHXZS5GBZHOCS.pcm
SwiftExplicitDependencyGeneratePcm arm64_32 /Users/admin/builder/spi-builder-workspace/.derivedData/SDKExplicitPrecompiledModules/_Builtin_stdarg-EYJP6DFYQL9GJLH1TJ84A8MHV.pcm
SwiftExplicitDependencyGeneratePcm arm64_32 /Users/admin/builder/spi-builder-workspace/.derivedData/SDKExplicitPrecompiledModules/_Builtin_stdbool-84ZA1VDW90AGWZ2LF5KOCM8DZ.pcm
SwiftExplicitDependencyGeneratePcm arm64_32 /Users/admin/builder/spi-builder-workspace/.derivedData/SDKExplicitPrecompiledModules/ptrauth-EW7YZZ7LEZE1QZF2T8148IPSA.pcm
SwiftExplicitDependencyGeneratePcm arm64_32 /Users/admin/builder/spi-builder-workspace/.derivedData/SDKExplicitPrecompiledModules/_Builtin_stddef-2F9BFIPBQ5EWNSK5G7G7V4EKL.pcm
SwiftExplicitDependencyGeneratePcm arm64_32 /Users/admin/builder/spi-builder-workspace/.derivedData/SDKExplicitPrecompiledModules/_Builtin_float-372PLGDQ1U3B6Z5EA5DJMDORJ.pcm
SwiftExplicitDependencyGeneratePcm arm64 /Users/admin/builder/spi-builder-workspace/.derivedData/SDKExplicitPrecompiledModules/_DarwinFoundation1-7YQ9TVI7XTOGQU9OADRXP33D1.pcm
SwiftExplicitDependencyGeneratePcm arm64_32 /Users/admin/builder/spi-builder-workspace/.derivedData/SDKExplicitPrecompiledModules/_DarwinFoundation1-5SNIO0SFHX9KJZTLQGIPAPXUZ.pcm
SwiftExplicitDependencyGeneratePcm arm64 /Users/admin/builder/spi-builder-workspace/.derivedData/SDKExplicitPrecompiledModules/_Builtin_limits-75TRA1C7IHYOFCG3KJXQVTHJ4.pcm
SwiftExplicitDependencyGeneratePcm arm64 /Users/admin/builder/spi-builder-workspace/.derivedData/SDKExplicitPrecompiledModules/_DarwinFoundation2-CUPL4FH2SA95GMALQP4M6O8UA.pcm
SwiftExplicitDependencyGeneratePcm arm64_32 /Users/admin/builder/spi-builder-workspace/.derivedData/SDKExplicitPrecompiledModules/_Builtin_limits-AQMEC9CLG0FZQN6TLGDQ6WF78.pcm
SwiftExplicitDependencyGeneratePcm arm64_32 /Users/admin/builder/spi-builder-workspace/.derivedData/SDKExplicitPrecompiledModules/_DarwinFoundation2-FP2Q8F1Q2HR151SBYKTU6Q8B.pcm
SwiftExplicitDependencyGeneratePcm arm64 /Users/admin/builder/spi-builder-workspace/.derivedData/SDKExplicitPrecompiledModules/string_h-4N9Z22C0HUO8GV7GFPCLZRZA2.pcm
SwiftExplicitDependencyGeneratePcm arm64 /Users/admin/builder/spi-builder-workspace/.derivedData/SDKExplicitPrecompiledModules/_Builtin_tgmath-7JP2AE1NQHA1DV5JYP2OHQ3BF.pcm
SwiftExplicitDependencyGeneratePcm arm64 /Users/admin/builder/spi-builder-workspace/.derivedData/SDKExplicitPrecompiledModules/sys_types-9KPVYINL86WUSHF45TU8PWZZ1.pcm
SwiftExplicitDependencyGeneratePcm arm64 /Users/admin/builder/spi-builder-workspace/.derivedData/SDKExplicitPrecompiledModules/_Builtin_stdint-6TUACK4YPMARFT56PLIO388SJ.pcm
SwiftExplicitDependencyGeneratePcm arm64_32 /Users/admin/builder/spi-builder-workspace/.derivedData/SDKExplicitPrecompiledModules/_Builtin_tgmath-414CVW1GW3IL0HRLCNNCS6Q0U.pcm
SwiftExplicitDependencyGeneratePcm arm64_32 /Users/admin/builder/spi-builder-workspace/.derivedData/SDKExplicitPrecompiledModules/string_h-8QY7P4ZQXQAF14WVDITTM4R70.pcm
SwiftExplicitDependencyGeneratePcm arm64_32 /Users/admin/builder/spi-builder-workspace/.derivedData/SDKExplicitPrecompiledModules/sys_types-65NN51P1G7GN2GUAUPC53JJ7N.pcm
SwiftExplicitDependencyGeneratePcm arm64_32 /Users/admin/builder/spi-builder-workspace/.derivedData/SDKExplicitPrecompiledModules/_Builtin_stdint-6IWJLTRH2WB6RCG4THPA65RDS.pcm
SwiftExplicitDependencyGeneratePcm arm64 /Users/admin/builder/spi-builder-workspace/.derivedData/SDKExplicitPrecompiledModules/_Builtin_intrinsics-SQV576LJA0QE7RW5HF7CQ1BX.pcm
SwiftExplicitDependencyGeneratePcm arm64 /Users/admin/builder/spi-builder-workspace/.derivedData/SDKExplicitPrecompiledModules/_DarwinFoundation3-EJXZKD8LN9EYM9OWP9VLJ49PK.pcm
SwiftExplicitDependencyGeneratePcm arm64_32 /Users/admin/builder/spi-builder-workspace/.derivedData/SDKExplicitPrecompiledModules/_Builtin_intrinsics-2K07JIG9ZANIKHSNPO3O6L1K6.pcm
SwiftExplicitDependencyGeneratePcm arm64_32 /Users/admin/builder/spi-builder-workspace/.derivedData/SDKExplicitPrecompiledModules/_DarwinFoundation3-3YOBOPIW2MF1LRNQH7JBUBY4G.pcm
SwiftExplicitDependencyGeneratePcm arm64 /Users/admin/builder/spi-builder-workspace/.derivedData/SDKExplicitPrecompiledModules/_Builtin_inttypes-86YTNV5YADPJXFMJ82N3R4GWQ.pcm
SwiftExplicitDependencyGeneratePcm arm64_32 /Users/admin/builder/spi-builder-workspace/.derivedData/SDKExplicitPrecompiledModules/_Builtin_inttypes-BPZJ68HW1IMYWSHROAZ0IMUJP.pcm
SwiftExplicitDependencyGeneratePcm arm64 /Users/admin/builder/spi-builder-workspace/.derivedData/SDKExplicitPrecompiledModules/Darwin-CSB8C43KELVSFIQVR0803IZPN.pcm
SwiftExplicitDependencyGeneratePcm arm64_32 /Users/admin/builder/spi-builder-workspace/.derivedData/SDKExplicitPrecompiledModules/Darwin-10D35ZJWCWG7LJAF579U7I5V7.pcm
SwiftExplicitDependencyGeneratePcm arm64 /Users/admin/builder/spi-builder-workspace/.derivedData/SDKExplicitPrecompiledModules/simd-2C11HKTI5TJB05T724EWNFZXD.pcm
SwiftExplicitDependencyGeneratePcm arm64_32 /Users/admin/builder/spi-builder-workspace/.derivedData/SDKExplicitPrecompiledModules/simd-1W6O8NR1QUSWJGAN44DNNWVHX.pcm
SwiftExplicitDependencyGeneratePcm arm64 /Users/admin/builder/spi-builder-workspace/.derivedData/SDKExplicitPrecompiledModules/ObjectiveC-22CZPC4WYQC9G8T393WT2KKLW.pcm
SwiftExplicitDependencyGeneratePcm arm64_32 /Users/admin/builder/spi-builder-workspace/.derivedData/SDKExplicitPrecompiledModules/ObjectiveC-71AGZNHLBMR2QK817EJNUN54E.pcm
SwiftExplicitDependencyGeneratePcm arm64 /Users/admin/builder/spi-builder-workspace/.derivedData/SDKExplicitPrecompiledModules/os_object-6KYGGZ4DPVZ3BBAZ6QICZN8LI.pcm
SwiftExplicitDependencyGeneratePcm arm64_32 /Users/admin/builder/spi-builder-workspace/.derivedData/SDKExplicitPrecompiledModules/os_object-CTXVQBCWDOH6JHUXIFDUOWFRL.pcm
SwiftExplicitDependencyGeneratePcm arm64 /Users/admin/builder/spi-builder-workspace/.derivedData/SDKExplicitPrecompiledModules/os_workgroup-AHE7ULDQBKER38CYPIKDTZF4M.pcm
SwiftExplicitDependencyGeneratePcm arm64_32 /Users/admin/builder/spi-builder-workspace/.derivedData/SDKExplicitPrecompiledModules/os_workgroup-9L9R05BT5LTFRZ2NM68BZTVV2.pcm
SwiftExplicitDependencyGeneratePcm arm64 /Users/admin/builder/spi-builder-workspace/.derivedData/SDKExplicitPrecompiledModules/Spatial-EZKKX4XFW72RZCTOIG80Z93AP.pcm
SwiftExplicitDependencyGeneratePcm arm64 /Users/admin/builder/spi-builder-workspace/.derivedData/SDKExplicitPrecompiledModules/Dispatch-39VR0G01IUJ09PQKMFGOHXZ4L.pcm
SwiftExplicitDependencyGeneratePcm arm64_32 /Users/admin/builder/spi-builder-workspace/.derivedData/SDKExplicitPrecompiledModules/Dispatch-CGIMI9KQKHNRQHR2IECIPRG14.pcm
SwiftExplicitDependencyGeneratePcm arm64_32 /Users/admin/builder/spi-builder-workspace/.derivedData/SDKExplicitPrecompiledModules/Spatial-4XS0QRL16224ZE9KE9TMKASKT.pcm
SwiftExplicitDependencyGeneratePcm arm64 /Users/admin/builder/spi-builder-workspace/.derivedData/SDKExplicitPrecompiledModules/XPC-650JAZBTM6I0OMHYO6CKM0CWJ.pcm
SwiftExplicitDependencyGeneratePcm arm64 /Users/admin/builder/spi-builder-workspace/.derivedData/SDKExplicitPrecompiledModules/CoreFoundation-59XKO8YNRGGYNC5U5LK8B4EM.pcm
SwiftExplicitDependencyGeneratePcm arm64_32 /Users/admin/builder/spi-builder-workspace/.derivedData/SDKExplicitPrecompiledModules/XPC-7SLKI45KYLKXH9QET2WYS3UZ4.pcm
SwiftExplicitDependencyGeneratePcm arm64_32 /Users/admin/builder/spi-builder-workspace/.derivedData/SDKExplicitPrecompiledModules/CoreFoundation-76B9WJP9MDYT33HZQVSNNZQZD.pcm
SwiftExplicitDependencyGeneratePcm arm64 /Users/admin/builder/spi-builder-workspace/.derivedData/SDKExplicitPrecompiledModules/Security-69WNGEAVQP55EDBQHP3BLE8QU.pcm
SwiftExplicitDependencyGeneratePcm arm64 /Users/admin/builder/spi-builder-workspace/.derivedData/SDKExplicitPrecompiledModules/CoreGraphics-5488DA9QVJJ7QOFXPYOYIYFUX.pcm
SwiftExplicitDependencyGeneratePcm arm64_32 /Users/admin/builder/spi-builder-workspace/.derivedData/SDKExplicitPrecompiledModules/CoreGraphics-A4WOQTM8SYZAQP223LI6RRPEK.pcm
SwiftExplicitDependencyGeneratePcm arm64_32 /Users/admin/builder/spi-builder-workspace/.derivedData/SDKExplicitPrecompiledModules/Security-1W411BS4UH2UNMNII2341429S.pcm
SwiftExplicitDependencyGeneratePcm arm64 /Users/admin/builder/spi-builder-workspace/.derivedData/SDKExplicitPrecompiledModules/Foundation-B3IXODHI7VO4VRX2RWRXLVJZT.pcm
SwiftExplicitDependencyGeneratePcm arm64_32 /Users/admin/builder/spi-builder-workspace/.derivedData/SDKExplicitPrecompiledModules/Foundation-AIQ30TCDC2B0LBUU6FPQZ0HWI.pcm
SwiftEmitModule normal arm64 Emitting\ module\ for\ SIMDson (in target 'SIMDson' from project 'SIMDson')
SwiftCompile normal arm64 (in target 'SIMDson' from project 'SIMDson')
cd /Users/admin/builder/spi-builder-workspace/.swiftpm/xcode
/Users/admin/builder/spi-builder-workspace/Sources/FloatingPoint/Matrix/Matrix3x3.swift:11:37: warning: capture of non-Sendable type '(some BinaryFloatingPoint).Type' in an isolated closure [#SendableMetatypes]
9 | /// Creates a new matrix with the specified columns.
10 | @inlinable init(columns: Vectuple3<SIMD3<some BinaryFloatingPoint>>) {
11 | self.init(columns: map(columns)(SIMD3.init))
| `- warning: capture of non-Sendable type '(some BinaryFloatingPoint).Type' in an isolated closure [#SendableMetatypes]
12 | }
13 |
/Users/admin/builder/spi-builder-workspace/Sources/FloatingPoint/Matrix/Matrix4x4.swift:11:37: warning: capture of non-Sendable type '(some BinaryFloatingPoint).Type' in an isolated closure [#SendableMetatypes]
9 | /// Creates a new matrix with the specified columns.
10 | @inlinable init(columns: Vectuple4<SIMD4<some BinaryFloatingPoint>>) {
11 | self.init(columns: map(columns)(SIMD4.init))
| `- warning: capture of non-Sendable type '(some BinaryFloatingPoint).Type' in an isolated closure [#SendableMetatypes]
12 | }
13 | }
[#SendableMetatypes]: <https://docs.swift.org/compiler/documentation/diagnostics/sendable-metatypes>
SwiftCompile normal arm64 Compiling\ Core\ Graphics\ vectors.swift,\ Orthotope.swift /Users/admin/builder/spi-builder-workspace/Sources/Orthotope/>\ 1D/Core\ Graphics/Core\ Graphics\ vectors.swift /Users/admin/builder/spi-builder-workspace/Sources/Orthotope/>\ 1D/Orthotope.swift (in target 'SIMDson' from project 'SIMDson')
SwiftCompile normal arm64 /Users/admin/builder/spi-builder-workspace/Sources/Orthotope/>\ 1D/Core\ Graphics/Core\ Graphics\ vectors.swift (in target 'SIMDson' from project 'SIMDson')
cd /Users/admin/builder/spi-builder-workspace/.swiftpm/xcode
builtin-SwiftPerFileCompile Core\ Graphics\ vectors.swift
SwiftCompile normal arm64 /Users/admin/builder/spi-builder-workspace/Sources/Orthotope/>\ 1D/Orthotope.swift (in target 'SIMDson' from project 'SIMDson')
cd /Users/admin/builder/spi-builder-workspace/.swiftpm/xcode
builtin-SwiftPerFileCompile Orthotope.swift
SwiftCompile normal arm64 Compiling\ Rectangle.swift,\ RectangularCuboid.swift /Users/admin/builder/spi-builder-workspace/Sources/Orthotope/>\ 1D/Rectangle.swift /Users/admin/builder/spi-builder-workspace/Sources/Orthotope/>\ 1D/RectangularCuboid.swift (in target 'SIMDson' from project 'SIMDson')
SwiftCompile normal arm64 /Users/admin/builder/spi-builder-workspace/Sources/Orthotope/>\ 1D/Rectangle.swift (in target 'SIMDson' from project 'SIMDson')
cd /Users/admin/builder/spi-builder-workspace/.swiftpm/xcode
builtin-SwiftPerFileCompile Rectangle.swift
SwiftCompile normal arm64 /Users/admin/builder/spi-builder-workspace/Sources/Orthotope/>\ 1D/RectangularCuboid.swift (in target 'SIMDson' from project 'SIMDson')
cd /Users/admin/builder/spi-builder-workspace/.swiftpm/xcode
builtin-SwiftPerFileCompile RectangularCuboid.swift
SwiftCompile normal arm64 Compiling\ SIMD.swift,\ Spatial.swift /Users/admin/builder/spi-builder-workspace/Sources/SIMD.swift /Users/admin/builder/spi-builder-workspace/Sources/Spatial.swift (in target 'SIMDson' from project 'SIMDson')
SwiftCompile normal arm64 /Users/admin/builder/spi-builder-workspace/Sources/SIMD.swift (in target 'SIMDson' from project 'SIMDson')
cd /Users/admin/builder/spi-builder-workspace/.swiftpm/xcode
builtin-SwiftPerFileCompile SIMD.swift
SwiftCompile normal arm64 /Users/admin/builder/spi-builder-workspace/Sources/Spatial.swift (in target 'SIMDson' from project 'SIMDson')
cd /Users/admin/builder/spi-builder-workspace/.swiftpm/xcode
builtin-SwiftPerFileCompile Spatial.swift
SwiftCompile normal arm64 Compiling\ LineSegment.swift,\ OrthotopeProtocol.swift /Users/admin/builder/spi-builder-workspace/Sources/Orthotope/LineSegment.swift /Users/admin/builder/spi-builder-workspace/Sources/Orthotope/OrthotopeProtocol.swift (in target 'SIMDson' from project 'SIMDson')
SwiftCompile normal arm64 /Users/admin/builder/spi-builder-workspace/Sources/Orthotope/LineSegment.swift (in target 'SIMDson' from project 'SIMDson')
cd /Users/admin/builder/spi-builder-workspace/.swiftpm/xcode
builtin-SwiftPerFileCompile LineSegment.swift
SwiftCompile normal arm64 /Users/admin/builder/spi-builder-workspace/Sources/Orthotope/OrthotopeProtocol.swift (in target 'SIMDson' from project 'SIMDson')
cd /Users/admin/builder/spi-builder-workspace/.swiftpm/xcode
builtin-SwiftPerFileCompile OrthotopeProtocol.swift
SwiftCompile normal arm64 Compiling\ Matrix4x4.swift,\ Quaternion.swift,\ Double+FloatingPointScalar.swift /Users/admin/builder/spi-builder-workspace/Sources/FloatingPoint/Matrix/Matrix4x4.swift /Users/admin/builder/spi-builder-workspace/Sources/FloatingPoint/Quaternion.swift /Users/admin/builder/spi-builder-workspace/Sources/FloatingPoint/Scalar/Double+FloatingPointScalar.swift (in target 'SIMDson' from project 'SIMDson')
/Users/admin/builder/spi-builder-workspace/Sources/FloatingPoint/Matrix/Matrix4x4.swift:11:37: warning: capture of non-Sendable type '(some BinaryFloatingPoint).Type' in an isolated closure [#SendableMetatypes]
9 | /// Creates a new matrix with the specified columns.
10 | @inlinable init(columns: Vectuple4<SIMD4<some BinaryFloatingPoint>>) {
11 | self.init(columns: map(columns)(SIMD4.init))
| `- warning: capture of non-Sendable type '(some BinaryFloatingPoint).Type' in an isolated closure [#SendableMetatypes]
12 | }
13 | }
[#SendableMetatypes]: <https://docs.swift.org/compiler/documentation/diagnostics/sendable-metatypes>
SwiftCompile normal arm64 /Users/admin/builder/spi-builder-workspace/Sources/FloatingPoint/Matrix/Matrix4x4.swift (in target 'SIMDson' from project 'SIMDson')
cd /Users/admin/builder/spi-builder-workspace/.swiftpm/xcode
builtin-SwiftPerFileCompile Matrix4x4.swift
SwiftCompile normal arm64 /Users/admin/builder/spi-builder-workspace/Sources/FloatingPoint/Quaternion.swift (in target 'SIMDson' from project 'SIMDson')
cd /Users/admin/builder/spi-builder-workspace/.swiftpm/xcode
builtin-SwiftPerFileCompile Quaternion.swift
SwiftCompile normal arm64 /Users/admin/builder/spi-builder-workspace/Sources/FloatingPoint/Scalar/Double+FloatingPointScalar.swift (in target 'SIMDson' from project 'SIMDson')
cd /Users/admin/builder/spi-builder-workspace/.swiftpm/xcode
builtin-SwiftPerFileCompile Double+FloatingPointScalar.swift
SwiftCompile normal arm64 Compiling\ SIMD4+FloatingPointVector.swift,\ CGRect+Orthotope.swift /Users/admin/builder/spi-builder-workspace/Sources/FloatingPoint/Vector/SIMD4+FloatingPointVector.swift /Users/admin/builder/spi-builder-workspace/Sources/Orthotope/>\ 1D/Core\ Graphics/CGRect+Orthotope.swift (in target 'SIMDson' from project 'SIMDson')
SwiftCompile normal arm64 /Users/admin/builder/spi-builder-workspace/Sources/FloatingPoint/Vector/SIMD4+FloatingPointVector.swift (in target 'SIMDson' from project 'SIMDson')
cd /Users/admin/builder/spi-builder-workspace/.swiftpm/xcode
builtin-SwiftPerFileCompile SIMD4+FloatingPointVector.swift
SwiftCompile normal arm64 /Users/admin/builder/spi-builder-workspace/Sources/Orthotope/>\ 1D/Core\ Graphics/CGRect+Orthotope.swift (in target 'SIMDson' from project 'SIMDson')
cd /Users/admin/builder/spi-builder-workspace/.swiftpm/xcode
builtin-SwiftPerFileCompile CGRect+Orthotope.swift
SwiftCompile normal arm64 Compiling\ Matrix3x2.swift,\ Matrix3x3.swift,\ Matrix4.swift /Users/admin/builder/spi-builder-workspace/Sources/FloatingPoint/Matrix/Matrix3x2.swift /Users/admin/builder/spi-builder-workspace/Sources/FloatingPoint/Matrix/Matrix3x3.swift /Users/admin/builder/spi-builder-workspace/Sources/FloatingPoint/Matrix/Matrix4.swift (in target 'SIMDson' from project 'SIMDson')
/Users/admin/builder/spi-builder-workspace/Sources/FloatingPoint/Matrix/Matrix3x3.swift:11:37: warning: capture of non-Sendable type '(some BinaryFloatingPoint).Type' in an isolated closure [#SendableMetatypes]
9 | /// Creates a new matrix with the specified columns.
10 | @inlinable init(columns: Vectuple3<SIMD3<some BinaryFloatingPoint>>) {
11 | self.init(columns: map(columns)(SIMD3.init))
| `- warning: capture of non-Sendable type '(some BinaryFloatingPoint).Type' in an isolated closure [#SendableMetatypes]
12 | }
13 |
[#SendableMetatypes]: <https://docs.swift.org/compiler/documentation/diagnostics/sendable-metatypes>
SwiftCompile normal arm64 /Users/admin/builder/spi-builder-workspace/Sources/FloatingPoint/Matrix/Matrix3x2.swift (in target 'SIMDson' from project 'SIMDson')
cd /Users/admin/builder/spi-builder-workspace/.swiftpm/xcode
builtin-SwiftPerFileCompile Matrix3x2.swift
SwiftCompile normal arm64 /Users/admin/builder/spi-builder-workspace/Sources/FloatingPoint/Matrix/Matrix3x3.swift (in target 'SIMDson' from project 'SIMDson')
cd /Users/admin/builder/spi-builder-workspace/.swiftpm/xcode
builtin-SwiftPerFileCompile Matrix3x3.swift
SwiftCompile normal arm64 /Users/admin/builder/spi-builder-workspace/Sources/FloatingPoint/Matrix/Matrix4.swift (in target 'SIMDson' from project 'SIMDson')
cd /Users/admin/builder/spi-builder-workspace/.swiftpm/xcode
builtin-SwiftPerFileCompile Matrix4.swift
SwiftCompile normal arm64 Compiling\ Matrix.swift,\ Matrix2.swift,\ Matrix3.swift /Users/admin/builder/spi-builder-workspace/Sources/FloatingPoint/Matrix/Matrix.swift /Users/admin/builder/spi-builder-workspace/Sources/FloatingPoint/Matrix/Matrix2.swift /Users/admin/builder/spi-builder-workspace/Sources/FloatingPoint/Matrix/Matrix3.swift (in target 'SIMDson' from project 'SIMDson')
SwiftCompile normal arm64 /Users/admin/builder/spi-builder-workspace/Sources/FloatingPoint/Matrix/Matrix.swift (in target 'SIMDson' from project 'SIMDson')
cd /Users/admin/builder/spi-builder-workspace/.swiftpm/xcode
builtin-SwiftPerFileCompile Matrix.swift
SwiftCompile normal arm64 /Users/admin/builder/spi-builder-workspace/Sources/FloatingPoint/Matrix/Matrix2.swift (in target 'SIMDson' from project 'SIMDson')
cd /Users/admin/builder/spi-builder-workspace/.swiftpm/xcode
builtin-SwiftPerFileCompile Matrix2.swift
SwiftCompile normal arm64 /Users/admin/builder/spi-builder-workspace/Sources/FloatingPoint/Matrix/Matrix3.swift (in target 'SIMDson' from project 'SIMDson')
cd /Users/admin/builder/spi-builder-workspace/.swiftpm/xcode
builtin-SwiftPerFileCompile Matrix3.swift
SwiftCompile normal arm64 Compiling\ Normalized.swift,\ SIMD2+FloatingPointVector.swift,\ SIMD3+FloatingPointVector.swift /Users/admin/builder/spi-builder-workspace/Sources/FloatingPoint/Vector/Normalized.swift /Users/admin/builder/spi-builder-workspace/Sources/FloatingPoint/Vector/SIMD2+FloatingPointVector.swift /Users/admin/builder/spi-builder-workspace/Sources/FloatingPoint/Vector/SIMD3+FloatingPointVector.swift (in target 'SIMDson' from project 'SIMDson')
SwiftCompile normal arm64 /Users/admin/builder/spi-builder-workspace/Sources/FloatingPoint/Vector/Normalized.swift (in target 'SIMDson' from project 'SIMDson')
cd /Users/admin/builder/spi-builder-workspace/.swiftpm/xcode
builtin-SwiftPerFileCompile Normalized.swift
SwiftCompile normal arm64 /Users/admin/builder/spi-builder-workspace/Sources/FloatingPoint/Vector/SIMD2+FloatingPointVector.swift (in target 'SIMDson' from project 'SIMDson')
cd /Users/admin/builder/spi-builder-workspace/.swiftpm/xcode
builtin-SwiftPerFileCompile SIMD2+FloatingPointVector.swift
SwiftCompile normal arm64 /Users/admin/builder/spi-builder-workspace/Sources/FloatingPoint/Vector/SIMD3+FloatingPointVector.swift (in target 'SIMDson' from project 'SIMDson')
cd /Users/admin/builder/spi-builder-workspace/.swiftpm/xcode
builtin-SwiftPerFileCompile SIMD3+FloatingPointVector.swift
SwiftEmitModule normal arm64_32 Emitting\ module\ for\ SIMDson (in target 'SIMDson' from project 'SIMDson')
/Users/admin/builder/spi-builder-workspace/Sources/FloatingPoint/Matrix/Matrix3x3.swift:11:37: warning: capture of non-Sendable type '(some BinaryFloatingPoint).Type' in an isolated closure [#SendableMetatypes]
9 | /// Creates a new matrix with the specified columns.
10 | @inlinable init(columns: Vectuple3<SIMD3<some BinaryFloatingPoint>>) {
11 | self.init(columns: map(columns)(SIMD3.init))
| `- warning: capture of non-Sendable type '(some BinaryFloatingPoint).Type' in an isolated closure [#SendableMetatypes]
12 | }
13 |
/Users/admin/builder/spi-builder-workspace/Sources/FloatingPoint/Matrix/Matrix4x4.swift:11:37: warning: capture of non-Sendable type '(some BinaryFloatingPoint).Type' in an isolated closure [#SendableMetatypes]
9 | /// Creates a new matrix with the specified columns.
10 | @inlinable init(columns: Vectuple4<SIMD4<some BinaryFloatingPoint>>) {
11 | self.init(columns: map(columns)(SIMD4.init))
| `- warning: capture of non-Sendable type '(some BinaryFloatingPoint).Type' in an isolated closure [#SendableMetatypes]
12 | }
13 | }
/Users/admin/builder/spi-builder-workspace/Sources/Orthotope/> 1D/Core Graphics/Core Graphics vectors.swift:6:24: error: cannot convert value of type 'CGFloat' to expected argument type 'Float'
4 | /// Convert from `CGPoint` to `SIMD2<Double>`.
5 | @inlinable init(_ point: CGPoint) {
6 | self.init(x: point.x, y: point.y)
| `- error: cannot convert value of type 'CGFloat' to expected argument type 'Float'
7 | }
8 |
/Users/admin/builder/spi-builder-workspace/Sources/Orthotope/> 1D/Core Graphics/Core Graphics vectors.swift:6:36: error: cannot convert value of type 'CGFloat' to expected argument type 'Float'
4 | /// Convert from `CGPoint` to `SIMD2<Double>`.
5 | @inlinable init(_ point: CGPoint) {
6 | self.init(x: point.x, y: point.y)
| `- error: cannot convert value of type 'CGFloat' to expected argument type 'Float'
7 | }
8 |
/Users/admin/builder/spi-builder-workspace/Sources/Orthotope/> 1D/Core Graphics/Core Graphics vectors.swift:11:25: error: cannot convert value of type 'CGFloat' to expected argument type 'Float'
9 | /// Convert from `CGVector` to `SIMD2<Double>`.
10 | @inlinable init(_ vector: CGVector) {
11 | self.init(x: vector.dx, y: vector.dy)
| `- error: cannot convert value of type 'CGFloat' to expected argument type 'Float'
12 | }
13 |
/Users/admin/builder/spi-builder-workspace/Sources/Orthotope/> 1D/Core Graphics/Core Graphics vectors.swift:11:39: error: cannot convert value of type 'CGFloat' to expected argument type 'Float'
9 | /// Convert from `CGVector` to `SIMD2<Double>`.
10 | @inlinable init(_ vector: CGVector) {
11 | self.init(x: vector.dx, y: vector.dy)
| `- error: cannot convert value of type 'CGFloat' to expected argument type 'Float'
12 | }
13 |
/Users/admin/builder/spi-builder-workspace/Sources/Orthotope/> 1D/Core Graphics/Core Graphics vectors.swift:16:23: error: cannot convert value of type 'CGFloat' to expected argument type 'Float'
14 | /// Convert from `CGSize` to `SIMD2<Double>`.
15 | @inlinable init(_ size: CGSize) {
16 | self.init(x: size.width, y: size.height)
| `- error: cannot convert value of type 'CGFloat' to expected argument type 'Float'
17 | }
18 | }
/Users/admin/builder/spi-builder-workspace/Sources/Orthotope/> 1D/Core Graphics/Core Graphics vectors.swift:16:38: error: cannot convert value of type 'CGFloat' to expected argument type 'Float'
14 | /// Convert from `CGSize` to `SIMD2<Double>`.
15 | @inlinable init(_ size: CGSize) {
16 | self.init(x: size.width, y: size.height)
| `- error: cannot convert value of type 'CGFloat' to expected argument type 'Float'
17 | }
18 | }
/Users/admin/builder/spi-builder-workspace/Sources/Orthotope/> 1D/Core Graphics/Core Graphics vectors.swift:23:10: error: no exact matches in call to initializer
21 | /// Convert from `SIMD2<Double>` to `CGPoint` .
22 | @inlinable init(_ point: SIMD2<CGFloat.NativeType>) {
23 | self.init(x: point.x, y: point.y)
| |- error: no exact matches in call to initializer
| |- note: candidate has partially matching parameter list (x: Int, y: Int)
| `- note: candidate has partially matching parameter list (x: Double, y: Double)
24 | }
25 | }
/Applications/Xcode-27.0.0-Release.Candidate.app/Contents/Developer/Platforms/WatchOS.platform/Developer/SDKs/WatchOS27.0.sdk/System/Library/Frameworks/CoreFoundation.framework/Headers/CFCGTypes.h:51:1: note: candidate has partially matching parameter list (x: CGFloat, y: CGFloat)
49 | struct
50 | CF_SWIFT_SENDABLE
51 | CGPoint {
| `- note: candidate has partially matching parameter list (x: CGFloat, y: CGFloat)
52 | CGFloat x;
53 | CGFloat y;
/Users/admin/builder/spi-builder-workspace/Sources/Orthotope/> 1D/Core Graphics/Core Graphics vectors.swift:30:10: error: no exact matches in call to initializer
28 | /// Convert from `SIMD2<Double>` to `CGVector` .
29 | @inlinable init(_ vector: SIMD2<CGFloat.NativeType>) {
30 | self.init(dx: vector.x, dy: vector.y)
| |- error: no exact matches in call to initializer
| |- note: candidate has partially matching parameter list (dx: Int, dy: Int)
| `- note: candidate has partially matching parameter list (dx: Double, dy: Double)
31 | }
32 | }
/Applications/Xcode-27.0.0-Release.Candidate.app/Contents/Developer/Platforms/WatchOS.platform/Developer/SDKs/WatchOS27.0.sdk/System/Library/Frameworks/CoreFoundation.framework/Headers/CFCGTypes.h:69:26: note: candidate has partially matching parameter list (dx: CGFloat, dy: CGFloat)
67 | #define CGVECTOR_DEFINED 1
68 |
69 | struct CF_SWIFT_SENDABLE CGVector {
| `- note: candidate has partially matching parameter list (dx: CGFloat, dy: CGFloat)
70 | CGFloat dx;
71 | CGFloat dy;
/Users/admin/builder/spi-builder-workspace/Sources/Orthotope/> 1D/Core Graphics/Core Graphics vectors.swift:37:10: error: no exact matches in call to initializer
35 | /// Convert from `SIMD2<Double>` to `CGSize` .
36 | @inlinable init(_ size: SIMD2<CGFloat.NativeType>) {
37 | self.init(width: size.x, height: size.y)
| |- error: no exact matches in call to initializer
| |- note: candidate has partially matching parameter list (width: Int, height: Int)
| `- note: candidate has partially matching parameter list (width: Double, height: Double)
38 | }
39 | }
/Applications/Xcode-27.0.0-Release.Candidate.app/Contents/Developer/Platforms/WatchOS.platform/Developer/SDKs/WatchOS27.0.sdk/System/Library/Frameworks/CoreFoundation.framework/Headers/CFCGTypes.h:59:26: note: candidate has partially matching parameter list (width: CGFloat, height: CGFloat)
57 | /* Sizes. */
58 |
59 | struct CF_SWIFT_SENDABLE CGSize {
| `- note: candidate has partially matching parameter list (width: CGFloat, height: CGFloat)
60 | CGFloat width;
61 | CGFloat height;
[#SendableMetatypes]: <https://docs.swift.org/compiler/documentation/diagnostics/sendable-metatypes>
Failed frontend command:
SwiftCompile normal arm64_32 (in target 'SIMDson' from project 'SIMDson')
cd /Users/admin/builder/spi-builder-workspace/.swiftpm/xcode
/Applications/Xcode-27.0.0-Release.Candidate.app/Contents/Developer/Toolchains/XcodeDefault.xctoolchain/usr/bin/swift-frontend -frontend -emit-module -experimental-skip-non-inlinable-function-bodies-without-types /Users/admin/builder/spi-builder-workspace/Sources/FloatingPoint/Matrix/Matrix.swift /Users/admin/builder/spi-builder-workspace/Sources/FloatingPoint/Matrix/Matrix2.swift /Users/admin/builder/spi-builder-workspace/Sources/FloatingPoint/Matrix/Matrix3.swift /Users/admin/builder/spi-builder-workspace/Sources/FloatingPoint/Matrix/Matrix3x2.swift /Users/admin/builder/spi-builder-workspace/Sources/FloatingPoint/Matrix/Matrix3x3.swift /Users/admin/builder/spi-builder-workspace/Sources/FloatingPoint/Matrix/Matrix4.swift /Users/admin/builder/spi-builder-workspace/Sources/FloatingPoint/Matrix/Matrix4x4.swift /Users/admin/builder/spi-builder-workspace/Sources/FloatingPoint/Quaternion.swift /Users/admin/builder/spi-builder-workspace/Sources/FloatingPoint/Scalar/Double+FloatingPointScalar.swift /Users/admin/builder/spi-builder-workspace/Sources/FloatingPoint/Scalar/Float+FloatingPointScalar.swift /Users/admin/builder/spi-builder-workspace/Sources/FloatingPoint/Scalar/FloatingPointScalar.swift /Users/admin/builder/spi-builder-workspace/Sources/FloatingPoint/Vector/FloatingPointVector.swift /Users/admin/builder/spi-builder-workspace/Sources/FloatingPoint/Vector/Normalized.swift /Users/admin/builder/spi-builder-workspace/Sources/FloatingPoint/Vector/SIMD2+FloatingPointVector.swift /Users/admin/builder/spi-builder-workspace/Sources/FloatingPoint/Vector/SIMD3+FloatingPointVector.swift /Users/admin/builder/spi-builder-workspace/Sources/FloatingPoint/Vector/SIMD4+FloatingPointVector.swift /Users/admin/builder/spi-builder-workspace/Sources/Orthotope/\>\ 1D/Core\ Graphics/CGRect+Orthotope.swift /Users/admin/builder/spi-builder-workspace/Sources/Orthotope/\>\ 1D/Core\ Graphics/Core\ Graphics\ vectors.swift /Users/admin/builder/spi-builder-workspace/Sources/Orthotope/\>\ 1D/Orthotope.swift /Users/admin/builder/spi-builder-workspace/Sources/Orthotope/\>\ 1D/Rectangle.swift /Users/admin/builder/spi-builder-workspace/Sources/Orthotope/\>\ 1D/RectangularCuboid.swift /Users/admin/builder/spi-builder-workspace/Sources/Orthotope/LineSegment.swift /Users/admin/builder/spi-builder-workspace/Sources/Orthotope/OrthotopeProtocol.swift /Users/admin/builder/spi-builder-workspace/Sources/SIMD.swift /Users/admin/builder/spi-builder-workspace/Sources/Spatial.swift -target arm64_32-apple-watchos11.0 -disable-cross-import-overlay-search -load-resolved-plugin /Applications/Xcode-27.0.0-Release.Candidate.app/Contents/Developer/Platforms/WatchOS.platform/Developer/usr/lib/swift/host/plugins/libFoundationMacros.dylib\#/Applications/Xcode-27.0.0-Release.Candidate.app/Contents/Developer/Platforms/WatchOS.platform/Developer/usr/bin/swift-plugin-server\#FoundationMacros -load-resolved-plugin /Applications/Xcode-27.0.0-Release.Candidate.app/Contents/Developer/Platforms/WatchOS.platform/Developer/usr/lib/swift/host/plugins/libObservationMacros.dylib\#/Applications/Xcode-27.0.0-Release.Candidate.app/Contents/Developer/Platforms/WatchOS.platform/Developer/usr/bin/swift-plugin-server\#ObservationMacros -load-resolved-plugin /Applications/Xcode-27.0.0-Release.Candidate.app/Contents/Developer/Platforms/WatchOS.platform/Developer/usr/lib/swift/host/plugins/libSwiftMacros.dylib\#/Applications/Xcode-27.0.0-Release.Candidate.app/Contents/Developer/Platforms/WatchOS.platform/Developer/usr/bin/swift-plugin-server\#SwiftMacros -disable-implicit-swift-modules -Xcc -fno-implicit-modules -Xcc -fno-implicit-module-maps -explicit-swift-module-map-file /Users/admin/builder/spi-builder-workspace/.derivedData/Build/Intermediates.noindex/SIMDson.build/Debug-watchos/SIMDson-t.build/Objects-normal/arm64_32/SIMDson-dependencies-2.json -enable-objc-interop -sdk /Applications/Xcode-27.0.0-Release.Candidate.app/Contents/Developer/Platforms/WatchOS.platform/Developer/SDKs/WatchOS27.0.sdk -I /Users/admin/builder/spi-builder-workspace/.derivedData/Build/Products/Debug-watchos -Isystem /Applications/Xcode-27.0.0-Release.Candidate.app/Contents/Developer/Platforms/WatchOS.platform/Developer/usr/lib -F /Users/admin/builder/spi-builder-workspace/.derivedData/Build/Products/Debug-watchos/PackageFrameworks -F /Users/admin/builder/spi-builder-workspace/.derivedData/Build/Products/Debug-watchos -F /Applications/Xcode-27.0.0-Release.Candidate.app/Contents/Developer/Platforms/WatchOS.platform/Developer/Library/Frameworks -F /Applications/Xcode-27.0.0-Release.Candidate.app/Contents/Developer/Platforms/WatchOS.platform/Developer/SDKs/WatchOS27.0.sdk/Developer/Library/Frameworks -module-cache-path /Users/admin/builder/spi-builder-workspace/.derivedData/Build/Intermediates.noindex/SwiftExplicitPrecompiledModules -no-color-diagnostics -Xcc -fno-color-diagnostics -enable-testing -g -debug-info-format\=dwarf -dwarf-version\=5 -profile-generate -profile-coverage-mapping -swift-version 6 -Onone -D SWIFT_PACKAGE -D DEBUG -D SWIFT_MODULE_RESOURCE_BUNDLE_UNAVAILABLE -D Xcode -requirement-machine-max-rule-count\=8000 -serialize-debugging-options -enable-experimental-feature DebugDescriptionMacro -empty-abi-descriptor -validate-clang-modules-once -clang-build-session-file /Users/admin/builder/spi-builder-workspace/.derivedData/ModuleCache.noindex/Session.modulevalidation -Xcc -working-directory -Xcc /Users/admin/builder/spi-builder-workspace/.swiftpm/xcode -enable-anonymous-context-mangled-names -file-compilation-dir /Users/admin/builder/spi-builder-workspace/.swiftpm/xcode -Xcc -fmodule-map-file\=/Users/admin/builder/spi-builder-workspace/.dependencies/checkouts/swift-numerics/Sources/_NumericsShims/include/module.modulemap -Xcc -D_LIBCPP_HARDENING_MODE\=_LIBCPP_HARDENING_MODE_DEBUG -Xcc -ivfsstatcache -Xcc /Users/admin/builder/spi-builder-workspace/.derivedData/SDKStatCaches.noindex/watchos27.0-24R360-e829b21a6f8c9b70876ba0858053c04477534ef55a1706bf4c1112bbb242f0a2.sdkstatcache -Xcc -fmodules-prune-interval\=86400 -Xcc -fmodules-prune-after\=345600 -Xcc -I/Users/admin/builder/spi-builder-workspace/.dependencies/checkouts/swift-numerics/Sources/_NumericsShims/include -Xcc -I/Users/admin/builder/spi-builder-workspace/.derivedData/Build/Products/Debug-watchos/include -Xcc -I/Users/admin/builder/spi-builder-workspace/.derivedData/Build/Intermediates.noindex/SIMDson.build/Debug-watchos/SIMDson-t.build/DerivedSources-normal/arm64_32 -Xcc -I/Users/admin/builder/spi-builder-workspace/.derivedData/Build/Intermediates.noindex/SIMDson.build/Debug-watchos/SIMDson-t.build/DerivedSources/arm64_32 -Xcc -I/Users/admin/builder/spi-builder-workspace/.derivedData/Build/Intermediates.noindex/SIMDson.build/Debug-watchos/SIMDson-t.build/DerivedSources -Xcc -DSWIFT_PACKAGE -Xcc -DDEBUG\=1 -no-auto-bridging-header-chaining -module-name SIMDson -package-name spi_builder_workspace -const-gather-protocols-file /Users/admin/builder/spi-builder-workspace/.derivedData/Build/Intermediates.noindex/SIMDson.build/Debug-watchos/SIMDson-t.build/Objects-normal/arm64_32/SIMDson_const_extract_protocols.json -disable-clang-spi -clang-target arm64_32-apple-watchos27.0 -target-sdk-version 27.0 -target-sdk-name watchos27.0 -in-process-plugin-server-path /Applications/Xcode-27.0.0-Release.Candidate.app/Contents/Developer/Toolchains/XcodeDefault.xctoolchain/usr/lib/swift/host/libSwiftInProcPluginServer.dylib -emit-module-doc-path /Users/admin/builder/spi-builder-workspace/.derivedData/Build/Intermediates.noindex/SIMDson.build/Debug-watchos/SIMDson-t.build/Objects-normal/arm64_32/SIMDson.swiftdoc -emit-module-source-info-path /Users/admin/builder/spi-builder-workspace/.derivedData/Build/Intermediates.noindex/SIMDson.build/Debug-watchos/SIMDson-t.build/Objects-normal/arm64_32/SIMDson.swiftsourceinfo -emit-objc-header-path /Users/admin/builder/spi-builder-workspace/.derivedData/Build/Intermediates.noindex/SIMDson.build/Debug-watchos/SIMDson-t.build/Objects-normal/arm64_32/SIMDson-Swift.h -serialize-diagnostics-path /Users/admin/builder/spi-builder-workspace/.derivedData/Build/Intermediates.noindex/SIMDson.build/Debug-watchos/SIMDson-t.build/Objects-normal/arm64_32/SIMDson-primary-emit-module.dia -emit-dependencies-path /Users/admin/builder/spi-builder-workspace/.derivedData/Build/Intermediates.noindex/SIMDson.build/Debug-watchos/SIMDson-t.build/Objects-normal/arm64_32/SIMDson-primary-emit-module.d -parse-as-library -o /Users/admin/builder/spi-builder-workspace/.derivedData/Build/Intermediates.noindex/SIMDson.build/Debug-watchos/SIMDson-t.build/Objects-normal/arm64_32/SIMDson.swiftmodule -emit-abi-descriptor-path /Users/admin/builder/spi-builder-workspace/.derivedData/Build/Intermediates.noindex/SIMDson.build/Debug-watchos/SIMDson-t.build/Objects-normal/arm64_32/SIMDson.abi.json
SwiftDriverJobDiscovery normal arm64 Compiling Rectangle.swift, RectangularCuboid.swift (in target 'SIMDson' from project 'SIMDson')
SwiftCompile normal arm64_32 Compiling\ Matrix3x2.swift,\ Matrix3x3.swift,\ Matrix4.swift /Users/admin/builder/spi-builder-workspace/Sources/FloatingPoint/Matrix/Matrix3x2.swift /Users/admin/builder/spi-builder-workspace/Sources/FloatingPoint/Matrix/Matrix3x3.swift /Users/admin/builder/spi-builder-workspace/Sources/FloatingPoint/Matrix/Matrix4.swift (in target 'SIMDson' from project 'SIMDson')
/Users/admin/builder/spi-builder-workspace/Sources/FloatingPoint/Matrix/Matrix3x3.swift:11:37: warning: capture of non-Sendable type '(some BinaryFloatingPoint).Type' in an isolated closure [#SendableMetatypes]
9 | /// Creates a new matrix with the specified columns.
10 | @inlinable init(columns: Vectuple3<SIMD3<some BinaryFloatingPoint>>) {
11 | self.init(columns: map(columns)(SIMD3.init))
| `- warning: capture of non-Sendable type '(some BinaryFloatingPoint).Type' in an isolated closure [#SendableMetatypes]
12 | }
13 |
[#SendableMetatypes]: <https://docs.swift.org/compiler/documentation/diagnostics/sendable-metatypes>
SwiftCompile normal arm64_32 /Users/admin/builder/spi-builder-workspace/Sources/FloatingPoint/Matrix/Matrix3x2.swift (in target 'SIMDson' from project 'SIMDson')
cd /Users/admin/builder/spi-builder-workspace/.swiftpm/xcode
builtin-SwiftPerFileCompile Matrix3x2.swift
SwiftCompile normal arm64_32 /Users/admin/builder/spi-builder-workspace/Sources/FloatingPoint/Matrix/Matrix3x3.swift (in target 'SIMDson' from project 'SIMDson')
cd /Users/admin/builder/spi-builder-workspace/.swiftpm/xcode
builtin-SwiftPerFileCompile Matrix3x3.swift
SwiftCompile normal arm64_32 /Users/admin/builder/spi-builder-workspace/Sources/FloatingPoint/Matrix/Matrix4.swift (in target 'SIMDson' from project 'SIMDson')
cd /Users/admin/builder/spi-builder-workspace/.swiftpm/xcode
builtin-SwiftPerFileCompile Matrix4.swift
SwiftDriverJobDiscovery normal arm64 Compiling LineSegment.swift, OrthotopeProtocol.swift (in target 'SIMDson' from project 'SIMDson')
SwiftCompile normal arm64_32 Compiling\ Core\ Graphics\ vectors.swift,\ Orthotope.swift /Users/admin/builder/spi-builder-workspace/Sources/Orthotope/>\ 1D/Core\ Graphics/Core\ Graphics\ vectors.swift /Users/admin/builder/spi-builder-workspace/Sources/Orthotope/>\ 1D/Orthotope.swift (in target 'SIMDson' from project 'SIMDson')
SwiftCompile normal arm64_32 /Users/admin/builder/spi-builder-workspace/Sources/Orthotope/>\ 1D/Core\ Graphics/Core\ Graphics\ vectors.swift (in target 'SIMDson' from project 'SIMDson')
cd /Users/admin/builder/spi-builder-workspace/.swiftpm/xcode
builtin-SwiftPerFileCompile Core\ Graphics\ vectors.swift
SwiftCompile normal arm64_32 /Users/admin/builder/spi-builder-workspace/Sources/Orthotope/>\ 1D/Orthotope.swift (in target 'SIMDson' from project 'SIMDson')
cd /Users/admin/builder/spi-builder-workspace/.swiftpm/xcode
builtin-SwiftPerFileCompile Orthotope.swift
/Users/admin/builder/spi-builder-workspace/Sources/Orthotope/> 1D/Core Graphics/Core Graphics vectors.swift:6:24: error: cannot convert value of type 'CGFloat' to expected argument type 'Float'
4 | /// Convert from `CGPoint` to `SIMD2<Double>`.
5 | @inlinable init(_ point: CGPoint) {
6 | self.init(x: point.x, y: point.y)
| `- error: cannot convert value of type 'CGFloat' to expected argument type 'Float'
7 | }
8 |
/Users/admin/builder/spi-builder-workspace/Sources/Orthotope/> 1D/Core Graphics/Core Graphics vectors.swift:6:36: error: cannot convert value of type 'CGFloat' to expected argument type 'Float'
4 | /// Convert from `CGPoint` to `SIMD2<Double>`.
5 | @inlinable init(_ point: CGPoint) {
6 | self.init(x: point.x, y: point.y)
| `- error: cannot convert value of type 'CGFloat' to expected argument type 'Float'
7 | }
8 |
/Users/admin/builder/spi-builder-workspace/Sources/Orthotope/> 1D/Core Graphics/Core Graphics vectors.swift:11:25: error: cannot convert value of type 'CGFloat' to expected argument type 'Float'
9 | /// Convert from `CGVector` to `SIMD2<Double>`.
10 | @inlinable init(_ vector: CGVector) {
11 | self.init(x: vector.dx, y: vector.dy)
| `- error: cannot convert value of type 'CGFloat' to expected argument type 'Float'
12 | }
13 |
/Users/admin/builder/spi-builder-workspace/Sources/Orthotope/> 1D/Core Graphics/Core Graphics vectors.swift:11:39: error: cannot convert value of type 'CGFloat' to expected argument type 'Float'
9 | /// Convert from `CGVector` to `SIMD2<Double>`.
10 | @inlinable init(_ vector: CGVector) {
11 | self.init(x: vector.dx, y: vector.dy)
| `- error: cannot convert value of type 'CGFloat' to expected argument type 'Float'
12 | }
13 |
/Users/admin/builder/spi-builder-workspace/Sources/Orthotope/> 1D/Core Graphics/Core Graphics vectors.swift:16:23: error: cannot convert value of type 'CGFloat' to expected argument type 'Float'
14 | /// Convert from `CGSize` to `SIMD2<Double>`.
15 | @inlinable init(_ size: CGSize) {
16 | self.init(x: size.width, y: size.height)
| `- error: cannot convert value of type 'CGFloat' to expected argument type 'Float'
17 | }
18 | }
/Users/admin/builder/spi-builder-workspace/Sources/Orthotope/> 1D/Core Graphics/Core Graphics vectors.swift:16:38: error: cannot convert value of type 'CGFloat' to expected argument type 'Float'
14 | /// Convert from `CGSize` to `SIMD2<Double>`.
15 | @inlinable init(_ size: CGSize) {
16 | self.init(x: size.width, y: size.height)
| `- error: cannot convert value of type 'CGFloat' to expected argument type 'Float'
17 | }
18 | }
/Users/admin/builder/spi-builder-workspace/Sources/Orthotope/> 1D/Core Graphics/Core Graphics vectors.swift:23:10: error: no exact matches in call to initializer
21 | /// Convert from `SIMD2<Double>` to `CGPoint` .
22 | @inlinable init(_ point: SIMD2<CGFloat.NativeType>) {
23 | self.init(x: point.x, y: point.y)
| |- error: no exact matches in call to initializer
| |- note: candidate has partially matching parameter list (x: Int, y: Int)
| `- note: candidate has partially matching parameter list (x: Double, y: Double)
24 | }
25 | }
/Applications/Xcode-27.0.0-Release.Candidate.app/Contents/Developer/Platforms/WatchOS.platform/Developer/SDKs/WatchOS27.0.sdk/System/Library/Frameworks/CoreFoundation.framework/Headers/CFCGTypes.h:51:1: note: candidate has partially matching parameter list (x: CGFloat, y: CGFloat)
49 | struct
50 | CF_SWIFT_SENDABLE
51 | CGPoint {
| `- note: candidate has partially matching parameter list (x: CGFloat, y: CGFloat)
52 | CGFloat x;
53 | CGFloat y;
/Users/admin/builder/spi-builder-workspace/Sources/Orthotope/> 1D/Core Graphics/Core Graphics vectors.swift:30:10: error: no exact matches in call to initializer
28 | /// Convert from `SIMD2<Double>` to `CGVector` .
29 | @inlinable init(_ vector: SIMD2<CGFloat.NativeType>) {
30 | self.init(dx: vector.x, dy: vector.y)
| |- error: no exact matches in call to initializer
| |- note: candidate has partially matching parameter list (dx: Int, dy: Int)
| `- note: candidate has partially matching parameter list (dx: Double, dy: Double)
31 | }
32 | }
/Applications/Xcode-27.0.0-Release.Candidate.app/Contents/Developer/Platforms/WatchOS.platform/Developer/SDKs/WatchOS27.0.sdk/System/Library/Frameworks/CoreFoundation.framework/Headers/CFCGTypes.h:69:26: note: candidate has partially matching parameter list (dx: CGFloat, dy: CGFloat)
67 | #define CGVECTOR_DEFINED 1
68 |
69 | struct CF_SWIFT_SENDABLE CGVector {
| `- note: candidate has partially matching parameter list (dx: CGFloat, dy: CGFloat)
70 | CGFloat dx;
71 | CGFloat dy;
SwiftDriverJobDiscovery normal arm64 Compiling Matrix.swift, Matrix2.swift, Matrix3.swift (in target 'SIMDson' from project 'SIMDson')
SwiftCompile normal arm64_32 Compiling\ Normalized.swift,\ SIMD2+FloatingPointVector.swift,\ SIMD3+FloatingPointVector.swift /Users/admin/builder/spi-builder-workspace/Sources/FloatingPoint/Vector/Normalized.swift /Users/admin/builder/spi-builder-workspace/Sources/FloatingPoint/Vector/SIMD2+FloatingPointVector.swift /Users/admin/builder/spi-builder-workspace/Sources/FloatingPoint/Vector/SIMD3+FloatingPointVector.swift (in target 'SIMDson' from project 'SIMDson')
SwiftCompile normal arm64_32 /Users/admin/builder/spi-builder-workspace/Sources/FloatingPoint/Vector/Normalized.swift (in target 'SIMDson' from project 'SIMDson')
cd /Users/admin/builder/spi-builder-workspace/.swiftpm/xcode
builtin-SwiftPerFileCompile Normalized.swift
SwiftCompile normal arm64_32 /Users/admin/builder/spi-builder-workspace/Sources/FloatingPoint/Vector/SIMD2+FloatingPointVector.swift (in target 'SIMDson' from project 'SIMDson')
cd /Users/admin/builder/spi-builder-workspace/.swiftpm/xcode
builtin-SwiftPerFileCompile SIMD2+FloatingPointVector.swift
SwiftCompile normal arm64_32 /Users/admin/builder/spi-builder-workspace/Sources/FloatingPoint/Vector/SIMD3+FloatingPointVector.swift (in target 'SIMDson' from project 'SIMDson')
cd /Users/admin/builder/spi-builder-workspace/.swiftpm/xcode
builtin-SwiftPerFileCompile SIMD3+FloatingPointVector.swift
SwiftDriverJobDiscovery normal arm64 Compiling Matrix3x2.swift, Matrix3x3.swift, Matrix4.swift (in target 'SIMDson' from project 'SIMDson')
SwiftCompile normal arm64_32 Compiling\ SIMD.swift,\ Spatial.swift /Users/admin/builder/spi-builder-workspace/Sources/SIMD.swift /Users/admin/builder/spi-builder-workspace/Sources/Spatial.swift (in target 'SIMDson' from project 'SIMDson')
SwiftCompile normal arm64_32 /Users/admin/builder/spi-builder-workspace/Sources/SIMD.swift (in target 'SIMDson' from project 'SIMDson')
cd /Users/admin/builder/spi-builder-workspace/.swiftpm/xcode
builtin-SwiftPerFileCompile SIMD.swift
SwiftCompile normal arm64_32 /Users/admin/builder/spi-builder-workspace/Sources/Spatial.swift (in target 'SIMDson' from project 'SIMDson')
cd /Users/admin/builder/spi-builder-workspace/.swiftpm/xcode
builtin-SwiftPerFileCompile Spatial.swift
SwiftDriverJobDiscovery normal arm64 Compiling SIMD.swift, Spatial.swift (in target 'SIMDson' from project 'SIMDson')
SwiftCompile normal arm64_32 Compiling\ LineSegment.swift,\ OrthotopeProtocol.swift /Users/admin/builder/spi-builder-workspace/Sources/Orthotope/LineSegment.swift /Users/admin/builder/spi-builder-workspace/Sources/Orthotope/OrthotopeProtocol.swift (in target 'SIMDson' from project 'SIMDson')
SwiftCompile normal arm64_32 /Users/admin/builder/spi-builder-workspace/Sources/Orthotope/LineSegment.swift (in target 'SIMDson' from project 'SIMDson')
cd /Users/admin/builder/spi-builder-workspace/.swiftpm/xcode
builtin-SwiftPerFileCompile LineSegment.swift
SwiftCompile normal arm64_32 /Users/admin/builder/spi-builder-workspace/Sources/Orthotope/OrthotopeProtocol.swift (in target 'SIMDson' from project 'SIMDson')
cd /Users/admin/builder/spi-builder-workspace/.swiftpm/xcode
builtin-SwiftPerFileCompile OrthotopeProtocol.swift
SwiftDriverJobDiscovery normal arm64 Compiling Normalized.swift, SIMD2+FloatingPointVector.swift, SIMD3+FloatingPointVector.swift (in target 'SIMDson' from project 'SIMDson')
SwiftCompile normal arm64_32 Compiling\ Rectangle.swift,\ RectangularCuboid.swift /Users/admin/builder/spi-builder-workspace/Sources/Orthotope/>\ 1D/Rectangle.swift /Users/admin/builder/spi-builder-workspace/Sources/Orthotope/>\ 1D/RectangularCuboid.swift (in target 'SIMDson' from project 'SIMDson')
SwiftCompile normal arm64_32 /Users/admin/builder/spi-builder-workspace/Sources/Orthotope/>\ 1D/Rectangle.swift (in target 'SIMDson' from project 'SIMDson')
cd /Users/admin/builder/spi-builder-workspace/.swiftpm/xcode
builtin-SwiftPerFileCompile Rectangle.swift
SwiftCompile normal arm64_32 /Users/admin/builder/spi-builder-workspace/Sources/Orthotope/>\ 1D/RectangularCuboid.swift (in target 'SIMDson' from project 'SIMDson')
cd /Users/admin/builder/spi-builder-workspace/.swiftpm/xcode
builtin-SwiftPerFileCompile RectangularCuboid.swift
SwiftDriverJobDiscovery normal arm64 Emitting module for SIMDson (in target 'SIMDson' from project 'SIMDson')
SwiftDriver\ Compilation\ Requirements SIMDson normal arm64 com.apple.xcode.tools.swift.compiler (in target 'SIMDson' from project 'SIMDson')
cd /Users/admin/builder/spi-builder-workspace/.swiftpm/xcode
builtin-Swift-Compilation-Requirements -- /Applications/Xcode-27.0.0-Release.Candidate.app/Contents/Developer/Toolchains/XcodeDefault.xctoolchain/usr/bin/swiftc -parse-as-library -module-name SIMDson -Onone @/Users/admin/builder/spi-builder-workspace/.derivedData/Build/Intermediates.noindex/SIMDson.build/Debug-watchos/SIMDson-t.build/Objects-normal/arm64/SIMDson.SwiftFileList -DSWIFT_PACKAGE -DDEBUG -DSWIFT_MODULE_RESOURCE_BUNDLE_UNAVAILABLE -Xcc -fmodule-map-file\=/Users/admin/builder/spi-builder-workspace/.dependencies/checkouts/swift-numerics/Sources/_NumericsShims/include/module.modulemap -DXcode -Xfrontend -requirement-machine-max-rule-count\=8000 -plugin-path /Applications/Xcode-27.0.0-Release.Candidate.app/Contents/Developer/Toolchains/XcodeDefault.xctoolchain/usr/lib/swift/host/plugins/testing -enable-experimental-feature DebugDescriptionMacro -sdk /Applications/Xcode-27.0.0-Release.Candidate.app/Contents/Developer/Platforms/WatchOS.platform/Developer/SDKs/WatchOS27.0.sdk -target arm64-apple-watchos11.0 -g -module-cache-path /Users/admin/builder/spi-builder-workspace/.derivedData/ModuleCache.noindex -Xfrontend -serialize-debugging-options -profile-coverage-mapping -profile-generate -enable-testing -index-store-path /Users/admin/builder/spi-builder-workspace/.derivedData/Index.noindex/DataStore -Xcc -D_LIBCPP_HARDENING_MODE\=_LIBCPP_HARDENING_MODE_DEBUG -swift-version 6 -I /Users/admin/builder/spi-builder-workspace/.derivedData/Build/Products/Debug-watchos -Isystem /Applications/Xcode-27.0.0-Release.Candidate.app/Contents/Developer/Platforms/WatchOS.platform/Developer/usr/lib -F /Users/admin/builder/spi-builder-workspace/.derivedData/Build/Products/Debug-watchos/PackageFrameworks -F /Users/admin/builder/spi-builder-workspace/.derivedData/Build/Products/Debug-watchos -F /Applications/Xcode-27.0.0-Release.Candidate.app/Contents/Developer/Platforms/WatchOS.platform/Developer/Library/Frameworks -F /Applications/Xcode-27.0.0-Release.Candidate.app/Contents/Developer/Platforms/WatchOS.platform/Developer/SDKs/WatchOS27.0.sdk/Developer/Library/Frameworks -c -j10 -enable-batch-mode -incremental -Xcc -ivfsstatcache -Xcc /Users/admin/builder/spi-builder-workspace/.derivedData/SDKStatCaches.noindex/watchos27.0-24R360-e829b21a6f8c9b70876ba0858053c04477534ef55a1706bf4c1112bbb242f0a2.sdkstatcache -output-file-map /Users/admin/builder/spi-builder-workspace/.derivedData/Build/Intermediates.noindex/SIMDson.build/Debug-watchos/SIMDson-t.build/Objects-normal/arm64/SIMDson-OutputFileMap.json -save-temps -no-color-diagnostics -explicit-module-build -module-cache-path /Users/admin/builder/spi-builder-workspace/.derivedData/Build/Intermediates.noindex/SwiftExplicitPrecompiledModules -clang-scanner-module-cache-path /Users/admin/builder/spi-builder-workspace/.derivedData/ModuleCache.noindex -sdk-module-cache-path /Users/admin/builder/spi-builder-workspace/.derivedData/SDKExplicitPrecompiledModules -emit-dependencies -emit-module -emit-module-path /Users/admin/builder/spi-builder-workspace/.derivedData/Build/Intermediates.noindex/SIMDson.build/Debug-watchos/SIMDson-t.build/Objects-normal/arm64/SIMDson.swiftmodule -serialize-diagnostics -dependency-scan-serialize-diagnostics-path /Users/admin/builder/spi-builder-workspace/.derivedData/Build/Intermediates.noindex/SIMDson.build/Debug-watchos/SIMDson-t.build/Objects-normal/arm64/SIMDson-dependency-scan.dia -validate-clang-modules-once -clang-build-session-file /Users/admin/builder/spi-builder-workspace/.derivedData/ModuleCache.noindex/Session.modulevalidation -Xcc -fmodules-prune-interval\=86400 -Xcc -fmodules-prune-after\=345600 -package-name spi_builder_workspace -emit-const-values -const-gather-protocols-list /Users/admin/builder/spi-builder-workspace/.derivedData/Build/Intermediates.noindex/SIMDson.build/Debug-watchos/SIMDson-t.build/Objects-normal/arm64/SIMDson_const_extract_protocols.json -Xcc -I/Users/admin/builder/spi-builder-workspace/.dependencies/checkouts/swift-numerics/Sources/_NumericsShims/include -Xcc -I/Users/admin/builder/spi-builder-workspace/.derivedData/Build/Products/Debug-watchos/include -Xcc -I/Users/admin/builder/spi-builder-workspace/.derivedData/Build/Intermediates.noindex/SIMDson.build/Debug-watchos/SIMDson-t.build/DerivedSources-normal/arm64 -Xcc -I/Users/admin/builder/spi-builder-workspace/.derivedData/Build/Intermediates.noindex/SIMDson.build/Debug-watchos/SIMDson-t.build/DerivedSources/arm64 -Xcc -I/Users/admin/builder/spi-builder-workspace/.derivedData/Build/Intermediates.noindex/SIMDson.build/Debug-watchos/SIMDson-t.build/DerivedSources -Xcc -DSWIFT_PACKAGE -Xcc -DDEBUG\=1 -emit-objc-header -emit-objc-header-path /Users/admin/builder/spi-builder-workspace/.derivedData/Build/Intermediates.noindex/SIMDson.build/Debug-watchos/SIMDson-t.build/Objects-normal/arm64/SIMDson-Swift.h -working-directory /Users/admin/builder/spi-builder-workspace/.swiftpm/xcode -experimental-emit-module-separately -disable-cmo
SwiftDriverJobDiscovery normal arm64 Compiling Matrix4x4.swift, Quaternion.swift, Double+FloatingPointScalar.swift (in target 'SIMDson' from project 'SIMDson')
SwiftCompile normal arm64_32 Compiling\ Matrix.swift,\ Matrix2.swift,\ Matrix3.swift /Users/admin/builder/spi-builder-workspace/Sources/FloatingPoint/Matrix/Matrix.swift /Users/admin/builder/spi-builder-workspace/Sources/FloatingPoint/Matrix/Matrix2.swift /Users/admin/builder/spi-builder-workspace/Sources/FloatingPoint/Matrix/Matrix3.swift (in target 'SIMDson' from project 'SIMDson')
SwiftCompile normal arm64_32 /Users/admin/builder/spi-builder-workspace/Sources/FloatingPoint/Matrix/Matrix.swift (in target 'SIMDson' from project 'SIMDson')
cd /Users/admin/builder/spi-builder-workspace/.swiftpm/xcode
builtin-SwiftPerFileCompile Matrix.swift
SwiftCompile normal arm64_32 /Users/admin/builder/spi-builder-workspace/Sources/FloatingPoint/Matrix/Matrix2.swift (in target 'SIMDson' from project 'SIMDson')
cd /Users/admin/builder/spi-builder-workspace/.swiftpm/xcode
builtin-SwiftPerFileCompile Matrix2.swift
SwiftCompile normal arm64_32 /Users/admin/builder/spi-builder-workspace/Sources/FloatingPoint/Matrix/Matrix3.swift (in target 'SIMDson' from project 'SIMDson')
cd /Users/admin/builder/spi-builder-workspace/.swiftpm/xcode
builtin-SwiftPerFileCompile Matrix3.swift
Copy /Users/admin/builder/spi-builder-workspace/.derivedData/Build/Products/Debug-watchos/SIMDson.swiftmodule/arm64-apple-watchos.swiftmodule /Users/admin/builder/spi-builder-workspace/.derivedData/Build/Intermediates.noindex/SIMDson.build/Debug-watchos/SIMDson-t.build/Objects-normal/arm64/SIMDson.swiftmodule (in target 'SIMDson' from project 'SIMDson')
cd /Users/admin/builder/spi-builder-workspace
builtin-copy -exclude .DS_Store -exclude CVS -exclude .svn -exclude .git -exclude .hg -resolve-src-symlinks -rename /Users/admin/builder/spi-builder-workspace/.derivedData/Build/Intermediates.noindex/SIMDson.build/Debug-watchos/SIMDson-t.build/Objects-normal/arm64/SIMDson.swiftmodule /Users/admin/builder/spi-builder-workspace/.derivedData/Build/Products/Debug-watchos/SIMDson.swiftmodule/arm64-apple-watchos.swiftmodule
SwiftDriverJobDiscovery normal arm64 Compiling Core Graphics vectors.swift, Orthotope.swift (in target 'SIMDson' from project 'SIMDson')
Copy /Users/admin/builder/spi-builder-workspace/.derivedData/Build/Products/Debug-watchos/SIMDson.swiftmodule/arm64-apple-watchos.swiftdoc /Users/admin/builder/spi-builder-workspace/.derivedData/Build/Intermediates.noindex/SIMDson.build/Debug-watchos/SIMDson-t.build/Objects-normal/arm64/SIMDson.swiftdoc (in target 'SIMDson' from project 'SIMDson')
cd /Users/admin/builder/spi-builder-workspace
builtin-copy -exclude .DS_Store -exclude CVS -exclude .svn -exclude .git -exclude .hg -resolve-src-symlinks -rename /Users/admin/builder/spi-builder-workspace/.derivedData/Build/Intermediates.noindex/SIMDson.build/Debug-watchos/SIMDson-t.build/Objects-normal/arm64/SIMDson.swiftdoc /Users/admin/builder/spi-builder-workspace/.derivedData/Build/Products/Debug-watchos/SIMDson.swiftmodule/arm64-apple-watchos.swiftdoc
Copy /Users/admin/builder/spi-builder-workspace/.derivedData/Build/Products/Debug-watchos/SIMDson.swiftmodule/arm64-apple-watchos.abi.json /Users/admin/builder/spi-builder-workspace/.derivedData/Build/Intermediates.noindex/SIMDson.build/Debug-watchos/SIMDson-t.build/Objects-normal/arm64/SIMDson.abi.json (in target 'SIMDson' from project 'SIMDson')
cd /Users/admin/builder/spi-builder-workspace
builtin-copy -exclude .DS_Store -exclude CVS -exclude .svn -exclude .git -exclude .hg -resolve-src-symlinks -rename /Users/admin/builder/spi-builder-workspace/.derivedData/Build/Intermediates.noindex/SIMDson.build/Debug-watchos/SIMDson-t.build/Objects-normal/arm64/SIMDson.abi.json /Users/admin/builder/spi-builder-workspace/.derivedData/Build/Products/Debug-watchos/SIMDson.swiftmodule/arm64-apple-watchos.abi.json
Copy /Users/admin/builder/spi-builder-workspace/.derivedData/Build/Products/Debug-watchos/SIMDson.swiftmodule/Project/arm64-apple-watchos.swiftsourceinfo /Users/admin/builder/spi-builder-workspace/.derivedData/Build/Intermediates.noindex/SIMDson.build/Debug-watchos/SIMDson-t.build/Objects-normal/arm64/SIMDson.swiftsourceinfo (in target 'SIMDson' from project 'SIMDson')
cd /Users/admin/builder/spi-builder-workspace
builtin-copy -exclude .DS_Store -exclude CVS -exclude .svn -exclude .git -exclude .hg -resolve-src-symlinks -rename /Users/admin/builder/spi-builder-workspace/.derivedData/Build/Intermediates.noindex/SIMDson.build/Debug-watchos/SIMDson-t.build/Objects-normal/arm64/SIMDson.swiftsourceinfo /Users/admin/builder/spi-builder-workspace/.derivedData/Build/Products/Debug-watchos/SIMDson.swiftmodule/Project/arm64-apple-watchos.swiftsourceinfo
SwiftCompile normal arm64_32 Compiling\ Matrix4x4.swift,\ Quaternion.swift,\ Double+FloatingPointScalar.swift /Users/admin/builder/spi-builder-workspace/Sources/FloatingPoint/Matrix/Matrix4x4.swift /Users/admin/builder/spi-builder-workspace/Sources/FloatingPoint/Quaternion.swift /Users/admin/builder/spi-builder-workspace/Sources/FloatingPoint/Scalar/Double+FloatingPointScalar.swift (in target 'SIMDson' from project 'SIMDson')
SwiftCompile normal arm64_32 /Users/admin/builder/spi-builder-workspace/Sources/FloatingPoint/Matrix/Matrix4x4.swift (in target 'SIMDson' from project 'SIMDson')
cd /Users/admin/builder/spi-builder-workspace/.swiftpm/xcode
builtin-SwiftPerFileCompile Matrix4x4.swift
SwiftCompile normal arm64_32 /Users/admin/builder/spi-builder-workspace/Sources/FloatingPoint/Quaternion.swift (in target 'SIMDson' from project 'SIMDson')
cd /Users/admin/builder/spi-builder-workspace/.swiftpm/xcode
builtin-SwiftPerFileCompile Quaternion.swift
SwiftCompile normal arm64_32 /Users/admin/builder/spi-builder-workspace/Sources/FloatingPoint/Scalar/Double+FloatingPointScalar.swift (in target 'SIMDson' from project 'SIMDson')
cd /Users/admin/builder/spi-builder-workspace/.swiftpm/xcode
builtin-SwiftPerFileCompile Double+FloatingPointScalar.swift
SwiftCompile normal arm64_32 Compiling\ SIMD4+FloatingPointVector.swift,\ CGRect+Orthotope.swift /Users/admin/builder/spi-builder-workspace/Sources/FloatingPoint/Vector/SIMD4+FloatingPointVector.swift /Users/admin/builder/spi-builder-workspace/Sources/Orthotope/>\ 1D/Core\ Graphics/CGRect+Orthotope.swift (in target 'SIMDson' from project 'SIMDson')
SwiftCompile normal arm64_32 /Users/admin/builder/spi-builder-workspace/Sources/FloatingPoint/Vector/SIMD4+FloatingPointVector.swift (in target 'SIMDson' from project 'SIMDson')
cd /Users/admin/builder/spi-builder-workspace/.swiftpm/xcode
builtin-SwiftPerFileCompile SIMD4+FloatingPointVector.swift
SwiftCompile normal arm64_32 /Users/admin/builder/spi-builder-workspace/Sources/Orthotope/>\ 1D/Core\ Graphics/CGRect+Orthotope.swift (in target 'SIMDson' from project 'SIMDson')
cd /Users/admin/builder/spi-builder-workspace/.swiftpm/xcode
builtin-SwiftPerFileCompile CGRect+Orthotope.swift
SwiftDriverJobDiscovery normal arm64 Compiling SIMD4+FloatingPointVector.swift, CGRect+Orthotope.swift (in target 'SIMDson' from project 'SIMDson')
SwiftCompile normal arm64 Compiling\ Float+FloatingPointScalar.swift,\ FloatingPointScalar.swift,\ FloatingPointVector.swift /Users/admin/builder/spi-builder-workspace/Sources/FloatingPoint/Scalar/Float+FloatingPointScalar.swift /Users/admin/builder/spi-builder-workspace/Sources/FloatingPoint/Scalar/FloatingPointScalar.swift /Users/admin/builder/spi-builder-workspace/Sources/FloatingPoint/Vector/FloatingPointVector.swift (in target 'SIMDson' from project 'SIMDson')
SwiftCompile normal arm64 /Users/admin/builder/spi-builder-workspace/Sources/FloatingPoint/Scalar/Float+FloatingPointScalar.swift (in target 'SIMDson' from project 'SIMDson')
cd /Users/admin/builder/spi-builder-workspace/.swiftpm/xcode
builtin-SwiftPerFileCompile Float+FloatingPointScalar.swift
SwiftCompile normal arm64 /Users/admin/builder/spi-builder-workspace/Sources/FloatingPoint/Scalar/FloatingPointScalar.swift (in target 'SIMDson' from project 'SIMDson')
cd /Users/admin/builder/spi-builder-workspace/.swiftpm/xcode
builtin-SwiftPerFileCompile FloatingPointScalar.swift
SwiftCompile normal arm64 /Users/admin/builder/spi-builder-workspace/Sources/FloatingPoint/Vector/FloatingPointVector.swift (in target 'SIMDson' from project 'SIMDson')
cd /Users/admin/builder/spi-builder-workspace/.swiftpm/xcode
builtin-SwiftPerFileCompile FloatingPointVector.swift
SwiftDriverJobDiscovery normal arm64_32 Compiling Matrix3x2.swift, Matrix3x3.swift, Matrix4.swift (in target 'SIMDson' from project 'SIMDson')
SwiftCompile normal arm64_32 Compiling\ Float+FloatingPointScalar.swift,\ FloatingPointScalar.swift,\ FloatingPointVector.swift /Users/admin/builder/spi-builder-workspace/Sources/FloatingPoint/Scalar/Float+FloatingPointScalar.swift /Users/admin/builder/spi-builder-workspace/Sources/FloatingPoint/Scalar/FloatingPointScalar.swift /Users/admin/builder/spi-builder-workspace/Sources/FloatingPoint/Vector/FloatingPointVector.swift (in target 'SIMDson' from project 'SIMDson')
SwiftCompile normal arm64_32 /Users/admin/builder/spi-builder-workspace/Sources/FloatingPoint/Scalar/Float+FloatingPointScalar.swift (in target 'SIMDson' from project 'SIMDson')
cd /Users/admin/builder/spi-builder-workspace/.swiftpm/xcode
builtin-SwiftPerFileCompile Float+FloatingPointScalar.swift
SwiftCompile normal arm64_32 /Users/admin/builder/spi-builder-workspace/Sources/FloatingPoint/Scalar/FloatingPointScalar.swift (in target 'SIMDson' from project 'SIMDson')
cd /Users/admin/builder/spi-builder-workspace/.swiftpm/xcode
builtin-SwiftPerFileCompile FloatingPointScalar.swift
SwiftCompile normal arm64_32 /Users/admin/builder/spi-builder-workspace/Sources/FloatingPoint/Vector/FloatingPointVector.swift (in target 'SIMDson' from project 'SIMDson')
cd /Users/admin/builder/spi-builder-workspace/.swiftpm/xcode
builtin-SwiftPerFileCompile FloatingPointVector.swift
SwiftDriverJobDiscovery normal arm64_32 Compiling LineSegment.swift, OrthotopeProtocol.swift (in target 'SIMDson' from project 'SIMDson')
SwiftDriverJobDiscovery normal arm64_32 Compiling Rectangle.swift, RectangularCuboid.swift (in target 'SIMDson' from project 'SIMDson')
PruneExplicitPrecompiledModules /Users/admin/builder/spi-builder-workspace/.derivedData/Build/Intermediates.noindex/ExplicitPrecompiledModules
PruneExplicitPrecompiledModules /Users/admin/builder/spi-builder-workspace/.derivedData/Build/Intermediates.noindex/SwiftExplicitPrecompiledModules
PruneExplicitPrecompiledModules /Users/admin/builder/spi-builder-workspace/.derivedData/SDKExplicitPrecompiledModules
2026-09-20 21:26:22.747 xcodebuild[1013:6135] [MT] IDERunDestination: Supported platforms for the buildables in the current scheme is empty.
** BUILD FAILED **
The following build commands failed:
SwiftCompile normal arm64_32 (in target 'SIMDson' from project 'SIMDson')
SwiftEmitModule normal arm64_32 Emitting\ module\ for\ SIMDson (in target 'SIMDson' from project 'SIMDson')
Building workspace SIMDson with scheme SIMDson
(3 failures)
Command line invocation:
/Applications/Xcode-27.0.0-Release.Candidate.app/Contents/Developer/usr/bin/xcodebuild -IDEClonedSourcePackagesDirPathOverride=/Users/admin/builder/spi-builder-workspace/.dependencies -resolvePackageDependencies
Resolve Package Graph
Resolved source packages:
swift-numerics: https://github.com/apple/swift-numerics.git @ 1.1.1
SwiftDocCPlugin: https://github.com/swiftlang/swift-docc-plugin @ main (647c708)
SymbolKit: https://github.com/swiftlang/swift-docc-symbolkit @ 1.0.0
swift-algorithms: https://github.com/apple/swift-algorithms @ main (5b7143f)
Tuplé: https://github.com/Catterwaul/Tuplay @ main (c6a8e93)
Thrappture: https://github.com/Catterwaul/Thrappture @ main (cc102d9)
SIMDson: /Users/admin/builder/spi-builder-workspace
resolved source packages: swift-numerics, SwiftDocCPlugin, SymbolKit, swift-algorithms, Tuplé, Thrappture, SIMDson
2026-09-20 21:26:58.776 xcodebuild[1379:8009] [MT] IDERunDestination: Supported platforms for the buildables in the current scheme is empty.
{
"dependencies" : [
{
"identity" : "swift-docc-plugin",
"requirement" : {
"branch" : [
"main"
]
},
"type" : "sourceControl",
"url" : "https://github.com/swiftlang/swift-docc-plugin"
},
{
"identity" : "swift-algorithms",
"requirement" : {
"branch" : [
"main"
]
},
"type" : "sourceControl",
"url" : "https://github.com/apple/swift-algorithms"
},
{
"identity" : "tuplay",
"requirement" : {
"branch" : [
"main"
]
},
"type" : "sourceControl",
"url" : "https://github.com/Catterwaul/Tuplay"
}
],
"manifest_display_name" : "SIMDson",
"name" : "SIMDson",
"path" : "/Users/admin/builder/spi-builder-workspace",
"platforms" : [
{
"name" : "ios",
"version" : "18.0"
},
{
"name" : "macos",
"version" : "26.0"
}
],
"products" : [
{
"name" : "SIMDson",
"targets" : [
"SIMDson"
],
"type" : {
"library" : [
"automatic"
]
}
}
],
"targets" : [
{
"c99name" : "SIMDson_Tests",
"module_type" : "SwiftTarget",
"name" : "SIMDson.Tests",
"path" : "Tests",
"sources" : [
"MatrixTests.swift",
"Orthotope/OrthotopeTests.CoreGraphics.swift",
"Orthotope/OrthotopeTests.swift",
"SIMDTests.swift",
"SpatialTests.swift",
"VectorTests.swift"
],
"target_dependencies" : [
"SIMDson"
],
"type" : "test"
},
{
"c99name" : "SIMDson",
"module_type" : "SwiftTarget",
"name" : "SIMDson",
"path" : "Sources",
"product_dependencies" : [
"Algorithms",
"Tuplé"
],
"product_memberships" : [
"SIMDson"
],
"sources" : [
"FloatingPoint/Matrix/Matrix.swift",
"FloatingPoint/Matrix/Matrix2.swift",
"FloatingPoint/Matrix/Matrix3.swift",
"FloatingPoint/Matrix/Matrix3x2.swift",
"FloatingPoint/Matrix/Matrix3x3.swift",
"FloatingPoint/Matrix/Matrix4.swift",
"FloatingPoint/Matrix/Matrix4x4.swift",
"FloatingPoint/Quaternion.swift",
"FloatingPoint/Scalar/Double+FloatingPointScalar.swift",
"FloatingPoint/Scalar/Float+FloatingPointScalar.swift",
"FloatingPoint/Scalar/FloatingPointScalar.swift",
"FloatingPoint/Vector/FloatingPointVector.swift",
"FloatingPoint/Vector/Normalized.swift",
"FloatingPoint/Vector/SIMD2+FloatingPointVector.swift",
"FloatingPoint/Vector/SIMD3+FloatingPointVector.swift",
"FloatingPoint/Vector/SIMD4+FloatingPointVector.swift",
"Orthotope/> 1D/Core Graphics/CGRect+Orthotope.swift",
"Orthotope/> 1D/Core Graphics/Core Graphics vectors.swift",
"Orthotope/> 1D/Orthotope.swift",
"Orthotope/> 1D/Rectangle.swift",
"Orthotope/> 1D/RectangularCuboid.swift",
"Orthotope/LineSegment.swift",
"Orthotope/OrthotopeProtocol.swift",
"SIMD.swift",
"Spatial.swift"
],
"type" : "library"
}
],
"tools_version" : "6.2"
}
{
"workspace" : {
"name" : "SIMDson",
"schemes" : [
"SIMDson"
]
}
}
2026-09-20 21:27:06.191 xcodebuild[1437:8403] [MT] IDERunDestination: Supported platforms for the buildables in the current scheme is empty.
Running build ...
env DEVELOPER_DIR=/Applications/Xcode-27.0.0-Release.Candidate.app xcrun xcodebuild -IDEClonedSourcePackagesDirPathOverride=$PWD/.dependencies -skipMacroValidation -skipPackagePluginValidation -derivedDataPath $PWD/.derivedData build -scheme SIMDson -destination generic/platform=watchOS
Command line invocation:
/Applications/Xcode-27.0.0-Release.Candidate.app/Contents/Developer/usr/bin/xcodebuild -IDEClonedSourcePackagesDirPathOverride=/Users/admin/builder/spi-builder-workspace/.dependencies -skipMacroValidation -skipPackagePluginValidation -derivedDataPath /Users/admin/builder/spi-builder-workspace/.derivedData build -scheme SIMDson -destination generic/platform=watchOS
Resolve Package Graph
Resolved source packages:
swift-numerics: https://github.com/apple/swift-numerics.git @ 1.1.1
Tuplé: https://github.com/Catterwaul/Tuplay @ main (c6a8e93)
SwiftDocCPlugin: https://github.com/swiftlang/swift-docc-plugin @ main (647c708)
SIMDson: /Users/admin/builder/spi-builder-workspace
Thrappture: https://github.com/Catterwaul/Thrappture @ main (cc102d9)
swift-algorithms: https://github.com/apple/swift-algorithms @ main (5b7143f)
SymbolKit: https://github.com/swiftlang/swift-docc-symbolkit @ 1.0.0
ComputePackagePrebuildTargetDependencyGraph
Prepare packages
CreateBuildRequest
SendProjectDescription
CreateBuildOperation
ComputeTargetDependencyGraph
note: Building targets in dependency order
note: Target dependency graph (11 targets)
Target 'SIMDson-product' in project 'SIMDson'
➜ Explicit dependency on target 'SIMDson' in project 'SIMDson'
➜ Explicit dependency on target 'Algorithms-product' in project 'swift-algorithms'
➜ Explicit dependency on target 'Tuplé-product' in project 'Tuplé'
Target 'SIMDson' in project 'SIMDson'
➜ Explicit dependency on target 'Algorithms-product' in project 'swift-algorithms'
➜ Explicit dependency on target 'Tuplé-product' in project 'Tuplé'
Target 'Tuplé-product' in project 'Tuplé'
➜ Explicit dependency on target 'Tuplé' in project 'Tuplé'
➜ Explicit dependency on target 'Thrappture-product' in project 'Thrappture'
Target 'Tuplé' in project 'Tuplé'
➜ Explicit dependency on target 'Thrappture-product' in project 'Thrappture'
Target 'Thrappture-product' in project 'Thrappture'
➜ Explicit dependency on target 'Thrappture' in project 'Thrappture'
Target 'Thrappture' in project 'Thrappture' (no dependencies)
Target 'Algorithms-product' in project 'swift-algorithms'
➜ Explicit dependency on target 'Algorithms' in project 'swift-algorithms'
➜ Explicit dependency on target 'RealModule-product' in project 'swift-numerics'
Target 'Algorithms' in project 'swift-algorithms'
➜ Explicit dependency on target 'RealModule-product' in project 'swift-numerics'
Target 'RealModule-product' in project 'swift-numerics'
➜ Explicit dependency on target 'RealModule' in project 'swift-numerics'
➜ Explicit dependency on target '_NumericsShims' in project 'swift-numerics'
Target 'RealModule' in project 'swift-numerics'
➜ Explicit dependency on target '_NumericsShims' in project 'swift-numerics'
Target '_NumericsShims' in project 'swift-numerics' (no dependencies)
GatherProvisioningInputs
CreateBuildDescription
ClangStatCache /Applications/Xcode-27.0.0-Release.Candidate.app/Contents/Developer/Toolchains/XcodeDefault.xctoolchain/usr/bin/clang-stat-cache /Applications/Xcode-27.0.0-Release.Candidate.app/Contents/Developer/Platforms/WatchOS.platform/Developer/SDKs/WatchOS27.0.sdk /Users/admin/builder/spi-builder-workspace/.derivedData/SDKStatCaches.noindex/watchos27.0-24R360-e829b21a6f8c9b70876ba0858053c04477534ef55a1706bf4c1112bbb242f0a2.sdkstatcache
cd /Users/admin/builder/spi-builder-workspace/.swiftpm/xcode
/Applications/Xcode-27.0.0-Release.Candidate.app/Contents/Developer/Toolchains/XcodeDefault.xctoolchain/usr/bin/clang-stat-cache /Applications/Xcode-27.0.0-Release.Candidate.app/Contents/Developer/Platforms/WatchOS.platform/Developer/SDKs/WatchOS27.0.sdk -o /Users/admin/builder/spi-builder-workspace/.derivedData/SDKStatCaches.noindex/watchos27.0-24R360-e829b21a6f8c9b70876ba0858053c04477534ef55a1706bf4c1112bbb242f0a2.sdkstatcache
SwiftDriver SIMDson normal arm64 com.apple.xcode.tools.swift.compiler (in target 'SIMDson' from project 'SIMDson')
cd /Users/admin/builder/spi-builder-workspace/.swiftpm/xcode
builtin-SwiftDriver -- /Applications/Xcode-27.0.0-Release.Candidate.app/Contents/Developer/Toolchains/XcodeDefault.xctoolchain/usr/bin/swiftc -parse-as-library -module-name SIMDson -Onone @/Users/admin/builder/spi-builder-workspace/.derivedData/Build/Intermediates.noindex/SIMDson.build/Debug-watchos/SIMDson-t.build/Objects-normal/arm64/SIMDson.SwiftFileList -DSWIFT_PACKAGE -DDEBUG -DSWIFT_MODULE_RESOURCE_BUNDLE_UNAVAILABLE -Xcc -fmodule-map-file\=/Users/admin/builder/spi-builder-workspace/.dependencies/checkouts/swift-numerics/Sources/_NumericsShims/include/module.modulemap -DXcode -Xfrontend -requirement-machine-max-rule-count\=8000 -plugin-path /Applications/Xcode-27.0.0-Release.Candidate.app/Contents/Developer/Toolchains/XcodeDefault.xctoolchain/usr/lib/swift/host/plugins/testing -enable-experimental-feature DebugDescriptionMacro -sdk /Applications/Xcode-27.0.0-Release.Candidate.app/Contents/Developer/Platforms/WatchOS.platform/Developer/SDKs/WatchOS27.0.sdk -target arm64-apple-watchos11.0 -g -module-cache-path /Users/admin/builder/spi-builder-workspace/.derivedData/ModuleCache.noindex -Xfrontend -serialize-debugging-options -profile-coverage-mapping -profile-generate -enable-testing -index-store-path /Users/admin/builder/spi-builder-workspace/.derivedData/Index.noindex/DataStore -Xcc -D_LIBCPP_HARDENING_MODE\=_LIBCPP_HARDENING_MODE_DEBUG -swift-version 6 -I /Users/admin/builder/spi-builder-workspace/.derivedData/Build/Products/Debug-watchos -Isystem /Applications/Xcode-27.0.0-Release.Candidate.app/Contents/Developer/Platforms/WatchOS.platform/Developer/usr/lib -F /Users/admin/builder/spi-builder-workspace/.derivedData/Build/Products/Debug-watchos/PackageFrameworks -F /Users/admin/builder/spi-builder-workspace/.derivedData/Build/Products/Debug-watchos -F /Applications/Xcode-27.0.0-Release.Candidate.app/Contents/Developer/Platforms/WatchOS.platform/Developer/Library/Frameworks -F /Applications/Xcode-27.0.0-Release.Candidate.app/Contents/Developer/Platforms/WatchOS.platform/Developer/SDKs/WatchOS27.0.sdk/Developer/Library/Frameworks -c -j10 -enable-batch-mode -incremental -Xcc -ivfsstatcache -Xcc /Users/admin/builder/spi-builder-workspace/.derivedData/SDKStatCaches.noindex/watchos27.0-24R360-e829b21a6f8c9b70876ba0858053c04477534ef55a1706bf4c1112bbb242f0a2.sdkstatcache -output-file-map /Users/admin/builder/spi-builder-workspace/.derivedData/Build/Intermediates.noindex/SIMDson.build/Debug-watchos/SIMDson-t.build/Objects-normal/arm64/SIMDson-OutputFileMap.json -save-temps -no-color-diagnostics -explicit-module-build -module-cache-path /Users/admin/builder/spi-builder-workspace/.derivedData/Build/Intermediates.noindex/SwiftExplicitPrecompiledModules -clang-scanner-module-cache-path /Users/admin/builder/spi-builder-workspace/.derivedData/ModuleCache.noindex -sdk-module-cache-path /Users/admin/builder/spi-builder-workspace/.derivedData/SDKExplicitPrecompiledModules -emit-dependencies -emit-module -emit-module-path /Users/admin/builder/spi-builder-workspace/.derivedData/Build/Intermediates.noindex/SIMDson.build/Debug-watchos/SIMDson-t.build/Objects-normal/arm64/SIMDson.swiftmodule -serialize-diagnostics -dependency-scan-serialize-diagnostics-path /Users/admin/builder/spi-builder-workspace/.derivedData/Build/Intermediates.noindex/SIMDson.build/Debug-watchos/SIMDson-t.build/Objects-normal/arm64/SIMDson-dependency-scan.dia -validate-clang-modules-once -clang-build-session-file /Users/admin/builder/spi-builder-workspace/.derivedData/ModuleCache.noindex/Session.modulevalidation -Xcc -fmodules-prune-interval\=86400 -Xcc -fmodules-prune-after\=345600 -package-name spi_builder_workspace -emit-const-values -const-gather-protocols-list /Users/admin/builder/spi-builder-workspace/.derivedData/Build/Intermediates.noindex/SIMDson.build/Debug-watchos/SIMDson-t.build/Objects-normal/arm64/SIMDson_const_extract_protocols.json -Xcc -I/Users/admin/builder/spi-builder-workspace/.dependencies/checkouts/swift-numerics/Sources/_NumericsShims/include -Xcc -I/Users/admin/builder/spi-builder-workspace/.derivedData/Build/Products/Debug-watchos/include -Xcc -I/Users/admin/builder/spi-builder-workspace/.derivedData/Build/Intermediates.noindex/SIMDson.build/Debug-watchos/SIMDson-t.build/DerivedSources-normal/arm64 -Xcc -I/Users/admin/builder/spi-builder-workspace/.derivedData/Build/Intermediates.noindex/SIMDson.build/Debug-watchos/SIMDson-t.build/DerivedSources/arm64 -Xcc -I/Users/admin/builder/spi-builder-workspace/.derivedData/Build/Intermediates.noindex/SIMDson.build/Debug-watchos/SIMDson-t.build/DerivedSources -Xcc -DSWIFT_PACKAGE -Xcc -DDEBUG\=1 -emit-objc-header -emit-objc-header-path /Users/admin/builder/spi-builder-workspace/.derivedData/Build/Intermediates.noindex/SIMDson.build/Debug-watchos/SIMDson-t.build/Objects-normal/arm64/SIMDson-Swift.h -working-directory /Users/admin/builder/spi-builder-workspace/.swiftpm/xcode -experimental-emit-module-separately -disable-cmo
SwiftDriver SIMDson normal arm64_32 com.apple.xcode.tools.swift.compiler (in target 'SIMDson' from project 'SIMDson')
cd /Users/admin/builder/spi-builder-workspace/.swiftpm/xcode
builtin-SwiftDriver -- /Applications/Xcode-27.0.0-Release.Candidate.app/Contents/Developer/Toolchains/XcodeDefault.xctoolchain/usr/bin/swiftc -parse-as-library -module-name SIMDson -Onone @/Users/admin/builder/spi-builder-workspace/.derivedData/Build/Intermediates.noindex/SIMDson.build/Debug-watchos/SIMDson-t.build/Objects-normal/arm64_32/SIMDson.SwiftFileList -DSWIFT_PACKAGE -DDEBUG -DSWIFT_MODULE_RESOURCE_BUNDLE_UNAVAILABLE -Xcc -fmodule-map-file\=/Users/admin/builder/spi-builder-workspace/.dependencies/checkouts/swift-numerics/Sources/_NumericsShims/include/module.modulemap -DXcode -Xfrontend -requirement-machine-max-rule-count\=8000 -plugin-path /Applications/Xcode-27.0.0-Release.Candidate.app/Contents/Developer/Toolchains/XcodeDefault.xctoolchain/usr/lib/swift/host/plugins/testing -enable-experimental-feature DebugDescriptionMacro -sdk /Applications/Xcode-27.0.0-Release.Candidate.app/Contents/Developer/Platforms/WatchOS.platform/Developer/SDKs/WatchOS27.0.sdk -target arm64_32-apple-watchos11.0 -g -module-cache-path /Users/admin/builder/spi-builder-workspace/.derivedData/ModuleCache.noindex -Xfrontend -serialize-debugging-options -profile-coverage-mapping -profile-generate -enable-testing -index-store-path /Users/admin/builder/spi-builder-workspace/.derivedData/Index.noindex/DataStore -Xcc -D_LIBCPP_HARDENING_MODE\=_LIBCPP_HARDENING_MODE_DEBUG -swift-version 6 -I /Users/admin/builder/spi-builder-workspace/.derivedData/Build/Products/Debug-watchos -Isystem /Applications/Xcode-27.0.0-Release.Candidate.app/Contents/Developer/Platforms/WatchOS.platform/Developer/usr/lib -F /Users/admin/builder/spi-builder-workspace/.derivedData/Build/Products/Debug-watchos/PackageFrameworks -F /Users/admin/builder/spi-builder-workspace/.derivedData/Build/Products/Debug-watchos -F /Applications/Xcode-27.0.0-Release.Candidate.app/Contents/Developer/Platforms/WatchOS.platform/Developer/Library/Frameworks -F /Applications/Xcode-27.0.0-Release.Candidate.app/Contents/Developer/Platforms/WatchOS.platform/Developer/SDKs/WatchOS27.0.sdk/Developer/Library/Frameworks -c -j10 -enable-batch-mode -incremental -Xcc -ivfsstatcache -Xcc /Users/admin/builder/spi-builder-workspace/.derivedData/SDKStatCaches.noindex/watchos27.0-24R360-e829b21a6f8c9b70876ba0858053c04477534ef55a1706bf4c1112bbb242f0a2.sdkstatcache -output-file-map /Users/admin/builder/spi-builder-workspace/.derivedData/Build/Intermediates.noindex/SIMDson.build/Debug-watchos/SIMDson-t.build/Objects-normal/arm64_32/SIMDson-OutputFileMap.json -save-temps -no-color-diagnostics -explicit-module-build -module-cache-path /Users/admin/builder/spi-builder-workspace/.derivedData/Build/Intermediates.noindex/SwiftExplicitPrecompiledModules -clang-scanner-module-cache-path /Users/admin/builder/spi-builder-workspace/.derivedData/ModuleCache.noindex -sdk-module-cache-path /Users/admin/builder/spi-builder-workspace/.derivedData/SDKExplicitPrecompiledModules -emit-dependencies -emit-module -emit-module-path /Users/admin/builder/spi-builder-workspace/.derivedData/Build/Intermediates.noindex/SIMDson.build/Debug-watchos/SIMDson-t.build/Objects-normal/arm64_32/SIMDson.swiftmodule -serialize-diagnostics -dependency-scan-serialize-diagnostics-path /Users/admin/builder/spi-builder-workspace/.derivedData/Build/Intermediates.noindex/SIMDson.build/Debug-watchos/SIMDson-t.build/Objects-normal/arm64_32/SIMDson-dependency-scan.dia -validate-clang-modules-once -clang-build-session-file /Users/admin/builder/spi-builder-workspace/.derivedData/ModuleCache.noindex/Session.modulevalidation -Xcc -fmodules-prune-interval\=86400 -Xcc -fmodules-prune-after\=345600 -package-name spi_builder_workspace -emit-const-values -const-gather-protocols-list /Users/admin/builder/spi-builder-workspace/.derivedData/Build/Intermediates.noindex/SIMDson.build/Debug-watchos/SIMDson-t.build/Objects-normal/arm64_32/SIMDson_const_extract_protocols.json -Xcc -I/Users/admin/builder/spi-builder-workspace/.dependencies/checkouts/swift-numerics/Sources/_NumericsShims/include -Xcc -I/Users/admin/builder/spi-builder-workspace/.derivedData/Build/Products/Debug-watchos/include -Xcc -I/Users/admin/builder/spi-builder-workspace/.derivedData/Build/Intermediates.noindex/SIMDson.build/Debug-watchos/SIMDson-t.build/DerivedSources-normal/arm64_32 -Xcc -I/Users/admin/builder/spi-builder-workspace/.derivedData/Build/Intermediates.noindex/SIMDson.build/Debug-watchos/SIMDson-t.build/DerivedSources/arm64_32 -Xcc -I/Users/admin/builder/spi-builder-workspace/.derivedData/Build/Intermediates.noindex/SIMDson.build/Debug-watchos/SIMDson-t.build/DerivedSources -Xcc -DSWIFT_PACKAGE -Xcc -DDEBUG\=1 -emit-objc-header -emit-objc-header-path /Users/admin/builder/spi-builder-workspace/.derivedData/Build/Intermediates.noindex/SIMDson.build/Debug-watchos/SIMDson-t.build/Objects-normal/arm64_32/SIMDson-Swift.h -working-directory /Users/admin/builder/spi-builder-workspace/.swiftpm/xcode -experimental-emit-module-separately -disable-cmo
SwiftEmitModule normal arm64_32 Emitting\ module\ for\ SIMDson (in target 'SIMDson' from project 'SIMDson')
/Users/admin/builder/spi-builder-workspace/Sources/FloatingPoint/Matrix/Matrix3x3.swift:11:37: warning: capture of non-Sendable type '(some BinaryFloatingPoint).Type' in an isolated closure [#SendableMetatypes]
9 | /// Creates a new matrix with the specified columns.
10 | @inlinable init(columns: Vectuple3<SIMD3<some BinaryFloatingPoint>>) {
11 | self.init(columns: map(columns)(SIMD3.init))
| `- warning: capture of non-Sendable type '(some BinaryFloatingPoint).Type' in an isolated closure [#SendableMetatypes]
12 | }
13 |
/Users/admin/builder/spi-builder-workspace/Sources/FloatingPoint/Matrix/Matrix4x4.swift:11:37: warning: capture of non-Sendable type '(some BinaryFloatingPoint).Type' in an isolated closure [#SendableMetatypes]
9 | /// Creates a new matrix with the specified columns.
10 | @inlinable init(columns: Vectuple4<SIMD4<some BinaryFloatingPoint>>) {
11 | self.init(columns: map(columns)(SIMD4.init))
| `- warning: capture of non-Sendable type '(some BinaryFloatingPoint).Type' in an isolated closure [#SendableMetatypes]
12 | }
13 | }
/Users/admin/builder/spi-builder-workspace/Sources/Orthotope/> 1D/Core Graphics/Core Graphics vectors.swift:6:24: error: cannot convert value of type 'CGFloat' to expected argument type 'Float'
4 | /// Convert from `CGPoint` to `SIMD2<Double>`.
5 | @inlinable init(_ point: CGPoint) {
6 | self.init(x: point.x, y: point.y)
| `- error: cannot convert value of type 'CGFloat' to expected argument type 'Float'
7 | }
8 |
/Users/admin/builder/spi-builder-workspace/Sources/Orthotope/> 1D/Core Graphics/Core Graphics vectors.swift:6:36: error: cannot convert value of type 'CGFloat' to expected argument type 'Float'
4 | /// Convert from `CGPoint` to `SIMD2<Double>`.
5 | @inlinable init(_ point: CGPoint) {
6 | self.init(x: point.x, y: point.y)
| `- error: cannot convert value of type 'CGFloat' to expected argument type 'Float'
7 | }
8 |
/Users/admin/builder/spi-builder-workspace/Sources/Orthotope/> 1D/Core Graphics/Core Graphics vectors.swift:11:25: error: cannot convert value of type 'CGFloat' to expected argument type 'Float'
9 | /// Convert from `CGVector` to `SIMD2<Double>`.
10 | @inlinable init(_ vector: CGVector) {
11 | self.init(x: vector.dx, y: vector.dy)
| `- error: cannot convert value of type 'CGFloat' to expected argument type 'Float'
12 | }
13 |
/Users/admin/builder/spi-builder-workspace/Sources/Orthotope/> 1D/Core Graphics/Core Graphics vectors.swift:11:39: error: cannot convert value of type 'CGFloat' to expected argument type 'Float'
9 | /// Convert from `CGVector` to `SIMD2<Double>`.
10 | @inlinable init(_ vector: CGVector) {
11 | self.init(x: vector.dx, y: vector.dy)
| `- error: cannot convert value of type 'CGFloat' to expected argument type 'Float'
12 | }
13 |
/Users/admin/builder/spi-builder-workspace/Sources/Orthotope/> 1D/Core Graphics/Core Graphics vectors.swift:16:23: error: cannot convert value of type 'CGFloat' to expected argument type 'Float'
14 | /// Convert from `CGSize` to `SIMD2<Double>`.
15 | @inlinable init(_ size: CGSize) {
16 | self.init(x: size.width, y: size.height)
| `- error: cannot convert value of type 'CGFloat' to expected argument type 'Float'
17 | }
18 | }
/Users/admin/builder/spi-builder-workspace/Sources/Orthotope/> 1D/Core Graphics/Core Graphics vectors.swift:16:38: error: cannot convert value of type 'CGFloat' to expected argument type 'Float'
14 | /// Convert from `CGSize` to `SIMD2<Double>`.
15 | @inlinable init(_ size: CGSize) {
16 | self.init(x: size.width, y: size.height)
| `- error: cannot convert value of type 'CGFloat' to expected argument type 'Float'
17 | }
18 | }
/Users/admin/builder/spi-builder-workspace/Sources/Orthotope/> 1D/Core Graphics/Core Graphics vectors.swift:23:10: error: no exact matches in call to initializer
21 | /// Convert from `SIMD2<Double>` to `CGPoint` .
22 | @inlinable init(_ point: SIMD2<CGFloat.NativeType>) {
23 | self.init(x: point.x, y: point.y)
| |- error: no exact matches in call to initializer
| |- note: candidate has partially matching parameter list (x: Int, y: Int)
| `- note: candidate has partially matching parameter list (x: Double, y: Double)
24 | }
25 | }
/Applications/Xcode-27.0.0-Release.Candidate.app/Contents/Developer/Platforms/WatchOS.platform/Developer/SDKs/WatchOS27.0.sdk/System/Library/Frameworks/CoreFoundation.framework/Headers/CFCGTypes.h:51:1: note: candidate has partially matching parameter list (x: CGFloat, y: CGFloat)
49 | struct
50 | CF_SWIFT_SENDABLE
51 | CGPoint {
| `- note: candidate has partially matching parameter list (x: CGFloat, y: CGFloat)
52 | CGFloat x;
53 | CGFloat y;
/Users/admin/builder/spi-builder-workspace/Sources/Orthotope/> 1D/Core Graphics/Core Graphics vectors.swift:30:10: error: no exact matches in call to initializer
28 | /// Convert from `SIMD2<Double>` to `CGVector` .
29 | @inlinable init(_ vector: SIMD2<CGFloat.NativeType>) {
30 | self.init(dx: vector.x, dy: vector.y)
| |- error: no exact matches in call to initializer
| |- note: candidate has partially matching parameter list (dx: Int, dy: Int)
| `- note: candidate has partially matching parameter list (dx: Double, dy: Double)
31 | }
32 | }
/Applications/Xcode-27.0.0-Release.Candidate.app/Contents/Developer/Platforms/WatchOS.platform/Developer/SDKs/WatchOS27.0.sdk/System/Library/Frameworks/CoreFoundation.framework/Headers/CFCGTypes.h:69:26: note: candidate has partially matching parameter list (dx: CGFloat, dy: CGFloat)
67 | #define CGVECTOR_DEFINED 1
68 |
69 | struct CF_SWIFT_SENDABLE CGVector {
| `- note: candidate has partially matching parameter list (dx: CGFloat, dy: CGFloat)
70 | CGFloat dx;
71 | CGFloat dy;
/Users/admin/builder/spi-builder-workspace/Sources/Orthotope/> 1D/Core Graphics/Core Graphics vectors.swift:37:10: error: no exact matches in call to initializer
35 | /// Convert from `SIMD2<Double>` to `CGSize` .
36 | @inlinable init(_ size: SIMD2<CGFloat.NativeType>) {
37 | self.init(width: size.x, height: size.y)
| |- error: no exact matches in call to initializer
| |- note: candidate has partially matching parameter list (width: Int, height: Int)
| `- note: candidate has partially matching parameter list (width: Double, height: Double)
38 | }
39 | }
/Applications/Xcode-27.0.0-Release.Candidate.app/Contents/Developer/Platforms/WatchOS.platform/Developer/SDKs/WatchOS27.0.sdk/System/Library/Frameworks/CoreFoundation.framework/Headers/CFCGTypes.h:59:26: note: candidate has partially matching parameter list (width: CGFloat, height: CGFloat)
57 | /* Sizes. */
58 |
59 | struct CF_SWIFT_SENDABLE CGSize {
| `- note: candidate has partially matching parameter list (width: CGFloat, height: CGFloat)
60 | CGFloat width;
61 | CGFloat height;
[#SendableMetatypes]: <https://docs.swift.org/compiler/documentation/diagnostics/sendable-metatypes>
Failed frontend command:
SwiftCompile normal arm64_32 (in target 'SIMDson' from project 'SIMDson')
cd /Users/admin/builder/spi-builder-workspace/.swiftpm/xcode
/Applications/Xcode-27.0.0-Release.Candidate.app/Contents/Developer/Toolchains/XcodeDefault.xctoolchain/usr/bin/swift-frontend -frontend -emit-module -experimental-skip-non-inlinable-function-bodies-without-types /Users/admin/builder/spi-builder-workspace/Sources/FloatingPoint/Matrix/Matrix.swift /Users/admin/builder/spi-builder-workspace/Sources/FloatingPoint/Matrix/Matrix2.swift /Users/admin/builder/spi-builder-workspace/Sources/FloatingPoint/Matrix/Matrix3.swift /Users/admin/builder/spi-builder-workspace/Sources/FloatingPoint/Matrix/Matrix3x2.swift /Users/admin/builder/spi-builder-workspace/Sources/FloatingPoint/Matrix/Matrix3x3.swift /Users/admin/builder/spi-builder-workspace/Sources/FloatingPoint/Matrix/Matrix4.swift /Users/admin/builder/spi-builder-workspace/Sources/FloatingPoint/Matrix/Matrix4x4.swift /Users/admin/builder/spi-builder-workspace/Sources/FloatingPoint/Quaternion.swift /Users/admin/builder/spi-builder-workspace/Sources/FloatingPoint/Scalar/Double+FloatingPointScalar.swift /Users/admin/builder/spi-builder-workspace/Sources/FloatingPoint/Scalar/Float+FloatingPointScalar.swift /Users/admin/builder/spi-builder-workspace/Sources/FloatingPoint/Scalar/FloatingPointScalar.swift /Users/admin/builder/spi-builder-workspace/Sources/FloatingPoint/Vector/FloatingPointVector.swift /Users/admin/builder/spi-builder-workspace/Sources/FloatingPoint/Vector/Normalized.swift /Users/admin/builder/spi-builder-workspace/Sources/FloatingPoint/Vector/SIMD2+FloatingPointVector.swift /Users/admin/builder/spi-builder-workspace/Sources/FloatingPoint/Vector/SIMD3+FloatingPointVector.swift /Users/admin/builder/spi-builder-workspace/Sources/FloatingPoint/Vector/SIMD4+FloatingPointVector.swift /Users/admin/builder/spi-builder-workspace/Sources/Orthotope/\>\ 1D/Core\ Graphics/CGRect+Orthotope.swift /Users/admin/builder/spi-builder-workspace/Sources/Orthotope/\>\ 1D/Core\ Graphics/Core\ Graphics\ vectors.swift /Users/admin/builder/spi-builder-workspace/Sources/Orthotope/\>\ 1D/Orthotope.swift /Users/admin/builder/spi-builder-workspace/Sources/Orthotope/\>\ 1D/Rectangle.swift /Users/admin/builder/spi-builder-workspace/Sources/Orthotope/\>\ 1D/RectangularCuboid.swift /Users/admin/builder/spi-builder-workspace/Sources/Orthotope/LineSegment.swift /Users/admin/builder/spi-builder-workspace/Sources/Orthotope/OrthotopeProtocol.swift /Users/admin/builder/spi-builder-workspace/Sources/SIMD.swift /Users/admin/builder/spi-builder-workspace/Sources/Spatial.swift -target arm64_32-apple-watchos11.0 -disable-cross-import-overlay-search -load-resolved-plugin /Applications/Xcode-27.0.0-Release.Candidate.app/Contents/Developer/Platforms/WatchOS.platform/Developer/usr/lib/swift/host/plugins/libFoundationMacros.dylib\#/Applications/Xcode-27.0.0-Release.Candidate.app/Contents/Developer/Platforms/WatchOS.platform/Developer/usr/bin/swift-plugin-server\#FoundationMacros -load-resolved-plugin /Applications/Xcode-27.0.0-Release.Candidate.app/Contents/Developer/Platforms/WatchOS.platform/Developer/usr/lib/swift/host/plugins/libObservationMacros.dylib\#/Applications/Xcode-27.0.0-Release.Candidate.app/Contents/Developer/Platforms/WatchOS.platform/Developer/usr/bin/swift-plugin-server\#ObservationMacros -load-resolved-plugin /Applications/Xcode-27.0.0-Release.Candidate.app/Contents/Developer/Platforms/WatchOS.platform/Developer/usr/lib/swift/host/plugins/libSwiftMacros.dylib\#/Applications/Xcode-27.0.0-Release.Candidate.app/Contents/Developer/Platforms/WatchOS.platform/Developer/usr/bin/swift-plugin-server\#SwiftMacros -disable-implicit-swift-modules -Xcc -fno-implicit-modules -Xcc -fno-implicit-module-maps -explicit-swift-module-map-file /Users/admin/builder/spi-builder-workspace/.derivedData/Build/Intermediates.noindex/SIMDson.build/Debug-watchos/SIMDson-t.build/Objects-normal/arm64_32/SIMDson-dependencies-1.json -enable-objc-interop -sdk /Applications/Xcode-27.0.0-Release.Candidate.app/Contents/Developer/Platforms/WatchOS.platform/Developer/SDKs/WatchOS27.0.sdk -I /Users/admin/builder/spi-builder-workspace/.derivedData/Build/Products/Debug-watchos -Isystem /Applications/Xcode-27.0.0-Release.Candidate.app/Contents/Developer/Platforms/WatchOS.platform/Developer/usr/lib -F /Users/admin/builder/spi-builder-workspace/.derivedData/Build/Products/Debug-watchos/PackageFrameworks -F /Users/admin/builder/spi-builder-workspace/.derivedData/Build/Products/Debug-watchos -F /Applications/Xcode-27.0.0-Release.Candidate.app/Contents/Developer/Platforms/WatchOS.platform/Developer/Library/Frameworks -F /Applications/Xcode-27.0.0-Release.Candidate.app/Contents/Developer/Platforms/WatchOS.platform/Developer/SDKs/WatchOS27.0.sdk/Developer/Library/Frameworks -module-cache-path /Users/admin/builder/spi-builder-workspace/.derivedData/Build/Intermediates.noindex/SwiftExplicitPrecompiledModules -no-color-diagnostics -Xcc -fno-color-diagnostics -enable-testing -g -debug-info-format\=dwarf -dwarf-version\=5 -profile-generate -profile-coverage-mapping -swift-version 6 -Onone -D SWIFT_PACKAGE -D DEBUG -D SWIFT_MODULE_RESOURCE_BUNDLE_UNAVAILABLE -D Xcode -requirement-machine-max-rule-count\=8000 -serialize-debugging-options -enable-experimental-feature DebugDescriptionMacro -empty-abi-descriptor -validate-clang-modules-once -clang-build-session-file /Users/admin/builder/spi-builder-workspace/.derivedData/ModuleCache.noindex/Session.modulevalidation -Xcc -working-directory -Xcc /Users/admin/builder/spi-builder-workspace/.swiftpm/xcode -enable-anonymous-context-mangled-names -file-compilation-dir /Users/admin/builder/spi-builder-workspace/.swiftpm/xcode -Xcc -fmodule-map-file\=/Users/admin/builder/spi-builder-workspace/.dependencies/checkouts/swift-numerics/Sources/_NumericsShims/include/module.modulemap -Xcc -D_LIBCPP_HARDENING_MODE\=_LIBCPP_HARDENING_MODE_DEBUG -Xcc -ivfsstatcache -Xcc /Users/admin/builder/spi-builder-workspace/.derivedData/SDKStatCaches.noindex/watchos27.0-24R360-e829b21a6f8c9b70876ba0858053c04477534ef55a1706bf4c1112bbb242f0a2.sdkstatcache -Xcc -fmodules-prune-interval\=86400 -Xcc -fmodules-prune-after\=345600 -Xcc -I/Users/admin/builder/spi-builder-workspace/.dependencies/checkouts/swift-numerics/Sources/_NumericsShims/include -Xcc -I/Users/admin/builder/spi-builder-workspace/.derivedData/Build/Products/Debug-watchos/include -Xcc -I/Users/admin/builder/spi-builder-workspace/.derivedData/Build/Intermediates.noindex/SIMDson.build/Debug-watchos/SIMDson-t.build/DerivedSources-normal/arm64_32 -Xcc -I/Users/admin/builder/spi-builder-workspace/.derivedData/Build/Intermediates.noindex/SIMDson.build/Debug-watchos/SIMDson-t.build/DerivedSources/arm64_32 -Xcc -I/Users/admin/builder/spi-builder-workspace/.derivedData/Build/Intermediates.noindex/SIMDson.build/Debug-watchos/SIMDson-t.build/DerivedSources -Xcc -DSWIFT_PACKAGE -Xcc -DDEBUG\=1 -no-auto-bridging-header-chaining -module-name SIMDson -package-name spi_builder_workspace -const-gather-protocols-file /Users/admin/builder/spi-builder-workspace/.derivedData/Build/Intermediates.noindex/SIMDson.build/Debug-watchos/SIMDson-t.build/Objects-normal/arm64_32/SIMDson_const_extract_protocols.json -disable-clang-spi -clang-target arm64_32-apple-watchos27.0 -target-sdk-version 27.0 -target-sdk-name watchos27.0 -in-process-plugin-server-path /Applications/Xcode-27.0.0-Release.Candidate.app/Contents/Developer/Toolchains/XcodeDefault.xctoolchain/usr/lib/swift/host/libSwiftInProcPluginServer.dylib -emit-module-doc-path /Users/admin/builder/spi-builder-workspace/.derivedData/Build/Intermediates.noindex/SIMDson.build/Debug-watchos/SIMDson-t.build/Objects-normal/arm64_32/SIMDson.swiftdoc -emit-module-source-info-path /Users/admin/builder/spi-builder-workspace/.derivedData/Build/Intermediates.noindex/SIMDson.build/Debug-watchos/SIMDson-t.build/Objects-normal/arm64_32/SIMDson.swiftsourceinfo -emit-objc-header-path /Users/admin/builder/spi-builder-workspace/.derivedData/Build/Intermediates.noindex/SIMDson.build/Debug-watchos/SIMDson-t.build/Objects-normal/arm64_32/SIMDson-Swift.h -serialize-diagnostics-path /Users/admin/builder/spi-builder-workspace/.derivedData/Build/Intermediates.noindex/SIMDson.build/Debug-watchos/SIMDson-t.build/Objects-normal/arm64_32/SIMDson-primary-emit-module.dia -emit-dependencies-path /Users/admin/builder/spi-builder-workspace/.derivedData/Build/Intermediates.noindex/SIMDson.build/Debug-watchos/SIMDson-t.build/Objects-normal/arm64_32/SIMDson-primary-emit-module.d -parse-as-library -o /Users/admin/builder/spi-builder-workspace/.derivedData/Build/Intermediates.noindex/SIMDson.build/Debug-watchos/SIMDson-t.build/Objects-normal/arm64_32/SIMDson.swiftmodule -emit-abi-descriptor-path /Users/admin/builder/spi-builder-workspace/.derivedData/Build/Intermediates.noindex/SIMDson.build/Debug-watchos/SIMDson-t.build/Objects-normal/arm64_32/SIMDson.abi.json
SwiftCompile normal arm64_32 Compiling\ FloatingPointVector.swift,\ Normalized.swift /Users/admin/builder/spi-builder-workspace/Sources/FloatingPoint/Vector/FloatingPointVector.swift /Users/admin/builder/spi-builder-workspace/Sources/FloatingPoint/Vector/Normalized.swift (in target 'SIMDson' from project 'SIMDson')
SwiftCompile normal arm64_32 /Users/admin/builder/spi-builder-workspace/Sources/FloatingPoint/Vector/FloatingPointVector.swift (in target 'SIMDson' from project 'SIMDson')
cd /Users/admin/builder/spi-builder-workspace/.swiftpm/xcode
builtin-SwiftPerFileCompile FloatingPointVector.swift
SwiftCompile normal arm64_32 /Users/admin/builder/spi-builder-workspace/Sources/FloatingPoint/Vector/Normalized.swift (in target 'SIMDson' from project 'SIMDson')
cd /Users/admin/builder/spi-builder-workspace/.swiftpm/xcode
builtin-SwiftPerFileCompile Normalized.swift
SwiftCompile normal arm64_32 Compiling\ Matrix3.swift,\ Matrix4x4.swift /Users/admin/builder/spi-builder-workspace/Sources/FloatingPoint/Matrix/Matrix3.swift /Users/admin/builder/spi-builder-workspace/Sources/FloatingPoint/Matrix/Matrix4x4.swift (in target 'SIMDson' from project 'SIMDson')
/Users/admin/builder/spi-builder-workspace/Sources/FloatingPoint/Matrix/Matrix4x4.swift:11:37: warning: capture of non-Sendable type '(some BinaryFloatingPoint).Type' in an isolated closure [#SendableMetatypes]
9 | /// Creates a new matrix with the specified columns.
10 | @inlinable init(columns: Vectuple4<SIMD4<some BinaryFloatingPoint>>) {
11 | self.init(columns: map(columns)(SIMD4.init))
| `- warning: capture of non-Sendable type '(some BinaryFloatingPoint).Type' in an isolated closure [#SendableMetatypes]
12 | }
13 | }
[#SendableMetatypes]: <https://docs.swift.org/compiler/documentation/diagnostics/sendable-metatypes>
SwiftCompile normal arm64_32 /Users/admin/builder/spi-builder-workspace/Sources/FloatingPoint/Matrix/Matrix3.swift (in target 'SIMDson' from project 'SIMDson')
cd /Users/admin/builder/spi-builder-workspace/.swiftpm/xcode
builtin-SwiftPerFileCompile Matrix3.swift
SwiftCompile normal arm64_32 /Users/admin/builder/spi-builder-workspace/Sources/FloatingPoint/Matrix/Matrix4x4.swift (in target 'SIMDson' from project 'SIMDson')
cd /Users/admin/builder/spi-builder-workspace/.swiftpm/xcode
builtin-SwiftPerFileCompile Matrix4x4.swift
SwiftCompile normal arm64_32 Compiling\ SIMD2+FloatingPointVector.swift,\ SIMD3+FloatingPointVector.swift /Users/admin/builder/spi-builder-workspace/Sources/FloatingPoint/Vector/SIMD2+FloatingPointVector.swift /Users/admin/builder/spi-builder-workspace/Sources/FloatingPoint/Vector/SIMD3+FloatingPointVector.swift (in target 'SIMDson' from project 'SIMDson')
SwiftCompile normal arm64_32 /Users/admin/builder/spi-builder-workspace/Sources/FloatingPoint/Vector/SIMD2+FloatingPointVector.swift (in target 'SIMDson' from project 'SIMDson')
cd /Users/admin/builder/spi-builder-workspace/.swiftpm/xcode
builtin-SwiftPerFileCompile SIMD2+FloatingPointVector.swift
SwiftCompile normal arm64_32 /Users/admin/builder/spi-builder-workspace/Sources/FloatingPoint/Vector/SIMD3+FloatingPointVector.swift (in target 'SIMDson' from project 'SIMDson')
cd /Users/admin/builder/spi-builder-workspace/.swiftpm/xcode
builtin-SwiftPerFileCompile SIMD3+FloatingPointVector.swift
SwiftCompile normal arm64_32 Compiling\ SIMD.swift /Users/admin/builder/spi-builder-workspace/Sources/SIMD.swift (in target 'SIMDson' from project 'SIMDson')
SwiftCompile normal arm64_32 /Users/admin/builder/spi-builder-workspace/Sources/SIMD.swift (in target 'SIMDson' from project 'SIMDson')
cd /Users/admin/builder/spi-builder-workspace/.swiftpm/xcode
builtin-SwiftPerFileCompile SIMD.swift
SwiftCompile normal arm64 Compiling\ Float+FloatingPointScalar.swift /Users/admin/builder/spi-builder-workspace/Sources/FloatingPoint/Scalar/Float+FloatingPointScalar.swift (in target 'SIMDson' from project 'SIMDson')
SwiftCompile normal arm64 /Users/admin/builder/spi-builder-workspace/Sources/FloatingPoint/Scalar/Float+FloatingPointScalar.swift (in target 'SIMDson' from project 'SIMDson')
cd /Users/admin/builder/spi-builder-workspace/.swiftpm/xcode
builtin-SwiftPerFileCompile Float+FloatingPointScalar.swift
SwiftCompile normal arm64_32 Compiling\ Spatial.swift /Users/admin/builder/spi-builder-workspace/Sources/Spatial.swift (in target 'SIMDson' from project 'SIMDson')
SwiftCompile normal arm64_32 /Users/admin/builder/spi-builder-workspace/Sources/Spatial.swift (in target 'SIMDson' from project 'SIMDson')
cd /Users/admin/builder/spi-builder-workspace/.swiftpm/xcode
builtin-SwiftPerFileCompile Spatial.swift
SwiftEmitModule normal arm64 Emitting\ module\ for\ SIMDson (in target 'SIMDson' from project 'SIMDson')
SwiftCompile normal arm64 (in target 'SIMDson' from project 'SIMDson')
cd /Users/admin/builder/spi-builder-workspace/.swiftpm/xcode
/Users/admin/builder/spi-builder-workspace/Sources/FloatingPoint/Matrix/Matrix3x3.swift:11:37: warning: capture of non-Sendable type '(some BinaryFloatingPoint).Type' in an isolated closure [#SendableMetatypes]
9 | /// Creates a new matrix with the specified columns.
10 | @inlinable init(columns: Vectuple3<SIMD3<some BinaryFloatingPoint>>) {
11 | self.init(columns: map(columns)(SIMD3.init))
| `- warning: capture of non-Sendable type '(some BinaryFloatingPoint).Type' in an isolated closure [#SendableMetatypes]
12 | }
13 |
SwiftCompile normal arm64 Compiling\ FloatingPointScalar.swift /Users/admin/builder/spi-builder-workspace/Sources/FloatingPoint/Scalar/FloatingPointScalar.swift (in target 'SIMDson' from project 'SIMDson')
SwiftCompile normal arm64 /Users/admin/builder/spi-builder-workspace/Sources/FloatingPoint/Scalar/FloatingPointScalar.swift (in target 'SIMDson' from project 'SIMDson')
cd /Users/admin/builder/spi-builder-workspace/.swiftpm/xcode
builtin-SwiftPerFileCompile FloatingPointScalar.swift
SwiftCompile normal arm64_32 Compiling\ SIMD4+FloatingPointVector.swift,\ CGRect+Orthotope.swift /Users/admin/builder/spi-builder-workspace/Sources/FloatingPoint/Vector/SIMD4+FloatingPointVector.swift /Users/admin/builder/spi-builder-workspace/Sources/Orthotope/>\ 1D/Core\ Graphics/CGRect+Orthotope.swift (in target 'SIMDson' from project 'SIMDson')
SwiftCompile normal arm64_32 /Users/admin/builder/spi-builder-workspace/Sources/FloatingPoint/Vector/SIMD4+FloatingPointVector.swift (in target 'SIMDson' from project 'SIMDson')
cd /Users/admin/builder/spi-builder-workspace/.swiftpm/xcode
builtin-SwiftPerFileCompile SIMD4+FloatingPointVector.swift
SwiftCompile normal arm64_32 /Users/admin/builder/spi-builder-workspace/Sources/Orthotope/>\ 1D/Core\ Graphics/CGRect+Orthotope.swift (in target 'SIMDson' from project 'SIMDson')
cd /Users/admin/builder/spi-builder-workspace/.swiftpm/xcode
builtin-SwiftPerFileCompile CGRect+Orthotope.swift
SwiftCompile normal arm64_32 Compiling\ Matrix.swift,\ Matrix2.swift /Users/admin/builder/spi-builder-workspace/Sources/FloatingPoint/Matrix/Matrix.swift /Users/admin/builder/spi-builder-workspace/Sources/FloatingPoint/Matrix/Matrix2.swift (in target 'SIMDson' from project 'SIMDson')
SwiftCompile normal arm64_32 /Users/admin/builder/spi-builder-workspace/Sources/FloatingPoint/Matrix/Matrix.swift (in target 'SIMDson' from project 'SIMDson')
cd /Users/admin/builder/spi-builder-workspace/.swiftpm/xcode
builtin-SwiftPerFileCompile Matrix.swift
SwiftCompile normal arm64_32 /Users/admin/builder/spi-builder-workspace/Sources/FloatingPoint/Matrix/Matrix2.swift (in target 'SIMDson' from project 'SIMDson')
cd /Users/admin/builder/spi-builder-workspace/.swiftpm/xcode
builtin-SwiftPerFileCompile Matrix2.swift
SwiftDriverJobDiscovery normal arm64_32 Compiling SIMD.swift (in target 'SIMDson' from project 'SIMDson')
SwiftCompile normal arm64_32 Compiling\ Matrix3x3.swift /Users/admin/builder/spi-builder-workspace/Sources/FloatingPoint/Matrix/Matrix3x3.swift (in target 'SIMDson' from project 'SIMDson')
SwiftCompile normal arm64_32 /Users/admin/builder/spi-builder-workspace/Sources/FloatingPoint/Matrix/Matrix3x3.swift (in target 'SIMDson' from project 'SIMDson')
cd /Users/admin/builder/spi-builder-workspace/.swiftpm/xcode
builtin-SwiftPerFileCompile Matrix3x3.swift
SwiftDriverJobDiscovery normal arm64 Compiling FloatingPointScalar.swift (in target 'SIMDson' from project 'SIMDson')
SwiftCompile normal arm64 Compiling\ Matrix.swift,\ Matrix2.swift /Users/admin/builder/spi-builder-workspace/Sources/FloatingPoint/Matrix/Matrix.swift /Users/admin/builder/spi-builder-workspace/Sources/FloatingPoint/Matrix/Matrix2.swift (in target 'SIMDson' from project 'SIMDson')
SwiftCompile normal arm64 /Users/admin/builder/spi-builder-workspace/Sources/FloatingPoint/Matrix/Matrix.swift (in target 'SIMDson' from project 'SIMDson')
cd /Users/admin/builder/spi-builder-workspace/.swiftpm/xcode
builtin-SwiftPerFileCompile Matrix.swift
SwiftCompile normal arm64 /Users/admin/builder/spi-builder-workspace/Sources/FloatingPoint/Matrix/Matrix2.swift (in target 'SIMDson' from project 'SIMDson')
cd /Users/admin/builder/spi-builder-workspace/.swiftpm/xcode
builtin-SwiftPerFileCompile Matrix2.swift
SwiftDriverJobDiscovery normal arm64_32 Compiling FloatingPointVector.swift, Normalized.swift (in target 'SIMDson' from project 'SIMDson')
SwiftCompile normal arm64 Compiling\ SIMD4+FloatingPointVector.swift,\ CGRect+Orthotope.swift /Users/admin/builder/spi-builder-workspace/Sources/FloatingPoint/Vector/SIMD4+FloatingPointVector.swift /Users/admin/builder/spi-builder-workspace/Sources/Orthotope/>\ 1D/Core\ Graphics/CGRect+Orthotope.swift (in target 'SIMDson' from project 'SIMDson')
SwiftCompile normal arm64 /Users/admin/builder/spi-builder-workspace/Sources/FloatingPoint/Vector/SIMD4+FloatingPointVector.swift (in target 'SIMDson' from project 'SIMDson')
cd /Users/admin/builder/spi-builder-workspace/.swiftpm/xcode
builtin-SwiftPerFileCompile SIMD4+FloatingPointVector.swift
SwiftCompile normal arm64 /Users/admin/builder/spi-builder-workspace/Sources/Orthotope/>\ 1D/Core\ Graphics/CGRect+Orthotope.swift (in target 'SIMDson' from project 'SIMDson')
cd /Users/admin/builder/spi-builder-workspace/.swiftpm/xcode
builtin-SwiftPerFileCompile CGRect+Orthotope.swift
SwiftDriverJobDiscovery normal arm64_32 Compiling Matrix3.swift, Matrix4x4.swift (in target 'SIMDson' from project 'SIMDson')
SwiftCompile normal arm64 Compiling\ Matrix4x4.swift,\ Quaternion.swift /Users/admin/builder/spi-builder-workspace/Sources/FloatingPoint/Matrix/Matrix4x4.swift /Users/admin/builder/spi-builder-workspace/Sources/FloatingPoint/Quaternion.swift (in target 'SIMDson' from project 'SIMDson')
SwiftCompile normal arm64 /Users/admin/builder/spi-builder-workspace/Sources/FloatingPoint/Matrix/Matrix4x4.swift (in target 'SIMDson' from project 'SIMDson')
cd /Users/admin/builder/spi-builder-workspace/.swiftpm/xcode
builtin-SwiftPerFileCompile Matrix4x4.swift
SwiftCompile normal arm64 /Users/admin/builder/spi-builder-workspace/Sources/FloatingPoint/Quaternion.swift (in target 'SIMDson' from project 'SIMDson')
cd /Users/admin/builder/spi-builder-workspace/.swiftpm/xcode
builtin-SwiftPerFileCompile Quaternion.swift
SwiftDriverJobDiscovery normal arm64_32 Compiling Spatial.swift (in target 'SIMDson' from project 'SIMDson')
SwiftCompile normal arm64 Compiling\ Matrix3x3.swift,\ Matrix4.swift /Users/admin/builder/spi-builder-workspace/Sources/FloatingPoint/Matrix/Matrix3x3.swift /Users/admin/builder/spi-builder-workspace/Sources/FloatingPoint/Matrix/Matrix4.swift (in target 'SIMDson' from project 'SIMDson')
SwiftCompile normal arm64 /Users/admin/builder/spi-builder-workspace/Sources/FloatingPoint/Matrix/Matrix3x3.swift (in target 'SIMDson' from project 'SIMDson')
cd /Users/admin/builder/spi-builder-workspace/.swiftpm/xcode
builtin-SwiftPerFileCompile Matrix3x3.swift
SwiftCompile normal arm64 /Users/admin/builder/spi-builder-workspace/Sources/FloatingPoint/Matrix/Matrix4.swift (in target 'SIMDson' from project 'SIMDson')
cd /Users/admin/builder/spi-builder-workspace/.swiftpm/xcode
builtin-SwiftPerFileCompile Matrix4.swift
SwiftDriverJobDiscovery normal arm64_32 Compiling Matrix.swift, Matrix2.swift (in target 'SIMDson' from project 'SIMDson')
SwiftCompile normal arm64 Compiling\ Double+FloatingPointScalar.swift,\ Normalized.swift /Users/admin/builder/spi-builder-workspace/Sources/FloatingPoint/Scalar/Double+FloatingPointScalar.swift /Users/admin/builder/spi-builder-workspace/Sources/FloatingPoint/Vector/Normalized.swift (in target 'SIMDson' from project 'SIMDson')
SwiftCompile normal arm64 /Users/admin/builder/spi-builder-workspace/Sources/FloatingPoint/Scalar/Double+FloatingPointScalar.swift (in target 'SIMDson' from project 'SIMDson')
cd /Users/admin/builder/spi-builder-workspace/.swiftpm/xcode
builtin-SwiftPerFileCompile Double+FloatingPointScalar.swift
SwiftCompile normal arm64 /Users/admin/builder/spi-builder-workspace/Sources/FloatingPoint/Vector/Normalized.swift (in target 'SIMDson' from project 'SIMDson')
cd /Users/admin/builder/spi-builder-workspace/.swiftpm/xcode
builtin-SwiftPerFileCompile Normalized.swift
SwiftDriverJobDiscovery normal arm64_32 Compiling SIMD2+FloatingPointVector.swift, SIMD3+FloatingPointVector.swift (in target 'SIMDson' from project 'SIMDson')
SwiftCompile normal arm64 Compiling\ Orthotope.swift,\ Rectangle.swift /Users/admin/builder/spi-builder-workspace/Sources/Orthotope/>\ 1D/Orthotope.swift /Users/admin/builder/spi-builder-workspace/Sources/Orthotope/>\ 1D/Rectangle.swift (in target 'SIMDson' from project 'SIMDson')
SwiftCompile normal arm64 /Users/admin/builder/spi-builder-workspace/Sources/Orthotope/>\ 1D/Orthotope.swift (in target 'SIMDson' from project 'SIMDson')
cd /Users/admin/builder/spi-builder-workspace/.swiftpm/xcode
builtin-SwiftPerFileCompile Orthotope.swift
SwiftCompile normal arm64 /Users/admin/builder/spi-builder-workspace/Sources/Orthotope/>\ 1D/Rectangle.swift (in target 'SIMDson' from project 'SIMDson')
cd /Users/admin/builder/spi-builder-workspace/.swiftpm/xcode
builtin-SwiftPerFileCompile Rectangle.swift
SwiftDriverJobDiscovery normal arm64 Compiling Float+FloatingPointScalar.swift (in target 'SIMDson' from project 'SIMDson')
SwiftCompile normal arm64 Compiling\ RectangularCuboid.swift,\ LineSegment.swift /Users/admin/builder/spi-builder-workspace/Sources/Orthotope/>\ 1D/RectangularCuboid.swift /Users/admin/builder/spi-builder-workspace/Sources/Orthotope/LineSegment.swift (in target 'SIMDson' from project 'SIMDson')
SwiftCompile normal arm64 /Users/admin/builder/spi-builder-workspace/Sources/Orthotope/>\ 1D/RectangularCuboid.swift (in target 'SIMDson' from project 'SIMDson')
cd /Users/admin/builder/spi-builder-workspace/.swiftpm/xcode
builtin-SwiftPerFileCompile RectangularCuboid.swift
SwiftCompile normal arm64 /Users/admin/builder/spi-builder-workspace/Sources/Orthotope/LineSegment.swift (in target 'SIMDson' from project 'SIMDson')
cd /Users/admin/builder/spi-builder-workspace/.swiftpm/xcode
builtin-SwiftPerFileCompile LineSegment.swift
PruneExplicitPrecompiledModules /Users/admin/builder/spi-builder-workspace/.derivedData/Build/Intermediates.noindex/ExplicitPrecompiledModules
PruneExplicitPrecompiledModules /Users/admin/builder/spi-builder-workspace/.derivedData/Build/Intermediates.noindex/SwiftExplicitPrecompiledModules
PruneExplicitPrecompiledModules /Users/admin/builder/spi-builder-workspace/.derivedData/SDKExplicitPrecompiledModules
2026-09-20 21:27:13.044 xcodebuild[1488:8765] [MT] IDERunDestination: Supported platforms for the buildables in the current scheme is empty.
** BUILD FAILED **
The following build commands failed:
SwiftCompile normal arm64_32 (in target 'SIMDson' from project 'SIMDson')
SwiftEmitModule normal arm64_32 Emitting\ module\ for\ SIMDson (in target 'SIMDson' from project 'SIMDson')
Building workspace SIMDson with scheme SIMDson
(3 failures)
BUILD FAILURE 6.4 watchOS