The Swift Package Index logo.Swift Package Index

Build Information

Failed to build FitnessUnits, reference 3.1.0 (12af59), with Swift 6.4 for Wasm on 19 Sep 2026 12:52:05 UTC.

Build Command

bash -c docker run --pull=always --rm -v "checkouts-53886770-0":/host -w "$PWD" -e JAVA_HOME="/root/.sdkman/candidates/java/current" -e SPI_BUILD="1" -e SPI_PROCESSING="1" registry.gitlab.com/saguaro1/spi-images:wasm-6.4-latest swift build --swift-sdk swift-6.4.x-DEVELOPMENT-SNAPSHOT-2026-09-04-a_wasm 2>&1

Build Log

========================================
RunAll
========================================
Builder version: 5.1.0
Interrupt handler set up.
========================================
Checkout
========================================
Clone URL: https://github.com/FitnessKit/FitnessUnits.git
Reference: 3.1.0
Initialized empty Git repository in /host/spi-builder-workspace/.git/
hint: Using 'master' as the name for the initial branch. This default branch name
hint: is subject to change. To configure the initial branch name to use in all
hint: of your new repositories, which will suppress this warning, call:
hint:
hint: 	git config --global init.defaultBranch <name>
hint:
hint: Names commonly chosen instead of 'master' are 'main', 'trunk' and
hint: 'development'. The just-created branch can be renamed via this command:
hint:
hint: 	git branch -m <name>
From https://github.com/FitnessKit/FitnessUnits
 * tag               3.1.0      -> FETCH_HEAD
HEAD is now at 12af59a docs
Cloned https://github.com/FitnessKit/FitnessUnits.git
Revision (git rev-parse @):
12af59a7025decf46b7e0a4bb7b1eb480b1c9e5c
SUCCESS checkout https://github.com/FitnessKit/FitnessUnits.git at 3.1.0
========================================
Build
========================================
Selected platform:         wasm
Swift version:             6.4
Building package at path:  $PWD
https://github.com/FitnessKit/FitnessUnits.git
Running build ...
bash -c docker run --pull=always --rm -v "checkouts-53886770-0":/host -w "$PWD" -e JAVA_HOME="/root/.sdkman/candidates/java/current" -e SPI_BUILD="1" -e SPI_PROCESSING="1" registry.gitlab.com/saguaro1/spi-images:wasm-6.4-latest swift build --swift-sdk swift-6.4.x-DEVELOPMENT-SNAPSHOT-2026-09-04-a_wasm 2>&1
wasm-6.4-latest: Pulling from saguaro1/spi-images
Digest: sha256:4328fdb43c680d205c1d6761b1e3267aa38277eefdda9ddfb17b6a0f1a77857a
Status: Image is up to date for registry.gitlab.com/saguaro1/spi-images:wasm-6.4-latest
Building for debugging...
[Planning deferred tasks]
error: SwiftCompile normal wasm32 failed with a nonzero exit code. Command line:     cd /host

/host/spi-builder-workspace/Sources/FitnessUnits/Dimensional/UnitAngularVelocity.swift:74:1: error: 'required' initializer 'init(symbol:converter:)' must be provided by subclass of 'Dimension'
72 |
73 |     public required init?(coder aDecoder: NSCoder) { super.init(coder: aDecoder) }
74 |
   | `- error: 'required' initializer 'init(symbol:converter:)' must be provided by subclass of 'Dimension'
75 |     /// Encodes the receiver using a given archiver
76 |     ///
Foundation.Dimension.init:2:17: note: 'required' initializer is declared in superclass here
1 | class Dimension {
2 | required public init(symbol: String, converter: UnitConverter)}
  |                 `- note: 'required' initializer is declared in superclass here
3 |
/host/spi-builder-workspace/Sources/FitnessUnits/Dimensional/UnitAngularVelocity.swift:74:1: error: 'required' initializer 'init(symbol:)' must be provided by subclass of 'Dimension'
72 |
73 |     public required init?(coder aDecoder: NSCoder) { super.init(coder: aDecoder) }
74 |
   | `- error: 'required' initializer 'init(symbol:)' must be provided by subclass of 'Dimension'
75 |     /// Encodes the receiver using a given archiver
76 |     ///
Foundation.Dimension.init:2:17: note: 'required' initializer is declared in superclass here
1 | class Dimension {
2 | required public init(symbol: String)}
  |                 `- note: 'required' initializer is declared in superclass here
3 |
/host/spi-builder-workspace/Sources/FitnessUnits/Dimensional/UnitAngularVelocity.swift:30:20: warning: class 'UnitAngularVelocity' must restate inherited '@unchecked Sendable' conformance
28 | @available(swift 3.1)
29 | @available(iOS 10.0, tvOS 10.0, watchOS 3.0, OSX 10.12, *)
30 | public final class UnitAngularVelocity: Dimension {
   |                    `- warning: class 'UnitAngularVelocity' must restate inherited '@unchecked Sendable' conformance
31 |
32 |     private struct Symbol {
/host/spi-builder-workspace/Sources/FitnessUnits/Dimensional/UnitForce.swift:88:1: error: 'required' initializer 'init(symbol:converter:)' must be provided by subclass of 'Dimension'
 86 |
 87 |     public required init?(coder aDecoder: NSCoder) { super.init(coder: aDecoder) }
 88 |
    | `- error: 'required' initializer 'init(symbol:converter:)' must be provided by subclass of 'Dimension'
 89 |     public override func encode(with aCoder: NSCoder) { super.encode(with: aCoder) }
 90 |
Foundation.Dimension.init:2:17: note: 'required' initializer is declared in superclass here
1 | class Dimension {
2 | required public init(symbol: String, converter: UnitConverter)}
  |                 `- note: 'required' initializer is declared in superclass here
3 |
/host/spi-builder-workspace/Sources/FitnessUnits/Dimensional/UnitForce.swift:88:1: error: 'required' initializer 'init(symbol:)' must be provided by subclass of 'Dimension'
 86 |
 87 |     public required init?(coder aDecoder: NSCoder) { super.init(coder: aDecoder) }
 88 |
    | `- error: 'required' initializer 'init(symbol:)' must be provided by subclass of 'Dimension'
 89 |     public override func encode(with aCoder: NSCoder) { super.encode(with: aCoder) }
 90 |
Foundation.Dimension.init:2:17: note: 'required' initializer is declared in superclass here
1 | class Dimension {
2 | required public init(symbol: String)}
  |                 `- note: 'required' initializer is declared in superclass here
3 |
/host/spi-builder-workspace/Sources/FitnessUnits/Dimensional/UnitForce.swift:30:20: warning: class 'UnitForce' must restate inherited '@unchecked Sendable' conformance
 28 | @available(swift 3.1)
 29 | @available(iOS 10.0, tvOS 10.0, watchOS 3.0, OSX 10.12, *)
 30 | public final class UnitForce: Dimension {
    |                    `- warning: class 'UnitForce' must restate inherited '@unchecked Sendable' conformance
 31 |
 32 |     private struct Symbol {
/host/spi-builder-workspace/Sources/FitnessUnits/Dimensional/UnitLinearDensity.swift:74:1: error: 'required' initializer 'init(symbol:converter:)' must be provided by subclass of 'Dimension'
72 |
73 |     public required init?(coder aDecoder: NSCoder) { super.init(coder: aDecoder) }
74 |
   | `- error: 'required' initializer 'init(symbol:converter:)' must be provided by subclass of 'Dimension'
75 |     /// Encodes the receiver using a given archiver
76 |     ///
Foundation.Dimension.init:2:17: note: 'required' initializer is declared in superclass here
1 | class Dimension {
2 | required public init(symbol: String, converter: UnitConverter)}
  |                 `- note: 'required' initializer is declared in superclass here
3 |
/host/spi-builder-workspace/Sources/FitnessUnits/Dimensional/UnitLinearDensity.swift:74:1: error: 'required' initializer 'init(symbol:)' must be provided by subclass of 'Dimension'
72 |
73 |     public required init?(coder aDecoder: NSCoder) { super.init(coder: aDecoder) }
74 |
   | `- error: 'required' initializer 'init(symbol:)' must be provided by subclass of 'Dimension'
75 |     /// Encodes the receiver using a given archiver
76 |     ///
Foundation.Dimension.init:2:17: note: 'required' initializer is declared in superclass here
1 | class Dimension {
2 | required public init(symbol: String)}
  |                 `- note: 'required' initializer is declared in superclass here
3 |
/host/spi-builder-workspace/Sources/FitnessUnits/Dimensional/UnitLinearDensity.swift:30:20: warning: class 'UnitLinearDensity' must restate inherited '@unchecked Sendable' conformance
28 | @available(swift 3.1)
29 | @available(iOS 10.0, tvOS 10.0, watchOS 3.0, OSX 10.12, *)
30 | public final class UnitLinearDensity: Dimension {
   |                    `- warning: class 'UnitLinearDensity' must restate inherited '@unchecked Sendable' conformance
31 |
32 |     private struct Symbol {
/host/spi-builder-workspace/Sources/FitnessUnits/Dimensional/UnitMagneticField.swift:95:1: error: 'required' initializer 'init(symbol:converter:)' must be provided by subclass of 'Dimension'
 93 |
 94 |     public required init?(coder aDecoder: NSCoder) { super.init(coder: aDecoder) }
 95 |
    | `- error: 'required' initializer 'init(symbol:converter:)' must be provided by subclass of 'Dimension'
 96 |     /// Encodes the receiver using a given archiver
 97 |     ///
Foundation.Dimension.init:2:17: note: 'required' initializer is declared in superclass here
1 | class Dimension {
2 | required public init(symbol: String, converter: UnitConverter)}
  |                 `- note: 'required' initializer is declared in superclass here
3 |
/host/spi-builder-workspace/Sources/FitnessUnits/Dimensional/UnitMagneticField.swift:95:1: error: 'required' initializer 'init(symbol:)' must be provided by subclass of 'Dimension'
 93 |
 94 |     public required init?(coder aDecoder: NSCoder) { super.init(coder: aDecoder) }
 95 |
    | `- error: 'required' initializer 'init(symbol:)' must be provided by subclass of 'Dimension'
 96 |     /// Encodes the receiver using a given archiver
 97 |     ///
Foundation.Dimension.init:2:17: note: 'required' initializer is declared in superclass here
1 | class Dimension {
2 | required public init(symbol: String)}
  |                 `- note: 'required' initializer is declared in superclass here
3 |
/host/spi-builder-workspace/Sources/FitnessUnits/Dimensional/UnitMagneticField.swift:30:20: warning: class 'UnitMagneticField' must restate inherited '@unchecked Sendable' conformance
 28 | @available(swift 3.1)
 29 | @available(iOS 10.0, tvOS 10.0, watchOS 3.0, OSX 10.12, *)
 30 | public final class UnitMagneticField: Dimension {
    |                    `- warning: class 'UnitMagneticField' must restate inherited '@unchecked Sendable' conformance
 31 |
 32 |     private struct Symbol {
/host/spi-builder-workspace/Sources/FitnessUnits/Dimensional/UnitRadioactivity.swift:116:1: error: 'required' initializer 'init(symbol:converter:)' must be provided by subclass of 'Dimension'
114 |
115 |     public required init?(coder aDecoder: NSCoder) { super.init(coder: aDecoder) }
116 |
    | `- error: 'required' initializer 'init(symbol:converter:)' must be provided by subclass of 'Dimension'
117 |     /// Encodes the receiver using a given archiver
118 |     ///
Foundation.Dimension.init:2:17: note: 'required' initializer is declared in superclass here
1 | class Dimension {
2 | required public init(symbol: String, converter: UnitConverter)}
  |                 `- note: 'required' initializer is declared in superclass here
3 |
/host/spi-builder-workspace/Sources/FitnessUnits/Dimensional/UnitRadioactivity.swift:116:1: error: 'required' initializer 'init(symbol:)' must be provided by subclass of 'Dimension'
114 |
115 |     public required init?(coder aDecoder: NSCoder) { super.init(coder: aDecoder) }
116 |
    | `- error: 'required' initializer 'init(symbol:)' must be provided by subclass of 'Dimension'
117 |     /// Encodes the receiver using a given archiver
118 |     ///
Foundation.Dimension.init:2:17: note: 'required' initializer is declared in superclass here
1 | class Dimension {
2 | required public init(symbol: String)}
  |                 `- note: 'required' initializer is declared in superclass here
3 |
/host/spi-builder-workspace/Sources/FitnessUnits/Dimensional/UnitRadioactivity.swift:30:20: warning: class 'UnitRadioactivity' must restate inherited '@unchecked Sendable' conformance
 28 | @available(swift 3.1)
 29 | @available(iOS 10.0, tvOS 10.0, watchOS 3.0, OSX 10.12, *)
 30 | public final class UnitRadioactivity: Dimension {
    |                    `- warning: class 'UnitRadioactivity' must restate inherited '@unchecked Sendable' conformance
 31 |
 32 |     private struct Symbol {
/host/spi-builder-workspace/Sources/FitnessUnits/Dimensional/UnitTorque.swift:80:1: error: 'required' initializer 'init(symbol:converter:)' must be provided by subclass of 'Dimension'
78 |
79 |     public required init?(coder aDecoder: NSCoder) { super.init(coder: aDecoder) }
80 |
   | `- error: 'required' initializer 'init(symbol:converter:)' must be provided by subclass of 'Dimension'
81 |     /// Encodes the receiver using a given archiver
82 |     ///
Foundation.Dimension.init:2:17: note: 'required' initializer is declared in superclass here
1 | class Dimension {
2 | required public init(symbol: String, converter: UnitConverter)}
  |                 `- note: 'required' initializer is declared in superclass here
3 |
/host/spi-builder-workspace/Sources/FitnessUnits/Dimensional/UnitTorque.swift:80:1: error: 'required' initializer 'init(symbol:)' must be provided by subclass of 'Dimension'
78 |
79 |     public required init?(coder aDecoder: NSCoder) { super.init(coder: aDecoder) }
80 |
   | `- error: 'required' initializer 'init(symbol:)' must be provided by subclass of 'Dimension'
81 |     /// Encodes the receiver using a given archiver
82 |     ///
Foundation.Dimension.init:2:17: note: 'required' initializer is declared in superclass here
1 | class Dimension {
2 | required public init(symbol: String)}
  |                 `- note: 'required' initializer is declared in superclass here
3 |
/host/spi-builder-workspace/Sources/FitnessUnits/Dimensional/UnitTorque.swift:30:20: warning: class 'UnitTorque' must restate inherited '@unchecked Sendable' conformance
28 | @available(swift 3.1)
29 | @available(iOS 10.0, tvOS 10.0, watchOS 3.0, OSX 10.12, *)
30 | public final class UnitTorque: Dimension {
   |                    `- warning: class 'UnitTorque' must restate inherited '@unchecked Sendable' conformance
31 |     private struct Symbol {
32 |         static let kilogramForceMeter   = "kgf·m"
/host/spi-builder-workspace/Sources/FitnessUnits/Dimensionless/UnitCadence.swift:30:12: warning: class 'UnitCadence' must restate inherited '@unchecked Sendable' conformance
28 | @available(swift 3.1)
29 | @available(iOS 10.0, tvOS 10.0, watchOS 3.0, OSX 10.12, *)
30 | open class UnitCadence: Unit {
   |            `- warning: class 'UnitCadence' must restate inherited '@unchecked Sendable' conformance
31 |
32 |     private struct Symbol {
/host/spi-builder-workspace/Sources/FitnessUnits/Dimensionless/UnitCount.swift:30:12: warning: class 'UnitCount' must restate inherited '@unchecked Sendable' conformance
 28 | @available(swift 3.1)
 29 | @available(iOS 10.0, tvOS 10.0, watchOS 3.0, OSX 10.12, *)
 30 | open class UnitCount: Unit {
    |            `- warning: class 'UnitCount' must restate inherited '@unchecked Sendable' conformance
 31 |
 32 |     private struct Symbol {
/host/spi-builder-workspace/Sources/FitnessUnits/Dimensionless/UnitGender.swift:33:12: warning: class 'UnitGender' must restate inherited '@unchecked Sendable' conformance
31 | @available(swift 3.1)
32 | @available(iOS 10.0, tvOS 10.0, watchOS 3.0, OSX 10.12, *)
33 | open class UnitGender: Unit {
   |            `- warning: class 'UnitGender' must restate inherited '@unchecked Sendable' conformance
34 |
35 |     private struct Symbol {
/host/spi-builder-workspace/Sources/FitnessUnits/Dimensionless/UnitOxygenConsumption.swift:30:12: warning: class 'UnitOxygenConsumption' must restate inherited '@unchecked Sendable' conformance
28 | @available(swift 3.1)
29 | @available(iOS 10.0, tvOS 10.0, watchOS 3.0, OSX 10.12, *)
30 | open class UnitOxygenConsumption: Unit {
   |            `- warning: class 'UnitOxygenConsumption' must restate inherited '@unchecked Sendable' conformance
31 |
32 |     private struct Symbol {
/host/spi-builder-workspace/Sources/FitnessUnits/Dimensionless/UnitPercent.swift:30:20: warning: class 'UnitPercent' must restate inherited '@unchecked Sendable' conformance
28 | @available(swift 3.1)
29 | @available(iOS 10.0, tvOS 10.0, watchOS 3.0, OSX 10.12, *)
30 | final public class UnitPercent: Unit {
   |                    `- warning: class 'UnitPercent' must restate inherited '@unchecked Sendable' conformance
31 |
32 |     private struct Symbol {
Failed frontend command:
/usr/bin/swift-frontend -frontend -emit-module -experimental-skip-non-inlinable-function-bodies-without-types /host/spi-builder-workspace/Sources/FitnessUnits/Color.swift /host/spi-builder-workspace/Sources/FitnessUnits/Dimensional/UnitAcceleration.swift /host/spi-builder-workspace/Sources/FitnessUnits/Dimensional/UnitAngle.swift /host/spi-builder-workspace/Sources/FitnessUnits/Dimensional/UnitAngularVelocity.swift /host/spi-builder-workspace/Sources/FitnessUnits/Dimensional/UnitConcentrationMass.swift /host/spi-builder-workspace/Sources/FitnessUnits/Dimensional/UnitDuration.swift /host/spi-builder-workspace/Sources/FitnessUnits/Dimensional/UnitEnergy.swift /host/spi-builder-workspace/Sources/FitnessUnits/Dimensional/UnitForce.swift /host/spi-builder-workspace/Sources/FitnessUnits/Dimensional/UnitLinearDensity.swift /host/spi-builder-workspace/Sources/FitnessUnits/Dimensional/UnitMagneticField.swift /host/spi-builder-workspace/Sources/FitnessUnits/Dimensional/UnitMass.swift /host/spi-builder-workspace/Sources/FitnessUnits/Dimensional/UnitRadioactivity.swift /host/spi-builder-workspace/Sources/FitnessUnits/Dimensional/UnitSpeed.swift /host/spi-builder-workspace/Sources/FitnessUnits/Dimensional/UnitTorque.swift /host/spi-builder-workspace/Sources/FitnessUnits/Dimensionless/UnitCadence.swift /host/spi-builder-workspace/Sources/FitnessUnits/Dimensionless/UnitCount.swift /host/spi-builder-workspace/Sources/FitnessUnits/Dimensionless/UnitGender.swift /host/spi-builder-workspace/Sources/FitnessUnits/Dimensionless/UnitOxygenConsumption.swift /host/spi-builder-workspace/Sources/FitnessUnits/Dimensionless/UnitPercent.swift /host/spi-builder-workspace/Sources/FitnessUnits/MeasurementZone.swift /host/spi-builder-workspace/Sources/FitnessUnits/Measurements/StringMeasurement.swift /host/spi-builder-workspace/Sources/FitnessUnits/Measurements/ValidatedBinaryFloatingPoint.swift /host/spi-builder-workspace/Sources/FitnessUnits/Measurements/ValidatedBinaryInteger.swift /host/spi-builder-workspace/Sources/FitnessUnits/Measurements/ValidatedMeasurement.swift -target wasm32-unknown-wasip1 -disable-objc-interop -sdk /root/.swiftpm/swift-sdks/swift-6.4.x-DEVELOPMENT-SNAPSHOT-2026-09-04-a_wasm.artifactbundle/swift-6.4.x-DEVELOPMENT-SNAPSHOT-2026-09-04-a_wasm/wasm32-unknown-wasip1/WASI.sdk -sysroot /root/.swiftpm/swift-sdks/swift-6.4.x-DEVELOPMENT-SNAPSHOT-2026-09-04-a_wasm.artifactbundle/swift-6.4.x-DEVELOPMENT-SNAPSHOT-2026-09-04-a_wasm/wasm32-unknown-wasip1/WASI.sdk -I /host/spi-builder-workspace/.build/out/Products/Debug-webassembly-wasm32 -module-cache-path /host/spi-builder-workspace/.build/out/ModuleCache.noindex -color-diagnostics -Xcc -fcolor-diagnostics -enable-testing -g -debug-info-format\=dwarf -dwarf-version\=4 -swift-version 5 -Onone -D SWIFT_PACKAGE -D DEBUG -D SWIFT_MODULE_RESOURCE_BUNDLE_UNAVAILABLE -D Xcode -serialize-debugging-options -enable-experimental-feature DebugDescriptionMacro -empty-abi-descriptor -external-plugin-path /usr/lib/swift/host/plugins/testing\#/usr/bin/swift-plugin-server -validate-clang-modules-once -clang-build-session-file /host/spi-builder-workspace/.build/out/ModuleCache.noindex/Session.modulevalidation -Xcc -working-directory -Xcc /host -resource-dir /root/.swiftpm/swift-sdks/swift-6.4.x-DEVELOPMENT-SNAPSHOT-2026-09-04-a_wasm.artifactbundle/swift-6.4.x-DEVELOPMENT-SNAPSHOT-2026-09-04-a_wasm/wasm32-unknown-wasip1/swift.xctoolchain/usr/lib/swift_static -use-static-resource-dir -enable-anonymous-context-mangled-names -file-compilation-dir /host -Xcc -resource-dir -Xcc /root/.swiftpm/swift-sdks/swift-6.4.x-DEVELOPMENT-SNAPSHOT-2026-09-04-a_wasm.artifactbundle/swift-6.4.x-DEVELOPMENT-SNAPSHOT-2026-09-04-a_wasm/wasm32-unknown-wasip1/swift.xctoolchain/usr/lib/swift_static/clang -Xcc -D_LIBCPP_HARDENING_MODE\=_LIBCPP_HARDENING_MODE_DEBUG -Xcc -fmodules-prune-interval\=86400 -Xcc -fmodules-prune-after\=345600 -Xcc -I/host/spi-builder-workspace/.build/out/Products/Debug-webassembly-wasm32/include -Xcc -I/host/spi-builder-workspace/.build/out/Intermediates.noindex/FitnessUnits.build/Debug-webassembly-wasm32/FitnessUnits-t.build/DerivedSources-normal/wasm32 -Xcc -I/host/spi-builder-workspace/.build/out/Intermediates.noindex/FitnessUnits.build/Debug-webassembly-wasm32/FitnessUnits-t.build/DerivedSources/wasm32 -Xcc -I/host/spi-builder-workspace/.build/out/Intermediates.noindex/FitnessUnits.build/Debug-webassembly-wasm32/FitnessUnits-t.build/DerivedSources -Xcc -DSWIFT_PACKAGE -Xcc -DDEBUG\=1 -no-auto-bridging-header-chaining -module-name FitnessUnits -const-gather-protocols-file /host/spi-builder-workspace/.build/out/Intermediates.noindex/FitnessUnits.build/Debug-webassembly-wasm32/FitnessUnits-t.build/Objects-normal/wasm32/FitnessUnits_const_extract_protocols.json -in-process-plugin-server-path /usr/lib/swift/host/libSwiftInProcPluginServer.so -plugin-path /usr/lib/swift/host/plugins -plugin-path /usr/local/lib/swift/host/plugins -emit-module-doc-path /host/spi-builder-workspace/.build/out/Intermediates.noindex/FitnessUnits.build/Debug-webassembly-wasm32/FitnessUnits-t.build/Objects-normal/wasm32/Modules/FitnessUnits.swiftdoc -emit-module-source-info-path /host/spi-builder-workspace/.build/out/Intermediates.noindex/FitnessUnits.build/Debug-webassembly-wasm32/FitnessUnits-t.build/Objects-normal/wasm32/Modules/FitnessUnits.swiftsourceinfo -emit-objc-header-path /host/spi-builder-workspace/.build/out/Intermediates.noindex/FitnessUnits.build/Debug-webassembly-wasm32/FitnessUnits-t.build/Objects-normal/wasm32/FitnessUnits-Swift.h -serialize-diagnostics-path /host/spi-builder-workspace/.build/out/Intermediates.noindex/FitnessUnits.build/Debug-webassembly-wasm32/FitnessUnits-t.build/Objects-normal/wasm32/FitnessUnits-primary-emit-module.dia -emit-dependencies-path /host/spi-builder-workspace/.build/out/Intermediates.noindex/FitnessUnits.build/Debug-webassembly-wasm32/FitnessUnits-t.build/Objects-normal/wasm32/FitnessUnits-primary-emit-module.d -parse-as-library -o /host/spi-builder-workspace/.build/out/Intermediates.noindex/FitnessUnits.build/Debug-webassembly-wasm32/FitnessUnits-t.build/Objects-normal/wasm32/Modules/FitnessUnits.swiftmodule
error: Build failed
BUILD FAILURE 6.4 wasm