Build Information
Failed to build SSAppUpdater, reference master (0aae62), with Swift 6.4 for tvOS using Xcode 27.0 on 23 Sep 2026 22:03:19 UTC.
Build Command
env DEVELOPER_DIR=/Applications/Xcode-27.0.0-Release.Candidate.app xcrun xcodebuild -IDEClonedSourcePackagesDirPathOverride=$PWD/.dependencies -skipMacroValidation -skipPackagePluginValidation -derivedDataPath $PWD/.derivedData build -scheme SSAppUpdater -destination generic/platform=tvOSBuild Log
========================================
RunAll
========================================
Builder version: 5.1.0
Interrupt handler set up.
========================================
Checkout
========================================
Clone URL: https://github.com/SimformSolutionsPvtLtd/SSAppUpdater.git
Reference: master
Initialized empty Git repository in /Users/admin/builder/spi-builder-workspace/.git/
From https://github.com/SimformSolutionsPvtLtd/SSAppUpdater
* branch master -> FETCH_HEAD
* [new branch] master -> origin/master
HEAD is now at 0aae621 Merge pull request #48 from SimformSolutionsPvtLtd/develop
Cloned https://github.com/SimformSolutionsPvtLtd/SSAppUpdater.git
Revision (git rev-parse @):
0aae621f001558a0b3034e2a061ae0a520c48f44
SUCCESS checkout https://github.com/SimformSolutionsPvtLtd/SSAppUpdater.git at master
========================================
Build
========================================
Selected platform: tvOS
Swift version: 6.4
Building package at path: $PWD
https://github.com/SimformSolutionsPvtLtd/SSAppUpdater.git
Command line invocation:
/Applications/Xcode-27.0.0-Release.Candidate.app/Contents/Developer/usr/bin/xcodebuild -IDEClonedSourcePackagesDirPathOverride=/Users/admin/builder/spi-builder-workspace/.dependencies -resolvePackageDependencies
Resolve Package Graph
Resolve Package Graph
Resolved source packages:
SSAppUpdater: /Users/admin/builder/spi-builder-workspace
resolved source packages: SSAppUpdater
2026-09-23 18:02:33.548 xcodebuild[528:3039] [MT] IDERunDestination: Supported platforms for the buildables in the current scheme is empty.
{
"dependencies" : [
],
"manifest_display_name" : "SSAppUpdater",
"name" : "SSAppUpdater",
"path" : "/Users/admin/builder/spi-builder-workspace",
"platforms" : [
{
"name" : "ios",
"version" : "13.0"
},
{
"name" : "macos",
"version" : "11.0"
}
],
"products" : [
{
"name" : "SSAppUpdater",
"targets" : [
"SSAppUpdater"
],
"type" : {
"library" : [
"automatic"
]
}
}
],
"swift_languages_versions" : [
"5"
],
"targets" : [
{
"c99name" : "SSAppUpdater",
"module_type" : "SwiftTarget",
"name" : "SSAppUpdater",
"path" : "Sources/SSAppUpdater",
"product_memberships" : [
"SSAppUpdater"
],
"resources" : [
{
"path" : "/Users/admin/builder/spi-builder-workspace/Sources/SSAppUpdater/Resource/PrivacyInfo.xcprivacy",
"rule" : {
"copy" : {
}
}
}
],
"sources" : [
"Extension/Bundle.swift",
"Extension/Date.swift",
"Extension/String.swift",
"Extension/UserDefaults.swift",
"Helper/SSAPIManager.swift",
"Helper/SSAlertManager.swift",
"Helper/SSAppUpdaterEnums.swift",
"Helper/SSEnumration.swift",
"Helper/SSNetworkManager.swift",
"Helper/SSScriptOrCommandExecutor.swift",
"Models/LookUpResponseModel.swift",
"Models/SSVersionInfo.swift",
"PerformVersionCheck/AppStoreView.swift",
"PerformVersionCheck/PerformVersionCheck + ManualAppUpdater.swift",
"PerformVersionCheck/PerformVersionCheck.swift",
"SSAppUpdater.swift"
],
"type" : "library"
}
],
"tools_version" : "5.9"
}
{
"workspace" : {
"name" : "SSAppUpdater",
"schemes" : [
"SSAppUpdater"
]
}
}
2026-09-23 18:03:06.083 xcodebuild[625:3841] [MT] IDERunDestination: Supported platforms for the buildables in the current scheme is empty.
Running build ...
env DEVELOPER_DIR=/Applications/Xcode-27.0.0-Release.Candidate.app xcrun xcodebuild -IDEClonedSourcePackagesDirPathOverride=$PWD/.dependencies -skipMacroValidation -skipPackagePluginValidation -derivedDataPath $PWD/.derivedData build -scheme SSAppUpdater -destination generic/platform=tvOS
Command line invocation:
/Applications/Xcode-27.0.0-Release.Candidate.app/Contents/Developer/usr/bin/xcodebuild -IDEClonedSourcePackagesDirPathOverride=/Users/admin/builder/spi-builder-workspace/.dependencies -skipMacroValidation -skipPackagePluginValidation -derivedDataPath /Users/admin/builder/spi-builder-workspace/.derivedData build -scheme SSAppUpdater -destination generic/platform=tvOS
Resolve Package Graph
Resolved source packages:
SSAppUpdater: /Users/admin/builder/spi-builder-workspace
ComputePackagePrebuildTargetDependencyGraph
Prepare packages
CreateBuildRequest
SendProjectDescription
CreateBuildOperation
ComputeTargetDependencyGraph
note: Building targets in dependency order
note: Target dependency graph (3 targets)
Target 'SSAppUpdater-product' in project 'SSAppUpdater'
➜ Explicit dependency on target 'SSAppUpdater' in project 'SSAppUpdater'
➜ Explicit dependency on target 'SSAppUpdater_SSAppUpdater' in project 'SSAppUpdater'
Target 'SSAppUpdater' in project 'SSAppUpdater'
➜ Explicit dependency on target 'SSAppUpdater_SSAppUpdater' in project 'SSAppUpdater'
Target 'SSAppUpdater_SSAppUpdater' in project 'SSAppUpdater' (no dependencies)
GatherProvisioningInputs
CreateBuildDescription
ExecuteExternalTool /Applications/Xcode-27.0.0-Release.Candidate.app/Contents/Developer/Toolchains/XcodeDefault.xctoolchain/usr/bin/clang -v -E -dM -isysroot /Applications/Xcode-27.0.0-Release.Candidate.app/Contents/Developer/Platforms/AppleTVOS.platform/Developer/SDKs/AppleTVOS27.0.sdk -x c -c /dev/null
ExecuteExternalTool /Applications/Xcode-27.0.0-Release.Candidate.app/Contents/Developer/Toolchains/XcodeDefault.xctoolchain/usr/bin/swiftc --version
ExecuteExternalTool /Applications/Xcode-27.0.0-Release.Candidate.app/Contents/Developer/Toolchains/XcodeDefault.xctoolchain/usr/bin/ld -version_details
Build description signature: 7dfde828aaa1b704331989277d10a787
Build description path: /Users/admin/builder/spi-builder-workspace/.derivedData/Build/Intermediates.noindex/XCBuildData/7dfde828aaa1b704331989277d10a787.xcbuilddata
CreateBuildDirectory /Users/admin/builder/spi-builder-workspace/.derivedData/SDKExplicitPrecompiledModules
cd /Users/admin/builder/spi-builder-workspace/.swiftpm/xcode
builtin-create-build-directory /Users/admin/builder/spi-builder-workspace/.derivedData/SDKExplicitPrecompiledModules
CreateBuildDirectory /Users/admin/builder/spi-builder-workspace/.derivedData/ModuleCache.noindex
cd /Users/admin/builder/spi-builder-workspace/.swiftpm/xcode
builtin-create-build-directory /Users/admin/builder/spi-builder-workspace/.derivedData/ModuleCache.noindex
CreateBuildDirectory /Users/admin/builder/spi-builder-workspace/.derivedData/CompilationCache.noindex
cd /Users/admin/builder/spi-builder-workspace/.swiftpm/xcode
builtin-create-build-directory /Users/admin/builder/spi-builder-workspace/.derivedData/CompilationCache.noindex
CreateBuildDirectory /Users/admin/builder/spi-builder-workspace/.derivedData/Build/Intermediates.noindex
cd /Users/admin/builder/spi-builder-workspace/.swiftpm/xcode
builtin-create-build-directory /Users/admin/builder/spi-builder-workspace/.derivedData/Build/Intermediates.noindex
ClangStatCache /Applications/Xcode-27.0.0-Release.Candidate.app/Contents/Developer/Toolchains/XcodeDefault.xctoolchain/usr/bin/clang-stat-cache /Applications/Xcode-27.0.0-Release.Candidate.app/Contents/Developer/Platforms/AppleTVOS.platform/Developer/SDKs/AppleTVOS27.0.sdk /Users/admin/builder/spi-builder-workspace/.derivedData/SDKStatCaches.noindex/appletvos27.0-24J360-e829b21a6f8c9b70876ba0858053c044b32bfd8d43560033f8d89884cdb90028.sdkstatcache
cd /Users/admin/builder/spi-builder-workspace/.swiftpm/xcode
/Applications/Xcode-27.0.0-Release.Candidate.app/Contents/Developer/Toolchains/XcodeDefault.xctoolchain/usr/bin/clang-stat-cache /Applications/Xcode-27.0.0-Release.Candidate.app/Contents/Developer/Platforms/AppleTVOS.platform/Developer/SDKs/AppleTVOS27.0.sdk -o /Users/admin/builder/spi-builder-workspace/.derivedData/SDKStatCaches.noindex/appletvos27.0-24J360-e829b21a6f8c9b70876ba0858053c044b32bfd8d43560033f8d89884cdb90028.sdkstatcache
CreateBuildDirectory /Users/admin/builder/spi-builder-workspace/.derivedData/Build/Products
cd /Users/admin/builder/spi-builder-workspace/.swiftpm/xcode
builtin-create-build-directory /Users/admin/builder/spi-builder-workspace/.derivedData/Build/Products
CreateBuildDirectory /Users/admin/builder/spi-builder-workspace/.derivedData/Build/Intermediates.noindex/SwiftExplicitPrecompiledModules
cd /Users/admin/builder/spi-builder-workspace/.swiftpm/xcode
builtin-create-build-directory /Users/admin/builder/spi-builder-workspace/.derivedData/Build/Intermediates.noindex/SwiftExplicitPrecompiledModules
CreateBuildDirectory /Users/admin/builder/spi-builder-workspace/.derivedData/Build/Intermediates.noindex/PrecompiledHeaders
cd /Users/admin/builder/spi-builder-workspace/.swiftpm/xcode
builtin-create-build-directory /Users/admin/builder/spi-builder-workspace/.derivedData/Build/Intermediates.noindex/PrecompiledHeaders
CreateBuildDirectory /Users/admin/builder/spi-builder-workspace/.derivedData/Build/Intermediates.noindex/ExplicitPrecompiledModules
cd /Users/admin/builder/spi-builder-workspace/.swiftpm/xcode
builtin-create-build-directory /Users/admin/builder/spi-builder-workspace/.derivedData/Build/Intermediates.noindex/ExplicitPrecompiledModules
CreateBuildDirectory /Users/admin/builder/spi-builder-workspace/.derivedData/Build/Intermediates.noindex/EagerLinkingTBDs/Debug-appletvos
cd /Users/admin/builder/spi-builder-workspace/.swiftpm/xcode
builtin-create-build-directory /Users/admin/builder/spi-builder-workspace/.derivedData/Build/Intermediates.noindex/EagerLinkingTBDs/Debug-appletvos
CreateBuildDirectory /Users/admin/builder/spi-builder-workspace/.derivedData/Build/Products/Debug-appletvos
cd /Users/admin/builder/spi-builder-workspace/.swiftpm/xcode
builtin-create-build-directory /Users/admin/builder/spi-builder-workspace/.derivedData/Build/Products/Debug-appletvos
CreateBuildDirectory /Users/admin/builder/spi-builder-workspace/.derivedData/Build/Products/Debug-appletvos/PackageFrameworks
cd /Users/admin/builder/spi-builder-workspace/.swiftpm/xcode
builtin-create-build-directory /Users/admin/builder/spi-builder-workspace/.derivedData/Build/Products/Debug-appletvos/PackageFrameworks
MkDir /Users/admin/builder/spi-builder-workspace/.derivedData/Build/Products/Debug-appletvos/SSAppUpdater_SSAppUpdater.bundle (in target 'SSAppUpdater_SSAppUpdater' from project 'SSAppUpdater')
cd /Users/admin/builder/spi-builder-workspace
/bin/mkdir -p /Users/admin/builder/spi-builder-workspace/.derivedData/Build/Products/Debug-appletvos/SSAppUpdater_SSAppUpdater.bundle
WriteAuxiliaryFile /Users/admin/builder/spi-builder-workspace/.derivedData/Build/Intermediates.noindex/SSAppUpdater.build/Debug-appletvos/SSAppUpdater_SSAppUpdater-b.build/SSAppUpdater_SSAppUpdater.DependencyStaticMetadataFileList (in target 'SSAppUpdater_SSAppUpdater' from project 'SSAppUpdater')
cd /Users/admin/builder/spi-builder-workspace
write-file /Users/admin/builder/spi-builder-workspace/.derivedData/Build/Intermediates.noindex/SSAppUpdater.build/Debug-appletvos/SSAppUpdater_SSAppUpdater-b.build/SSAppUpdater_SSAppUpdater.DependencyStaticMetadataFileList
WriteAuxiliaryFile /Users/admin/builder/spi-builder-workspace/.derivedData/Build/Intermediates.noindex/SSAppUpdater.build/Debug-appletvos/SSAppUpdater-t.build/SSAppUpdater.DependencyStaticMetadataFileList (in target 'SSAppUpdater' from project 'SSAppUpdater')
cd /Users/admin/builder/spi-builder-workspace
write-file /Users/admin/builder/spi-builder-workspace/.derivedData/Build/Intermediates.noindex/SSAppUpdater.build/Debug-appletvos/SSAppUpdater-t.build/SSAppUpdater.DependencyStaticMetadataFileList
WriteAuxiliaryFile /Users/admin/builder/spi-builder-workspace/.derivedData/Build/Intermediates.noindex/SSAppUpdater.build/Debug-appletvos/SSAppUpdater-t.build/SSAppUpdater.modulemap (in target 'SSAppUpdater' from project 'SSAppUpdater')
cd /Users/admin/builder/spi-builder-workspace
write-file /Users/admin/builder/spi-builder-workspace/.derivedData/Build/Intermediates.noindex/SSAppUpdater.build/Debug-appletvos/SSAppUpdater-t.build/SSAppUpdater.modulemap
WriteAuxiliaryFile /Users/admin/builder/spi-builder-workspace/.derivedData/Build/Intermediates.noindex/SSAppUpdater.build/Debug-appletvos/SSAppUpdater-t.build/SSAppUpdater.DependencyMetadataFileList (in target 'SSAppUpdater' from project 'SSAppUpdater')
cd /Users/admin/builder/spi-builder-workspace
write-file /Users/admin/builder/spi-builder-workspace/.derivedData/Build/Intermediates.noindex/SSAppUpdater.build/Debug-appletvos/SSAppUpdater-t.build/SSAppUpdater.DependencyMetadataFileList
WriteAuxiliaryFile /Users/admin/builder/spi-builder-workspace/.derivedData/Build/Intermediates.noindex/SSAppUpdater.build/Debug-appletvos/SSAppUpdater_SSAppUpdater-b.build/empty-SSAppUpdater_SSAppUpdater.plist (in target 'SSAppUpdater_SSAppUpdater' from project 'SSAppUpdater')
cd /Users/admin/builder/spi-builder-workspace
write-file /Users/admin/builder/spi-builder-workspace/.derivedData/Build/Intermediates.noindex/SSAppUpdater.build/Debug-appletvos/SSAppUpdater_SSAppUpdater-b.build/empty-SSAppUpdater_SSAppUpdater.plist
WriteAuxiliaryFile /Users/admin/builder/spi-builder-workspace/.derivedData/Build/Intermediates.noindex/SSAppUpdater.build/Debug-appletvos/SSAppUpdater_SSAppUpdater-b.build/SSAppUpdater_SSAppUpdater.DependencyMetadataFileList (in target 'SSAppUpdater_SSAppUpdater' from project 'SSAppUpdater')
cd /Users/admin/builder/spi-builder-workspace
write-file /Users/admin/builder/spi-builder-workspace/.derivedData/Build/Intermediates.noindex/SSAppUpdater.build/Debug-appletvos/SSAppUpdater_SSAppUpdater-b.build/SSAppUpdater_SSAppUpdater.DependencyMetadataFileList
WriteAuxiliaryFile /Users/admin/builder/spi-builder-workspace/.derivedData/Build/Intermediates.noindex/SSAppUpdater.build/Debug-appletvos/SSAppUpdater-t.build/Objects-normal/arm64/SSAppUpdater_const_extract_protocols.json (in target 'SSAppUpdater' from project 'SSAppUpdater')
cd /Users/admin/builder/spi-builder-workspace
write-file /Users/admin/builder/spi-builder-workspace/.derivedData/Build/Intermediates.noindex/SSAppUpdater.build/Debug-appletvos/SSAppUpdater-t.build/Objects-normal/arm64/SSAppUpdater_const_extract_protocols.json
WriteAuxiliaryFile /Users/admin/builder/spi-builder-workspace/.derivedData/Build/Intermediates.noindex/SSAppUpdater.build/Debug-appletvos/SSAppUpdater-t.build/Objects-normal/arm64/SSAppUpdater.SwiftFileList (in target 'SSAppUpdater' from project 'SSAppUpdater')
cd /Users/admin/builder/spi-builder-workspace
write-file /Users/admin/builder/spi-builder-workspace/.derivedData/Build/Intermediates.noindex/SSAppUpdater.build/Debug-appletvos/SSAppUpdater-t.build/Objects-normal/arm64/SSAppUpdater.SwiftFileList
WriteAuxiliaryFile /Users/admin/builder/spi-builder-workspace/.derivedData/Build/Intermediates.noindex/SSAppUpdater.build/Debug-appletvos/SSAppUpdater-t.build/Objects-normal/arm64/SSAppUpdater.SwiftConstValuesFileList (in target 'SSAppUpdater' from project 'SSAppUpdater')
cd /Users/admin/builder/spi-builder-workspace
write-file /Users/admin/builder/spi-builder-workspace/.derivedData/Build/Intermediates.noindex/SSAppUpdater.build/Debug-appletvos/SSAppUpdater-t.build/Objects-normal/arm64/SSAppUpdater.SwiftConstValuesFileList
WriteAuxiliaryFile /Users/admin/builder/spi-builder-workspace/.derivedData/Build/Intermediates.noindex/SSAppUpdater.build/Debug-appletvos/SSAppUpdater-t.build/Objects-normal/arm64/SSAppUpdater.LinkFileList (in target 'SSAppUpdater' from project 'SSAppUpdater')
cd /Users/admin/builder/spi-builder-workspace
write-file /Users/admin/builder/spi-builder-workspace/.derivedData/Build/Intermediates.noindex/SSAppUpdater.build/Debug-appletvos/SSAppUpdater-t.build/Objects-normal/arm64/SSAppUpdater.LinkFileList
WriteAuxiliaryFile /Users/admin/builder/spi-builder-workspace/.derivedData/Build/Intermediates.noindex/SSAppUpdater.build/Debug-appletvos/SSAppUpdater-t.build/Objects-normal/arm64/SSAppUpdater-OutputFileMap.json (in target 'SSAppUpdater' from project 'SSAppUpdater')
cd /Users/admin/builder/spi-builder-workspace
write-file /Users/admin/builder/spi-builder-workspace/.derivedData/Build/Intermediates.noindex/SSAppUpdater.build/Debug-appletvos/SSAppUpdater-t.build/Objects-normal/arm64/SSAppUpdater-OutputFileMap.json
WriteAuxiliaryFile /Users/admin/builder/spi-builder-workspace/.derivedData/Build/Intermediates.noindex/SSAppUpdater.build/Debug-appletvos/SSAppUpdater-t.build/DerivedSources/resource_bundle_accessor.swift (in target 'SSAppUpdater' from project 'SSAppUpdater')
cd /Users/admin/builder/spi-builder-workspace
write-file /Users/admin/builder/spi-builder-workspace/.derivedData/Build/Intermediates.noindex/SSAppUpdater.build/Debug-appletvos/SSAppUpdater-t.build/DerivedSources/resource_bundle_accessor.swift
Copy /Users/admin/builder/spi-builder-workspace/.derivedData/Build/Intermediates.noindex/GeneratedModuleMaps-appletvos/SSAppUpdater.modulemap /Users/admin/builder/spi-builder-workspace/.derivedData/Build/Intermediates.noindex/SSAppUpdater.build/Debug-appletvos/SSAppUpdater-t.build/SSAppUpdater.modulemap (in target 'SSAppUpdater' from project 'SSAppUpdater')
cd /Users/admin/builder/spi-builder-workspace
builtin-copy -exclude .DS_Store -exclude CVS -exclude .svn -exclude .git -exclude .hg -resolve-src-symlinks /Users/admin/builder/spi-builder-workspace/.derivedData/Build/Intermediates.noindex/SSAppUpdater.build/Debug-appletvos/SSAppUpdater-t.build/SSAppUpdater.modulemap /Users/admin/builder/spi-builder-workspace/.derivedData/Build/Intermediates.noindex/GeneratedModuleMaps-appletvos
ProcessInfoPlistFile /Users/admin/builder/spi-builder-workspace/.derivedData/Build/Products/Debug-appletvos/SSAppUpdater_SSAppUpdater.bundle/Info.plist /Users/admin/builder/spi-builder-workspace/.derivedData/Build/Intermediates.noindex/SSAppUpdater.build/Debug-appletvos/SSAppUpdater_SSAppUpdater-b.build/empty-SSAppUpdater_SSAppUpdater.plist (in target 'SSAppUpdater_SSAppUpdater' from project 'SSAppUpdater')
cd /Users/admin/builder/spi-builder-workspace
builtin-infoPlistUtility /Users/admin/builder/spi-builder-workspace/.derivedData/Build/Intermediates.noindex/SSAppUpdater.build/Debug-appletvos/SSAppUpdater_SSAppUpdater-b.build/empty-SSAppUpdater_SSAppUpdater.plist -producttype com.apple.product-type.bundle -expandbuildsettings -format binary -platform appletvos -o /Users/admin/builder/spi-builder-workspace/.derivedData/Build/Products/Debug-appletvos/SSAppUpdater_SSAppUpdater.bundle/Info.plist
CpResource /Users/admin/builder/spi-builder-workspace/.derivedData/Build/Products/Debug-appletvos/SSAppUpdater_SSAppUpdater.bundle/PrivacyInfo.xcprivacy /Users/admin/builder/spi-builder-workspace/Sources/SSAppUpdater/Resource/PrivacyInfo.xcprivacy (in target 'SSAppUpdater_SSAppUpdater' from project 'SSAppUpdater')
cd /Users/admin/builder/spi-builder-workspace
builtin-copy -exclude .DS_Store -exclude CVS -exclude .svn -exclude .git -exclude .hg -resolve-src-symlinks /Users/admin/builder/spi-builder-workspace/Sources/SSAppUpdater/Resource/PrivacyInfo.xcprivacy /Users/admin/builder/spi-builder-workspace/.derivedData/Build/Products/Debug-appletvos/SSAppUpdater_SSAppUpdater.bundle
RegisterExecutionPolicyException /Users/admin/builder/spi-builder-workspace/.derivedData/Build/Products/Debug-appletvos/SSAppUpdater_SSAppUpdater.bundle (in target 'SSAppUpdater_SSAppUpdater' from project 'SSAppUpdater')
cd /Users/admin/builder/spi-builder-workspace
builtin-RegisterExecutionPolicyException /Users/admin/builder/spi-builder-workspace/.derivedData/Build/Products/Debug-appletvos/SSAppUpdater_SSAppUpdater.bundle
Touch /Users/admin/builder/spi-builder-workspace/.derivedData/Build/Products/Debug-appletvos/SSAppUpdater_SSAppUpdater.bundle (in target 'SSAppUpdater_SSAppUpdater' from project 'SSAppUpdater')
cd /Users/admin/builder/spi-builder-workspace
/usr/bin/touch -c /Users/admin/builder/spi-builder-workspace/.derivedData/Build/Products/Debug-appletvos/SSAppUpdater_SSAppUpdater.bundle
SwiftDriver SSAppUpdater normal arm64 com.apple.xcode.tools.swift.compiler (in target 'SSAppUpdater' from project 'SSAppUpdater')
cd /Users/admin/builder/spi-builder-workspace/.swiftpm/xcode
builtin-SwiftDriver -- /Applications/Xcode-27.0.0-Release.Candidate.app/Contents/Developer/Toolchains/XcodeDefault.xctoolchain/usr/bin/swiftc -parse-as-library -module-name SSAppUpdater -Onone @/Users/admin/builder/spi-builder-workspace/.derivedData/Build/Intermediates.noindex/SSAppUpdater.build/Debug-appletvos/SSAppUpdater-t.build/Objects-normal/arm64/SSAppUpdater.SwiftFileList -DSWIFT_PACKAGE -DDEBUG -DSWIFT_MODULE_RESOURCE_BUNDLE_AVAILABLE -DXcode -plugin-path /Applications/Xcode-27.0.0-Release.Candidate.app/Contents/Developer/Toolchains/XcodeDefault.xctoolchain/usr/lib/swift/host/plugins/testing -enable-experimental-feature DebugDescriptionMacro -sdk /Applications/Xcode-27.0.0-Release.Candidate.app/Contents/Developer/Platforms/AppleTVOS.platform/Developer/SDKs/AppleTVOS27.0.sdk -target arm64-apple-tvos15.0 -g -module-cache-path /Users/admin/builder/spi-builder-workspace/.derivedData/ModuleCache.noindex -Xfrontend -serialize-debugging-options -enable-testing -index-store-path /Users/admin/builder/spi-builder-workspace/.derivedData/Index.noindex/DataStore -Xcc -D_LIBCPP_HARDENING_MODE\=_LIBCPP_HARDENING_MODE_DEBUG -swift-version 5 -I /Users/admin/builder/spi-builder-workspace/.derivedData/Build/Products/Debug-appletvos -Isystem /Applications/Xcode-27.0.0-Release.Candidate.app/Contents/Developer/Platforms/AppleTVOS.platform/Developer/usr/lib -F /Users/admin/builder/spi-builder-workspace/.derivedData/Build/Products/Debug-appletvos -F /Applications/Xcode-27.0.0-Release.Candidate.app/Contents/Developer/Platforms/AppleTVOS.platform/Developer/Library/Frameworks -F /Applications/Xcode-27.0.0-Release.Candidate.app/Contents/Developer/Platforms/AppleTVOS.platform/Developer/SDKs/AppleTVOS27.0.sdk/Developer/Library/Frameworks -c -j10 -enable-batch-mode -incremental -Xcc -ivfsstatcache -Xcc /Users/admin/builder/spi-builder-workspace/.derivedData/SDKStatCaches.noindex/appletvos27.0-24J360-e829b21a6f8c9b70876ba0858053c044b32bfd8d43560033f8d89884cdb90028.sdkstatcache -output-file-map /Users/admin/builder/spi-builder-workspace/.derivedData/Build/Intermediates.noindex/SSAppUpdater.build/Debug-appletvos/SSAppUpdater-t.build/Objects-normal/arm64/SSAppUpdater-OutputFileMap.json -save-temps -no-color-diagnostics -explicit-module-build -module-cache-path /Users/admin/builder/spi-builder-workspace/.derivedData/Build/Intermediates.noindex/SwiftExplicitPrecompiledModules -clang-scanner-module-cache-path /Users/admin/builder/spi-builder-workspace/.derivedData/ModuleCache.noindex -sdk-module-cache-path /Users/admin/builder/spi-builder-workspace/.derivedData/SDKExplicitPrecompiledModules -emit-dependencies -emit-module -emit-module-path /Users/admin/builder/spi-builder-workspace/.derivedData/Build/Intermediates.noindex/SSAppUpdater.build/Debug-appletvos/SSAppUpdater-t.build/Objects-normal/arm64/SSAppUpdater.swiftmodule -serialize-diagnostics -dependency-scan-serialize-diagnostics-path /Users/admin/builder/spi-builder-workspace/.derivedData/Build/Intermediates.noindex/SSAppUpdater.build/Debug-appletvos/SSAppUpdater-t.build/Objects-normal/arm64/SSAppUpdater-dependency-scan.dia -validate-clang-modules-once -clang-build-session-file /Users/admin/builder/spi-builder-workspace/.derivedData/ModuleCache.noindex/Session.modulevalidation -Xcc -fmodules-prune-interval\=86400 -Xcc -fmodules-prune-after\=345600 -package-name spi_builder_workspace -emit-const-values -const-gather-protocols-list /Users/admin/builder/spi-builder-workspace/.derivedData/Build/Intermediates.noindex/SSAppUpdater.build/Debug-appletvos/SSAppUpdater-t.build/Objects-normal/arm64/SSAppUpdater_const_extract_protocols.json -Xcc -I/Users/admin/builder/spi-builder-workspace/.derivedData/Build/Products/Debug-appletvos/include -Xcc -I/Users/admin/builder/spi-builder-workspace/.derivedData/Build/Intermediates.noindex/SSAppUpdater.build/Debug-appletvos/SSAppUpdater-t.build/DerivedSources-normal/arm64 -Xcc -I/Users/admin/builder/spi-builder-workspace/.derivedData/Build/Intermediates.noindex/SSAppUpdater.build/Debug-appletvos/SSAppUpdater-t.build/DerivedSources/arm64 -Xcc -I/Users/admin/builder/spi-builder-workspace/.derivedData/Build/Intermediates.noindex/SSAppUpdater.build/Debug-appletvos/SSAppUpdater-t.build/DerivedSources -Xcc -DSWIFT_PACKAGE -Xcc -DDEBUG\=1 -emit-objc-header -emit-objc-header-path /Users/admin/builder/spi-builder-workspace/.derivedData/Build/Intermediates.noindex/SSAppUpdater.build/Debug-appletvos/SSAppUpdater-t.build/Objects-normal/arm64/SSAppUpdater-Swift.h -working-directory /Users/admin/builder/spi-builder-workspace/.swiftpm/xcode -experimental-emit-module-separately -disable-cmo
SwiftExplicitDependencyGeneratePcm arm64 /Users/admin/builder/spi-builder-workspace/.derivedData/SDKExplicitPrecompiledModules/_Builtin_float-8ZJAYZ85YBOAOP52Y9H6IUNP3.pcm
SwiftExplicitDependencyGeneratePcm arm64 /Users/admin/builder/spi-builder-workspace/.derivedData/SDKExplicitPrecompiledModules/ptrcheck-2AZ6B5IBYD3RRRTFWN2ONASY3.pcm
SwiftExplicitDependencyGeneratePcm arm64 /Users/admin/builder/spi-builder-workspace/.derivedData/SDKExplicitPrecompiledModules/ptrauth-8X2KEPL7CTRPS40TUB9APHPK6.pcm
SwiftExplicitDependencyGeneratePcm arm64 /Users/admin/builder/spi-builder-workspace/.derivedData/SDKExplicitPrecompiledModules/SwiftShims-8N4EXJ4RUJTR8K9OO3CMOH1EP.pcm
SwiftExplicitDependencyGeneratePcm arm64 /Users/admin/builder/spi-builder-workspace/.derivedData/SDKExplicitPrecompiledModules/_Builtin_stdbool-AHRDH5EKLY6D04C5E42F3VCQI.pcm
SwiftExplicitDependencyGeneratePcm arm64 /Users/admin/builder/spi-builder-workspace/.derivedData/SDKExplicitPrecompiledModules/_Builtin_stdarg-BO2OCAUYVAXDRVQWQ8ISKGNUQ.pcm
SwiftExplicitDependencyGeneratePcm arm64 /Users/admin/builder/spi-builder-workspace/.derivedData/SDKExplicitPrecompiledModules/_AvailabilityInternal-BV2EDDP0MI5QJDDPEEV4D9D3V.pcm
SwiftExplicitDependencyGeneratePcm arm64 /Users/admin/builder/spi-builder-workspace/.derivedData/SDKExplicitPrecompiledModules/_SwiftConcurrencyShims-BY5PD8KF1L5KF6F4Q69HE3TJ4.pcm
SwiftExplicitDependencyGeneratePcm arm64 /Users/admin/builder/spi-builder-workspace/.derivedData/SDKExplicitPrecompiledModules/_StoreKit_SwiftUI-2V06QRXHP5REDOXP987NMM1DG.pcm
SwiftExplicitDependencyGeneratePcm arm64 /Users/admin/builder/spi-builder-workspace/.derivedData/SDKExplicitPrecompiledModules/DeveloperToolsSupport-B1X8RI63V48AJRTH2RK6JAARV.pcm
SwiftExplicitDependencyGeneratePcm arm64 /Users/admin/builder/spi-builder-workspace/.derivedData/SDKExplicitPrecompiledModules/_Builtin_stddef-9ZJZ6FDEZNKTZU8YLPMFT9RAQ.pcm
SwiftExplicitDependencyGeneratePcm arm64 /Users/admin/builder/spi-builder-workspace/.derivedData/SDKExplicitPrecompiledModules/_DarwinFoundation1-JOTYMOA1YZCIJ2NON6FQ848O.pcm
SwiftExplicitDependencyGeneratePcm arm64 /Users/admin/builder/spi-builder-workspace/.derivedData/SDKExplicitPrecompiledModules/ExtensionFoundation-6QFD7DEZ8B0V1CPXCTN45UZ81.pcm
SwiftExplicitDependencyGeneratePcm arm64 /Users/admin/builder/spi-builder-workspace/.derivedData/SDKExplicitPrecompiledModules/_Builtin_limits-7JU2HP127LIT1X9E2V3D8WZ1.pcm
SwiftExplicitDependencyGeneratePcm arm64 /Users/admin/builder/spi-builder-workspace/.derivedData/SDKExplicitPrecompiledModules/_DarwinFoundation2-AOGAN1O02NKXRJN5V73AV3V3M.pcm
SwiftExplicitDependencyGeneratePcm arm64 /Users/admin/builder/spi-builder-workspace/.derivedData/SDKExplicitPrecompiledModules/sys_types-8GCAV1YMG5UUGHUID3CA20TCH.pcm
SwiftExplicitDependencyGeneratePcm arm64 /Users/admin/builder/spi-builder-workspace/.derivedData/SDKExplicitPrecompiledModules/_Builtin_tgmath-7ULT1EUHDHW4OZPSTT33H6QGE.pcm
SwiftExplicitDependencyGeneratePcm arm64 /Users/admin/builder/spi-builder-workspace/.derivedData/SDKExplicitPrecompiledModules/string_h-6EVHP7A717OUS5DMC78F79HWO.pcm
SwiftExplicitDependencyGeneratePcm arm64 /Users/admin/builder/spi-builder-workspace/.derivedData/SDKExplicitPrecompiledModules/_Builtin_stdint-6NFTB6IBKS143IVPGT1EKB7HO.pcm
SwiftExplicitDependencyGeneratePcm arm64 /Users/admin/builder/spi-builder-workspace/.derivedData/SDKExplicitPrecompiledModules/_Builtin_stdatomic-3YXHN678NGYM3NL9POJ2HVEIF.pcm
SwiftExplicitDependencyGeneratePcm arm64 /Users/admin/builder/spi-builder-workspace/.derivedData/SDKExplicitPrecompiledModules/_DarwinFoundation3-8SR3855WDFHQPR6G9GHOI2C07.pcm
SwiftExplicitDependencyGeneratePcm arm64 /Users/admin/builder/spi-builder-workspace/.derivedData/SDKExplicitPrecompiledModules/_Builtin_intrinsics-437O2R2NID4WAQVENR63GR82C.pcm
SwiftExplicitDependencyGeneratePcm arm64 /Users/admin/builder/spi-builder-workspace/.derivedData/SDKExplicitPrecompiledModules/_Builtin_inttypes-6X1IQ3QK9KEVKXOK9Y79EW7J3.pcm
SwiftExplicitDependencyGeneratePcm arm64 /Users/admin/builder/spi-builder-workspace/.derivedData/SDKExplicitPrecompiledModules/Darwin-DBSQAVBBPC3D2OMU5ZI2RXMST.pcm
SwiftExplicitDependencyGeneratePcm arm64 /Users/admin/builder/spi-builder-workspace/.derivedData/SDKExplicitPrecompiledModules/simd-117QUXEUT3Z7UQCUYWV2UA228.pcm
SwiftExplicitDependencyGeneratePcm arm64 /Users/admin/builder/spi-builder-workspace/.derivedData/SDKExplicitPrecompiledModules/ObjectiveC-5250FDCE56N8508OR6XUYDKZM.pcm
SwiftExplicitDependencyGeneratePcm arm64 /Users/admin/builder/spi-builder-workspace/.derivedData/SDKExplicitPrecompiledModules/MachO-EH3F5PJCIZG05NO51CEFSZYPW.pcm
SwiftExplicitDependencyGeneratePcm arm64 /Users/admin/builder/spi-builder-workspace/.derivedData/SDKExplicitPrecompiledModules/os_object-E2DGZ0SX0TULQHULZRPO6OKNW.pcm
SwiftExplicitDependencyGeneratePcm arm64 /Users/admin/builder/spi-builder-workspace/.derivedData/SDKExplicitPrecompiledModules/os_workgroup-DBUFF7811DKMX7VPBOJPGGF1U.pcm
SwiftExplicitDependencyGeneratePcm arm64 /Users/admin/builder/spi-builder-workspace/.derivedData/SDKExplicitPrecompiledModules/Spatial-7U8NLEFXSB8BR7PJQGVMF5A4Q.pcm
SwiftExplicitDependencyGeneratePcm arm64 /Users/admin/builder/spi-builder-workspace/.derivedData/SDKExplicitPrecompiledModules/Dispatch-1QL58A0V50C39KVAIC6C38SHL.pcm
SwiftExplicitDependencyGeneratePcm arm64 /Users/admin/builder/spi-builder-workspace/.derivedData/SDKExplicitPrecompiledModules/CoreFoundation-7TPJ7ENDC4L1A1ESHYI9TXS0D.pcm
SwiftExplicitDependencyGeneratePcm arm64 /Users/admin/builder/spi-builder-workspace/.derivedData/SDKExplicitPrecompiledModules/dnssd-EP05MCI8X9XCB9GCC2I2LPUJV.pcm
SwiftExplicitDependencyGeneratePcm arm64 /Users/admin/builder/spi-builder-workspace/.derivedData/SDKExplicitPrecompiledModules/XPC-6O2DJFT3QUJ7QKTD3SNUB6PCR.pcm
SwiftExplicitDependencyGeneratePcm arm64 /Users/admin/builder/spi-builder-workspace/.derivedData/SDKExplicitPrecompiledModules/os-3GJI8H0BNAEZPQPQ1V0VVY3FY.pcm
SwiftExplicitDependencyGeneratePcm arm64 /Users/admin/builder/spi-builder-workspace/.derivedData/SDKExplicitPrecompiledModules/CoreGraphics-CWSP3J98S2658BYCVL6RP99T3.pcm
SwiftExplicitDependencyGeneratePcm arm64 /Users/admin/builder/spi-builder-workspace/.derivedData/SDKExplicitPrecompiledModules/CFNetwork-2CUR2VK9S3S3WPFXPNXNUWYGN.pcm
SwiftExplicitDependencyGeneratePcm arm64 /Users/admin/builder/spi-builder-workspace/.derivedData/SDKExplicitPrecompiledModules/CoreAudioTypes-E7EH96HAL3G83QSWLT7VWYIP4.pcm
SwiftExplicitDependencyGeneratePcm arm64 /Users/admin/builder/spi-builder-workspace/.derivedData/SDKExplicitPrecompiledModules/Security-8VMXEKVDA3MHUH9AOTP905DID.pcm
SwiftExplicitDependencyGeneratePcm arm64 /Users/admin/builder/spi-builder-workspace/.derivedData/SDKExplicitPrecompiledModules/CoreAudio-6IR1XRM0Q9YQZMFW89F3H4V3X.pcm
SwiftExplicitDependencyGeneratePcm arm64 /Users/admin/builder/spi-builder-workspace/.derivedData/SDKExplicitPrecompiledModules/Foundation-BSSIP64DIGUKMAYJOG1WPQ78X.pcm
SwiftExplicitDependencyGeneratePcm arm64 /Users/admin/builder/spi-builder-workspace/.derivedData/SDKExplicitPrecompiledModules/CoreText-59NY7PABM0I4V978161FOC04A.pcm
SwiftExplicitDependencyGeneratePcm arm64 /Users/admin/builder/spi-builder-workspace/.derivedData/SDKExplicitPrecompiledModules/ImageIO-88D4CLEBD4CLWQKT78PZ6H1O8.pcm
SwiftExplicitDependencyGeneratePcm arm64 /Users/admin/builder/spi-builder-workspace/.derivedData/SDKExplicitPrecompiledModules/CoreTransferable-7V4O8DATEQ9F7SDNTCW8YWLG3.pcm
SwiftExplicitDependencyGeneratePcm arm64 /Users/admin/builder/spi-builder-workspace/.derivedData/SDKExplicitPrecompiledModules/Accessibility-B6BODGZ4MQQTY0PBC4SHRP009.pcm
SwiftExplicitDependencyGeneratePcm arm64 /Users/admin/builder/spi-builder-workspace/.derivedData/SDKExplicitPrecompiledModules/BackgroundAssets-18FN7BXGZ9CRBUQ1WYD6E98JA.pcm
SwiftExplicitDependencyGeneratePcm arm64 /Users/admin/builder/spi-builder-workspace/.derivedData/SDKExplicitPrecompiledModules/_LocationEssentials-ETSJ65FELPWR8WH8G49R1DF2E.pcm
SwiftExplicitDependencyGeneratePcm arm64 /Users/admin/builder/spi-builder-workspace/.derivedData/SDKExplicitPrecompiledModules/IOSurface-38FJ1CKX9FV2RD97O64Z7QB17.pcm
SwiftExplicitDependencyGeneratePcm arm64 /Users/admin/builder/spi-builder-workspace/.derivedData/SDKExplicitPrecompiledModules/OSLog-7OT6HHTMY0ZFEQJ095LJZ6NLC.pcm
SwiftExplicitDependencyGeneratePcm arm64 /Users/admin/builder/spi-builder-workspace/.derivedData/SDKExplicitPrecompiledModules/Symbols-B5AU9VM9Y7NU79RLMH13Z4IFM.pcm
SwiftExplicitDependencyGeneratePcm arm64 /Users/admin/builder/spi-builder-workspace/.derivedData/SDKExplicitPrecompiledModules/UserNotifications-E9ZW5TH066WIJWH9080RC5NG4.pcm
SwiftExplicitDependencyGeneratePcm arm64 /Users/admin/builder/spi-builder-workspace/.derivedData/SDKExplicitPrecompiledModules/UniformTypeIdentifiers-95CC8U42ZA9STP5K6GP9ZVJS5.pcm
SwiftExplicitDependencyGeneratePcm arm64 /Users/admin/builder/spi-builder-workspace/.derivedData/SDKExplicitPrecompiledModules/DataDetection-37JIYZ2GWDA1L166PP1D9JKAF.pcm
SwiftExplicitDependencyGeneratePcm arm64 /Users/admin/builder/spi-builder-workspace/.derivedData/SDKExplicitPrecompiledModules/Network-4N07O3JN82GNOWXYH2TBMWON5.pcm
SwiftExplicitDependencyGeneratePcm arm64 /Users/admin/builder/spi-builder-workspace/.derivedData/SDKExplicitPrecompiledModules/CoreData-DYMPHH3PH8AX9I1FHA4VFJ675.pcm
SwiftExplicitDependencyGeneratePcm arm64 /Users/admin/builder/spi-builder-workspace/.derivedData/SDKExplicitPrecompiledModules/UIUtilities-6ZFJ1AK4H8IBGEBMYQBWGBYLK.pcm
SwiftExplicitDependencyGeneratePcm arm64 /Users/admin/builder/spi-builder-workspace/.derivedData/SDKExplicitPrecompiledModules/CoreLocation-YVXXAOMVX0JH2KO1XTTKTY51.pcm
SwiftExplicitDependencyGeneratePcm arm64 /Users/admin/builder/spi-builder-workspace/.derivedData/SDKExplicitPrecompiledModules/Metal-2KYBS7IML1SD788M91YV7Q0CC.pcm
SwiftExplicitDependencyGeneratePcm arm64 /Users/admin/builder/spi-builder-workspace/.derivedData/SDKExplicitPrecompiledModules/OpenGLES-4NY99CNDU9WUNUYEIXSS1QFGE.pcm
SwiftExplicitDependencyGeneratePcm arm64 /Users/admin/builder/spi-builder-workspace/.derivedData/SDKExplicitPrecompiledModules/CoreVideo-DPU0PB5X0XLSVA2ETRGI6FJBM.pcm
SwiftExplicitDependencyGeneratePcm arm64 /Users/admin/builder/spi-builder-workspace/.derivedData/SDKExplicitPrecompiledModules/CoreMedia-4OUKVT03LV547KZJDPPJRJ4F8.pcm
SwiftExplicitDependencyGeneratePcm arm64 /Users/admin/builder/spi-builder-workspace/.derivedData/SDKExplicitPrecompiledModules/CoreImage-7S2AFJ8EIY3DUFYLEAX1JR1QV.pcm
SwiftExplicitDependencyGeneratePcm arm64 /Users/admin/builder/spi-builder-workspace/.derivedData/SDKExplicitPrecompiledModules/QuartzCore-DJSYAWKXFGVSAK5CQMOB3JSR.pcm
SwiftExplicitDependencyGeneratePcm arm64 /Users/admin/builder/spi-builder-workspace/.derivedData/SDKExplicitPrecompiledModules/SwiftUICore-543QU5V2NHKUFCYFJDKUJ7NYG.pcm
SwiftExplicitDependencyGeneratePcm arm64 /Users/admin/builder/spi-builder-workspace/.derivedData/SDKExplicitPrecompiledModules/UIKit-1TKWN7VC2X6N3ITMRVA2G0EB2.pcm
SwiftExplicitDependencyGeneratePcm arm64 /Users/admin/builder/spi-builder-workspace/.derivedData/SDKExplicitPrecompiledModules/StoreKit-1PUEN6AUFJR9GNMGSPNHM3Z5C.pcm
SwiftExplicitDependencyGeneratePcm arm64 /Users/admin/builder/spi-builder-workspace/.derivedData/SDKExplicitPrecompiledModules/SwiftUI-7BV1YDT6IZWW6B8OC6ENV0Y0F.pcm
SwiftEmitModule normal arm64 Emitting\ module\ for\ SSAppUpdater (in target 'SSAppUpdater' from project 'SSAppUpdater')
SwiftCompile normal arm64 (in target 'SSAppUpdater' from project 'SSAppUpdater')
cd /Users/admin/builder/spi-builder-workspace/.swiftpm/xcode
SwiftCompile normal arm64 Compiling\ SSVersionInfo.swift,\ AppStoreView.swift /Users/admin/builder/spi-builder-workspace/Sources/SSAppUpdater/Models/SSVersionInfo.swift /Users/admin/builder/spi-builder-workspace/Sources/SSAppUpdater/PerformVersionCheck/AppStoreView.swift (in target 'SSAppUpdater' from project 'SSAppUpdater')
SwiftCompile normal arm64 /Users/admin/builder/spi-builder-workspace/Sources/SSAppUpdater/Models/SSVersionInfo.swift (in target 'SSAppUpdater' from project 'SSAppUpdater')
cd /Users/admin/builder/spi-builder-workspace/.swiftpm/xcode
builtin-SwiftPerFileCompile SSVersionInfo.swift
SwiftCompile normal arm64 /Users/admin/builder/spi-builder-workspace/Sources/SSAppUpdater/PerformVersionCheck/AppStoreView.swift (in target 'SSAppUpdater' from project 'SSAppUpdater')
cd /Users/admin/builder/spi-builder-workspace/.swiftpm/xcode
builtin-SwiftPerFileCompile AppStoreView.swift
SwiftCompile normal arm64 Compiling\ SSScriptOrCommandExecutor.swift,\ LookUpResponseModel.swift /Users/admin/builder/spi-builder-workspace/Sources/SSAppUpdater/Helper/SSScriptOrCommandExecutor.swift /Users/admin/builder/spi-builder-workspace/Sources/SSAppUpdater/Models/LookUpResponseModel.swift (in target 'SSAppUpdater' from project 'SSAppUpdater')
SwiftCompile normal arm64 /Users/admin/builder/spi-builder-workspace/Sources/SSAppUpdater/Helper/SSScriptOrCommandExecutor.swift (in target 'SSAppUpdater' from project 'SSAppUpdater')
cd /Users/admin/builder/spi-builder-workspace/.swiftpm/xcode
builtin-SwiftPerFileCompile SSScriptOrCommandExecutor.swift
SwiftCompile normal arm64 /Users/admin/builder/spi-builder-workspace/Sources/SSAppUpdater/Models/LookUpResponseModel.swift (in target 'SSAppUpdater' from project 'SSAppUpdater')
cd /Users/admin/builder/spi-builder-workspace/.swiftpm/xcode
builtin-SwiftPerFileCompile LookUpResponseModel.swift
SwiftCompile normal arm64 Compiling\ SSEnumration.swift,\ SSNetworkManager.swift /Users/admin/builder/spi-builder-workspace/Sources/SSAppUpdater/Helper/SSEnumration.swift /Users/admin/builder/spi-builder-workspace/Sources/SSAppUpdater/Helper/SSNetworkManager.swift (in target 'SSAppUpdater' from project 'SSAppUpdater')
SwiftCompile normal arm64 /Users/admin/builder/spi-builder-workspace/Sources/SSAppUpdater/Helper/SSEnumration.swift (in target 'SSAppUpdater' from project 'SSAppUpdater')
cd /Users/admin/builder/spi-builder-workspace/.swiftpm/xcode
builtin-SwiftPerFileCompile SSEnumration.swift
SwiftCompile normal arm64 /Users/admin/builder/spi-builder-workspace/Sources/SSAppUpdater/Helper/SSNetworkManager.swift (in target 'SSAppUpdater' from project 'SSAppUpdater')
cd /Users/admin/builder/spi-builder-workspace/.swiftpm/xcode
builtin-SwiftPerFileCompile SSNetworkManager.swift
SwiftCompile normal arm64 Compiling\ Date.swift,\ String.swift /Users/admin/builder/spi-builder-workspace/Sources/SSAppUpdater/Extension/Date.swift /Users/admin/builder/spi-builder-workspace/Sources/SSAppUpdater/Extension/String.swift (in target 'SSAppUpdater' from project 'SSAppUpdater')
SwiftCompile normal arm64 /Users/admin/builder/spi-builder-workspace/Sources/SSAppUpdater/Extension/Date.swift (in target 'SSAppUpdater' from project 'SSAppUpdater')
cd /Users/admin/builder/spi-builder-workspace/.swiftpm/xcode
builtin-SwiftPerFileCompile Date.swift
SwiftCompile normal arm64 /Users/admin/builder/spi-builder-workspace/Sources/SSAppUpdater/Extension/String.swift (in target 'SSAppUpdater' from project 'SSAppUpdater')
cd /Users/admin/builder/spi-builder-workspace/.swiftpm/xcode
builtin-SwiftPerFileCompile String.swift
SwiftCompile normal arm64 Compiling\ SSAlertManager.swift,\ SSAppUpdaterEnums.swift /Users/admin/builder/spi-builder-workspace/Sources/SSAppUpdater/Helper/SSAlertManager.swift /Users/admin/builder/spi-builder-workspace/Sources/SSAppUpdater/Helper/SSAppUpdaterEnums.swift (in target 'SSAppUpdater' from project 'SSAppUpdater')
/Users/admin/builder/spi-builder-workspace/Sources/SSAppUpdater/Helper/SSAlertManager.swift:101:25: error: cannot find 'NSAlert' in scope
99 | rootViewController.present(alert, animated: true, completion: nil)
100 | #else
101 | let alert = NSAlert()
| `- error: cannot find 'NSAlert' in scope
102 | alert.messageText = title
103 | alert.informativeText = subTitle
/Users/admin/builder/spi-builder-workspace/Sources/SSAppUpdater/Helper/SSAlertManager.swift:104:33: error: cannot infer contextual base in reference to member 'informational'
102 | alert.messageText = title
103 | alert.informativeText = subTitle
104 | alert.alertStyle = .informational
| `- error: cannot infer contextual base in reference to member 'informational'
105 | alert.addButton(withTitle: primaryButtonTitle)
106 | if let iconImage = NSImage(systemSymbolName: alertIcon, accessibilityDescription: nil) {
/Users/admin/builder/spi-builder-workspace/Sources/SSAppUpdater/Helper/SSAlertManager.swift:106:32: error: cannot find 'NSImage' in scope
104 | alert.alertStyle = .informational
105 | alert.addButton(withTitle: primaryButtonTitle)
106 | if let iconImage = NSImage(systemSymbolName: alertIcon, accessibilityDescription: nil) {
| `- error: cannot find 'NSImage' in scope
107 | alert.icon = iconImage
108 | }
/Users/admin/builder/spi-builder-workspace/Sources/SSAppUpdater/Helper/SSAlertManager.swift:117:36: error: cannot find 'NSApplication' in scope
115 | }
116 |
117 | guard let mainWindow = NSApplication.shared.keyWindow else {
| `- error: cannot find 'NSApplication' in scope
118 | return
119 | }
Failed frontend command:
/Applications/Xcode-27.0.0-Release.Candidate.app/Contents/Developer/Toolchains/XcodeDefault.xctoolchain/usr/bin/swift-frontend -frontend -c /Users/admin/builder/spi-builder-workspace/.derivedData/Build/Intermediates.noindex/SSAppUpdater.build/Debug-appletvos/SSAppUpdater-t.build/DerivedSources/resource_bundle_accessor.swift /Users/admin/builder/spi-builder-workspace/Sources/SSAppUpdater/Extension/Bundle.swift /Users/admin/builder/spi-builder-workspace/Sources/SSAppUpdater/Extension/Date.swift /Users/admin/builder/spi-builder-workspace/Sources/SSAppUpdater/Extension/String.swift /Users/admin/builder/spi-builder-workspace/Sources/SSAppUpdater/Extension/UserDefaults.swift /Users/admin/builder/spi-builder-workspace/Sources/SSAppUpdater/Helper/SSAPIManager.swift -primary-file /Users/admin/builder/spi-builder-workspace/Sources/SSAppUpdater/Helper/SSAlertManager.swift -primary-file /Users/admin/builder/spi-builder-workspace/Sources/SSAppUpdater/Helper/SSAppUpdaterEnums.swift /Users/admin/builder/spi-builder-workspace/Sources/SSAppUpdater/Helper/SSEnumration.swift /Users/admin/builder/spi-builder-workspace/Sources/SSAppUpdater/Helper/SSNetworkManager.swift /Users/admin/builder/spi-builder-workspace/Sources/SSAppUpdater/Helper/SSScriptOrCommandExecutor.swift /Users/admin/builder/spi-builder-workspace/Sources/SSAppUpdater/Models/LookUpResponseModel.swift /Users/admin/builder/spi-builder-workspace/Sources/SSAppUpdater/Models/SSVersionInfo.swift /Users/admin/builder/spi-builder-workspace/Sources/SSAppUpdater/PerformVersionCheck/AppStoreView.swift /Users/admin/builder/spi-builder-workspace/Sources/SSAppUpdater/PerformVersionCheck/PerformVersionCheck\ +\ ManualAppUpdater.swift /Users/admin/builder/spi-builder-workspace/Sources/SSAppUpdater/PerformVersionCheck/PerformVersionCheck.swift /Users/admin/builder/spi-builder-workspace/Sources/SSAppUpdater/SSAppUpdater.swift -emit-dependencies-path /Users/admin/builder/spi-builder-workspace/.derivedData/Build/Intermediates.noindex/SSAppUpdater.build/Debug-appletvos/SSAppUpdater-t.build/Objects-normal/arm64/SSAlertManager.d -emit-const-values-path /Users/admin/builder/spi-builder-workspace/.derivedData/Build/Intermediates.noindex/SSAppUpdater.build/Debug-appletvos/SSAppUpdater-t.build/Objects-normal/arm64/SSAlertManager.swiftconstvalues -emit-reference-dependencies-path /Users/admin/builder/spi-builder-workspace/.derivedData/Build/Intermediates.noindex/SSAppUpdater.build/Debug-appletvos/SSAppUpdater-t.build/Objects-normal/arm64/SSAlertManager.swiftdeps -serialize-diagnostics-path /Users/admin/builder/spi-builder-workspace/.derivedData/Build/Intermediates.noindex/SSAppUpdater.build/Debug-appletvos/SSAppUpdater-t.build/Objects-normal/arm64/SSAlertManager.dia -emit-dependencies-path /Users/admin/builder/spi-builder-workspace/.derivedData/Build/Intermediates.noindex/SSAppUpdater.build/Debug-appletvos/SSAppUpdater-t.build/Objects-normal/arm64/SSAppUpdaterEnums.d -emit-const-values-path /Users/admin/builder/spi-builder-workspace/.derivedData/Build/Intermediates.noindex/SSAppUpdater.build/Debug-appletvos/SSAppUpdater-t.build/Objects-normal/arm64/SSAppUpdaterEnums.swiftconstvalues -emit-reference-dependencies-path /Users/admin/builder/spi-builder-workspace/.derivedData/Build/Intermediates.noindex/SSAppUpdater.build/Debug-appletvos/SSAppUpdater-t.build/Objects-normal/arm64/SSAppUpdaterEnums.swiftdeps -serialize-diagnostics-path /Users/admin/builder/spi-builder-workspace/.derivedData/Build/Intermediates.noindex/SSAppUpdater.build/Debug-appletvos/SSAppUpdater-t.build/Objects-normal/arm64/SSAppUpdaterEnums.dia -target arm64-apple-tvos15.0 -disable-cross-import-overlay-search -swift-module-cross-import StoreKit /Applications/Xcode-27.0.0-Release.Candidate.app/Contents/Developer/Platforms/AppleTVOS.platform/Developer/SDKs/AppleTVOS.sdk/System/Library/Frameworks/StoreKit.framework/Modules/StoreKit.swiftcrossimport/SwiftUI.swiftoverlay -swift-module-cross-import StoreKit /Applications/Xcode-27.0.0-Release.Candidate.app/Contents/Developer/Platforms/AppleTVOS.platform/Developer/SDKs/AppleTVOS27.0.sdk/System/Library/Frameworks/StoreKit.framework/Modules/StoreKit.swiftcrossimport/SwiftUI.swiftoverlay -load-resolved-plugin /Applications/Xcode-27.0.0-Release.Candidate.app/Contents/Developer/Platforms/AppleTVOS.platform/Developer/usr/lib/swift/host/plugins/libFoundationMacros.dylib\#/Applications/Xcode-27.0.0-Release.Candidate.app/Contents/Developer/Platforms/AppleTVOS.platform/Developer/usr/bin/swift-plugin-server\#FoundationMacros -load-resolved-plugin /Applications/Xcode-27.0.0-Release.Candidate.app/Contents/Developer/Platforms/AppleTVOS.platform/Developer/usr/lib/swift/host/plugins/libObservationMacros.dylib\#/Applications/Xcode-27.0.0-Release.Candidate.app/Contents/Developer/Platforms/AppleTVOS.platform/Developer/usr/bin/swift-plugin-server\#ObservationMacros -load-resolved-plugin /Applications/Xcode-27.0.0-Release.Candidate.app/Contents/Developer/Platforms/AppleTVOS.platform/Developer/usr/lib/swift/host/plugins/libPreviewsMacros.dylib\#/Applications/Xcode-27.0.0-Release.Candidate.app/Contents/Developer/Platforms/AppleTVOS.platform/Developer/usr/bin/swift-plugin-server\#PreviewsMacros -load-resolved-plugin /Applications/Xcode-27.0.0-Release.Candidate.app/Contents/Developer/Platforms/AppleTVOS.platform/Developer/usr/lib/swift/host/plugins/libSwiftMacros.dylib\#/Applications/Xcode-27.0.0-Release.Candidate.app/Contents/Developer/Platforms/AppleTVOS.platform/Developer/usr/bin/swift-plugin-server\#SwiftMacros -load-resolved-plugin /Applications/Xcode-27.0.0-Release.Candidate.app/Contents/Developer/Platforms/AppleTVOS.platform/Developer/usr/lib/swift/host/plugins/libSwiftUIMacros.dylib\#/Applications/Xcode-27.0.0-Release.Candidate.app/Contents/Developer/Platforms/AppleTVOS.platform/Developer/usr/bin/swift-plugin-server\#SwiftUIMacros -disable-implicit-swift-modules -Xcc -fno-implicit-modules -Xcc -fno-implicit-module-maps -explicit-swift-module-map-file /Users/admin/builder/spi-builder-workspace/.derivedData/Build/Intermediates.noindex/SSAppUpdater.build/Debug-appletvos/SSAppUpdater-t.build/Objects-normal/arm64/SSAppUpdater-dependencies-1.json -Xllvm -aarch64-use-tbi -enable-objc-interop -stack-check -sdk /Applications/Xcode-27.0.0-Release.Candidate.app/Contents/Developer/Platforms/AppleTVOS.platform/Developer/SDKs/AppleTVOS27.0.sdk -I /Users/admin/builder/spi-builder-workspace/.derivedData/Build/Products/Debug-appletvos -Isystem /Applications/Xcode-27.0.0-Release.Candidate.app/Contents/Developer/Platforms/AppleTVOS.platform/Developer/usr/lib -F /Users/admin/builder/spi-builder-workspace/.derivedData/Build/Products/Debug-appletvos -F /Applications/Xcode-27.0.0-Release.Candidate.app/Contents/Developer/Platforms/AppleTVOS.platform/Developer/Library/Frameworks -F /Applications/Xcode-27.0.0-Release.Candidate.app/Contents/Developer/Platforms/AppleTVOS.platform/Developer/SDKs/AppleTVOS27.0.sdk/Developer/Library/Frameworks -module-cache-path /Users/admin/builder/spi-builder-workspace/.derivedData/Build/Intermediates.noindex/SwiftExplicitPrecompiledModules -no-color-diagnostics -Xcc -fno-color-diagnostics -enable-testing -g -debug-info-format\=dwarf -dwarf-version\=4 -swift-version 5 -Onone -D SWIFT_PACKAGE -D DEBUG -D SWIFT_MODULE_RESOURCE_BUNDLE_AVAILABLE -D Xcode -serialize-debugging-options -enable-experimental-feature DebugDescriptionMacro -empty-abi-descriptor -validate-clang-modules-once -clang-build-session-file /Users/admin/builder/spi-builder-workspace/.derivedData/ModuleCache.noindex/Session.modulevalidation -Xcc -working-directory -Xcc /Users/admin/builder/spi-builder-workspace/.swiftpm/xcode -enable-anonymous-context-mangled-names -file-compilation-dir /Users/admin/builder/spi-builder-workspace/.swiftpm/xcode -Xcc -D_LIBCPP_HARDENING_MODE\=_LIBCPP_HARDENING_MODE_DEBUG -Xcc -ivfsstatcache -Xcc /Users/admin/builder/spi-builder-workspace/.derivedData/SDKStatCaches.noindex/appletvos27.0-24J360-e829b21a6f8c9b70876ba0858053c044b32bfd8d43560033f8d89884cdb90028.sdkstatcache -Xcc -fmodules-prune-interval\=86400 -Xcc -fmodules-prune-after\=345600 -Xcc -I/Users/admin/builder/spi-builder-workspace/.derivedData/Build/Products/Debug-appletvos/include -Xcc -I/Users/admin/builder/spi-builder-workspace/.derivedData/Build/Intermediates.noindex/SSAppUpdater.build/Debug-appletvos/SSAppUpdater-t.build/DerivedSources-normal/arm64 -Xcc -I/Users/admin/builder/spi-builder-workspace/.derivedData/Build/Intermediates.noindex/SSAppUpdater.build/Debug-appletvos/SSAppUpdater-t.build/DerivedSources/arm64 -Xcc -I/Users/admin/builder/spi-builder-workspace/.derivedData/Build/Intermediates.noindex/SSAppUpdater.build/Debug-appletvos/SSAppUpdater-t.build/DerivedSources -Xcc -DSWIFT_PACKAGE -Xcc -DDEBUG\=1 -no-auto-bridging-header-chaining -module-name SSAppUpdater -package-name spi_builder_workspace -const-gather-protocols-file /Users/admin/builder/spi-builder-workspace/.derivedData/Build/Intermediates.noindex/SSAppUpdater.build/Debug-appletvos/SSAppUpdater-t.build/Objects-normal/arm64/SSAppUpdater_const_extract_protocols.json -disable-clang-spi -clang-target arm64-apple-tvos27.0 -target-sdk-version 27.0 -target-sdk-name appletvos27.0 -in-process-plugin-server-path /Applications/Xcode-27.0.0-Release.Candidate.app/Contents/Developer/Toolchains/XcodeDefault.xctoolchain/usr/lib/swift/host/libSwiftInProcPluginServer.dylib -parse-as-library -o /Users/admin/builder/spi-builder-workspace/.derivedData/Build/Intermediates.noindex/SSAppUpdater.build/Debug-appletvos/SSAppUpdater-t.build/Objects-normal/arm64/SSAlertManager.o -o /Users/admin/builder/spi-builder-workspace/.derivedData/Build/Intermediates.noindex/SSAppUpdater.build/Debug-appletvos/SSAppUpdater-t.build/Objects-normal/arm64/SSAppUpdaterEnums.o -debug-module-path /Users/admin/builder/spi-builder-workspace/.derivedData/Build/Intermediates.noindex/SSAppUpdater.build/Debug-appletvos/SSAppUpdater-t.build/Objects-normal/arm64/SSAppUpdater.swiftmodule -index-unit-output-path /SSAppUpdater.build/Debug-appletvos/SSAppUpdater-t.build/Objects-normal/arm64/SSAlertManager.o -index-unit-output-path /SSAppUpdater.build/Debug-appletvos/SSAppUpdater-t.build/Objects-normal/arm64/SSAppUpdaterEnums.o -index-store-path /Users/admin/builder/spi-builder-workspace/.derivedData/Index.noindex/DataStore -index-system-modules
SwiftCompile normal arm64 /Users/admin/builder/spi-builder-workspace/Sources/SSAppUpdater/Helper/SSAlertManager.swift (in target 'SSAppUpdater' from project 'SSAppUpdater')
cd /Users/admin/builder/spi-builder-workspace/.swiftpm/xcode
builtin-SwiftPerFileCompile SSAlertManager.swift
SwiftCompile normal arm64 /Users/admin/builder/spi-builder-workspace/Sources/SSAppUpdater/Helper/SSAppUpdaterEnums.swift (in target 'SSAppUpdater' from project 'SSAppUpdater')
cd /Users/admin/builder/spi-builder-workspace/.swiftpm/xcode
builtin-SwiftPerFileCompile SSAppUpdaterEnums.swift
SwiftCompile normal arm64 Compiling\ UserDefaults.swift,\ SSAPIManager.swift /Users/admin/builder/spi-builder-workspace/Sources/SSAppUpdater/Extension/UserDefaults.swift /Users/admin/builder/spi-builder-workspace/Sources/SSAppUpdater/Helper/SSAPIManager.swift (in target 'SSAppUpdater' from project 'SSAppUpdater')
SwiftCompile normal arm64 /Users/admin/builder/spi-builder-workspace/Sources/SSAppUpdater/Extension/UserDefaults.swift (in target 'SSAppUpdater' from project 'SSAppUpdater')
cd /Users/admin/builder/spi-builder-workspace/.swiftpm/xcode
builtin-SwiftPerFileCompile UserDefaults.swift
SwiftCompile normal arm64 /Users/admin/builder/spi-builder-workspace/Sources/SSAppUpdater/Helper/SSAPIManager.swift (in target 'SSAppUpdater' from project 'SSAppUpdater')
cd /Users/admin/builder/spi-builder-workspace/.swiftpm/xcode
builtin-SwiftPerFileCompile SSAPIManager.swift
SwiftCompile normal arm64 Compiling\ PerformVersionCheck.swift /Users/admin/builder/spi-builder-workspace/Sources/SSAppUpdater/PerformVersionCheck/PerformVersionCheck.swift (in target 'SSAppUpdater' from project 'SSAppUpdater')
SwiftCompile normal arm64 /Users/admin/builder/spi-builder-workspace/Sources/SSAppUpdater/PerformVersionCheck/PerformVersionCheck.swift (in target 'SSAppUpdater' from project 'SSAppUpdater')
cd /Users/admin/builder/spi-builder-workspace/.swiftpm/xcode
builtin-SwiftPerFileCompile PerformVersionCheck.swift
/Users/admin/builder/spi-builder-workspace/Sources/SSAppUpdater/PerformVersionCheck/PerformVersionCheck.swift:302:13: error: cannot find 'AppStoreView' in scope
300 | #else
301 | if SSAppUpdater.shared.redirectToAppStore {
302 | AppStoreView(trackId: trackId).goToAppStoreApplication()
| `- error: cannot find 'AppStoreView' in scope
303 | } else {
304 | guard let mainWindow = NSApplication.shared.windows.first else { return }
/Users/admin/builder/spi-builder-workspace/Sources/SSAppUpdater/PerformVersionCheck/PerformVersionCheck.swift:304:36: error: cannot find 'NSApplication' in scope
302 | AppStoreView(trackId: trackId).goToAppStoreApplication()
303 | } else {
304 | guard let mainWindow = NSApplication.shared.windows.first else { return }
| `- error: cannot find 'NSApplication' in scope
305 | if let screen = mainWindow.screen ?? NSScreen.main {
306 | mainWindow.setFrame(screen.visibleFrame, display: true)
/Users/admin/builder/spi-builder-workspace/Sources/SSAppUpdater/PerformVersionCheck/PerformVersionCheck.swift:305:50: error: cannot find 'NSScreen' in scope
303 | } else {
304 | guard let mainWindow = NSApplication.shared.windows.first else { return }
305 | if let screen = mainWindow.screen ?? NSScreen.main {
| `- error: cannot find 'NSScreen' in scope
306 | mainWindow.setFrame(screen.visibleFrame, display: true)
307 | }
/Users/admin/builder/spi-builder-workspace/Sources/SSAppUpdater/PerformVersionCheck/PerformVersionCheck.swift:309:17: error: cannot find 'updateButton' in scope
307 | }
308 | let containerView = VStack(alignment: .leading) {
309 | updateButton(for: mainWindow)
| `- error: cannot find 'updateButton' in scope
310 | AppStoreView(trackId: Int(trackId))
311 | .frame(
/Users/admin/builder/spi-builder-workspace/Sources/SSAppUpdater/PerformVersionCheck/PerformVersionCheck.swift:310:17: error: cannot find 'AppStoreView' in scope
308 | let containerView = VStack(alignment: .leading) {
309 | updateButton(for: mainWindow)
310 | AppStoreView(trackId: Int(trackId))
| `- error: cannot find 'AppStoreView' in scope
311 | .frame(
312 | width: mainWindow.frame.size.width,
SwiftCompile normal arm64 Compiling\ PerformVersionCheck\ +\ ManualAppUpdater.swift /Users/admin/builder/spi-builder-workspace/Sources/SSAppUpdater/PerformVersionCheck/PerformVersionCheck\ +\ ManualAppUpdater.swift (in target 'SSAppUpdater' from project 'SSAppUpdater')
SwiftCompile normal arm64 /Users/admin/builder/spi-builder-workspace/Sources/SSAppUpdater/PerformVersionCheck/PerformVersionCheck\ +\ ManualAppUpdater.swift (in target 'SSAppUpdater' from project 'SSAppUpdater')
cd /Users/admin/builder/spi-builder-workspace/.swiftpm/xcode
builtin-SwiftPerFileCompile PerformVersionCheck\ +\ ManualAppUpdater.swift
SwiftCompile normal arm64 Compiling\ resource_bundle_accessor.swift,\ Bundle.swift /Users/admin/builder/spi-builder-workspace/.derivedData/Build/Intermediates.noindex/SSAppUpdater.build/Debug-appletvos/SSAppUpdater-t.build/DerivedSources/resource_bundle_accessor.swift /Users/admin/builder/spi-builder-workspace/Sources/SSAppUpdater/Extension/Bundle.swift (in target 'SSAppUpdater' from project 'SSAppUpdater')
SwiftCompile normal arm64 /Users/admin/builder/spi-builder-workspace/.derivedData/Build/Intermediates.noindex/SSAppUpdater.build/Debug-appletvos/SSAppUpdater-t.build/DerivedSources/resource_bundle_accessor.swift (in target 'SSAppUpdater' from project 'SSAppUpdater')
cd /Users/admin/builder/spi-builder-workspace/.swiftpm/xcode
builtin-SwiftPerFileCompile resource_bundle_accessor.swift
SwiftCompile normal arm64 /Users/admin/builder/spi-builder-workspace/Sources/SSAppUpdater/Extension/Bundle.swift (in target 'SSAppUpdater' from project 'SSAppUpdater')
cd /Users/admin/builder/spi-builder-workspace/.swiftpm/xcode
builtin-SwiftPerFileCompile Bundle.swift
SwiftCompile normal arm64 Compiling\ SSAppUpdater.swift /Users/admin/builder/spi-builder-workspace/Sources/SSAppUpdater/SSAppUpdater.swift (in target 'SSAppUpdater' from project 'SSAppUpdater')
SwiftCompile normal arm64 /Users/admin/builder/spi-builder-workspace/Sources/SSAppUpdater/SSAppUpdater.swift (in target 'SSAppUpdater' from project 'SSAppUpdater')
cd /Users/admin/builder/spi-builder-workspace/.swiftpm/xcode
builtin-SwiftPerFileCompile SSAppUpdater.swift
SwiftDriverJobDiscovery normal arm64 Emitting module for SSAppUpdater (in target 'SSAppUpdater' from project 'SSAppUpdater')
SwiftDriver\ Compilation\ Requirements SSAppUpdater normal arm64 com.apple.xcode.tools.swift.compiler (in target 'SSAppUpdater' from project 'SSAppUpdater')
cd /Users/admin/builder/spi-builder-workspace/.swiftpm/xcode
builtin-Swift-Compilation-Requirements -- /Applications/Xcode-27.0.0-Release.Candidate.app/Contents/Developer/Toolchains/XcodeDefault.xctoolchain/usr/bin/swiftc -parse-as-library -module-name SSAppUpdater -Onone @/Users/admin/builder/spi-builder-workspace/.derivedData/Build/Intermediates.noindex/SSAppUpdater.build/Debug-appletvos/SSAppUpdater-t.build/Objects-normal/arm64/SSAppUpdater.SwiftFileList -DSWIFT_PACKAGE -DDEBUG -DSWIFT_MODULE_RESOURCE_BUNDLE_AVAILABLE -DXcode -plugin-path /Applications/Xcode-27.0.0-Release.Candidate.app/Contents/Developer/Toolchains/XcodeDefault.xctoolchain/usr/lib/swift/host/plugins/testing -enable-experimental-feature DebugDescriptionMacro -sdk /Applications/Xcode-27.0.0-Release.Candidate.app/Contents/Developer/Platforms/AppleTVOS.platform/Developer/SDKs/AppleTVOS27.0.sdk -target arm64-apple-tvos15.0 -g -module-cache-path /Users/admin/builder/spi-builder-workspace/.derivedData/ModuleCache.noindex -Xfrontend -serialize-debugging-options -enable-testing -index-store-path /Users/admin/builder/spi-builder-workspace/.derivedData/Index.noindex/DataStore -Xcc -D_LIBCPP_HARDENING_MODE\=_LIBCPP_HARDENING_MODE_DEBUG -swift-version 5 -I /Users/admin/builder/spi-builder-workspace/.derivedData/Build/Products/Debug-appletvos -Isystem /Applications/Xcode-27.0.0-Release.Candidate.app/Contents/Developer/Platforms/AppleTVOS.platform/Developer/usr/lib -F /Users/admin/builder/spi-builder-workspace/.derivedData/Build/Products/Debug-appletvos -F /Applications/Xcode-27.0.0-Release.Candidate.app/Contents/Developer/Platforms/AppleTVOS.platform/Developer/Library/Frameworks -F /Applications/Xcode-27.0.0-Release.Candidate.app/Contents/Developer/Platforms/AppleTVOS.platform/Developer/SDKs/AppleTVOS27.0.sdk/Developer/Library/Frameworks -c -j10 -enable-batch-mode -incremental -Xcc -ivfsstatcache -Xcc /Users/admin/builder/spi-builder-workspace/.derivedData/SDKStatCaches.noindex/appletvos27.0-24J360-e829b21a6f8c9b70876ba0858053c044b32bfd8d43560033f8d89884cdb90028.sdkstatcache -output-file-map /Users/admin/builder/spi-builder-workspace/.derivedData/Build/Intermediates.noindex/SSAppUpdater.build/Debug-appletvos/SSAppUpdater-t.build/Objects-normal/arm64/SSAppUpdater-OutputFileMap.json -save-temps -no-color-diagnostics -explicit-module-build -module-cache-path /Users/admin/builder/spi-builder-workspace/.derivedData/Build/Intermediates.noindex/SwiftExplicitPrecompiledModules -clang-scanner-module-cache-path /Users/admin/builder/spi-builder-workspace/.derivedData/ModuleCache.noindex -sdk-module-cache-path /Users/admin/builder/spi-builder-workspace/.derivedData/SDKExplicitPrecompiledModules -emit-dependencies -emit-module -emit-module-path /Users/admin/builder/spi-builder-workspace/.derivedData/Build/Intermediates.noindex/SSAppUpdater.build/Debug-appletvos/SSAppUpdater-t.build/Objects-normal/arm64/SSAppUpdater.swiftmodule -serialize-diagnostics -dependency-scan-serialize-diagnostics-path /Users/admin/builder/spi-builder-workspace/.derivedData/Build/Intermediates.noindex/SSAppUpdater.build/Debug-appletvos/SSAppUpdater-t.build/Objects-normal/arm64/SSAppUpdater-dependency-scan.dia -validate-clang-modules-once -clang-build-session-file /Users/admin/builder/spi-builder-workspace/.derivedData/ModuleCache.noindex/Session.modulevalidation -Xcc -fmodules-prune-interval\=86400 -Xcc -fmodules-prune-after\=345600 -package-name spi_builder_workspace -emit-const-values -const-gather-protocols-list /Users/admin/builder/spi-builder-workspace/.derivedData/Build/Intermediates.noindex/SSAppUpdater.build/Debug-appletvos/SSAppUpdater-t.build/Objects-normal/arm64/SSAppUpdater_const_extract_protocols.json -Xcc -I/Users/admin/builder/spi-builder-workspace/.derivedData/Build/Products/Debug-appletvos/include -Xcc -I/Users/admin/builder/spi-builder-workspace/.derivedData/Build/Intermediates.noindex/SSAppUpdater.build/Debug-appletvos/SSAppUpdater-t.build/DerivedSources-normal/arm64 -Xcc -I/Users/admin/builder/spi-builder-workspace/.derivedData/Build/Intermediates.noindex/SSAppUpdater.build/Debug-appletvos/SSAppUpdater-t.build/DerivedSources/arm64 -Xcc -I/Users/admin/builder/spi-builder-workspace/.derivedData/Build/Intermediates.noindex/SSAppUpdater.build/Debug-appletvos/SSAppUpdater-t.build/DerivedSources -Xcc -DSWIFT_PACKAGE -Xcc -DDEBUG\=1 -emit-objc-header -emit-objc-header-path /Users/admin/builder/spi-builder-workspace/.derivedData/Build/Intermediates.noindex/SSAppUpdater.build/Debug-appletvos/SSAppUpdater-t.build/Objects-normal/arm64/SSAppUpdater-Swift.h -working-directory /Users/admin/builder/spi-builder-workspace/.swiftpm/xcode -experimental-emit-module-separately -disable-cmo
SwiftDriverJobDiscovery normal arm64 Compiling PerformVersionCheck + ManualAppUpdater.swift (in target 'SSAppUpdater' from project 'SSAppUpdater')
SwiftDriverJobDiscovery normal arm64 Compiling SSScriptOrCommandExecutor.swift, LookUpResponseModel.swift (in target 'SSAppUpdater' from project 'SSAppUpdater')
SwiftDriverJobDiscovery normal arm64 Compiling Date.swift, String.swift (in target 'SSAppUpdater' from project 'SSAppUpdater')
SwiftDriverJobDiscovery normal arm64 Compiling resource_bundle_accessor.swift, Bundle.swift (in target 'SSAppUpdater' from project 'SSAppUpdater')
SwiftDriverJobDiscovery normal arm64 Compiling UserDefaults.swift, SSAPIManager.swift (in target 'SSAppUpdater' from project 'SSAppUpdater')
SwiftMergeGeneratedHeaders /Users/admin/builder/spi-builder-workspace/.derivedData/Build/Intermediates.noindex/GeneratedModuleMaps-appletvos/SSAppUpdater-Swift.h /Users/admin/builder/spi-builder-workspace/.derivedData/Build/Intermediates.noindex/SSAppUpdater.build/Debug-appletvos/SSAppUpdater-t.build/Objects-normal/arm64/SSAppUpdater-Swift.h (in target 'SSAppUpdater' from project 'SSAppUpdater')
cd /Users/admin/builder/spi-builder-workspace
builtin-swiftHeaderTool -arch arm64 /Users/admin/builder/spi-builder-workspace/.derivedData/Build/Intermediates.noindex/SSAppUpdater.build/Debug-appletvos/SSAppUpdater-t.build/Objects-normal/arm64/SSAppUpdater-Swift.h -o /Users/admin/builder/spi-builder-workspace/.derivedData/Build/Intermediates.noindex/GeneratedModuleMaps-appletvos/SSAppUpdater-Swift.h
Copy /Users/admin/builder/spi-builder-workspace/.derivedData/Build/Products/Debug-appletvos/SSAppUpdater.swiftmodule/arm64-apple-tvos.swiftmodule /Users/admin/builder/spi-builder-workspace/.derivedData/Build/Intermediates.noindex/SSAppUpdater.build/Debug-appletvos/SSAppUpdater-t.build/Objects-normal/arm64/SSAppUpdater.swiftmodule (in target 'SSAppUpdater' from project 'SSAppUpdater')
cd /Users/admin/builder/spi-builder-workspace
builtin-copy -exclude .DS_Store -exclude CVS -exclude .svn -exclude .git -exclude .hg -resolve-src-symlinks -rename /Users/admin/builder/spi-builder-workspace/.derivedData/Build/Intermediates.noindex/SSAppUpdater.build/Debug-appletvos/SSAppUpdater-t.build/Objects-normal/arm64/SSAppUpdater.swiftmodule /Users/admin/builder/spi-builder-workspace/.derivedData/Build/Products/Debug-appletvos/SSAppUpdater.swiftmodule/arm64-apple-tvos.swiftmodule
Copy /Users/admin/builder/spi-builder-workspace/.derivedData/Build/Products/Debug-appletvos/SSAppUpdater.swiftmodule/arm64-apple-tvos.abi.json /Users/admin/builder/spi-builder-workspace/.derivedData/Build/Intermediates.noindex/SSAppUpdater.build/Debug-appletvos/SSAppUpdater-t.build/Objects-normal/arm64/SSAppUpdater.abi.json (in target 'SSAppUpdater' from project 'SSAppUpdater')
cd /Users/admin/builder/spi-builder-workspace
builtin-copy -exclude .DS_Store -exclude CVS -exclude .svn -exclude .git -exclude .hg -resolve-src-symlinks -rename /Users/admin/builder/spi-builder-workspace/.derivedData/Build/Intermediates.noindex/SSAppUpdater.build/Debug-appletvos/SSAppUpdater-t.build/Objects-normal/arm64/SSAppUpdater.abi.json /Users/admin/builder/spi-builder-workspace/.derivedData/Build/Products/Debug-appletvos/SSAppUpdater.swiftmodule/arm64-apple-tvos.abi.json
Copy /Users/admin/builder/spi-builder-workspace/.derivedData/Build/Products/Debug-appletvos/SSAppUpdater.swiftmodule/arm64-apple-tvos.swiftdoc /Users/admin/builder/spi-builder-workspace/.derivedData/Build/Intermediates.noindex/SSAppUpdater.build/Debug-appletvos/SSAppUpdater-t.build/Objects-normal/arm64/SSAppUpdater.swiftdoc (in target 'SSAppUpdater' from project 'SSAppUpdater')
cd /Users/admin/builder/spi-builder-workspace
builtin-copy -exclude .DS_Store -exclude CVS -exclude .svn -exclude .git -exclude .hg -resolve-src-symlinks -rename /Users/admin/builder/spi-builder-workspace/.derivedData/Build/Intermediates.noindex/SSAppUpdater.build/Debug-appletvos/SSAppUpdater-t.build/Objects-normal/arm64/SSAppUpdater.swiftdoc /Users/admin/builder/spi-builder-workspace/.derivedData/Build/Products/Debug-appletvos/SSAppUpdater.swiftmodule/arm64-apple-tvos.swiftdoc
Copy /Users/admin/builder/spi-builder-workspace/.derivedData/Build/Products/Debug-appletvos/SSAppUpdater.swiftmodule/Project/arm64-apple-tvos.swiftsourceinfo /Users/admin/builder/spi-builder-workspace/.derivedData/Build/Intermediates.noindex/SSAppUpdater.build/Debug-appletvos/SSAppUpdater-t.build/Objects-normal/arm64/SSAppUpdater.swiftsourceinfo (in target 'SSAppUpdater' from project 'SSAppUpdater')
cd /Users/admin/builder/spi-builder-workspace
builtin-copy -exclude .DS_Store -exclude CVS -exclude .svn -exclude .git -exclude .hg -resolve-src-symlinks -rename /Users/admin/builder/spi-builder-workspace/.derivedData/Build/Intermediates.noindex/SSAppUpdater.build/Debug-appletvos/SSAppUpdater-t.build/Objects-normal/arm64/SSAppUpdater.swiftsourceinfo /Users/admin/builder/spi-builder-workspace/.derivedData/Build/Products/Debug-appletvos/SSAppUpdater.swiftmodule/Project/arm64-apple-tvos.swiftsourceinfo
SwiftDriverJobDiscovery normal arm64 Compiling SSAppUpdater.swift (in target 'SSAppUpdater' from project 'SSAppUpdater')
SwiftDriverJobDiscovery normal arm64 Compiling SSEnumration.swift, SSNetworkManager.swift (in target 'SSAppUpdater' from project 'SSAppUpdater')
PruneExplicitPrecompiledModules /Users/admin/builder/spi-builder-workspace/.derivedData/SDKExplicitPrecompiledModules
PruneExplicitPrecompiledModules /Users/admin/builder/spi-builder-workspace/.derivedData/Build/Intermediates.noindex/ExplicitPrecompiledModules
PruneExplicitPrecompiledModules /Users/admin/builder/spi-builder-workspace/.derivedData/Build/Intermediates.noindex/SwiftExplicitPrecompiledModules
2026-09-23 18:03:07.619 xcodebuild[626:3882] [MT] IDERunDestination: Supported platforms for the buildables in the current scheme is empty.
** BUILD FAILED **
The following build commands failed:
SwiftCompile normal arm64 Compiling\ SSAlertManager.swift,\ SSAppUpdaterEnums.swift /Users/admin/builder/spi-builder-workspace/Sources/SSAppUpdater/Helper/SSAlertManager.swift /Users/admin/builder/spi-builder-workspace/Sources/SSAppUpdater/Helper/SSAppUpdaterEnums.swift (in target 'SSAppUpdater' from project 'SSAppUpdater')
SwiftCompile normal arm64 /Users/admin/builder/spi-builder-workspace/Sources/SSAppUpdater/Helper/SSAlertManager.swift (in target 'SSAppUpdater' from project 'SSAppUpdater')
Building workspace SSAppUpdater with scheme SSAppUpdater
(3 failures)
Command line invocation:
/Applications/Xcode-27.0.0-Release.Candidate.app/Contents/Developer/usr/bin/xcodebuild -IDEClonedSourcePackagesDirPathOverride=/Users/admin/builder/spi-builder-workspace/.dependencies -resolvePackageDependencies
Resolve Package Graph
Resolved source packages:
SSAppUpdater: /Users/admin/builder/spi-builder-workspace
resolved source packages: SSAppUpdater
2026-09-23 18:03:16.059 xcodebuild[760:4560] [MT] IDERunDestination: Supported platforms for the buildables in the current scheme is empty.
{
"dependencies" : [
],
"manifest_display_name" : "SSAppUpdater",
"name" : "SSAppUpdater",
"path" : "/Users/admin/builder/spi-builder-workspace",
"platforms" : [
{
"name" : "ios",
"version" : "13.0"
},
{
"name" : "macos",
"version" : "11.0"
}
],
"products" : [
{
"name" : "SSAppUpdater",
"targets" : [
"SSAppUpdater"
],
"type" : {
"library" : [
"automatic"
]
}
}
],
"swift_languages_versions" : [
"5"
],
"targets" : [
{
"c99name" : "SSAppUpdater",
"module_type" : "SwiftTarget",
"name" : "SSAppUpdater",
"path" : "Sources/SSAppUpdater",
"product_memberships" : [
"SSAppUpdater"
],
"resources" : [
{
"path" : "/Users/admin/builder/spi-builder-workspace/Sources/SSAppUpdater/Resource/PrivacyInfo.xcprivacy",
"rule" : {
"copy" : {
}
}
}
],
"sources" : [
"Extension/Bundle.swift",
"Extension/Date.swift",
"Extension/String.swift",
"Extension/UserDefaults.swift",
"Helper/SSAPIManager.swift",
"Helper/SSAlertManager.swift",
"Helper/SSAppUpdaterEnums.swift",
"Helper/SSEnumration.swift",
"Helper/SSNetworkManager.swift",
"Helper/SSScriptOrCommandExecutor.swift",
"Models/LookUpResponseModel.swift",
"Models/SSVersionInfo.swift",
"PerformVersionCheck/AppStoreView.swift",
"PerformVersionCheck/PerformVersionCheck + ManualAppUpdater.swift",
"PerformVersionCheck/PerformVersionCheck.swift",
"SSAppUpdater.swift"
],
"type" : "library"
}
],
"tools_version" : "5.9"
}
{
"workspace" : {
"name" : "SSAppUpdater",
"schemes" : [
"SSAppUpdater"
]
}
}
2026-09-23 18:03:17.294 xcodebuild[768:4629] [MT] IDERunDestination: Supported platforms for the buildables in the current scheme is empty.
Running build ...
env DEVELOPER_DIR=/Applications/Xcode-27.0.0-Release.Candidate.app xcrun xcodebuild -IDEClonedSourcePackagesDirPathOverride=$PWD/.dependencies -skipMacroValidation -skipPackagePluginValidation -derivedDataPath $PWD/.derivedData build -scheme SSAppUpdater -destination generic/platform=tvOS
Command line invocation:
/Applications/Xcode-27.0.0-Release.Candidate.app/Contents/Developer/usr/bin/xcodebuild -IDEClonedSourcePackagesDirPathOverride=/Users/admin/builder/spi-builder-workspace/.dependencies -skipMacroValidation -skipPackagePluginValidation -derivedDataPath /Users/admin/builder/spi-builder-workspace/.derivedData build -scheme SSAppUpdater -destination generic/platform=tvOS
Resolve Package Graph
Resolved source packages:
SSAppUpdater: /Users/admin/builder/spi-builder-workspace
ComputePackagePrebuildTargetDependencyGraph
Prepare packages
CreateBuildRequest
SendProjectDescription
CreateBuildOperation
ComputeTargetDependencyGraph
note: Building targets in dependency order
note: Target dependency graph (3 targets)
Target 'SSAppUpdater-product' in project 'SSAppUpdater'
➜ Explicit dependency on target 'SSAppUpdater' in project 'SSAppUpdater'
➜ Explicit dependency on target 'SSAppUpdater_SSAppUpdater' in project 'SSAppUpdater'
Target 'SSAppUpdater' in project 'SSAppUpdater'
➜ Explicit dependency on target 'SSAppUpdater_SSAppUpdater' in project 'SSAppUpdater'
Target 'SSAppUpdater_SSAppUpdater' in project 'SSAppUpdater' (no dependencies)
GatherProvisioningInputs
CreateBuildDescription
ClangStatCache /Applications/Xcode-27.0.0-Release.Candidate.app/Contents/Developer/Toolchains/XcodeDefault.xctoolchain/usr/bin/clang-stat-cache /Applications/Xcode-27.0.0-Release.Candidate.app/Contents/Developer/Platforms/AppleTVOS.platform/Developer/SDKs/AppleTVOS27.0.sdk /Users/admin/builder/spi-builder-workspace/.derivedData/SDKStatCaches.noindex/appletvos27.0-24J360-e829b21a6f8c9b70876ba0858053c044b32bfd8d43560033f8d89884cdb90028.sdkstatcache
cd /Users/admin/builder/spi-builder-workspace/.swiftpm/xcode
/Applications/Xcode-27.0.0-Release.Candidate.app/Contents/Developer/Toolchains/XcodeDefault.xctoolchain/usr/bin/clang-stat-cache /Applications/Xcode-27.0.0-Release.Candidate.app/Contents/Developer/Platforms/AppleTVOS.platform/Developer/SDKs/AppleTVOS27.0.sdk -o /Users/admin/builder/spi-builder-workspace/.derivedData/SDKStatCaches.noindex/appletvos27.0-24J360-e829b21a6f8c9b70876ba0858053c044b32bfd8d43560033f8d89884cdb90028.sdkstatcache
SwiftDriver SSAppUpdater normal arm64 com.apple.xcode.tools.swift.compiler (in target 'SSAppUpdater' from project 'SSAppUpdater')
cd /Users/admin/builder/spi-builder-workspace/.swiftpm/xcode
builtin-SwiftDriver -- /Applications/Xcode-27.0.0-Release.Candidate.app/Contents/Developer/Toolchains/XcodeDefault.xctoolchain/usr/bin/swiftc -parse-as-library -module-name SSAppUpdater -Onone @/Users/admin/builder/spi-builder-workspace/.derivedData/Build/Intermediates.noindex/SSAppUpdater.build/Debug-appletvos/SSAppUpdater-t.build/Objects-normal/arm64/SSAppUpdater.SwiftFileList -DSWIFT_PACKAGE -DDEBUG -DSWIFT_MODULE_RESOURCE_BUNDLE_AVAILABLE -DXcode -plugin-path /Applications/Xcode-27.0.0-Release.Candidate.app/Contents/Developer/Toolchains/XcodeDefault.xctoolchain/usr/lib/swift/host/plugins/testing -enable-experimental-feature DebugDescriptionMacro -sdk /Applications/Xcode-27.0.0-Release.Candidate.app/Contents/Developer/Platforms/AppleTVOS.platform/Developer/SDKs/AppleTVOS27.0.sdk -target arm64-apple-tvos15.0 -g -module-cache-path /Users/admin/builder/spi-builder-workspace/.derivedData/ModuleCache.noindex -Xfrontend -serialize-debugging-options -enable-testing -index-store-path /Users/admin/builder/spi-builder-workspace/.derivedData/Index.noindex/DataStore -Xcc -D_LIBCPP_HARDENING_MODE\=_LIBCPP_HARDENING_MODE_DEBUG -swift-version 5 -I /Users/admin/builder/spi-builder-workspace/.derivedData/Build/Products/Debug-appletvos -Isystem /Applications/Xcode-27.0.0-Release.Candidate.app/Contents/Developer/Platforms/AppleTVOS.platform/Developer/usr/lib -F /Users/admin/builder/spi-builder-workspace/.derivedData/Build/Products/Debug-appletvos -F /Applications/Xcode-27.0.0-Release.Candidate.app/Contents/Developer/Platforms/AppleTVOS.platform/Developer/Library/Frameworks -F /Applications/Xcode-27.0.0-Release.Candidate.app/Contents/Developer/Platforms/AppleTVOS.platform/Developer/SDKs/AppleTVOS27.0.sdk/Developer/Library/Frameworks -c -j10 -enable-batch-mode -incremental -Xcc -ivfsstatcache -Xcc /Users/admin/builder/spi-builder-workspace/.derivedData/SDKStatCaches.noindex/appletvos27.0-24J360-e829b21a6f8c9b70876ba0858053c044b32bfd8d43560033f8d89884cdb90028.sdkstatcache -output-file-map /Users/admin/builder/spi-builder-workspace/.derivedData/Build/Intermediates.noindex/SSAppUpdater.build/Debug-appletvos/SSAppUpdater-t.build/Objects-normal/arm64/SSAppUpdater-OutputFileMap.json -save-temps -no-color-diagnostics -explicit-module-build -module-cache-path /Users/admin/builder/spi-builder-workspace/.derivedData/Build/Intermediates.noindex/SwiftExplicitPrecompiledModules -clang-scanner-module-cache-path /Users/admin/builder/spi-builder-workspace/.derivedData/ModuleCache.noindex -sdk-module-cache-path /Users/admin/builder/spi-builder-workspace/.derivedData/SDKExplicitPrecompiledModules -emit-dependencies -emit-module -emit-module-path /Users/admin/builder/spi-builder-workspace/.derivedData/Build/Intermediates.noindex/SSAppUpdater.build/Debug-appletvos/SSAppUpdater-t.build/Objects-normal/arm64/SSAppUpdater.swiftmodule -serialize-diagnostics -dependency-scan-serialize-diagnostics-path /Users/admin/builder/spi-builder-workspace/.derivedData/Build/Intermediates.noindex/SSAppUpdater.build/Debug-appletvos/SSAppUpdater-t.build/Objects-normal/arm64/SSAppUpdater-dependency-scan.dia -validate-clang-modules-once -clang-build-session-file /Users/admin/builder/spi-builder-workspace/.derivedData/ModuleCache.noindex/Session.modulevalidation -Xcc -fmodules-prune-interval\=86400 -Xcc -fmodules-prune-after\=345600 -package-name spi_builder_workspace -emit-const-values -const-gather-protocols-list /Users/admin/builder/spi-builder-workspace/.derivedData/Build/Intermediates.noindex/SSAppUpdater.build/Debug-appletvos/SSAppUpdater-t.build/Objects-normal/arm64/SSAppUpdater_const_extract_protocols.json -Xcc -I/Users/admin/builder/spi-builder-workspace/.derivedData/Build/Products/Debug-appletvos/include -Xcc -I/Users/admin/builder/spi-builder-workspace/.derivedData/Build/Intermediates.noindex/SSAppUpdater.build/Debug-appletvos/SSAppUpdater-t.build/DerivedSources-normal/arm64 -Xcc -I/Users/admin/builder/spi-builder-workspace/.derivedData/Build/Intermediates.noindex/SSAppUpdater.build/Debug-appletvos/SSAppUpdater-t.build/DerivedSources/arm64 -Xcc -I/Users/admin/builder/spi-builder-workspace/.derivedData/Build/Intermediates.noindex/SSAppUpdater.build/Debug-appletvos/SSAppUpdater-t.build/DerivedSources -Xcc -DSWIFT_PACKAGE -Xcc -DDEBUG\=1 -emit-objc-header -emit-objc-header-path /Users/admin/builder/spi-builder-workspace/.derivedData/Build/Intermediates.noindex/SSAppUpdater.build/Debug-appletvos/SSAppUpdater-t.build/Objects-normal/arm64/SSAppUpdater-Swift.h -working-directory /Users/admin/builder/spi-builder-workspace/.swiftpm/xcode -experimental-emit-module-separately -disable-cmo
SwiftCompile normal arm64 Compiling\ SSAlertManager.swift /Users/admin/builder/spi-builder-workspace/Sources/SSAppUpdater/Helper/SSAlertManager.swift (in target 'SSAppUpdater' from project 'SSAppUpdater')
/Users/admin/builder/spi-builder-workspace/Sources/SSAppUpdater/Helper/SSAlertManager.swift:101:25: error: cannot find 'NSAlert' in scope
99 | rootViewController.present(alert, animated: true, completion: nil)
100 | #else
101 | let alert = NSAlert()
| `- error: cannot find 'NSAlert' in scope
102 | alert.messageText = title
103 | alert.informativeText = subTitle
/Users/admin/builder/spi-builder-workspace/Sources/SSAppUpdater/Helper/SSAlertManager.swift:104:33: error: cannot infer contextual base in reference to member 'informational'
102 | alert.messageText = title
103 | alert.informativeText = subTitle
104 | alert.alertStyle = .informational
| `- error: cannot infer contextual base in reference to member 'informational'
105 | alert.addButton(withTitle: primaryButtonTitle)
106 | if let iconImage = NSImage(systemSymbolName: alertIcon, accessibilityDescription: nil) {
/Users/admin/builder/spi-builder-workspace/Sources/SSAppUpdater/Helper/SSAlertManager.swift:106:32: error: cannot find 'NSImage' in scope
104 | alert.alertStyle = .informational
105 | alert.addButton(withTitle: primaryButtonTitle)
106 | if let iconImage = NSImage(systemSymbolName: alertIcon, accessibilityDescription: nil) {
| `- error: cannot find 'NSImage' in scope
107 | alert.icon = iconImage
108 | }
/Users/admin/builder/spi-builder-workspace/Sources/SSAppUpdater/Helper/SSAlertManager.swift:117:36: error: cannot find 'NSApplication' in scope
115 | }
116 |
117 | guard let mainWindow = NSApplication.shared.keyWindow else {
| `- error: cannot find 'NSApplication' in scope
118 | return
119 | }
Failed frontend command:
SwiftCompile normal arm64 /Users/admin/builder/spi-builder-workspace/Sources/SSAppUpdater/Helper/SSAlertManager.swift (in target 'SSAppUpdater' from project 'SSAppUpdater')
cd /Users/admin/builder/spi-builder-workspace/.swiftpm/xcode
builtin-SwiftPerFileCompile SSAlertManager.swift
/Applications/Xcode-27.0.0-Release.Candidate.app/Contents/Developer/Toolchains/XcodeDefault.xctoolchain/usr/bin/swift-frontend -frontend -c /Users/admin/builder/spi-builder-workspace/.derivedData/Build/Intermediates.noindex/SSAppUpdater.build/Debug-appletvos/SSAppUpdater-t.build/DerivedSources/resource_bundle_accessor.swift /Users/admin/builder/spi-builder-workspace/Sources/SSAppUpdater/Extension/Bundle.swift /Users/admin/builder/spi-builder-workspace/Sources/SSAppUpdater/Extension/Date.swift /Users/admin/builder/spi-builder-workspace/Sources/SSAppUpdater/Extension/String.swift /Users/admin/builder/spi-builder-workspace/Sources/SSAppUpdater/Extension/UserDefaults.swift /Users/admin/builder/spi-builder-workspace/Sources/SSAppUpdater/Helper/SSAPIManager.swift -primary-file /Users/admin/builder/spi-builder-workspace/Sources/SSAppUpdater/Helper/SSAlertManager.swift /Users/admin/builder/spi-builder-workspace/Sources/SSAppUpdater/Helper/SSAppUpdaterEnums.swift /Users/admin/builder/spi-builder-workspace/Sources/SSAppUpdater/Helper/SSEnumration.swift /Users/admin/builder/spi-builder-workspace/Sources/SSAppUpdater/Helper/SSNetworkManager.swift /Users/admin/builder/spi-builder-workspace/Sources/SSAppUpdater/Helper/SSScriptOrCommandExecutor.swift /Users/admin/builder/spi-builder-workspace/Sources/SSAppUpdater/Models/LookUpResponseModel.swift /Users/admin/builder/spi-builder-workspace/Sources/SSAppUpdater/Models/SSVersionInfo.swift /Users/admin/builder/spi-builder-workspace/Sources/SSAppUpdater/PerformVersionCheck/AppStoreView.swift /Users/admin/builder/spi-builder-workspace/Sources/SSAppUpdater/PerformVersionCheck/PerformVersionCheck\ +\ ManualAppUpdater.swift /Users/admin/builder/spi-builder-workspace/Sources/SSAppUpdater/PerformVersionCheck/PerformVersionCheck.swift /Users/admin/builder/spi-builder-workspace/Sources/SSAppUpdater/SSAppUpdater.swift -emit-dependencies-path /Users/admin/builder/spi-builder-workspace/.derivedData/Build/Intermediates.noindex/SSAppUpdater.build/Debug-appletvos/SSAppUpdater-t.build/Objects-normal/arm64/SSAlertManager.d -emit-const-values-path /Users/admin/builder/spi-builder-workspace/.derivedData/Build/Intermediates.noindex/SSAppUpdater.build/Debug-appletvos/SSAppUpdater-t.build/Objects-normal/arm64/SSAlertManager.swiftconstvalues -emit-reference-dependencies-path /Users/admin/builder/spi-builder-workspace/.derivedData/Build/Intermediates.noindex/SSAppUpdater.build/Debug-appletvos/SSAppUpdater-t.build/Objects-normal/arm64/SSAlertManager.swiftdeps -serialize-diagnostics-path /Users/admin/builder/spi-builder-workspace/.derivedData/Build/Intermediates.noindex/SSAppUpdater.build/Debug-appletvos/SSAppUpdater-t.build/Objects-normal/arm64/SSAlertManager.dia -target arm64-apple-tvos15.0 -disable-cross-import-overlay-search -swift-module-cross-import StoreKit /Applications/Xcode-27.0.0-Release.Candidate.app/Contents/Developer/Platforms/AppleTVOS.platform/Developer/SDKs/AppleTVOS.sdk/System/Library/Frameworks/StoreKit.framework/Modules/StoreKit.swiftcrossimport/SwiftUI.swiftoverlay -swift-module-cross-import StoreKit /Applications/Xcode-27.0.0-Release.Candidate.app/Contents/Developer/Platforms/AppleTVOS.platform/Developer/SDKs/AppleTVOS27.0.sdk/System/Library/Frameworks/StoreKit.framework/Modules/StoreKit.swiftcrossimport/SwiftUI.swiftoverlay -load-resolved-plugin /Applications/Xcode-27.0.0-Release.Candidate.app/Contents/Developer/Platforms/AppleTVOS.platform/Developer/usr/lib/swift/host/plugins/libFoundationMacros.dylib\#/Applications/Xcode-27.0.0-Release.Candidate.app/Contents/Developer/Platforms/AppleTVOS.platform/Developer/usr/bin/swift-plugin-server\#FoundationMacros -load-resolved-plugin /Applications/Xcode-27.0.0-Release.Candidate.app/Contents/Developer/Platforms/AppleTVOS.platform/Developer/usr/lib/swift/host/plugins/libObservationMacros.dylib\#/Applications/Xcode-27.0.0-Release.Candidate.app/Contents/Developer/Platforms/AppleTVOS.platform/Developer/usr/bin/swift-plugin-server\#ObservationMacros -load-resolved-plugin /Applications/Xcode-27.0.0-Release.Candidate.app/Contents/Developer/Platforms/AppleTVOS.platform/Developer/usr/lib/swift/host/plugins/libPreviewsMacros.dylib\#/Applications/Xcode-27.0.0-Release.Candidate.app/Contents/Developer/Platforms/AppleTVOS.platform/Developer/usr/bin/swift-plugin-server\#PreviewsMacros -load-resolved-plugin /Applications/Xcode-27.0.0-Release.Candidate.app/Contents/Developer/Platforms/AppleTVOS.platform/Developer/usr/lib/swift/host/plugins/libSwiftMacros.dylib\#/Applications/Xcode-27.0.0-Release.Candidate.app/Contents/Developer/Platforms/AppleTVOS.platform/Developer/usr/bin/swift-plugin-server\#SwiftMacros -load-resolved-plugin /Applications/Xcode-27.0.0-Release.Candidate.app/Contents/Developer/Platforms/AppleTVOS.platform/Developer/usr/lib/swift/host/plugins/libSwiftUIMacros.dylib\#/Applications/Xcode-27.0.0-Release.Candidate.app/Contents/Developer/Platforms/AppleTVOS.platform/Developer/usr/bin/swift-plugin-server\#SwiftUIMacros -disable-implicit-swift-modules -Xcc -fno-implicit-modules -Xcc -fno-implicit-module-maps -explicit-swift-module-map-file /Users/admin/builder/spi-builder-workspace/.derivedData/Build/Intermediates.noindex/SSAppUpdater.build/Debug-appletvos/SSAppUpdater-t.build/Objects-normal/arm64/SSAppUpdater-dependencies-1.json -Xllvm -aarch64-use-tbi -enable-objc-interop -stack-check -sdk /Applications/Xcode-27.0.0-Release.Candidate.app/Contents/Developer/Platforms/AppleTVOS.platform/Developer/SDKs/AppleTVOS27.0.sdk -I /Users/admin/builder/spi-builder-workspace/.derivedData/Build/Products/Debug-appletvos -Isystem /Applications/Xcode-27.0.0-Release.Candidate.app/Contents/Developer/Platforms/AppleTVOS.platform/Developer/usr/lib -F /Users/admin/builder/spi-builder-workspace/.derivedData/Build/Products/Debug-appletvos -F /Applications/Xcode-27.0.0-Release.Candidate.app/Contents/Developer/Platforms/AppleTVOS.platform/Developer/Library/Frameworks -F /Applications/Xcode-27.0.0-Release.Candidate.app/Contents/Developer/Platforms/AppleTVOS.platform/Developer/SDKs/AppleTVOS27.0.sdk/Developer/Library/Frameworks -module-cache-path /Users/admin/builder/spi-builder-workspace/.derivedData/Build/Intermediates.noindex/SwiftExplicitPrecompiledModules -no-color-diagnostics -Xcc -fno-color-diagnostics -enable-testing -g -debug-info-format\=dwarf -dwarf-version\=4 -swift-version 5 -Onone -D SWIFT_PACKAGE -D DEBUG -D SWIFT_MODULE_RESOURCE_BUNDLE_AVAILABLE -D Xcode -serialize-debugging-options -enable-experimental-feature DebugDescriptionMacro -empty-abi-descriptor -validate-clang-modules-once -clang-build-session-file /Users/admin/builder/spi-builder-workspace/.derivedData/ModuleCache.noindex/Session.modulevalidation -Xcc -working-directory -Xcc /Users/admin/builder/spi-builder-workspace/.swiftpm/xcode -enable-anonymous-context-mangled-names -file-compilation-dir /Users/admin/builder/spi-builder-workspace/.swiftpm/xcode -Xcc -D_LIBCPP_HARDENING_MODE\=_LIBCPP_HARDENING_MODE_DEBUG -Xcc -ivfsstatcache -Xcc /Users/admin/builder/spi-builder-workspace/.derivedData/SDKStatCaches.noindex/appletvos27.0-24J360-e829b21a6f8c9b70876ba0858053c044b32bfd8d43560033f8d89884cdb90028.sdkstatcache -Xcc -fmodules-prune-interval\=86400 -Xcc -fmodules-prune-after\=345600 -Xcc -I/Users/admin/builder/spi-builder-workspace/.derivedData/Build/Products/Debug-appletvos/include -Xcc -I/Users/admin/builder/spi-builder-workspace/.derivedData/Build/Intermediates.noindex/SSAppUpdater.build/Debug-appletvos/SSAppUpdater-t.build/DerivedSources-normal/arm64 -Xcc -I/Users/admin/builder/spi-builder-workspace/.derivedData/Build/Intermediates.noindex/SSAppUpdater.build/Debug-appletvos/SSAppUpdater-t.build/DerivedSources/arm64 -Xcc -I/Users/admin/builder/spi-builder-workspace/.derivedData/Build/Intermediates.noindex/SSAppUpdater.build/Debug-appletvos/SSAppUpdater-t.build/DerivedSources -Xcc -DSWIFT_PACKAGE -Xcc -DDEBUG\=1 -no-auto-bridging-header-chaining -module-name SSAppUpdater -package-name spi_builder_workspace -const-gather-protocols-file /Users/admin/builder/spi-builder-workspace/.derivedData/Build/Intermediates.noindex/SSAppUpdater.build/Debug-appletvos/SSAppUpdater-t.build/Objects-normal/arm64/SSAppUpdater_const_extract_protocols.json -disable-clang-spi -clang-target arm64-apple-tvos27.0 -target-sdk-version 27.0 -target-sdk-name appletvos27.0 -in-process-plugin-server-path /Applications/Xcode-27.0.0-Release.Candidate.app/Contents/Developer/Toolchains/XcodeDefault.xctoolchain/usr/lib/swift/host/libSwiftInProcPluginServer.dylib -parse-as-library -o /Users/admin/builder/spi-builder-workspace/.derivedData/Build/Intermediates.noindex/SSAppUpdater.build/Debug-appletvos/SSAppUpdater-t.build/Objects-normal/arm64/SSAlertManager.o -debug-module-path /Users/admin/builder/spi-builder-workspace/.derivedData/Build/Intermediates.noindex/SSAppUpdater.build/Debug-appletvos/SSAppUpdater-t.build/Objects-normal/arm64/SSAppUpdater.swiftmodule -index-unit-output-path /SSAppUpdater.build/Debug-appletvos/SSAppUpdater-t.build/Objects-normal/arm64/SSAlertManager.o -index-store-path /Users/admin/builder/spi-builder-workspace/.derivedData/Index.noindex/DataStore -index-system-modules
SwiftEmitModule normal arm64 Emitting\ module\ for\ SSAppUpdater (in target 'SSAppUpdater' from project 'SSAppUpdater')
SwiftCompile normal arm64 (in target 'SSAppUpdater' from project 'SSAppUpdater')
cd /Users/admin/builder/spi-builder-workspace/.swiftpm/xcode
SwiftCompile normal arm64 Compiling\ SSVersionInfo.swift /Users/admin/builder/spi-builder-workspace/Sources/SSAppUpdater/Models/SSVersionInfo.swift (in target 'SSAppUpdater' from project 'SSAppUpdater')
SwiftCompile normal arm64 /Users/admin/builder/spi-builder-workspace/Sources/SSAppUpdater/Models/SSVersionInfo.swift (in target 'SSAppUpdater' from project 'SSAppUpdater')
cd /Users/admin/builder/spi-builder-workspace/.swiftpm/xcode
builtin-SwiftPerFileCompile SSVersionInfo.swift
SwiftCompile normal arm64 Compiling\ PerformVersionCheck.swift /Users/admin/builder/spi-builder-workspace/Sources/SSAppUpdater/PerformVersionCheck/PerformVersionCheck.swift (in target 'SSAppUpdater' from project 'SSAppUpdater')
SwiftCompile normal arm64 /Users/admin/builder/spi-builder-workspace/Sources/SSAppUpdater/PerformVersionCheck/PerformVersionCheck.swift (in target 'SSAppUpdater' from project 'SSAppUpdater')
cd /Users/admin/builder/spi-builder-workspace/.swiftpm/xcode
builtin-SwiftPerFileCompile PerformVersionCheck.swift
/Users/admin/builder/spi-builder-workspace/Sources/SSAppUpdater/PerformVersionCheck/PerformVersionCheck.swift:302:13: error: cannot find 'AppStoreView' in scope
300 | #else
301 | if SSAppUpdater.shared.redirectToAppStore {
302 | AppStoreView(trackId: trackId).goToAppStoreApplication()
| `- error: cannot find 'AppStoreView' in scope
303 | } else {
304 | guard let mainWindow = NSApplication.shared.windows.first else { return }
/Users/admin/builder/spi-builder-workspace/Sources/SSAppUpdater/PerformVersionCheck/PerformVersionCheck.swift:304:36: error: cannot find 'NSApplication' in scope
302 | AppStoreView(trackId: trackId).goToAppStoreApplication()
303 | } else {
304 | guard let mainWindow = NSApplication.shared.windows.first else { return }
| `- error: cannot find 'NSApplication' in scope
305 | if let screen = mainWindow.screen ?? NSScreen.main {
306 | mainWindow.setFrame(screen.visibleFrame, display: true)
/Users/admin/builder/spi-builder-workspace/Sources/SSAppUpdater/PerformVersionCheck/PerformVersionCheck.swift:305:50: error: cannot find 'NSScreen' in scope
303 | } else {
304 | guard let mainWindow = NSApplication.shared.windows.first else { return }
305 | if let screen = mainWindow.screen ?? NSScreen.main {
| `- error: cannot find 'NSScreen' in scope
306 | mainWindow.setFrame(screen.visibleFrame, display: true)
307 | }
/Users/admin/builder/spi-builder-workspace/Sources/SSAppUpdater/PerformVersionCheck/PerformVersionCheck.swift:309:17: error: cannot find 'updateButton' in scope
307 | }
308 | let containerView = VStack(alignment: .leading) {
309 | updateButton(for: mainWindow)
| `- error: cannot find 'updateButton' in scope
310 | AppStoreView(trackId: Int(trackId))
311 | .frame(
/Users/admin/builder/spi-builder-workspace/Sources/SSAppUpdater/PerformVersionCheck/PerformVersionCheck.swift:310:17: error: cannot find 'AppStoreView' in scope
308 | let containerView = VStack(alignment: .leading) {
309 | updateButton(for: mainWindow)
310 | AppStoreView(trackId: Int(trackId))
| `- error: cannot find 'AppStoreView' in scope
311 | .frame(
312 | width: mainWindow.frame.size.width,
SwiftCompile normal arm64 Compiling\ AppStoreView.swift /Users/admin/builder/spi-builder-workspace/Sources/SSAppUpdater/PerformVersionCheck/AppStoreView.swift (in target 'SSAppUpdater' from project 'SSAppUpdater')
SwiftCompile normal arm64 /Users/admin/builder/spi-builder-workspace/Sources/SSAppUpdater/PerformVersionCheck/AppStoreView.swift (in target 'SSAppUpdater' from project 'SSAppUpdater')
cd /Users/admin/builder/spi-builder-workspace/.swiftpm/xcode
builtin-SwiftPerFileCompile AppStoreView.swift
SwiftCompile normal arm64 Compiling\ SSAppUpdaterEnums.swift /Users/admin/builder/spi-builder-workspace/Sources/SSAppUpdater/Helper/SSAppUpdaterEnums.swift (in target 'SSAppUpdater' from project 'SSAppUpdater')
SwiftCompile normal arm64 /Users/admin/builder/spi-builder-workspace/Sources/SSAppUpdater/Helper/SSAppUpdaterEnums.swift (in target 'SSAppUpdater' from project 'SSAppUpdater')
cd /Users/admin/builder/spi-builder-workspace/.swiftpm/xcode
builtin-SwiftPerFileCompile SSAppUpdaterEnums.swift
SwiftDriverJobDiscovery normal arm64 Compiling SSVersionInfo.swift (in target 'SSAppUpdater' from project 'SSAppUpdater')
SwiftCompile normal arm64 Compiling\ SSAppUpdater.swift /Users/admin/builder/spi-builder-workspace/Sources/SSAppUpdater/SSAppUpdater.swift (in target 'SSAppUpdater' from project 'SSAppUpdater')
SwiftCompile normal arm64 /Users/admin/builder/spi-builder-workspace/Sources/SSAppUpdater/SSAppUpdater.swift (in target 'SSAppUpdater' from project 'SSAppUpdater')
cd /Users/admin/builder/spi-builder-workspace/.swiftpm/xcode
builtin-SwiftPerFileCompile SSAppUpdater.swift
SwiftDriverJobDiscovery normal arm64 Compiling SSAppUpdaterEnums.swift (in target 'SSAppUpdater' from project 'SSAppUpdater')
PruneExplicitPrecompiledModules /Users/admin/builder/spi-builder-workspace/.derivedData/Build/Intermediates.noindex/SwiftExplicitPrecompiledModules
PruneExplicitPrecompiledModules /Users/admin/builder/spi-builder-workspace/.derivedData/SDKExplicitPrecompiledModules
PruneExplicitPrecompiledModules /Users/admin/builder/spi-builder-workspace/.derivedData/Build/Intermediates.noindex/ExplicitPrecompiledModules
2026-09-23 18:03:18.253 xcodebuild[769:4663] [MT] IDERunDestination: Supported platforms for the buildables in the current scheme is empty.
** BUILD FAILED **
The following build commands failed:
SwiftCompile normal arm64 /Users/admin/builder/spi-builder-workspace/Sources/SSAppUpdater/Helper/SSAlertManager.swift (in target 'SSAppUpdater' from project 'SSAppUpdater')
SwiftCompile normal arm64 Compiling\ SSAlertManager.swift /Users/admin/builder/spi-builder-workspace/Sources/SSAppUpdater/Helper/SSAlertManager.swift (in target 'SSAppUpdater' from project 'SSAppUpdater')
Building workspace SSAppUpdater with scheme SSAppUpdater
(3 failures)
BUILD FAILURE 6.4 tvOS