Build Information
Failed to build BookKit, reference main (5b8453), with Swift 6.1 for Android on 15 Jul 2026 19:15:04 UTC.
Build Command
bash -c docker run --pull=always --rm -v "checkouts-54344849-3":/host -w "$PWD" -e JAVA_HOME="/root/.sdkman/candidates/java/current" -e SPI_BUILD="1" -e SPI_PROCESSING="1" registry.gitlab.com/saguaro1/spi-images:android-6.1-latest swift build --swift-sdk aarch64-unknown-linux-android24 2>&1Build Log
========================================
RunAll
========================================
Builder version: 333316120c8b89ed7d21f1b34865290794301d91
Interrupt handler set up.
========================================
Checkout
========================================
Clone URL: https://github.com/bdewey/BookKit.git
Reference: main
Initialized empty Git repository in /host/spi-builder-workspace/.git/
hint: Using 'master' as the name for the initial branch. This default branch name
hint: is subject to change. To configure the initial branch name to use in all
hint: of your new repositories, which will suppress this warning, call:
hint:
hint: git config --global init.defaultBranch <name>
hint:
hint: Names commonly chosen instead of 'master' are 'main', 'trunk' and
hint: 'development'. The just-created branch can be renamed via this command:
hint:
hint: git branch -m <name>
From https://github.com/bdewey/BookKit
* branch main -> FETCH_HEAD
* [new branch] main -> origin/main
HEAD is now at 5b8453d Fix compiling package for macOS
Cloned https://github.com/bdewey/BookKit.git
Revision (git rev-parse @):
5b8453d4acbfc9cd24a2ee1f9fbd8f8324b6c19b
SUCCESS checkout https://github.com/bdewey/BookKit.git at main
========================================
Build
========================================
Selected platform: android
Swift version: 6.1
Building package at path: $PWD
https://github.com/bdewey/BookKit.git
https://github.com/bdewey/BookKit.git
WARNING: environment variable SUPPRESS_SWIFT_6_FLAGS is not set
Running build ...
bash -c docker run --pull=always --rm -v "checkouts-54344849-3":/host -w "$PWD" -e JAVA_HOME="/root/.sdkman/candidates/java/current" -e SPI_BUILD="1" -e SPI_PROCESSING="1" registry.gitlab.com/saguaro1/spi-images:android-6.1-latest swift build --swift-sdk aarch64-unknown-linux-android24 -Xswiftc -Xfrontend -Xswiftc -stats-output-dir -Xswiftc -Xfrontend -Xswiftc .stats -Xswiftc -strict-concurrency=complete -Xswiftc -enable-upcoming-feature -Xswiftc StrictConcurrency -Xswiftc -enable-upcoming-feature -Xswiftc DisableOutwardActorInference -Xswiftc -enable-upcoming-feature -Xswiftc GlobalActorIsolatedTypesUsability -Xswiftc -enable-upcoming-feature -Xswiftc InferSendableFromCaptures 2>&1
android-6.1-latest: Pulling from saguaro1/spi-images
Digest: sha256:365d9b14669f92fea0572234887def10439445c91d7e524c78a6579ad7294f11
Status: Image is up to date for registry.gitlab.com/saguaro1/spi-images:android-6.1-latest
Fetching https://github.com/apple/swift-log.git
Fetching https://github.com/dehesa/CodableCSV.git
[1/7742] Fetching swift-log
[621/10956] Fetching swift-log, codablecsv
Fetched https://github.com/apple/swift-log.git from cache (0.70s)
Fetched https://github.com/dehesa/CodableCSV.git from cache (0.71s)
Computing version for https://github.com/dehesa/CodableCSV.git
Computed https://github.com/dehesa/CodableCSV.git at 0.6.7 (1.16s)
Computing version for https://github.com/apple/swift-log.git
Computed https://github.com/apple/swift-log.git at 1.14.0 (0.41s)
Creating working copy for https://github.com/apple/swift-log.git
Working copy of https://github.com/apple/swift-log.git resolved at 1.14.0
Creating working copy for https://github.com/dehesa/CodableCSV.git
Working copy of https://github.com/dehesa/CodableCSV.git resolved at 0.6.7
Building for debugging...
[0/4] Write sources
[3/4] Write swift-version-24593BA9C3E375BF.txt
[5/52] Emitting module CodableCSV
[6/57] Emitting module Logging
unable to find node: pound
unable to find node: pound
<unknown>:0: warning: upcoming feature 'InferSendableFromCaptures' is already enabled as of Swift version 6
<unknown>:0: warning: upcoming feature 'GlobalActorIsolatedTypesUsability' is already enabled as of Swift version 6
<unknown>:0: warning: upcoming feature 'DisableOutwardActorInference' is already enabled as of Swift version 6
[7/57] Compiling Logging LogEvent.swift
<unknown>:0: warning: upcoming feature 'InferSendableFromCaptures' is already enabled as of Swift version 6
<unknown>:0: warning: upcoming feature 'GlobalActorIsolatedTypesUsability' is already enabled as of Swift version 6
<unknown>:0: warning: upcoming feature 'DisableOutwardActorInference' is already enabled as of Swift version 6
[8/57] Compiling Logging LogHandler.swift
<unknown>:0: warning: upcoming feature 'InferSendableFromCaptures' is already enabled as of Swift version 6
<unknown>:0: warning: upcoming feature 'GlobalActorIsolatedTypesUsability' is already enabled as of Swift version 6
<unknown>:0: warning: upcoming feature 'DisableOutwardActorInference' is already enabled as of Swift version 6
[9/58] Compiling Logging LoggingSystem.swift
<unknown>:0: warning: upcoming feature 'InferSendableFromCaptures' is already enabled as of Swift version 6
<unknown>:0: warning: upcoming feature 'GlobalActorIsolatedTypesUsability' is already enabled as of Swift version 6
<unknown>:0: warning: upcoming feature 'DisableOutwardActorInference' is already enabled as of Swift version 6
[10/58] Compiling CodableCSV ShadowDecoder.swift
<unknown>:0: warning: upcoming feature 'InferSendableFromCaptures' is already enabled as of Swift version 6
<unknown>:0: warning: upcoming feature 'GlobalActorIsolatedTypesUsability' is already enabled as of Swift version 6
<unknown>:0: warning: upcoming feature 'DisableOutwardActorInference' is already enabled as of Swift version 6
[11/58] Compiling Logging Locks.swift
<unknown>:0: warning: upcoming feature 'InferSendableFromCaptures' is already enabled as of Swift version 6
<unknown>:0: warning: upcoming feature 'GlobalActorIsolatedTypesUsability' is already enabled as of Swift version 6
<unknown>:0: warning: upcoming feature 'DisableOutwardActorInference' is already enabled as of Swift version 6
[12/58] Compiling Logging Logger+With.swift
unable to find node: pound
unable to find node: pound
<unknown>:0: warning: upcoming feature 'InferSendableFromCaptures' is already enabled as of Swift version 6
<unknown>:0: warning: upcoming feature 'GlobalActorIsolatedTypesUsability' is already enabled as of Swift version 6
<unknown>:0: warning: upcoming feature 'DisableOutwardActorInference' is already enabled as of Swift version 6
[13/58] Compiling Logging Logger+Attributes.swift
<unknown>:0: warning: upcoming feature 'InferSendableFromCaptures' is already enabled as of Swift version 6
<unknown>:0: warning: upcoming feature 'GlobalActorIsolatedTypesUsability' is already enabled as of Swift version 6
<unknown>:0: warning: upcoming feature 'DisableOutwardActorInference' is already enabled as of Swift version 6
[14/58] Compiling Logging Logger.swift
<unknown>:0: warning: upcoming feature 'InferSendableFromCaptures' is already enabled as of Swift version 6
<unknown>:0: warning: upcoming feature 'GlobalActorIsolatedTypesUsability' is already enabled as of Swift version 6
<unknown>:0: warning: upcoming feature 'DisableOutwardActorInference' is already enabled as of Swift version 6
[15/58] Compiling Logging MultiplexLogHandler.swift
<unknown>:0: warning: upcoming feature 'InferSendableFromCaptures' is already enabled as of Swift version 6
<unknown>:0: warning: upcoming feature 'GlobalActorIsolatedTypesUsability' is already enabled as of Swift version 6
<unknown>:0: warning: upcoming feature 'DisableOutwardActorInference' is already enabled as of Swift version 6
[16/58] Compiling Logging StreamLogHandler.swift
<unknown>:0: warning: upcoming feature 'InferSendableFromCaptures' is already enabled as of Swift version 6
<unknown>:0: warning: upcoming feature 'GlobalActorIsolatedTypesUsability' is already enabled as of Swift version 6
<unknown>:0: warning: upcoming feature 'DisableOutwardActorInference' is already enabled as of Swift version 6
[17/58] Compiling Logging MetadataProvider.swift
<unknown>:0: warning: upcoming feature 'InferSendableFromCaptures' is already enabled as of Swift version 6
<unknown>:0: warning: upcoming feature 'GlobalActorIsolatedTypesUsability' is already enabled as of Swift version 6
<unknown>:0: warning: upcoming feature 'DisableOutwardActorInference' is already enabled as of Swift version 6
[19/59] Compiling CodableCSV ReaderAPI.swift
[20/59] Compiling CodableCSV ReaderCollections.swift
[21/59] Compiling CodableCSV ReaderConfiguration.swift
[22/59] Compiling CodableCSV ReaderBuffer.swift
[23/59] Compiling CodableCSV ReaderDecoder.swift
[24/59] Compiling CodableCSV ReaderEncodings.swift
[25/59] Compiling CodableCSV ReaderInference.swift
[26/59] Compiling CodableCSV ReaderInternals.swift
[27/59] Compiling CodableCSV Writer.swift
[28/59] Compiling CodableCSV WriterAPI.swift
[29/59] Compiling CodableCSV WriterConfiguration.swift
[30/59] Compiling CodableCSV WriterEncoder.swift
[31/59] Compiling CodableCSV WriterEncoding.swift
[32/59] Compiling CodableCSV WriterInference.swift
[33/59] Compiling CodableCSV WriterInternals.swift
[34/59] Compiling CodableCSV ShadowEncoder.swift
[35/59] Compiling CodableCSV Sink.swift
[36/59] Compiling CodableCSV SinkBuffer.swift
[37/59] Compiling CodableCSV BOM.swift
[38/59] Compiling CodableCSV Reader.swift
[44/59] Compiling CodableCSV Delimiter.swift
[45/59] Compiling CodableCSV Error.swift
[46/59] Compiling CodableCSV Strategy.swift
[47/59] Compiling CodableCSV Utils.swift
[48/59] Compiling CodableCSV CodingKey.swift
[49/59] Compiling CodableCSV Decoder.swift
[51/59] Compiling CodableCSV DecoderLazy.swift
[52/59] Compiling CodableCSV KeyedDecodingContainer.swift
[53/59] Compiling CodableCSV SingleValueDecodingContainer.swift
[54/59] Compiling CodableCSV UnkeyedDecodingContainer.swift
[55/59] Compiling CodableCSV EncoderLazy.swift
[56/59] Compiling CodableCSV InvalidEncodingContainer.swift
[57/59] Compiling CodableCSV KeyedEncodingContainer.swift
[58/59] Compiling CodableCSV SingleValueEncodingContainer.swift
[59/59] Compiling CodableCSV UnkeyedEncodingContainer.swift
[61/69] Compiling BookKit ReadingHistory.swift
/host/spi-builder-workspace/Sources/BookKit/LibraryThing.swift:20:8: error: no such module 'Combine'
18 | // swiftlint:disable identifier_name
19 |
20 | import Combine
| `- error: no such module 'Combine'
21 | import Foundation
22 | import UniformTypeIdentifiers
[62/70] Compiling BookKit OpenLibrary.swift
/host/spi-builder-workspace/Sources/BookKit/LibraryThing.swift:20:8: error: no such module 'Combine'
18 | // swiftlint:disable identifier_name
19 |
20 | import Combine
| `- error: no such module 'Combine'
21 | import Foundation
22 | import UniformTypeIdentifiers
[63/70] Compiling BookKit LibraryThing.swift
/host/spi-builder-workspace/Sources/BookKit/LibraryThing.swift:20:8: error: no such module 'Combine'
18 | // swiftlint:disable identifier_name
19 |
20 | import Combine
| `- error: no such module 'Combine'
21 | import Foundation
22 | import UniformTypeIdentifiers
[64/70] Compiling BookKit DayComponents.swift
/host/spi-builder-workspace/Sources/BookKit/LibraryThing.swift:20:8: error: no such module 'Combine'
18 | // swiftlint:disable identifier_name
19 |
20 | import Combine
| `- error: no such module 'Combine'
21 | import Foundation
22 | import UniformTypeIdentifiers
[65/70] Compiling BookKit GoogleBooks.swift
/host/spi-builder-workspace/Sources/BookKit/LibraryThing.swift:20:8: error: no such module 'Combine'
18 | // swiftlint:disable identifier_name
19 |
20 | import Combine
| `- error: no such module 'Combine'
21 | import Foundation
22 | import UniformTypeIdentifiers
error: emit-module command failed with exit code 1 (use -v to see invocation)
[66/70] Emitting module BookKit
/host/spi-builder-workspace/Sources/BookKit/LibraryThing.swift:20:8: error: no such module 'Combine'
18 | // swiftlint:disable identifier_name
19 |
20 | import Combine
| `- error: no such module 'Combine'
21 | import Foundation
22 | import UniformTypeIdentifiers
[67/70] Compiling BookKit Book.swift
/host/spi-builder-workspace/Sources/BookKit/LibraryThing.swift:20:8: error: no such module 'Combine'
18 | // swiftlint:disable identifier_name
19 |
20 | import Combine
| `- error: no such module 'Combine'
21 | import Foundation
22 | import UniformTypeIdentifiers
[68/70] Compiling BookKit AugmentedBook+CSV.swift
/host/spi-builder-workspace/Sources/BookKit/LibraryThing.swift:20:8: error: no such module 'Combine'
18 | // swiftlint:disable identifier_name
19 |
20 | import Combine
| `- error: no such module 'Combine'
21 | import Foundation
22 | import UniformTypeIdentifiers
[69/70] Compiling BookKit AugmentedBook.swift
/host/spi-builder-workspace/Sources/BookKit/LibraryThing.swift:20:8: error: no such module 'Combine'
18 | // swiftlint:disable identifier_name
19 |
20 | import Combine
| `- error: no such module 'Combine'
21 | import Foundation
22 | import UniformTypeIdentifiers
[70/70] Compiling BookKit TypedData.swift
/host/spi-builder-workspace/Sources/BookKit/LibraryThing.swift:20:8: error: no such module 'Combine'
18 | // swiftlint:disable identifier_name
19 |
20 | import Combine
| `- error: no such module 'Combine'
21 | import Foundation
22 | import UniformTypeIdentifiers
Running build ...
bash -c docker run --pull=always --rm -v "checkouts-54344849-3":/host -w "$PWD" -e JAVA_HOME="/root/.sdkman/candidates/java/current" -e SPI_BUILD="1" -e SPI_PROCESSING="1" registry.gitlab.com/saguaro1/spi-images:android-6.1-latest swift build --swift-sdk aarch64-unknown-linux-android24 2>&1
android-6.1-latest: Pulling from saguaro1/spi-images
Digest: sha256:365d9b14669f92fea0572234887def10439445c91d7e524c78a6579ad7294f11
Status: Image is up to date for registry.gitlab.com/saguaro1/spi-images:android-6.1-latest
[0/1] Planning build
Building for debugging...
[0/1] Write swift-version-24593BA9C3E375BF.txt
[2/49] Compiling Logging LoggingSystem.swift
[3/50] Compiling Logging Logger+Attributes.swift
[4/50] Compiling Logging Logger+With.swift
unable to find node: pound
unable to find node: pound
[5/50] Compiling CodableCSV KeyedDecodingContainer.swift
[6/50] Compiling CodableCSV SingleValueDecodingContainer.swift
[7/50] Emitting module Logging
unable to find node: pound
unable to find node: pound
[8/50] Compiling CodableCSV DecoderConfiguration.swift
[9/50] Compiling CodableCSV DecoderLazy.swift
[10/50] Compiling CodableCSV UnkeyedDecodingContainer.swift
[11/50] Compiling CodableCSV Delimiter.swift
[12/50] Compiling Logging Logger.swift
[13/50] Compiling Logging MetadataProvider.swift
[15/51] Compiling CodableCSV ReaderEncodings.swift
[16/51] Compiling CodableCSV ReaderInference.swift
[17/51] Compiling CodableCSV ReaderInternals.swift
[18/51] Compiling CodableCSV Writer.swift
[19/51] Compiling CodableCSV WriterAPI.swift
[20/56] Compiling CodableCSV ShadowEncoder.swift
[21/56] Compiling CodableCSV Sink.swift
[22/56] Compiling CodableCSV SinkBuffer.swift
[23/56] Compiling CodableCSV BOM.swift
[24/56] Compiling CodableCSV Reader.swift
[31/56] Compiling CodableCSV Error.swift
[32/56] Compiling CodableCSV Strategy.swift
[33/56] Compiling CodableCSV Utils.swift
[34/56] Compiling CodableCSV CodingKey.swift
[35/56] Compiling CodableCSV Decoder.swift
[36/56] Emitting module CodableCSV
[37/56] Compiling CodableCSV ReaderAPI.swift
[38/56] Compiling CodableCSV ReaderCollections.swift
[39/56] Compiling CodableCSV ReaderConfiguration.swift
[40/56] Compiling CodableCSV ReaderBuffer.swift
[41/56] Compiling CodableCSV ReaderDecoder.swift
[42/56] Compiling CodableCSV ShadowDecoder.swift
[43/56] Compiling CodableCSV Source.swift
[44/56] Compiling CodableCSV SourceBuffer.swift
[45/56] Compiling CodableCSV Encoder.swift
[46/56] Compiling CodableCSV EncoderConfiguration.swift
[47/56] Compiling CodableCSV EncoderLazy.swift
[48/56] Compiling CodableCSV InvalidEncodingContainer.swift
[49/56] Compiling CodableCSV KeyedEncodingContainer.swift
[50/56] Compiling CodableCSV SingleValueEncodingContainer.swift
[51/56] Compiling CodableCSV UnkeyedEncodingContainer.swift
[52/56] Compiling CodableCSV WriterConfiguration.swift
[53/56] Compiling CodableCSV WriterEncoder.swift
[54/56] Compiling CodableCSV WriterEncoding.swift
[55/56] Compiling CodableCSV WriterInference.swift
[56/56] Compiling CodableCSV WriterInternals.swift
[58/66] Compiling BookKit OpenLibrary.swift
/host/spi-builder-workspace/Sources/BookKit/LibraryThing.swift:20:8: error: no such module 'Combine'
18 | // swiftlint:disable identifier_name
19 |
20 | import Combine
| `- error: no such module 'Combine'
21 | import Foundation
22 | import UniformTypeIdentifiers
[59/67] Compiling BookKit ReadingHistory.swift
/host/spi-builder-workspace/Sources/BookKit/LibraryThing.swift:20:8: error: no such module 'Combine'
18 | // swiftlint:disable identifier_name
19 |
20 | import Combine
| `- error: no such module 'Combine'
21 | import Foundation
22 | import UniformTypeIdentifiers
[60/67] Compiling BookKit GoogleBooks.swift
/host/spi-builder-workspace/Sources/BookKit/LibraryThing.swift:20:8: error: no such module 'Combine'
18 | // swiftlint:disable identifier_name
19 |
20 | import Combine
| `- error: no such module 'Combine'
21 | import Foundation
22 | import UniformTypeIdentifiers
[61/67] Compiling BookKit LibraryThing.swift
/host/spi-builder-workspace/Sources/BookKit/LibraryThing.swift:20:8: error: no such module 'Combine'
18 | // swiftlint:disable identifier_name
19 |
20 | import Combine
| `- error: no such module 'Combine'
21 | import Foundation
22 | import UniformTypeIdentifiers
[62/67] Compiling BookKit DayComponents.swift
/host/spi-builder-workspace/Sources/BookKit/LibraryThing.swift:20:8: error: no such module 'Combine'
18 | // swiftlint:disable identifier_name
19 |
20 | import Combine
| `- error: no such module 'Combine'
21 | import Foundation
22 | import UniformTypeIdentifiers
error: emit-module command failed with exit code 1 (use -v to see invocation)
[63/67] Emitting module BookKit
/host/spi-builder-workspace/Sources/BookKit/LibraryThing.swift:20:8: error: no such module 'Combine'
18 | // swiftlint:disable identifier_name
19 |
20 | import Combine
| `- error: no such module 'Combine'
21 | import Foundation
22 | import UniformTypeIdentifiers
[64/67] Compiling BookKit Book.swift
/host/spi-builder-workspace/Sources/BookKit/LibraryThing.swift:20:8: error: no such module 'Combine'
18 | // swiftlint:disable identifier_name
19 |
20 | import Combine
| `- error: no such module 'Combine'
21 | import Foundation
22 | import UniformTypeIdentifiers
[65/67] Compiling BookKit AugmentedBook+CSV.swift
/host/spi-builder-workspace/Sources/BookKit/LibraryThing.swift:20:8: error: no such module 'Combine'
18 | // swiftlint:disable identifier_name
19 |
20 | import Combine
| `- error: no such module 'Combine'
21 | import Foundation
22 | import UniformTypeIdentifiers
[66/67] Compiling BookKit AugmentedBook.swift
/host/spi-builder-workspace/Sources/BookKit/LibraryThing.swift:20:8: error: no such module 'Combine'
18 | // swiftlint:disable identifier_name
19 |
20 | import Combine
| `- error: no such module 'Combine'
21 | import Foundation
22 | import UniformTypeIdentifiers
[67/67] Compiling BookKit TypedData.swift
/host/spi-builder-workspace/Sources/BookKit/LibraryThing.swift:20:8: error: no such module 'Combine'
18 | // swiftlint:disable identifier_name
19 |
20 | import Combine
| `- error: no such module 'Combine'
21 | import Foundation
22 | import UniformTypeIdentifiers
BUILD FAILURE 6.1 android