Build Information
Failed to build swift-test-doubles, reference main (5fbbce), with Swift 6.4 for watchOS using Xcode 27.0 on 30 Sep 2026 23:13:04 UTC.
Build Command
env DEVELOPER_DIR=/Applications/Xcode-27.0.0-Release.Candidate.app xcrun xcodebuild -IDEClonedSourcePackagesDirPathOverride=$PWD/.dependencies -skipMacroValidation -skipPackagePluginValidation -derivedDataPath $PWD/.derivedData build -scheme swift-test-doubles-Package -destination generic/platform=watchOSBuild Log
ScanDependencies /Users/admin/builder/spi-builder-workspace/.derivedData/Build/Intermediates.noindex/Echo.build/Debug-watchos/CEcho-t.build/Objects-normal/arm64_32/ImageInspectionELF.o /Users/admin/builder/spi-builder-workspace/.dependencies/checkouts/Echo/Sources/CEcho/ImageInspectionELF.c normal arm64_32 c com.apple.compilers.llvm.clang.1_0.compiler (in target 'CEcho' from project 'Echo')
cd /Users/admin/builder/spi-builder-workspace/.swiftpm/xcode
Using response file: /Users/admin/builder/spi-builder-workspace/.derivedData/Build/Intermediates.noindex/Echo.build/Debug-watchos/CEcho-t.build/Objects-normal/arm64_32/7187679823f38a2a940e0043cdf9d637-common-args.resp
builtin-ScanDependencies -o /Users/admin/builder/spi-builder-workspace/.derivedData/Build/Intermediates.noindex/Echo.build/Debug-watchos/CEcho-t.build/Objects-normal/arm64_32/ImageInspectionELF.o.scan -- /Applications/Xcode-27.0.0-Release.Candidate.app/Contents/Developer/Toolchains/XcodeDefault.xctoolchain/usr/bin/clang -x c -ivfsstatcache /Users/admin/builder/spi-builder-workspace/.derivedData/SDKStatCaches.noindex/watchos27.0-24R360-e829b21a6f8c9b70876ba0858053c04477534ef55a1706bf4c1112bbb242f0a2.sdkstatcache -target arm64_32-apple-watchos9.0 -fmessage-length\=0 -fdiagnostics-show-note-include-stack -fmacro-backtrace-limit\=0 -fno-color-diagnostics -fmodules-prune-interval\=86400 -fmodules-prune-after\=345600 -fbuild-session-file\=/Users/admin/builder/spi-builder-workspace/.derivedData/ModuleCache.noindex/Session.modulevalidation -fmodules-validate-once-per-build-session -Wnon-modular-include-in-framework-module -Werror\=non-modular-include-in-framework-module -Wno-trigraphs -Wno-missing-field-initializers -Wno-missing-prototypes -Wno-return-type -Wno-missing-braces -Wparentheses -Wswitch -Wno-unused-function -Wno-unused-label -Wno-unused-parameter -Wno-unused-variable -Wunused-value -Wno-empty-body -Wno-uninitialized -Wno-unknown-pragmas -w -Wno-shadow -Wno-four-char-constants -Wno-conversion -Wno-constant-conversion -Wno-int-conversion -Wno-bool-conversion -Wno-enum-conversion -Wno-float-conversion -Wno-non-literal-null-conversion -Wno-objc-literal-conversion -Wno-shorten-64-to-32 -Wpointer-sign -Wno-newline-eof -Wno-implicit-fallthrough -isysroot /Applications/Xcode-27.0.0-Release.Candidate.app/Contents/Developer/Platforms/WatchOS.platform/Developer/SDKs/WatchOS27.0.sdk -fstrict-aliasing -Wdeprecated-declarations -Wno-sign-conversion -Wno-infinite-recursion -Wno-comma -Wno-block-capture-autoreleasing -Wno-strict-prototypes -Wno-semicolon-before-method-body -index-store-path /Users/admin/builder/spi-builder-workspace/.derivedData/Index.noindex/DataStore @/Users/admin/builder/spi-builder-workspace/.derivedData/Build/Intermediates.noindex/Echo.build/Debug-watchos/CEcho-t.build/Objects-normal/arm64_32/7187679823f38a2a940e0043cdf9d637-common-args.resp -MMD -MT dependencies -MF /Users/admin/builder/spi-builder-workspace/.derivedData/Build/Intermediates.noindex/Echo.build/Debug-watchos/CEcho-t.build/Objects-normal/arm64_32/ImageInspectionELF.d --serialize-diagnostics /Users/admin/builder/spi-builder-workspace/.derivedData/Build/Intermediates.noindex/Echo.build/Debug-watchos/CEcho-t.build/Objects-normal/arm64_32/ImageInspectionELF.dia -c /Users/admin/builder/spi-builder-workspace/.dependencies/checkouts/Echo/Sources/CEcho/ImageInspectionELF.c -o /Users/admin/builder/spi-builder-workspace/.derivedData/Build/Intermediates.noindex/Echo.build/Debug-watchos/CEcho-t.build/Objects-normal/arm64_32/ImageInspectionELF.o -index-unit-output-path /Echo.build/Debug-watchos/CEcho-t.build/Objects-normal/arm64_32/ImageInspectionELF.o
PrecompileModule /Users/admin/builder/spi-builder-workspace/.derivedData/Build/Intermediates.noindex/ExplicitPrecompiledModules/_Builtin_limits-108C04HZP5HR5BYR9CJGONASV.scan
cd /
builtin-precompileModule /Users/admin/builder/spi-builder-workspace/.derivedData/Build/Intermediates.noindex/ExplicitPrecompiledModules/_Builtin_limits-108C04HZP5HR5BYR9CJGONASV.scan
SwiftExplicitDependencyGeneratePcm arm64 /Users/admin/builder/spi-builder-workspace/.derivedData/SDKExplicitPrecompiledModules/os_object-6KYGGZ4DPVZ3BBAZ6QICZN8LI.pcm
CompileC /Users/admin/builder/spi-builder-workspace/.derivedData/Build/Intermediates.noindex/Echo.build/Debug-watchos/CEcho-t.build/Objects-normal/arm64_32/ImageInspectionELF.o /Users/admin/builder/spi-builder-workspace/.dependencies/checkouts/Echo/Sources/CEcho/ImageInspectionELF.c normal arm64_32 c com.apple.compilers.llvm.clang.1_0.compiler (in target 'CEcho' from project 'Echo')
cd /Users/admin/builder/spi-builder-workspace/.swiftpm/xcode
Using response file: /Users/admin/builder/spi-builder-workspace/.derivedData/Build/Intermediates.noindex/Echo.build/Debug-watchos/CEcho-t.build/Objects-normal/arm64_32/7187679823f38a2a940e0043cdf9d637-common-args.resp
/Applications/Xcode-27.0.0-Release.Candidate.app/Contents/Developer/Toolchains/XcodeDefault.xctoolchain/usr/bin/clang -x c -ivfsstatcache /Users/admin/builder/spi-builder-workspace/.derivedData/SDKStatCaches.noindex/watchos27.0-24R360-e829b21a6f8c9b70876ba0858053c04477534ef55a1706bf4c1112bbb242f0a2.sdkstatcache -target arm64_32-apple-watchos9.0 -fmessage-length\=0 -fdiagnostics-show-note-include-stack -fmacro-backtrace-limit\=0 -fno-color-diagnostics -fmodules-prune-interval\=86400 -fmodules-prune-after\=345600 -fbuild-session-file\=/Users/admin/builder/spi-builder-workspace/.derivedData/ModuleCache.noindex/Session.modulevalidation -fmodules-validate-once-per-build-session -Wnon-modular-include-in-framework-module -Werror\=non-modular-include-in-framework-module -Wno-trigraphs -Wno-missing-field-initializers -Wno-missing-prototypes -Wno-return-type -Wno-missing-braces -Wparentheses -Wswitch -Wno-unused-function -Wno-unused-label -Wno-unused-parameter -Wno-unused-variable -Wunused-value -Wno-empty-body -Wno-uninitialized -Wno-unknown-pragmas -w -Wno-shadow -Wno-four-char-constants -Wno-conversion -Wno-constant-conversion -Wno-int-conversion -Wno-bool-conversion -Wno-enum-conversion -Wno-float-conversion -Wno-non-literal-null-conversion -Wno-objc-literal-conversion -Wno-shorten-64-to-32 -Wpointer-sign -Wno-newline-eof -Wno-implicit-fallthrough -isysroot /Applications/Xcode-27.0.0-Release.Candidate.app/Contents/Developer/Platforms/WatchOS.platform/Developer/SDKs/WatchOS27.0.sdk -fstrict-aliasing -Wdeprecated-declarations -Wno-sign-conversion -Wno-infinite-recursion -Wno-comma -Wno-block-capture-autoreleasing -Wno-strict-prototypes -Wno-semicolon-before-method-body -index-store-path /Users/admin/builder/spi-builder-workspace/.derivedData/Index.noindex/DataStore @/Users/admin/builder/spi-builder-workspace/.derivedData/Build/Intermediates.noindex/Echo.build/Debug-watchos/CEcho-t.build/Objects-normal/arm64_32/7187679823f38a2a940e0043cdf9d637-common-args.resp -MMD -MT dependencies -MF /Users/admin/builder/spi-builder-workspace/.derivedData/Build/Intermediates.noindex/Echo.build/Debug-watchos/CEcho-t.build/Objects-normal/arm64_32/ImageInspectionELF.d --serialize-diagnostics /Users/admin/builder/spi-builder-workspace/.derivedData/Build/Intermediates.noindex/Echo.build/Debug-watchos/CEcho-t.build/Objects-normal/arm64_32/ImageInspectionELF.dia -c /Users/admin/builder/spi-builder-workspace/.dependencies/checkouts/Echo/Sources/CEcho/ImageInspectionELF.c -o /Users/admin/builder/spi-builder-workspace/.derivedData/Build/Intermediates.noindex/Echo.build/Debug-watchos/CEcho-t.build/Objects-normal/arm64_32/ImageInspectionELF.o -index-unit-output-path /Echo.build/Debug-watchos/CEcho-t.build/Objects-normal/arm64_32/ImageInspectionELF.o
PrecompileModule /Users/admin/builder/spi-builder-workspace/.derivedData/Build/Intermediates.noindex/ExplicitPrecompiledModules/_DarwinFoundation2-C3V5GE1CQL0XVFGAYT10DZE6Y.scan
cd /
builtin-precompileModule /Users/admin/builder/spi-builder-workspace/.derivedData/Build/Intermediates.noindex/ExplicitPrecompiledModules/_DarwinFoundation2-C3V5GE1CQL0XVFGAYT10DZE6Y.scan
ScanDependencies /Users/admin/builder/spi-builder-workspace/.derivedData/Build/Intermediates.noindex/Echo.build/Debug-watchos/CEcho-t.build/Objects-normal/arm64_32/Functions.o /Users/admin/builder/spi-builder-workspace/.dependencies/checkouts/Echo/Sources/CEcho/Functions.c normal arm64_32 c com.apple.compilers.llvm.clang.1_0.compiler (in target 'CEcho' from project 'Echo')
cd /Users/admin/builder/spi-builder-workspace/.swiftpm/xcode
Using response file: /Users/admin/builder/spi-builder-workspace/.derivedData/Build/Intermediates.noindex/Echo.build/Debug-watchos/CEcho-t.build/Objects-normal/arm64_32/7187679823f38a2a940e0043cdf9d637-common-args.resp
builtin-ScanDependencies -o /Users/admin/builder/spi-builder-workspace/.derivedData/Build/Intermediates.noindex/Echo.build/Debug-watchos/CEcho-t.build/Objects-normal/arm64_32/Functions.o.scan -- /Applications/Xcode-27.0.0-Release.Candidate.app/Contents/Developer/Toolchains/XcodeDefault.xctoolchain/usr/bin/clang -x c -ivfsstatcache /Users/admin/builder/spi-builder-workspace/.derivedData/SDKStatCaches.noindex/watchos27.0-24R360-e829b21a6f8c9b70876ba0858053c04477534ef55a1706bf4c1112bbb242f0a2.sdkstatcache -target arm64_32-apple-watchos9.0 -fmessage-length\=0 -fdiagnostics-show-note-include-stack -fmacro-backtrace-limit\=0 -fno-color-diagnostics -fmodules-prune-interval\=86400 -fmodules-prune-after\=345600 -fbuild-session-file\=/Users/admin/builder/spi-builder-workspace/.derivedData/ModuleCache.noindex/Session.modulevalidation -fmodules-validate-once-per-build-session -Wnon-modular-include-in-framework-module -Werror\=non-modular-include-in-framework-module -Wno-trigraphs -Wno-missing-field-initializers -Wno-missing-prototypes -Wno-return-type -Wno-missing-braces -Wparentheses -Wswitch -Wno-unused-function -Wno-unused-label -Wno-unused-parameter -Wno-unused-variable -Wunused-value -Wno-empty-body -Wno-uninitialized -Wno-unknown-pragmas -w -Wno-shadow -Wno-four-char-constants -Wno-conversion -Wno-constant-conversion -Wno-int-conversion -Wno-bool-conversion -Wno-enum-conversion -Wno-float-conversion -Wno-non-literal-null-conversion -Wno-objc-literal-conversion -Wno-shorten-64-to-32 -Wpointer-sign -Wno-newline-eof -Wno-implicit-fallthrough -isysroot /Applications/Xcode-27.0.0-Release.Candidate.app/Contents/Developer/Platforms/WatchOS.platform/Developer/SDKs/WatchOS27.0.sdk -fstrict-aliasing -Wdeprecated-declarations -Wno-sign-conversion -Wno-infinite-recursion -Wno-comma -Wno-block-capture-autoreleasing -Wno-strict-prototypes -Wno-semicolon-before-method-body -index-store-path /Users/admin/builder/spi-builder-workspace/.derivedData/Index.noindex/DataStore @/Users/admin/builder/spi-builder-workspace/.derivedData/Build/Intermediates.noindex/Echo.build/Debug-watchos/CEcho-t.build/Objects-normal/arm64_32/7187679823f38a2a940e0043cdf9d637-common-args.resp -MMD -MT dependencies -MF /Users/admin/builder/spi-builder-workspace/.derivedData/Build/Intermediates.noindex/Echo.build/Debug-watchos/CEcho-t.build/Objects-normal/arm64_32/Functions.d --serialize-diagnostics /Users/admin/builder/spi-builder-workspace/.derivedData/Build/Intermediates.noindex/Echo.build/Debug-watchos/CEcho-t.build/Objects-normal/arm64_32/Functions.dia -c /Users/admin/builder/spi-builder-workspace/.dependencies/checkouts/Echo/Sources/CEcho/Functions.c -o /Users/admin/builder/spi-builder-workspace/.derivedData/Build/Intermediates.noindex/Echo.build/Debug-watchos/CEcho-t.build/Objects-normal/arm64_32/Functions.o -index-unit-output-path /Echo.build/Debug-watchos/CEcho-t.build/Objects-normal/arm64_32/Functions.o
ScanDependencies /Users/admin/builder/spi-builder-workspace/.derivedData/Build/Intermediates.noindex/Echo.build/Debug-watchos/CEcho-t.build/Objects-normal/arm64_32/CallAccessor.o /Users/admin/builder/spi-builder-workspace/.dependencies/checkouts/Echo/Sources/CEcho/CallAccessor.c normal arm64_32 c com.apple.compilers.llvm.clang.1_0.compiler (in target 'CEcho' from project 'Echo')
cd /Users/admin/builder/spi-builder-workspace/.swiftpm/xcode
Using response file: /Users/admin/builder/spi-builder-workspace/.derivedData/Build/Intermediates.noindex/Echo.build/Debug-watchos/CEcho-t.build/Objects-normal/arm64_32/7187679823f38a2a940e0043cdf9d637-common-args.resp
builtin-ScanDependencies -o /Users/admin/builder/spi-builder-workspace/.derivedData/Build/Intermediates.noindex/Echo.build/Debug-watchos/CEcho-t.build/Objects-normal/arm64_32/CallAccessor.o.scan -- /Applications/Xcode-27.0.0-Release.Candidate.app/Contents/Developer/Toolchains/XcodeDefault.xctoolchain/usr/bin/clang -x c -ivfsstatcache /Users/admin/builder/spi-builder-workspace/.derivedData/SDKStatCaches.noindex/watchos27.0-24R360-e829b21a6f8c9b70876ba0858053c04477534ef55a1706bf4c1112bbb242f0a2.sdkstatcache -target arm64_32-apple-watchos9.0 -fmessage-length\=0 -fdiagnostics-show-note-include-stack -fmacro-backtrace-limit\=0 -fno-color-diagnostics -fmodules-prune-interval\=86400 -fmodules-prune-after\=345600 -fbuild-session-file\=/Users/admin/builder/spi-builder-workspace/.derivedData/ModuleCache.noindex/Session.modulevalidation -fmodules-validate-once-per-build-session -Wnon-modular-include-in-framework-module -Werror\=non-modular-include-in-framework-module -Wno-trigraphs -Wno-missing-field-initializers -Wno-missing-prototypes -Wno-return-type -Wno-missing-braces -Wparentheses -Wswitch -Wno-unused-function -Wno-unused-label -Wno-unused-parameter -Wno-unused-variable -Wunused-value -Wno-empty-body -Wno-uninitialized -Wno-unknown-pragmas -w -Wno-shadow -Wno-four-char-constants -Wno-conversion -Wno-constant-conversion -Wno-int-conversion -Wno-bool-conversion -Wno-enum-conversion -Wno-float-conversion -Wno-non-literal-null-conversion -Wno-objc-literal-conversion -Wno-shorten-64-to-32 -Wpointer-sign -Wno-newline-eof -Wno-implicit-fallthrough -isysroot /Applications/Xcode-27.0.0-Release.Candidate.app/Contents/Developer/Platforms/WatchOS.platform/Developer/SDKs/WatchOS27.0.sdk -fstrict-aliasing -Wdeprecated-declarations -Wno-sign-conversion -Wno-infinite-recursion -Wno-comma -Wno-block-capture-autoreleasing -Wno-strict-prototypes -Wno-semicolon-before-method-body -index-store-path /Users/admin/builder/spi-builder-workspace/.derivedData/Index.noindex/DataStore @/Users/admin/builder/spi-builder-workspace/.derivedData/Build/Intermediates.noindex/Echo.build/Debug-watchos/CEcho-t.build/Objects-normal/arm64_32/7187679823f38a2a940e0043cdf9d637-common-args.resp -MMD -MT dependencies -MF /Users/admin/builder/spi-builder-workspace/.derivedData/Build/Intermediates.noindex/Echo.build/Debug-watchos/CEcho-t.build/Objects-normal/arm64_32/CallAccessor.d --serialize-diagnostics /Users/admin/builder/spi-builder-workspace/.derivedData/Build/Intermediates.noindex/Echo.build/Debug-watchos/CEcho-t.build/Objects-normal/arm64_32/CallAccessor.dia -c /Users/admin/builder/spi-builder-workspace/.dependencies/checkouts/Echo/Sources/CEcho/CallAccessor.c -o /Users/admin/builder/spi-builder-workspace/.derivedData/Build/Intermediates.noindex/Echo.build/Debug-watchos/CEcho-t.build/Objects-normal/arm64_32/CallAccessor.o -index-unit-output-path /Echo.build/Debug-watchos/CEcho-t.build/Objects-normal/arm64_32/CallAccessor.o
ScanDependencies /Users/admin/builder/spi-builder-workspace/.derivedData/Build/Intermediates.noindex/Echo.build/Debug-watchos/CEcho-t.build/Objects-normal/arm64/ValueWitnessTable.o /Users/admin/builder/spi-builder-workspace/.dependencies/checkouts/Echo/Sources/CEcho/ValueWitnessTable.c normal arm64 c com.apple.compilers.llvm.clang.1_0.compiler (in target 'CEcho' from project 'Echo')
cd /Users/admin/builder/spi-builder-workspace/.swiftpm/xcode
Using response file: /Users/admin/builder/spi-builder-workspace/.derivedData/Build/Intermediates.noindex/Echo.build/Debug-watchos/CEcho-t.build/Objects-normal/arm64/7187679823f38a2a940e0043cdf9d637-common-args.resp
builtin-ScanDependencies -o /Users/admin/builder/spi-builder-workspace/.derivedData/Build/Intermediates.noindex/Echo.build/Debug-watchos/CEcho-t.build/Objects-normal/arm64/ValueWitnessTable.o.scan -- /Applications/Xcode-27.0.0-Release.Candidate.app/Contents/Developer/Toolchains/XcodeDefault.xctoolchain/usr/bin/clang -x c -ivfsstatcache /Users/admin/builder/spi-builder-workspace/.derivedData/SDKStatCaches.noindex/watchos27.0-24R360-e829b21a6f8c9b70876ba0858053c04477534ef55a1706bf4c1112bbb242f0a2.sdkstatcache -target arm64-apple-watchos9.0 -fmessage-length\=0 -fdiagnostics-show-note-include-stack -fmacro-backtrace-limit\=0 -fno-color-diagnostics -fmodules-prune-interval\=86400 -fmodules-prune-after\=345600 -fbuild-session-file\=/Users/admin/builder/spi-builder-workspace/.derivedData/ModuleCache.noindex/Session.modulevalidation -fmodules-validate-once-per-build-session -Wnon-modular-include-in-framework-module -Werror\=non-modular-include-in-framework-module -Wno-trigraphs -Wno-missing-field-initializers -Wno-missing-prototypes -Wno-return-type -Wno-missing-braces -Wparentheses -Wswitch -Wno-unused-function -Wno-unused-label -Wno-unused-parameter -Wno-unused-variable -Wunused-value -Wno-empty-body -Wno-uninitialized -Wno-unknown-pragmas -w -Wno-shadow -Wno-four-char-constants -Wno-conversion -Wno-constant-conversion -Wno-int-conversion -Wno-bool-conversion -Wno-enum-conversion -Wno-float-conversion -Wno-non-literal-null-conversion -Wno-objc-literal-conversion -Wshorten-64-to-32 -Wpointer-sign -Wno-newline-eof -Wno-implicit-fallthrough -isysroot /Applications/Xcode-27.0.0-Release.Candidate.app/Contents/Developer/Platforms/WatchOS.platform/Developer/SDKs/WatchOS27.0.sdk -fstrict-aliasing -Wdeprecated-declarations -Wno-sign-conversion -Wno-infinite-recursion -Wno-comma -Wno-block-capture-autoreleasing -Wno-strict-prototypes -Wno-semicolon-before-method-body -index-store-path /Users/admin/builder/spi-builder-workspace/.derivedData/Index.noindex/DataStore @/Users/admin/builder/spi-builder-workspace/.derivedData/Build/Intermediates.noindex/Echo.build/Debug-watchos/CEcho-t.build/Objects-normal/arm64/7187679823f38a2a940e0043cdf9d637-common-args.resp -MMD -MT dependencies -MF /Users/admin/builder/spi-builder-workspace/.derivedData/Build/Intermediates.noindex/Echo.build/Debug-watchos/CEcho-t.build/Objects-normal/arm64/ValueWitnessTable.d --serialize-diagnostics /Users/admin/builder/spi-builder-workspace/.derivedData/Build/Intermediates.noindex/Echo.build/Debug-watchos/CEcho-t.build/Objects-normal/arm64/ValueWitnessTable.dia -c /Users/admin/builder/spi-builder-workspace/.dependencies/checkouts/Echo/Sources/CEcho/ValueWitnessTable.c -o /Users/admin/builder/spi-builder-workspace/.derivedData/Build/Intermediates.noindex/Echo.build/Debug-watchos/CEcho-t.build/Objects-normal/arm64/ValueWitnessTable.o -index-unit-output-path /Echo.build/Debug-watchos/CEcho-t.build/Objects-normal/arm64/ValueWitnessTable.o
SwiftExplicitDependencyGeneratePcm arm64_32 /Users/admin/builder/spi-builder-workspace/.derivedData/SDKExplicitPrecompiledModules/os_workgroup-9L9R05BT5LTFRZ2NM68BZTVV2.pcm
CompileC /Users/admin/builder/spi-builder-workspace/.derivedData/Build/Intermediates.noindex/Echo.build/Debug-watchos/CEcho-t.build/Objects-normal/arm64_32/CallAccessor.o /Users/admin/builder/spi-builder-workspace/.dependencies/checkouts/Echo/Sources/CEcho/CallAccessor.c normal arm64_32 c com.apple.compilers.llvm.clang.1_0.compiler (in target 'CEcho' from project 'Echo')
cd /Users/admin/builder/spi-builder-workspace/.swiftpm/xcode
Using response file: /Users/admin/builder/spi-builder-workspace/.derivedData/Build/Intermediates.noindex/Echo.build/Debug-watchos/CEcho-t.build/Objects-normal/arm64_32/7187679823f38a2a940e0043cdf9d637-common-args.resp
/Applications/Xcode-27.0.0-Release.Candidate.app/Contents/Developer/Toolchains/XcodeDefault.xctoolchain/usr/bin/clang -x c -ivfsstatcache /Users/admin/builder/spi-builder-workspace/.derivedData/SDKStatCaches.noindex/watchos27.0-24R360-e829b21a6f8c9b70876ba0858053c04477534ef55a1706bf4c1112bbb242f0a2.sdkstatcache -target arm64_32-apple-watchos9.0 -fmessage-length\=0 -fdiagnostics-show-note-include-stack -fmacro-backtrace-limit\=0 -fno-color-diagnostics -fmodules-prune-interval\=86400 -fmodules-prune-after\=345600 -fbuild-session-file\=/Users/admin/builder/spi-builder-workspace/.derivedData/ModuleCache.noindex/Session.modulevalidation -fmodules-validate-once-per-build-session -Wnon-modular-include-in-framework-module -Werror\=non-modular-include-in-framework-module -Wno-trigraphs -Wno-missing-field-initializers -Wno-missing-prototypes -Wno-return-type -Wno-missing-braces -Wparentheses -Wswitch -Wno-unused-function -Wno-unused-label -Wno-unused-parameter -Wno-unused-variable -Wunused-value -Wno-empty-body -Wno-uninitialized -Wno-unknown-pragmas -w -Wno-shadow -Wno-four-char-constants -Wno-conversion -Wno-constant-conversion -Wno-int-conversion -Wno-bool-conversion -Wno-enum-conversion -Wno-float-conversion -Wno-non-literal-null-conversion -Wno-objc-literal-conversion -Wno-shorten-64-to-32 -Wpointer-sign -Wno-newline-eof -Wno-implicit-fallthrough -isysroot /Applications/Xcode-27.0.0-Release.Candidate.app/Contents/Developer/Platforms/WatchOS.platform/Developer/SDKs/WatchOS27.0.sdk -fstrict-aliasing -Wdeprecated-declarations -Wno-sign-conversion -Wno-infinite-recursion -Wno-comma -Wno-block-capture-autoreleasing -Wno-strict-prototypes -Wno-semicolon-before-method-body -index-store-path /Users/admin/builder/spi-builder-workspace/.derivedData/Index.noindex/DataStore @/Users/admin/builder/spi-builder-workspace/.derivedData/Build/Intermediates.noindex/Echo.build/Debug-watchos/CEcho-t.build/Objects-normal/arm64_32/7187679823f38a2a940e0043cdf9d637-common-args.resp -MMD -MT dependencies -MF /Users/admin/builder/spi-builder-workspace/.derivedData/Build/Intermediates.noindex/Echo.build/Debug-watchos/CEcho-t.build/Objects-normal/arm64_32/CallAccessor.d --serialize-diagnostics /Users/admin/builder/spi-builder-workspace/.derivedData/Build/Intermediates.noindex/Echo.build/Debug-watchos/CEcho-t.build/Objects-normal/arm64_32/CallAccessor.dia -c /Users/admin/builder/spi-builder-workspace/.dependencies/checkouts/Echo/Sources/CEcho/CallAccessor.c -o /Users/admin/builder/spi-builder-workspace/.derivedData/Build/Intermediates.noindex/Echo.build/Debug-watchos/CEcho-t.build/Objects-normal/arm64_32/CallAccessor.o -index-unit-output-path /Echo.build/Debug-watchos/CEcho-t.build/Objects-normal/arm64_32/CallAccessor.o
CompileC /Users/admin/builder/spi-builder-workspace/.derivedData/Build/Intermediates.noindex/Echo.build/Debug-watchos/CEcho-t.build/Objects-normal/arm64_32/Functions.o /Users/admin/builder/spi-builder-workspace/.dependencies/checkouts/Echo/Sources/CEcho/Functions.c normal arm64_32 c com.apple.compilers.llvm.clang.1_0.compiler (in target 'CEcho' from project 'Echo')
cd /Users/admin/builder/spi-builder-workspace/.swiftpm/xcode
Using response file: /Users/admin/builder/spi-builder-workspace/.derivedData/Build/Intermediates.noindex/Echo.build/Debug-watchos/CEcho-t.build/Objects-normal/arm64_32/7187679823f38a2a940e0043cdf9d637-common-args.resp
/Applications/Xcode-27.0.0-Release.Candidate.app/Contents/Developer/Toolchains/XcodeDefault.xctoolchain/usr/bin/clang -x c -ivfsstatcache /Users/admin/builder/spi-builder-workspace/.derivedData/SDKStatCaches.noindex/watchos27.0-24R360-e829b21a6f8c9b70876ba0858053c04477534ef55a1706bf4c1112bbb242f0a2.sdkstatcache -target arm64_32-apple-watchos9.0 -fmessage-length\=0 -fdiagnostics-show-note-include-stack -fmacro-backtrace-limit\=0 -fno-color-diagnostics -fmodules-prune-interval\=86400 -fmodules-prune-after\=345600 -fbuild-session-file\=/Users/admin/builder/spi-builder-workspace/.derivedData/ModuleCache.noindex/Session.modulevalidation -fmodules-validate-once-per-build-session -Wnon-modular-include-in-framework-module -Werror\=non-modular-include-in-framework-module -Wno-trigraphs -Wno-missing-field-initializers -Wno-missing-prototypes -Wno-return-type -Wno-missing-braces -Wparentheses -Wswitch -Wno-unused-function -Wno-unused-label -Wno-unused-parameter -Wno-unused-variable -Wunused-value -Wno-empty-body -Wno-uninitialized -Wno-unknown-pragmas -w -Wno-shadow -Wno-four-char-constants -Wno-conversion -Wno-constant-conversion -Wno-int-conversion -Wno-bool-conversion -Wno-enum-conversion -Wno-float-conversion -Wno-non-literal-null-conversion -Wno-objc-literal-conversion -Wno-shorten-64-to-32 -Wpointer-sign -Wno-newline-eof -Wno-implicit-fallthrough -isysroot /Applications/Xcode-27.0.0-Release.Candidate.app/Contents/Developer/Platforms/WatchOS.platform/Developer/SDKs/WatchOS27.0.sdk -fstrict-aliasing -Wdeprecated-declarations -Wno-sign-conversion -Wno-infinite-recursion -Wno-comma -Wno-block-capture-autoreleasing -Wno-strict-prototypes -Wno-semicolon-before-method-body -index-store-path /Users/admin/builder/spi-builder-workspace/.derivedData/Index.noindex/DataStore @/Users/admin/builder/spi-builder-workspace/.derivedData/Build/Intermediates.noindex/Echo.build/Debug-watchos/CEcho-t.build/Objects-normal/arm64_32/7187679823f38a2a940e0043cdf9d637-common-args.resp -MMD -MT dependencies -MF /Users/admin/builder/spi-builder-workspace/.derivedData/Build/Intermediates.noindex/Echo.build/Debug-watchos/CEcho-t.build/Objects-normal/arm64_32/Functions.d --serialize-diagnostics /Users/admin/builder/spi-builder-workspace/.derivedData/Build/Intermediates.noindex/Echo.build/Debug-watchos/CEcho-t.build/Objects-normal/arm64_32/Functions.dia -c /Users/admin/builder/spi-builder-workspace/.dependencies/checkouts/Echo/Sources/CEcho/Functions.c -o /Users/admin/builder/spi-builder-workspace/.derivedData/Build/Intermediates.noindex/Echo.build/Debug-watchos/CEcho-t.build/Objects-normal/arm64_32/Functions.o -index-unit-output-path /Echo.build/Debug-watchos/CEcho-t.build/Objects-normal/arm64_32/Functions.o
CompileC /Users/admin/builder/spi-builder-workspace/.derivedData/Build/Intermediates.noindex/Echo.build/Debug-watchos/CEcho-t.build/Objects-normal/arm64/ValueWitnessTable.o /Users/admin/builder/spi-builder-workspace/.dependencies/checkouts/Echo/Sources/CEcho/ValueWitnessTable.c normal arm64 c com.apple.compilers.llvm.clang.1_0.compiler (in target 'CEcho' from project 'Echo')
cd /Users/admin/builder/spi-builder-workspace/.swiftpm/xcode
Using response file: /Users/admin/builder/spi-builder-workspace/.derivedData/Build/Intermediates.noindex/Echo.build/Debug-watchos/CEcho-t.build/Objects-normal/arm64/7187679823f38a2a940e0043cdf9d637-common-args.resp
/Applications/Xcode-27.0.0-Release.Candidate.app/Contents/Developer/Toolchains/XcodeDefault.xctoolchain/usr/bin/clang -x c -ivfsstatcache /Users/admin/builder/spi-builder-workspace/.derivedData/SDKStatCaches.noindex/watchos27.0-24R360-e829b21a6f8c9b70876ba0858053c04477534ef55a1706bf4c1112bbb242f0a2.sdkstatcache -target arm64-apple-watchos9.0 -fmessage-length\=0 -fdiagnostics-show-note-include-stack -fmacro-backtrace-limit\=0 -fno-color-diagnostics -fmodules-prune-interval\=86400 -fmodules-prune-after\=345600 -fbuild-session-file\=/Users/admin/builder/spi-builder-workspace/.derivedData/ModuleCache.noindex/Session.modulevalidation -fmodules-validate-once-per-build-session -Wnon-modular-include-in-framework-module -Werror\=non-modular-include-in-framework-module -Wno-trigraphs -Wno-missing-field-initializers -Wno-missing-prototypes -Wno-return-type -Wno-missing-braces -Wparentheses -Wswitch -Wno-unused-function -Wno-unused-label -Wno-unused-parameter -Wno-unused-variable -Wunused-value -Wno-empty-body -Wno-uninitialized -Wno-unknown-pragmas -w -Wno-shadow -Wno-four-char-constants -Wno-conversion -Wno-constant-conversion -Wno-int-conversion -Wno-bool-conversion -Wno-enum-conversion -Wno-float-conversion -Wno-non-literal-null-conversion -Wno-objc-literal-conversion -Wshorten-64-to-32 -Wpointer-sign -Wno-newline-eof -Wno-implicit-fallthrough -isysroot /Applications/Xcode-27.0.0-Release.Candidate.app/Contents/Developer/Platforms/WatchOS.platform/Developer/SDKs/WatchOS27.0.sdk -fstrict-aliasing -Wdeprecated-declarations -Wno-sign-conversion -Wno-infinite-recursion -Wno-comma -Wno-block-capture-autoreleasing -Wno-strict-prototypes -Wno-semicolon-before-method-body -index-store-path /Users/admin/builder/spi-builder-workspace/.derivedData/Index.noindex/DataStore @/Users/admin/builder/spi-builder-workspace/.derivedData/Build/Intermediates.noindex/Echo.build/Debug-watchos/CEcho-t.build/Objects-normal/arm64/7187679823f38a2a940e0043cdf9d637-common-args.resp -MMD -MT dependencies -MF /Users/admin/builder/spi-builder-workspace/.derivedData/Build/Intermediates.noindex/Echo.build/Debug-watchos/CEcho-t.build/Objects-normal/arm64/ValueWitnessTable.d --serialize-diagnostics /Users/admin/builder/spi-builder-workspace/.derivedData/Build/Intermediates.noindex/Echo.build/Debug-watchos/CEcho-t.build/Objects-normal/arm64/ValueWitnessTable.dia -c /Users/admin/builder/spi-builder-workspace/.dependencies/checkouts/Echo/Sources/CEcho/ValueWitnessTable.c -o /Users/admin/builder/spi-builder-workspace/.derivedData/Build/Intermediates.noindex/Echo.build/Debug-watchos/CEcho-t.build/Objects-normal/arm64/ValueWitnessTable.o -index-unit-output-path /Echo.build/Debug-watchos/CEcho-t.build/Objects-normal/arm64/ValueWitnessTable.o
SwiftDriverJobDiscovery normal arm64_32 Compiling RuntimeMethodContract.swift (in target 'InternalRuntimeContract' from project 'swift-test-doubles')
ScanDependencies /Users/admin/builder/spi-builder-workspace/.derivedData/Build/Intermediates.noindex/Echo.build/Debug-watchos/CEcho-t.build/Objects-normal/arm64/KnownMetadata.o /Users/admin/builder/spi-builder-workspace/.dependencies/checkouts/Echo/Sources/CEcho/KnownMetadata.c normal arm64 c com.apple.compilers.llvm.clang.1_0.compiler (in target 'CEcho' from project 'Echo')
cd /Users/admin/builder/spi-builder-workspace/.swiftpm/xcode
Using response file: /Users/admin/builder/spi-builder-workspace/.derivedData/Build/Intermediates.noindex/Echo.build/Debug-watchos/CEcho-t.build/Objects-normal/arm64/7187679823f38a2a940e0043cdf9d637-common-args.resp
builtin-ScanDependencies -o /Users/admin/builder/spi-builder-workspace/.derivedData/Build/Intermediates.noindex/Echo.build/Debug-watchos/CEcho-t.build/Objects-normal/arm64/KnownMetadata.o.scan -- /Applications/Xcode-27.0.0-Release.Candidate.app/Contents/Developer/Toolchains/XcodeDefault.xctoolchain/usr/bin/clang -x c -ivfsstatcache /Users/admin/builder/spi-builder-workspace/.derivedData/SDKStatCaches.noindex/watchos27.0-24R360-e829b21a6f8c9b70876ba0858053c04477534ef55a1706bf4c1112bbb242f0a2.sdkstatcache -target arm64-apple-watchos9.0 -fmessage-length\=0 -fdiagnostics-show-note-include-stack -fmacro-backtrace-limit\=0 -fno-color-diagnostics -fmodules-prune-interval\=86400 -fmodules-prune-after\=345600 -fbuild-session-file\=/Users/admin/builder/spi-builder-workspace/.derivedData/ModuleCache.noindex/Session.modulevalidation -fmodules-validate-once-per-build-session -Wnon-modular-include-in-framework-module -Werror\=non-modular-include-in-framework-module -Wno-trigraphs -Wno-missing-field-initializers -Wno-missing-prototypes -Wno-return-type -Wno-missing-braces -Wparentheses -Wswitch -Wno-unused-function -Wno-unused-label -Wno-unused-parameter -Wno-unused-variable -Wunused-value -Wno-empty-body -Wno-uninitialized -Wno-unknown-pragmas -w -Wno-shadow -Wno-four-char-constants -Wno-conversion -Wno-constant-conversion -Wno-int-conversion -Wno-bool-conversion -Wno-enum-conversion -Wno-float-conversion -Wno-non-literal-null-conversion -Wno-objc-literal-conversion -Wshorten-64-to-32 -Wpointer-sign -Wno-newline-eof -Wno-implicit-fallthrough -isysroot /Applications/Xcode-27.0.0-Release.Candidate.app/Contents/Developer/Platforms/WatchOS.platform/Developer/SDKs/WatchOS27.0.sdk -fstrict-aliasing -Wdeprecated-declarations -Wno-sign-conversion -Wno-infinite-recursion -Wno-comma -Wno-block-capture-autoreleasing -Wno-strict-prototypes -Wno-semicolon-before-method-body -index-store-path /Users/admin/builder/spi-builder-workspace/.derivedData/Index.noindex/DataStore @/Users/admin/builder/spi-builder-workspace/.derivedData/Build/Intermediates.noindex/Echo.build/Debug-watchos/CEcho-t.build/Objects-normal/arm64/7187679823f38a2a940e0043cdf9d637-common-args.resp -MMD -MT dependencies -MF /Users/admin/builder/spi-builder-workspace/.derivedData/Build/Intermediates.noindex/Echo.build/Debug-watchos/CEcho-t.build/Objects-normal/arm64/KnownMetadata.d --serialize-diagnostics /Users/admin/builder/spi-builder-workspace/.derivedData/Build/Intermediates.noindex/Echo.build/Debug-watchos/CEcho-t.build/Objects-normal/arm64/KnownMetadata.dia -c /Users/admin/builder/spi-builder-workspace/.dependencies/checkouts/Echo/Sources/CEcho/KnownMetadata.c -o /Users/admin/builder/spi-builder-workspace/.derivedData/Build/Intermediates.noindex/Echo.build/Debug-watchos/CEcho-t.build/Objects-normal/arm64/KnownMetadata.o -index-unit-output-path /Echo.build/Debug-watchos/CEcho-t.build/Objects-normal/arm64/KnownMetadata.o
SwiftDriver\ Compilation InternalRuntimeContract normal arm64_32 com.apple.xcode.tools.swift.compiler (in target 'InternalRuntimeContract' from project 'swift-test-doubles')
cd /Users/admin/builder/spi-builder-workspace/.swiftpm/xcode
builtin-Swift-Compilation -- /Applications/Xcode-27.0.0-Release.Candidate.app/Contents/Developer/Toolchains/XcodeDefault.xctoolchain/usr/bin/swiftc -parse-as-library -module-name InternalRuntimeContract -Onone @/Users/admin/builder/spi-builder-workspace/.derivedData/Build/Intermediates.noindex/swift-test-doubles.build/Debug-watchos/InternalRuntimeContract-t.build/Objects-normal/arm64_32/InternalRuntimeContract.SwiftFileList -DSWIFT_PACKAGE -DDEBUG -DSWIFT_MODULE_RESOURCE_BUNDLE_UNAVAILABLE -DRuntimeStubs -DXcode -plugin-path /Applications/Xcode-27.0.0-Release.Candidate.app/Contents/Developer/Toolchains/XcodeDefault.xctoolchain/usr/lib/swift/host/plugins/testing -enable-experimental-feature DebugDescriptionMacro -sdk /Applications/Xcode-27.0.0-Release.Candidate.app/Contents/Developer/Platforms/WatchOS.platform/Developer/SDKs/WatchOS27.0.sdk -target arm64_32-apple-watchos9.0 -g -module-cache-path /Users/admin/builder/spi-builder-workspace/.derivedData/ModuleCache.noindex -Xfrontend -serialize-debugging-options -profile-coverage-mapping -profile-generate -enable-testing -index-store-path /Users/admin/builder/spi-builder-workspace/.derivedData/Index.noindex/DataStore -Xcc -D_LIBCPP_HARDENING_MODE\=_LIBCPP_HARDENING_MODE_DEBUG -swift-version 6 -I /Users/admin/builder/spi-builder-workspace/.derivedData/Build/Products/Debug-watchos -Isystem /Applications/Xcode-27.0.0-Release.Candidate.app/Contents/Developer/Platforms/WatchOS.platform/Developer/usr/lib -F /Users/admin/builder/spi-builder-workspace/.derivedData/Build/Products/Debug-watchos -F /Applications/Xcode-27.0.0-Release.Candidate.app/Contents/Developer/Platforms/WatchOS.platform/Developer/Library/Frameworks -F /Applications/Xcode-27.0.0-Release.Candidate.app/Contents/Developer/Platforms/WatchOS.platform/Developer/SDKs/WatchOS27.0.sdk/Developer/Library/Frameworks -c -j10 -enable-batch-mode -incremental -Xcc -ivfsstatcache -Xcc /Users/admin/builder/spi-builder-workspace/.derivedData/SDKStatCaches.noindex/watchos27.0-24R360-e829b21a6f8c9b70876ba0858053c04477534ef55a1706bf4c1112bbb242f0a2.sdkstatcache -output-file-map /Users/admin/builder/spi-builder-workspace/.derivedData/Build/Intermediates.noindex/swift-test-doubles.build/Debug-watchos/InternalRuntimeContract-t.build/Objects-normal/arm64_32/InternalRuntimeContract-OutputFileMap.json -save-temps -no-color-diagnostics -explicit-module-build -module-cache-path /Users/admin/builder/spi-builder-workspace/.derivedData/Build/Intermediates.noindex/SwiftExplicitPrecompiledModules -clang-scanner-module-cache-path /Users/admin/builder/spi-builder-workspace/.derivedData/ModuleCache.noindex -sdk-module-cache-path /Users/admin/builder/spi-builder-workspace/.derivedData/SDKExplicitPrecompiledModules -emit-dependencies -emit-module -emit-module-path /Users/admin/builder/spi-builder-workspace/.derivedData/Build/Intermediates.noindex/swift-test-doubles.build/Debug-watchos/InternalRuntimeContract-t.build/Objects-normal/arm64_32/InternalRuntimeContract.swiftmodule -serialize-diagnostics -dependency-scan-serialize-diagnostics-path /Users/admin/builder/spi-builder-workspace/.derivedData/Build/Intermediates.noindex/swift-test-doubles.build/Debug-watchos/InternalRuntimeContract-t.build/Objects-normal/arm64_32/InternalRuntimeContract-dependency-scan.dia -validate-clang-modules-once -clang-build-session-file /Users/admin/builder/spi-builder-workspace/.derivedData/ModuleCache.noindex/Session.modulevalidation -Xcc -fmodules-prune-interval\=86400 -Xcc -fmodules-prune-after\=345600 -package-name spi_builder_workspace -emit-const-values -const-gather-protocols-list /Users/admin/builder/spi-builder-workspace/.derivedData/Build/Intermediates.noindex/swift-test-doubles.build/Debug-watchos/InternalRuntimeContract-t.build/Objects-normal/arm64_32/InternalRuntimeContract_const_extract_protocols.json -Xcc -I/Users/admin/builder/spi-builder-workspace/.derivedData/Build/Products/Debug-watchos/include -Xcc -I/Users/admin/builder/spi-builder-workspace/.derivedData/Build/Intermediates.noindex/swift-test-doubles.build/Debug-watchos/InternalRuntimeContract-t.build/DerivedSources-normal/arm64_32 -Xcc -I/Users/admin/builder/spi-builder-workspace/.derivedData/Build/Intermediates.noindex/swift-test-doubles.build/Debug-watchos/InternalRuntimeContract-t.build/DerivedSources/arm64_32 -Xcc -I/Users/admin/builder/spi-builder-workspace/.derivedData/Build/Intermediates.noindex/swift-test-doubles.build/Debug-watchos/InternalRuntimeContract-t.build/DerivedSources -Xcc -DSWIFT_PACKAGE -Xcc -DDEBUG\=1 -emit-objc-header -emit-objc-header-path /Users/admin/builder/spi-builder-workspace/.derivedData/Build/Intermediates.noindex/swift-test-doubles.build/Debug-watchos/InternalRuntimeContract-t.build/Objects-normal/arm64_32/InternalRuntimeContract-Swift.h -working-directory /Users/admin/builder/spi-builder-workspace/.swiftpm/xcode -experimental-emit-module-separately -disable-cmo
ScanDependencies /Users/admin/builder/spi-builder-workspace/.derivedData/Build/Intermediates.noindex/Echo.build/Debug-watchos/CEcho-t.build/Objects-normal/arm64/ImageInspectionMachO.o /Users/admin/builder/spi-builder-workspace/.dependencies/checkouts/Echo/Sources/CEcho/ImageInspectionMachO.c normal arm64 c com.apple.compilers.llvm.clang.1_0.compiler (in target 'CEcho' from project 'Echo')
cd /Users/admin/builder/spi-builder-workspace/.swiftpm/xcode
Using response file: /Users/admin/builder/spi-builder-workspace/.derivedData/Build/Intermediates.noindex/Echo.build/Debug-watchos/CEcho-t.build/Objects-normal/arm64/7187679823f38a2a940e0043cdf9d637-common-args.resp
builtin-ScanDependencies -o /Users/admin/builder/spi-builder-workspace/.derivedData/Build/Intermediates.noindex/Echo.build/Debug-watchos/CEcho-t.build/Objects-normal/arm64/ImageInspectionMachO.o.scan -- /Applications/Xcode-27.0.0-Release.Candidate.app/Contents/Developer/Toolchains/XcodeDefault.xctoolchain/usr/bin/clang -x c -ivfsstatcache /Users/admin/builder/spi-builder-workspace/.derivedData/SDKStatCaches.noindex/watchos27.0-24R360-e829b21a6f8c9b70876ba0858053c04477534ef55a1706bf4c1112bbb242f0a2.sdkstatcache -target arm64-apple-watchos9.0 -fmessage-length\=0 -fdiagnostics-show-note-include-stack -fmacro-backtrace-limit\=0 -fno-color-diagnostics -fmodules-prune-interval\=86400 -fmodules-prune-after\=345600 -fbuild-session-file\=/Users/admin/builder/spi-builder-workspace/.derivedData/ModuleCache.noindex/Session.modulevalidation -fmodules-validate-once-per-build-session -Wnon-modular-include-in-framework-module -Werror\=non-modular-include-in-framework-module -Wno-trigraphs -Wno-missing-field-initializers -Wno-missing-prototypes -Wno-return-type -Wno-missing-braces -Wparentheses -Wswitch -Wno-unused-function -Wno-unused-label -Wno-unused-parameter -Wno-unused-variable -Wunused-value -Wno-empty-body -Wno-uninitialized -Wno-unknown-pragmas -w -Wno-shadow -Wno-four-char-constants -Wno-conversion -Wno-constant-conversion -Wno-int-conversion -Wno-bool-conversion -Wno-enum-conversion -Wno-float-conversion -Wno-non-literal-null-conversion -Wno-objc-literal-conversion -Wshorten-64-to-32 -Wpointer-sign -Wno-newline-eof -Wno-implicit-fallthrough -isysroot /Applications/Xcode-27.0.0-Release.Candidate.app/Contents/Developer/Platforms/WatchOS.platform/Developer/SDKs/WatchOS27.0.sdk -fstrict-aliasing -Wdeprecated-declarations -Wno-sign-conversion -Wno-infinite-recursion -Wno-comma -Wno-block-capture-autoreleasing -Wno-strict-prototypes -Wno-semicolon-before-method-body -index-store-path /Users/admin/builder/spi-builder-workspace/.derivedData/Index.noindex/DataStore @/Users/admin/builder/spi-builder-workspace/.derivedData/Build/Intermediates.noindex/Echo.build/Debug-watchos/CEcho-t.build/Objects-normal/arm64/7187679823f38a2a940e0043cdf9d637-common-args.resp -MMD -MT dependencies -MF /Users/admin/builder/spi-builder-workspace/.derivedData/Build/Intermediates.noindex/Echo.build/Debug-watchos/CEcho-t.build/Objects-normal/arm64/ImageInspectionMachO.d --serialize-diagnostics /Users/admin/builder/spi-builder-workspace/.derivedData/Build/Intermediates.noindex/Echo.build/Debug-watchos/CEcho-t.build/Objects-normal/arm64/ImageInspectionMachO.dia -c /Users/admin/builder/spi-builder-workspace/.dependencies/checkouts/Echo/Sources/CEcho/ImageInspectionMachO.c -o /Users/admin/builder/spi-builder-workspace/.derivedData/Build/Intermediates.noindex/Echo.build/Debug-watchos/CEcho-t.build/Objects-normal/arm64/ImageInspectionMachO.o -index-unit-output-path /Echo.build/Debug-watchos/CEcho-t.build/Objects-normal/arm64/ImageInspectionMachO.o
SwiftExplicitDependencyGeneratePcm arm64 /Users/admin/builder/spi-builder-workspace/.derivedData/SDKExplicitPrecompiledModules/os_workgroup-AHE7ULDQBKER38CYPIKDTZF4M.pcm
ScanDependencies /Users/admin/builder/spi-builder-workspace/.derivedData/Build/Intermediates.noindex/Echo.build/Debug-watchos/CEcho-t.build/Objects-normal/arm64/ImageInspectionELF.o /Users/admin/builder/spi-builder-workspace/.dependencies/checkouts/Echo/Sources/CEcho/ImageInspectionELF.c normal arm64 c com.apple.compilers.llvm.clang.1_0.compiler (in target 'CEcho' from project 'Echo')
cd /Users/admin/builder/spi-builder-workspace/.swiftpm/xcode
Using response file: /Users/admin/builder/spi-builder-workspace/.derivedData/Build/Intermediates.noindex/Echo.build/Debug-watchos/CEcho-t.build/Objects-normal/arm64/7187679823f38a2a940e0043cdf9d637-common-args.resp
builtin-ScanDependencies -o /Users/admin/builder/spi-builder-workspace/.derivedData/Build/Intermediates.noindex/Echo.build/Debug-watchos/CEcho-t.build/Objects-normal/arm64/ImageInspectionELF.o.scan -- /Applications/Xcode-27.0.0-Release.Candidate.app/Contents/Developer/Toolchains/XcodeDefault.xctoolchain/usr/bin/clang -x c -ivfsstatcache /Users/admin/builder/spi-builder-workspace/.derivedData/SDKStatCaches.noindex/watchos27.0-24R360-e829b21a6f8c9b70876ba0858053c04477534ef55a1706bf4c1112bbb242f0a2.sdkstatcache -target arm64-apple-watchos9.0 -fmessage-length\=0 -fdiagnostics-show-note-include-stack -fmacro-backtrace-limit\=0 -fno-color-diagnostics -fmodules-prune-interval\=86400 -fmodules-prune-after\=345600 -fbuild-session-file\=/Users/admin/builder/spi-builder-workspace/.derivedData/ModuleCache.noindex/Session.modulevalidation -fmodules-validate-once-per-build-session -Wnon-modular-include-in-framework-module -Werror\=non-modular-include-in-framework-module -Wno-trigraphs -Wno-missing-field-initializers -Wno-missing-prototypes -Wno-return-type -Wno-missing-braces -Wparentheses -Wswitch -Wno-unused-function -Wno-unused-label -Wno-unused-parameter -Wno-unused-variable -Wunused-value -Wno-empty-body -Wno-uninitialized -Wno-unknown-pragmas -w -Wno-shadow -Wno-four-char-constants -Wno-conversion -Wno-constant-conversion -Wno-int-conversion -Wno-bool-conversion -Wno-enum-conversion -Wno-float-conversion -Wno-non-literal-null-conversion -Wno-objc-literal-conversion -Wshorten-64-to-32 -Wpointer-sign -Wno-newline-eof -Wno-implicit-fallthrough -isysroot /Applications/Xcode-27.0.0-Release.Candidate.app/Contents/Developer/Platforms/WatchOS.platform/Developer/SDKs/WatchOS27.0.sdk -fstrict-aliasing -Wdeprecated-declarations -Wno-sign-conversion -Wno-infinite-recursion -Wno-comma -Wno-block-capture-autoreleasing -Wno-strict-prototypes -Wno-semicolon-before-method-body -index-store-path /Users/admin/builder/spi-builder-workspace/.derivedData/Index.noindex/DataStore @/Users/admin/builder/spi-builder-workspace/.derivedData/Build/Intermediates.noindex/Echo.build/Debug-watchos/CEcho-t.build/Objects-normal/arm64/7187679823f38a2a940e0043cdf9d637-common-args.resp -MMD -MT dependencies -MF /Users/admin/builder/spi-builder-workspace/.derivedData/Build/Intermediates.noindex/Echo.build/Debug-watchos/CEcho-t.build/Objects-normal/arm64/ImageInspectionELF.d --serialize-diagnostics /Users/admin/builder/spi-builder-workspace/.derivedData/Build/Intermediates.noindex/Echo.build/Debug-watchos/CEcho-t.build/Objects-normal/arm64/ImageInspectionELF.dia -c /Users/admin/builder/spi-builder-workspace/.dependencies/checkouts/Echo/Sources/CEcho/ImageInspectionELF.c -o /Users/admin/builder/spi-builder-workspace/.derivedData/Build/Intermediates.noindex/Echo.build/Debug-watchos/CEcho-t.build/Objects-normal/arm64/ImageInspectionELF.o -index-unit-output-path /Echo.build/Debug-watchos/CEcho-t.build/Objects-normal/arm64/ImageInspectionELF.o
PrecompileModule /Users/admin/builder/spi-builder-workspace/.derivedData/Build/Intermediates.noindex/ExplicitPrecompiledModules/_Builtin_limits-6E5IW1WWU6EKZ86KTL42OEAKK.scan
cd /
builtin-precompileModule /Users/admin/builder/spi-builder-workspace/.derivedData/Build/Intermediates.noindex/ExplicitPrecompiledModules/_Builtin_limits-6E5IW1WWU6EKZ86KTL42OEAKK.scan
CompileC /Users/admin/builder/spi-builder-workspace/.derivedData/Build/Intermediates.noindex/Echo.build/Debug-watchos/CEcho-t.build/Objects-normal/arm64/KnownMetadata.o /Users/admin/builder/spi-builder-workspace/.dependencies/checkouts/Echo/Sources/CEcho/KnownMetadata.c normal arm64 c com.apple.compilers.llvm.clang.1_0.compiler (in target 'CEcho' from project 'Echo')
cd /Users/admin/builder/spi-builder-workspace/.swiftpm/xcode
Using response file: /Users/admin/builder/spi-builder-workspace/.derivedData/Build/Intermediates.noindex/Echo.build/Debug-watchos/CEcho-t.build/Objects-normal/arm64/7187679823f38a2a940e0043cdf9d637-common-args.resp
/Applications/Xcode-27.0.0-Release.Candidate.app/Contents/Developer/Toolchains/XcodeDefault.xctoolchain/usr/bin/clang -x c -ivfsstatcache /Users/admin/builder/spi-builder-workspace/.derivedData/SDKStatCaches.noindex/watchos27.0-24R360-e829b21a6f8c9b70876ba0858053c04477534ef55a1706bf4c1112bbb242f0a2.sdkstatcache -target arm64-apple-watchos9.0 -fmessage-length\=0 -fdiagnostics-show-note-include-stack -fmacro-backtrace-limit\=0 -fno-color-diagnostics -fmodules-prune-interval\=86400 -fmodules-prune-after\=345600 -fbuild-session-file\=/Users/admin/builder/spi-builder-workspace/.derivedData/ModuleCache.noindex/Session.modulevalidation -fmodules-validate-once-per-build-session -Wnon-modular-include-in-framework-module -Werror\=non-modular-include-in-framework-module -Wno-trigraphs -Wno-missing-field-initializers -Wno-missing-prototypes -Wno-return-type -Wno-missing-braces -Wparentheses -Wswitch -Wno-unused-function -Wno-unused-label -Wno-unused-parameter -Wno-unused-variable -Wunused-value -Wno-empty-body -Wno-uninitialized -Wno-unknown-pragmas -w -Wno-shadow -Wno-four-char-constants -Wno-conversion -Wno-constant-conversion -Wno-int-conversion -Wno-bool-conversion -Wno-enum-conversion -Wno-float-conversion -Wno-non-literal-null-conversion -Wno-objc-literal-conversion -Wshorten-64-to-32 -Wpointer-sign -Wno-newline-eof -Wno-implicit-fallthrough -isysroot /Applications/Xcode-27.0.0-Release.Candidate.app/Contents/Developer/Platforms/WatchOS.platform/Developer/SDKs/WatchOS27.0.sdk -fstrict-aliasing -Wdeprecated-declarations -Wno-sign-conversion -Wno-infinite-recursion -Wno-comma -Wno-block-capture-autoreleasing -Wno-strict-prototypes -Wno-semicolon-before-method-body -index-store-path /Users/admin/builder/spi-builder-workspace/.derivedData/Index.noindex/DataStore @/Users/admin/builder/spi-builder-workspace/.derivedData/Build/Intermediates.noindex/Echo.build/Debug-watchos/CEcho-t.build/Objects-normal/arm64/7187679823f38a2a940e0043cdf9d637-common-args.resp -MMD -MT dependencies -MF /Users/admin/builder/spi-builder-workspace/.derivedData/Build/Intermediates.noindex/Echo.build/Debug-watchos/CEcho-t.build/Objects-normal/arm64/KnownMetadata.d --serialize-diagnostics /Users/admin/builder/spi-builder-workspace/.derivedData/Build/Intermediates.noindex/Echo.build/Debug-watchos/CEcho-t.build/Objects-normal/arm64/KnownMetadata.dia -c /Users/admin/builder/spi-builder-workspace/.dependencies/checkouts/Echo/Sources/CEcho/KnownMetadata.c -o /Users/admin/builder/spi-builder-workspace/.derivedData/Build/Intermediates.noindex/Echo.build/Debug-watchos/CEcho-t.build/Objects-normal/arm64/KnownMetadata.o -index-unit-output-path /Echo.build/Debug-watchos/CEcho-t.build/Objects-normal/arm64/KnownMetadata.o
CompileC /Users/admin/builder/spi-builder-workspace/.derivedData/Build/Intermediates.noindex/Echo.build/Debug-watchos/CEcho-t.build/Objects-normal/arm64/ImageInspectionELF.o /Users/admin/builder/spi-builder-workspace/.dependencies/checkouts/Echo/Sources/CEcho/ImageInspectionELF.c normal arm64 c com.apple.compilers.llvm.clang.1_0.compiler (in target 'CEcho' from project 'Echo')
cd /Users/admin/builder/spi-builder-workspace/.swiftpm/xcode
Using response file: /Users/admin/builder/spi-builder-workspace/.derivedData/Build/Intermediates.noindex/Echo.build/Debug-watchos/CEcho-t.build/Objects-normal/arm64/7187679823f38a2a940e0043cdf9d637-common-args.resp
/Applications/Xcode-27.0.0-Release.Candidate.app/Contents/Developer/Toolchains/XcodeDefault.xctoolchain/usr/bin/clang -x c -ivfsstatcache /Users/admin/builder/spi-builder-workspace/.derivedData/SDKStatCaches.noindex/watchos27.0-24R360-e829b21a6f8c9b70876ba0858053c04477534ef55a1706bf4c1112bbb242f0a2.sdkstatcache -target arm64-apple-watchos9.0 -fmessage-length\=0 -fdiagnostics-show-note-include-stack -fmacro-backtrace-limit\=0 -fno-color-diagnostics -fmodules-prune-interval\=86400 -fmodules-prune-after\=345600 -fbuild-session-file\=/Users/admin/builder/spi-builder-workspace/.derivedData/ModuleCache.noindex/Session.modulevalidation -fmodules-validate-once-per-build-session -Wnon-modular-include-in-framework-module -Werror\=non-modular-include-in-framework-module -Wno-trigraphs -Wno-missing-field-initializers -Wno-missing-prototypes -Wno-return-type -Wno-missing-braces -Wparentheses -Wswitch -Wno-unused-function -Wno-unused-label -Wno-unused-parameter -Wno-unused-variable -Wunused-value -Wno-empty-body -Wno-uninitialized -Wno-unknown-pragmas -w -Wno-shadow -Wno-four-char-constants -Wno-conversion -Wno-constant-conversion -Wno-int-conversion -Wno-bool-conversion -Wno-enum-conversion -Wno-float-conversion -Wno-non-literal-null-conversion -Wno-objc-literal-conversion -Wshorten-64-to-32 -Wpointer-sign -Wno-newline-eof -Wno-implicit-fallthrough -isysroot /Applications/Xcode-27.0.0-Release.Candidate.app/Contents/Developer/Platforms/WatchOS.platform/Developer/SDKs/WatchOS27.0.sdk -fstrict-aliasing -Wdeprecated-declarations -Wno-sign-conversion -Wno-infinite-recursion -Wno-comma -Wno-block-capture-autoreleasing -Wno-strict-prototypes -Wno-semicolon-before-method-body -index-store-path /Users/admin/builder/spi-builder-workspace/.derivedData/Index.noindex/DataStore @/Users/admin/builder/spi-builder-workspace/.derivedData/Build/Intermediates.noindex/Echo.build/Debug-watchos/CEcho-t.build/Objects-normal/arm64/7187679823f38a2a940e0043cdf9d637-common-args.resp -MMD -MT dependencies -MF /Users/admin/builder/spi-builder-workspace/.derivedData/Build/Intermediates.noindex/Echo.build/Debug-watchos/CEcho-t.build/Objects-normal/arm64/ImageInspectionELF.d --serialize-diagnostics /Users/admin/builder/spi-builder-workspace/.derivedData/Build/Intermediates.noindex/Echo.build/Debug-watchos/CEcho-t.build/Objects-normal/arm64/ImageInspectionELF.dia -c /Users/admin/builder/spi-builder-workspace/.dependencies/checkouts/Echo/Sources/CEcho/ImageInspectionELF.c -o /Users/admin/builder/spi-builder-workspace/.derivedData/Build/Intermediates.noindex/Echo.build/Debug-watchos/CEcho-t.build/Objects-normal/arm64/ImageInspectionELF.o -index-unit-output-path /Echo.build/Debug-watchos/CEcho-t.build/Objects-normal/arm64/ImageInspectionELF.o
PrecompileModule /Users/admin/builder/spi-builder-workspace/.derivedData/Build/Intermediates.noindex/ExplicitPrecompiledModules/_DarwinFoundation3-8YQJHADOAGVLGCJ0XL0EXZ0DO.scan
cd /
builtin-precompileModule /Users/admin/builder/spi-builder-workspace/.derivedData/Build/Intermediates.noindex/ExplicitPrecompiledModules/_DarwinFoundation3-8YQJHADOAGVLGCJ0XL0EXZ0DO.scan
PrecompileModule /Users/admin/builder/spi-builder-workspace/.derivedData/Build/Intermediates.noindex/ExplicitPrecompiledModules/_Builtin_stdint-3SFTNDHLQH80H7VY3YPOL4R1B.scan
cd /
builtin-precompileModule /Users/admin/builder/spi-builder-workspace/.derivedData/Build/Intermediates.noindex/ExplicitPrecompiledModules/_Builtin_stdint-3SFTNDHLQH80H7VY3YPOL4R1B.scan
ScanDependencies /Users/admin/builder/spi-builder-workspace/.derivedData/Build/Intermediates.noindex/Echo.build/Debug-watchos/CEcho-t.build/Objects-normal/arm64/Functions.o /Users/admin/builder/spi-builder-workspace/.dependencies/checkouts/Echo/Sources/CEcho/Functions.c normal arm64 c com.apple.compilers.llvm.clang.1_0.compiler (in target 'CEcho' from project 'Echo')
cd /Users/admin/builder/spi-builder-workspace/.swiftpm/xcode
Using response file: /Users/admin/builder/spi-builder-workspace/.derivedData/Build/Intermediates.noindex/Echo.build/Debug-watchos/CEcho-t.build/Objects-normal/arm64/7187679823f38a2a940e0043cdf9d637-common-args.resp
builtin-ScanDependencies -o /Users/admin/builder/spi-builder-workspace/.derivedData/Build/Intermediates.noindex/Echo.build/Debug-watchos/CEcho-t.build/Objects-normal/arm64/Functions.o.scan -- /Applications/Xcode-27.0.0-Release.Candidate.app/Contents/Developer/Toolchains/XcodeDefault.xctoolchain/usr/bin/clang -x c -ivfsstatcache /Users/admin/builder/spi-builder-workspace/.derivedData/SDKStatCaches.noindex/watchos27.0-24R360-e829b21a6f8c9b70876ba0858053c04477534ef55a1706bf4c1112bbb242f0a2.sdkstatcache -target arm64-apple-watchos9.0 -fmessage-length\=0 -fdiagnostics-show-note-include-stack -fmacro-backtrace-limit\=0 -fno-color-diagnostics -fmodules-prune-interval\=86400 -fmodules-prune-after\=345600 -fbuild-session-file\=/Users/admin/builder/spi-builder-workspace/.derivedData/ModuleCache.noindex/Session.modulevalidation -fmodules-validate-once-per-build-session -Wnon-modular-include-in-framework-module -Werror\=non-modular-include-in-framework-module -Wno-trigraphs -Wno-missing-field-initializers -Wno-missing-prototypes -Wno-return-type -Wno-missing-braces -Wparentheses -Wswitch -Wno-unused-function -Wno-unused-label -Wno-unused-parameter -Wno-unused-variable -Wunused-value -Wno-empty-body -Wno-uninitialized -Wno-unknown-pragmas -w -Wno-shadow -Wno-four-char-constants -Wno-conversion -Wno-constant-conversion -Wno-int-conversion -Wno-bool-conversion -Wno-enum-conversion -Wno-float-conversion -Wno-non-literal-null-conversion -Wno-objc-literal-conversion -Wshorten-64-to-32 -Wpointer-sign -Wno-newline-eof -Wno-implicit-fallthrough -isysroot /Applications/Xcode-27.0.0-Release.Candidate.app/Contents/Developer/Platforms/WatchOS.platform/Developer/SDKs/WatchOS27.0.sdk -fstrict-aliasing -Wdeprecated-declarations -Wno-sign-conversion -Wno-infinite-recursion -Wno-comma -Wno-block-capture-autoreleasing -Wno-strict-prototypes -Wno-semicolon-before-method-body -index-store-path /Users/admin/builder/spi-builder-workspace/.derivedData/Index.noindex/DataStore @/Users/admin/builder/spi-builder-workspace/.derivedData/Build/Intermediates.noindex/Echo.build/Debug-watchos/CEcho-t.build/Objects-normal/arm64/7187679823f38a2a940e0043cdf9d637-common-args.resp -MMD -MT dependencies -MF /Users/admin/builder/spi-builder-workspace/.derivedData/Build/Intermediates.noindex/Echo.build/Debug-watchos/CEcho-t.build/Objects-normal/arm64/Functions.d --serialize-diagnostics /Users/admin/builder/spi-builder-workspace/.derivedData/Build/Intermediates.noindex/Echo.build/Debug-watchos/CEcho-t.build/Objects-normal/arm64/Functions.dia -c /Users/admin/builder/spi-builder-workspace/.dependencies/checkouts/Echo/Sources/CEcho/Functions.c -o /Users/admin/builder/spi-builder-workspace/.derivedData/Build/Intermediates.noindex/Echo.build/Debug-watchos/CEcho-t.build/Objects-normal/arm64/Functions.o -index-unit-output-path /Echo.build/Debug-watchos/CEcho-t.build/Objects-normal/arm64/Functions.o
ScanDependencies /Users/admin/builder/spi-builder-workspace/.derivedData/Build/Intermediates.noindex/Echo.build/Debug-watchos/CEcho-t.build/Objects-normal/arm64/CallAccessor.o /Users/admin/builder/spi-builder-workspace/.dependencies/checkouts/Echo/Sources/CEcho/CallAccessor.c normal arm64 c com.apple.compilers.llvm.clang.1_0.compiler (in target 'CEcho' from project 'Echo')
cd /Users/admin/builder/spi-builder-workspace/.swiftpm/xcode
Using response file: /Users/admin/builder/spi-builder-workspace/.derivedData/Build/Intermediates.noindex/Echo.build/Debug-watchos/CEcho-t.build/Objects-normal/arm64/7187679823f38a2a940e0043cdf9d637-common-args.resp
builtin-ScanDependencies -o /Users/admin/builder/spi-builder-workspace/.derivedData/Build/Intermediates.noindex/Echo.build/Debug-watchos/CEcho-t.build/Objects-normal/arm64/CallAccessor.o.scan -- /Applications/Xcode-27.0.0-Release.Candidate.app/Contents/Developer/Toolchains/XcodeDefault.xctoolchain/usr/bin/clang -x c -ivfsstatcache /Users/admin/builder/spi-builder-workspace/.derivedData/SDKStatCaches.noindex/watchos27.0-24R360-e829b21a6f8c9b70876ba0858053c04477534ef55a1706bf4c1112bbb242f0a2.sdkstatcache -target arm64-apple-watchos9.0 -fmessage-length\=0 -fdiagnostics-show-note-include-stack -fmacro-backtrace-limit\=0 -fno-color-diagnostics -fmodules-prune-interval\=86400 -fmodules-prune-after\=345600 -fbuild-session-file\=/Users/admin/builder/spi-builder-workspace/.derivedData/ModuleCache.noindex/Session.modulevalidation -fmodules-validate-once-per-build-session -Wnon-modular-include-in-framework-module -Werror\=non-modular-include-in-framework-module -Wno-trigraphs -Wno-missing-field-initializers -Wno-missing-prototypes -Wno-return-type -Wno-missing-braces -Wparentheses -Wswitch -Wno-unused-function -Wno-unused-label -Wno-unused-parameter -Wno-unused-variable -Wunused-value -Wno-empty-body -Wno-uninitialized -Wno-unknown-pragmas -w -Wno-shadow -Wno-four-char-constants -Wno-conversion -Wno-constant-conversion -Wno-int-conversion -Wno-bool-conversion -Wno-enum-conversion -Wno-float-conversion -Wno-non-literal-null-conversion -Wno-objc-literal-conversion -Wshorten-64-to-32 -Wpointer-sign -Wno-newline-eof -Wno-implicit-fallthrough -isysroot /Applications/Xcode-27.0.0-Release.Candidate.app/Contents/Developer/Platforms/WatchOS.platform/Developer/SDKs/WatchOS27.0.sdk -fstrict-aliasing -Wdeprecated-declarations -Wno-sign-conversion -Wno-infinite-recursion -Wno-comma -Wno-block-capture-autoreleasing -Wno-strict-prototypes -Wno-semicolon-before-method-body -index-store-path /Users/admin/builder/spi-builder-workspace/.derivedData/Index.noindex/DataStore @/Users/admin/builder/spi-builder-workspace/.derivedData/Build/Intermediates.noindex/Echo.build/Debug-watchos/CEcho-t.build/Objects-normal/arm64/7187679823f38a2a940e0043cdf9d637-common-args.resp -MMD -MT dependencies -MF /Users/admin/builder/spi-builder-workspace/.derivedData/Build/Intermediates.noindex/Echo.build/Debug-watchos/CEcho-t.build/Objects-normal/arm64/CallAccessor.d --serialize-diagnostics /Users/admin/builder/spi-builder-workspace/.derivedData/Build/Intermediates.noindex/Echo.build/Debug-watchos/CEcho-t.build/Objects-normal/arm64/CallAccessor.dia -c /Users/admin/builder/spi-builder-workspace/.dependencies/checkouts/Echo/Sources/CEcho/CallAccessor.c -o /Users/admin/builder/spi-builder-workspace/.derivedData/Build/Intermediates.noindex/Echo.build/Debug-watchos/CEcho-t.build/Objects-normal/arm64/CallAccessor.o -index-unit-output-path /Echo.build/Debug-watchos/CEcho-t.build/Objects-normal/arm64/CallAccessor.o
SwiftCompile normal arm64_32 Compiling\ UnsafeAtomicLazyReference.swift,\ IntegerOperations.swift /Users/admin/builder/spi-builder-workspace/.dependencies/checkouts/swift-atomics/Sources/Atomics/Types/UnsafeAtomicLazyReference.swift /Users/admin/builder/spi-builder-workspace/.dependencies/checkouts/swift-atomics/Sources/Atomics/Types/autogenerated/IntegerOperations.swift (in target 'Atomics' from project 'swift-atomics')
SwiftCompile normal arm64_32 /Users/admin/builder/spi-builder-workspace/.dependencies/checkouts/swift-atomics/Sources/Atomics/Types/UnsafeAtomicLazyReference.swift (in target 'Atomics' from project 'swift-atomics')
cd /Users/admin/builder/spi-builder-workspace/.swiftpm/xcode
builtin-SwiftPerFileCompile UnsafeAtomicLazyReference.swift
SwiftCompile normal arm64_32 /Users/admin/builder/spi-builder-workspace/.dependencies/checkouts/swift-atomics/Sources/Atomics/Types/autogenerated/IntegerOperations.swift (in target 'Atomics' from project 'swift-atomics')
cd /Users/admin/builder/spi-builder-workspace/.swiftpm/xcode
builtin-SwiftPerFileCompile IntegerOperations.swift
SwiftCompile normal arm64_32 Compiling\ AtomicInteger.swift,\ AtomicOptionalWrappable.swift /Users/admin/builder/spi-builder-workspace/.dependencies/checkouts/swift-atomics/Sources/Atomics/Protocols/AtomicInteger.swift /Users/admin/builder/spi-builder-workspace/.dependencies/checkouts/swift-atomics/Sources/Atomics/Protocols/AtomicOptionalWrappable.swift (in target 'Atomics' from project 'swift-atomics')
SwiftCompile normal arm64_32 /Users/admin/builder/spi-builder-workspace/.dependencies/checkouts/swift-atomics/Sources/Atomics/Protocols/AtomicInteger.swift (in target 'Atomics' from project 'swift-atomics')
cd /Users/admin/builder/spi-builder-workspace/.swiftpm/xcode
builtin-SwiftPerFileCompile AtomicInteger.swift
SwiftCompile normal arm64_32 /Users/admin/builder/spi-builder-workspace/.dependencies/checkouts/swift-atomics/Sources/Atomics/Protocols/AtomicOptionalWrappable.swift (in target 'Atomics' from project 'swift-atomics')
cd /Users/admin/builder/spi-builder-workspace/.swiftpm/xcode
builtin-SwiftPerFileCompile AtomicOptionalWrappable.swift
CompileC /Users/admin/builder/spi-builder-workspace/.derivedData/Build/Intermediates.noindex/swift-test-doubles.build/Debug-watchos/CTestDoublesTrampoline-t.build/Objects-normal/arm64_32/WitnessVeneerArena.o /Users/admin/builder/spi-builder-workspace/Sources/CTestDoublesTrampoline/WitnessVeneerArena.c normal arm64_32 c com.apple.compilers.llvm.clang.1_0.compiler (in target 'CTestDoublesTrampoline' from project 'swift-test-doubles')
cd /Users/admin/builder/spi-builder-workspace/.swiftpm/xcode
Using response file: /Users/admin/builder/spi-builder-workspace/.derivedData/Build/Intermediates.noindex/swift-test-doubles.build/Debug-watchos/CTestDoublesTrampoline-t.build/Objects-normal/arm64_32/7187679823f38a2a940e0043cdf9d637-common-args.resp
/Applications/Xcode-27.0.0-Release.Candidate.app/Contents/Developer/Toolchains/XcodeDefault.xctoolchain/usr/bin/clang -x c -ivfsstatcache /Users/admin/builder/spi-builder-workspace/.derivedData/SDKStatCaches.noindex/watchos27.0-24R360-e829b21a6f8c9b70876ba0858053c04477534ef55a1706bf4c1112bbb242f0a2.sdkstatcache -target arm64_32-apple-watchos9.0 -fmessage-length\=0 -fdiagnostics-show-note-include-stack -fmacro-backtrace-limit\=0 -fno-color-diagnostics -fmodules-prune-interval\=86400 -fmodules-prune-after\=345600 -fbuild-session-file\=/Users/admin/builder/spi-builder-workspace/.derivedData/ModuleCache.noindex/Session.modulevalidation -fmodules-validate-once-per-build-session -Wnon-modular-include-in-framework-module -Werror\=non-modular-include-in-framework-module -Wno-trigraphs -Wno-missing-field-initializers -Wno-missing-prototypes -Wno-return-type -Wno-missing-braces -Wparentheses -Wswitch -Wno-unused-function -Wno-unused-label -Wno-unused-parameter -Wno-unused-variable -Wunused-value -Wno-empty-body -Wno-uninitialized -Wno-unknown-pragmas -Wno-shadow -Wno-four-char-constants -Wno-conversion -Wno-constant-conversion -Wno-int-conversion -Wno-bool-conversion -Wno-enum-conversion -Wno-float-conversion -Wno-non-literal-null-conversion -Wno-objc-literal-conversion -Wno-shorten-64-to-32 -Wpointer-sign -Wno-newline-eof -Wno-implicit-fallthrough -isysroot /Applications/Xcode-27.0.0-Release.Candidate.app/Contents/Developer/Platforms/WatchOS.platform/Developer/SDKs/WatchOS27.0.sdk -fstrict-aliasing -Wdeprecated-declarations -Wno-sign-conversion -Wno-infinite-recursion -Wno-comma -Wno-block-capture-autoreleasing -Wno-strict-prototypes -Wno-semicolon-before-method-body -index-store-path /Users/admin/builder/spi-builder-workspace/.derivedData/Index.noindex/DataStore @/Users/admin/builder/spi-builder-workspace/.derivedData/Build/Intermediates.noindex/swift-test-doubles.build/Debug-watchos/CTestDoublesTrampoline-t.build/Objects-normal/arm64_32/7187679823f38a2a940e0043cdf9d637-common-args.resp -MMD -MT dependencies -MF /Users/admin/builder/spi-builder-workspace/.derivedData/Build/Intermediates.noindex/swift-test-doubles.build/Debug-watchos/CTestDoublesTrampoline-t.build/Objects-normal/arm64_32/WitnessVeneerArena.d --serialize-diagnostics /Users/admin/builder/spi-builder-workspace/.derivedData/Build/Intermediates.noindex/swift-test-doubles.build/Debug-watchos/CTestDoublesTrampoline-t.build/Objects-normal/arm64_32/WitnessVeneerArena.dia -c /Users/admin/builder/spi-builder-workspace/Sources/CTestDoublesTrampoline/WitnessVeneerArena.c -o /Users/admin/builder/spi-builder-workspace/.derivedData/Build/Intermediates.noindex/swift-test-doubles.build/Debug-watchos/CTestDoublesTrampoline-t.build/Objects-normal/arm64_32/WitnessVeneerArena.o -index-unit-output-path /swift-test-doubles.build/Debug-watchos/CTestDoublesTrampoline-t.build/Objects-normal/arm64_32/WitnessVeneerArena.o
CompileC /Users/admin/builder/spi-builder-workspace/.derivedData/Build/Intermediates.noindex/swift-test-doubles.build/Debug-watchos/CTestDoublesTrampoline-t.build/Objects-normal/arm64_32/SafeMemoryRead.o /Users/admin/builder/spi-builder-workspace/Sources/CTestDoublesTrampoline/SafeMemoryRead.c normal arm64_32 c com.apple.compilers.llvm.clang.1_0.compiler (in target 'CTestDoublesTrampoline' from project 'swift-test-doubles')
cd /Users/admin/builder/spi-builder-workspace/.swiftpm/xcode
Using response file: /Users/admin/builder/spi-builder-workspace/.derivedData/Build/Intermediates.noindex/swift-test-doubles.build/Debug-watchos/CTestDoublesTrampoline-t.build/Objects-normal/arm64_32/7187679823f38a2a940e0043cdf9d637-common-args.resp
/Applications/Xcode-27.0.0-Release.Candidate.app/Contents/Developer/Toolchains/XcodeDefault.xctoolchain/usr/bin/clang -x c -ivfsstatcache /Users/admin/builder/spi-builder-workspace/.derivedData/SDKStatCaches.noindex/watchos27.0-24R360-e829b21a6f8c9b70876ba0858053c04477534ef55a1706bf4c1112bbb242f0a2.sdkstatcache -target arm64_32-apple-watchos9.0 -fmessage-length\=0 -fdiagnostics-show-note-include-stack -fmacro-backtrace-limit\=0 -fno-color-diagnostics -fmodules-prune-interval\=86400 -fmodules-prune-after\=345600 -fbuild-session-file\=/Users/admin/builder/spi-builder-workspace/.derivedData/ModuleCache.noindex/Session.modulevalidation -fmodules-validate-once-per-build-session -Wnon-modular-include-in-framework-module -Werror\=non-modular-include-in-framework-module -Wno-trigraphs -Wno-missing-field-initializers -Wno-missing-prototypes -Wno-return-type -Wno-missing-braces -Wparentheses -Wswitch -Wno-unused-function -Wno-unused-label -Wno-unused-parameter -Wno-unused-variable -Wunused-value -Wno-empty-body -Wno-uninitialized -Wno-unknown-pragmas -Wno-shadow -Wno-four-char-constants -Wno-conversion -Wno-constant-conversion -Wno-int-conversion -Wno-bool-conversion -Wno-enum-conversion -Wno-float-conversion -Wno-non-literal-null-conversion -Wno-objc-literal-conversion -Wno-shorten-64-to-32 -Wpointer-sign -Wno-newline-eof -Wno-implicit-fallthrough -isysroot /Applications/Xcode-27.0.0-Release.Candidate.app/Contents/Developer/Platforms/WatchOS.platform/Developer/SDKs/WatchOS27.0.sdk -fstrict-aliasing -Wdeprecated-declarations -Wno-sign-conversion -Wno-infinite-recursion -Wno-comma -Wno-block-capture-autoreleasing -Wno-strict-prototypes -Wno-semicolon-before-method-body -index-store-path /Users/admin/builder/spi-builder-workspace/.derivedData/Index.noindex/DataStore @/Users/admin/builder/spi-builder-workspace/.derivedData/Build/Intermediates.noindex/swift-test-doubles.build/Debug-watchos/CTestDoublesTrampoline-t.build/Objects-normal/arm64_32/7187679823f38a2a940e0043cdf9d637-common-args.resp -MMD -MT dependencies -MF /Users/admin/builder/spi-builder-workspace/.derivedData/Build/Intermediates.noindex/swift-test-doubles.build/Debug-watchos/CTestDoublesTrampoline-t.build/Objects-normal/arm64_32/SafeMemoryRead.d --serialize-diagnostics /Users/admin/builder/spi-builder-workspace/.derivedData/Build/Intermediates.noindex/swift-test-doubles.build/Debug-watchos/CTestDoublesTrampoline-t.build/Objects-normal/arm64_32/SafeMemoryRead.dia -c /Users/admin/builder/spi-builder-workspace/Sources/CTestDoublesTrampoline/SafeMemoryRead.c -o /Users/admin/builder/spi-builder-workspace/.derivedData/Build/Intermediates.noindex/swift-test-doubles.build/Debug-watchos/CTestDoublesTrampoline-t.build/Objects-normal/arm64_32/SafeMemoryRead.o -index-unit-output-path /swift-test-doubles.build/Debug-watchos/CTestDoublesTrampoline-t.build/Objects-normal/arm64_32/SafeMemoryRead.o
SwiftExplicitDependencyGeneratePcm arm64_32 /Users/admin/builder/spi-builder-workspace/.derivedData/SDKExplicitPrecompiledModules/Dispatch-CGIMI9KQKHNRQHR2IECIPRG14.pcm
CompileC /Users/admin/builder/spi-builder-workspace/.derivedData/Build/Intermediates.noindex/Echo.build/Debug-watchos/CEcho-t.build/Objects-normal/arm64/Functions.o /Users/admin/builder/spi-builder-workspace/.dependencies/checkouts/Echo/Sources/CEcho/Functions.c normal arm64 c com.apple.compilers.llvm.clang.1_0.compiler (in target 'CEcho' from project 'Echo')
cd /Users/admin/builder/spi-builder-workspace/.swiftpm/xcode
Using response file: /Users/admin/builder/spi-builder-workspace/.derivedData/Build/Intermediates.noindex/Echo.build/Debug-watchos/CEcho-t.build/Objects-normal/arm64/7187679823f38a2a940e0043cdf9d637-common-args.resp
/Applications/Xcode-27.0.0-Release.Candidate.app/Contents/Developer/Toolchains/XcodeDefault.xctoolchain/usr/bin/clang -x c -ivfsstatcache /Users/admin/builder/spi-builder-workspace/.derivedData/SDKStatCaches.noindex/watchos27.0-24R360-e829b21a6f8c9b70876ba0858053c04477534ef55a1706bf4c1112bbb242f0a2.sdkstatcache -target arm64-apple-watchos9.0 -fmessage-length\=0 -fdiagnostics-show-note-include-stack -fmacro-backtrace-limit\=0 -fno-color-diagnostics -fmodules-prune-interval\=86400 -fmodules-prune-after\=345600 -fbuild-session-file\=/Users/admin/builder/spi-builder-workspace/.derivedData/ModuleCache.noindex/Session.modulevalidation -fmodules-validate-once-per-build-session -Wnon-modular-include-in-framework-module -Werror\=non-modular-include-in-framework-module -Wno-trigraphs -Wno-missing-field-initializers -Wno-missing-prototypes -Wno-return-type -Wno-missing-braces -Wparentheses -Wswitch -Wno-unused-function -Wno-unused-label -Wno-unused-parameter -Wno-unused-variable -Wunused-value -Wno-empty-body -Wno-uninitialized -Wno-unknown-pragmas -w -Wno-shadow -Wno-four-char-constants -Wno-conversion -Wno-constant-conversion -Wno-int-conversion -Wno-bool-conversion -Wno-enum-conversion -Wno-float-conversion -Wno-non-literal-null-conversion -Wno-objc-literal-conversion -Wshorten-64-to-32 -Wpointer-sign -Wno-newline-eof -Wno-implicit-fallthrough -isysroot /Applications/Xcode-27.0.0-Release.Candidate.app/Contents/Developer/Platforms/WatchOS.platform/Developer/SDKs/WatchOS27.0.sdk -fstrict-aliasing -Wdeprecated-declarations -Wno-sign-conversion -Wno-infinite-recursion -Wno-comma -Wno-block-capture-autoreleasing -Wno-strict-prototypes -Wno-semicolon-before-method-body -index-store-path /Users/admin/builder/spi-builder-workspace/.derivedData/Index.noindex/DataStore @/Users/admin/builder/spi-builder-workspace/.derivedData/Build/Intermediates.noindex/Echo.build/Debug-watchos/CEcho-t.build/Objects-normal/arm64/7187679823f38a2a940e0043cdf9d637-common-args.resp -MMD -MT dependencies -MF /Users/admin/builder/spi-builder-workspace/.derivedData/Build/Intermediates.noindex/Echo.build/Debug-watchos/CEcho-t.build/Objects-normal/arm64/Functions.d --serialize-diagnostics /Users/admin/builder/spi-builder-workspace/.derivedData/Build/Intermediates.noindex/Echo.build/Debug-watchos/CEcho-t.build/Objects-normal/arm64/Functions.dia -c /Users/admin/builder/spi-builder-workspace/.dependencies/checkouts/Echo/Sources/CEcho/Functions.c -o /Users/admin/builder/spi-builder-workspace/.derivedData/Build/Intermediates.noindex/Echo.build/Debug-watchos/CEcho-t.build/Objects-normal/arm64/Functions.o -index-unit-output-path /Echo.build/Debug-watchos/CEcho-t.build/Objects-normal/arm64/Functions.o
SwiftExplicitDependencyGeneratePcm arm64 /Users/admin/builder/spi-builder-workspace/.derivedData/SDKExplicitPrecompiledModules/Dispatch-39VR0G01IUJ09PQKMFGOHXZ4L.pcm
CompileC /Users/admin/builder/spi-builder-workspace/.derivedData/Build/Intermediates.noindex/Echo.build/Debug-watchos/CEcho-t.build/Objects-normal/arm64/CallAccessor.o /Users/admin/builder/spi-builder-workspace/.dependencies/checkouts/Echo/Sources/CEcho/CallAccessor.c normal arm64 c com.apple.compilers.llvm.clang.1_0.compiler (in target 'CEcho' from project 'Echo')
cd /Users/admin/builder/spi-builder-workspace/.swiftpm/xcode
Using response file: /Users/admin/builder/spi-builder-workspace/.derivedData/Build/Intermediates.noindex/Echo.build/Debug-watchos/CEcho-t.build/Objects-normal/arm64/7187679823f38a2a940e0043cdf9d637-common-args.resp
/Applications/Xcode-27.0.0-Release.Candidate.app/Contents/Developer/Toolchains/XcodeDefault.xctoolchain/usr/bin/clang -x c -ivfsstatcache /Users/admin/builder/spi-builder-workspace/.derivedData/SDKStatCaches.noindex/watchos27.0-24R360-e829b21a6f8c9b70876ba0858053c04477534ef55a1706bf4c1112bbb242f0a2.sdkstatcache -target arm64-apple-watchos9.0 -fmessage-length\=0 -fdiagnostics-show-note-include-stack -fmacro-backtrace-limit\=0 -fno-color-diagnostics -fmodules-prune-interval\=86400 -fmodules-prune-after\=345600 -fbuild-session-file\=/Users/admin/builder/spi-builder-workspace/.derivedData/ModuleCache.noindex/Session.modulevalidation -fmodules-validate-once-per-build-session -Wnon-modular-include-in-framework-module -Werror\=non-modular-include-in-framework-module -Wno-trigraphs -Wno-missing-field-initializers -Wno-missing-prototypes -Wno-return-type -Wno-missing-braces -Wparentheses -Wswitch -Wno-unused-function -Wno-unused-label -Wno-unused-parameter -Wno-unused-variable -Wunused-value -Wno-empty-body -Wno-uninitialized -Wno-unknown-pragmas -w -Wno-shadow -Wno-four-char-constants -Wno-conversion -Wno-constant-conversion -Wno-int-conversion -Wno-bool-conversion -Wno-enum-conversion -Wno-float-conversion -Wno-non-literal-null-conversion -Wno-objc-literal-conversion -Wshorten-64-to-32 -Wpointer-sign -Wno-newline-eof -Wno-implicit-fallthrough -isysroot /Applications/Xcode-27.0.0-Release.Candidate.app/Contents/Developer/Platforms/WatchOS.platform/Developer/SDKs/WatchOS27.0.sdk -fstrict-aliasing -Wdeprecated-declarations -Wno-sign-conversion -Wno-infinite-recursion -Wno-comma -Wno-block-capture-autoreleasing -Wno-strict-prototypes -Wno-semicolon-before-method-body -index-store-path /Users/admin/builder/spi-builder-workspace/.derivedData/Index.noindex/DataStore @/Users/admin/builder/spi-builder-workspace/.derivedData/Build/Intermediates.noindex/Echo.build/Debug-watchos/CEcho-t.build/Objects-normal/arm64/7187679823f38a2a940e0043cdf9d637-common-args.resp -MMD -MT dependencies -MF /Users/admin/builder/spi-builder-workspace/.derivedData/Build/Intermediates.noindex/Echo.build/Debug-watchos/CEcho-t.build/Objects-normal/arm64/CallAccessor.d --serialize-diagnostics /Users/admin/builder/spi-builder-workspace/.derivedData/Build/Intermediates.noindex/Echo.build/Debug-watchos/CEcho-t.build/Objects-normal/arm64/CallAccessor.dia -c /Users/admin/builder/spi-builder-workspace/.dependencies/checkouts/Echo/Sources/CEcho/CallAccessor.c -o /Users/admin/builder/spi-builder-workspace/.derivedData/Build/Intermediates.noindex/Echo.build/Debug-watchos/CEcho-t.build/Objects-normal/arm64/CallAccessor.o -index-unit-output-path /Echo.build/Debug-watchos/CEcho-t.build/Objects-normal/arm64/CallAccessor.o
PrecompileModule /Users/admin/builder/spi-builder-workspace/.derivedData/Build/Intermediates.noindex/ExplicitPrecompiledModules/_Builtin_stdatomic-CVBI9IZEFIJZ1LG7KEO8DBX6Y.scan
cd /
builtin-precompileModule /Users/admin/builder/spi-builder-workspace/.derivedData/Build/Intermediates.noindex/ExplicitPrecompiledModules/_Builtin_stdatomic-CVBI9IZEFIJZ1LG7KEO8DBX6Y.scan
PrecompileModule /Users/admin/builder/spi-builder-workspace/.derivedData/Build/Intermediates.noindex/ExplicitPrecompiledModules/_DarwinFoundation3-F2LWPMCJ8H6UO5V8XFQJFKQVP.scan
cd /
builtin-precompileModule /Users/admin/builder/spi-builder-workspace/.derivedData/Build/Intermediates.noindex/ExplicitPrecompiledModules/_DarwinFoundation3-F2LWPMCJ8H6UO5V8XFQJFKQVP.scan
PrecompileModule /Users/admin/builder/spi-builder-workspace/.derivedData/Build/Intermediates.noindex/ExplicitPrecompiledModules/_Builtin_inttypes-3H9ADMB7R1MBRLRQ8LNHIW9WF.scan
cd /
builtin-precompileModule /Users/admin/builder/spi-builder-workspace/.derivedData/Build/Intermediates.noindex/ExplicitPrecompiledModules/_Builtin_inttypes-3H9ADMB7R1MBRLRQ8LNHIW9WF.scan
PrecompileModule /Users/admin/builder/spi-builder-workspace/.derivedData/Build/Intermediates.noindex/ExplicitPrecompiledModules/_Builtin_limits-B1V334UN69GXU1GZ11U3S75L6.scan
cd /
builtin-precompileModule /Users/admin/builder/spi-builder-workspace/.derivedData/Build/Intermediates.noindex/ExplicitPrecompiledModules/_Builtin_limits-B1V334UN69GXU1GZ11U3S75L6.scan
PrecompileModule /Users/admin/builder/spi-builder-workspace/.derivedData/Build/Intermediates.noindex/ExplicitPrecompiledModules/_DarwinFoundation3-AEQ8M866EXUQLRMRTUGOCYYV3.scan
cd /
builtin-precompileModule /Users/admin/builder/spi-builder-workspace/.derivedData/Build/Intermediates.noindex/ExplicitPrecompiledModules/_DarwinFoundation3-AEQ8M866EXUQLRMRTUGOCYYV3.scan
CompileC /Users/admin/builder/spi-builder-workspace/.derivedData/Build/Intermediates.noindex/swift-test-doubles.build/Debug-watchos/CTestDoublesTrampoline-t.build/Objects-normal/arm64/TestDoublesTrampoline-3f50852e6e89b2c7a7cdef59a91a96ca.o /Users/admin/builder/spi-builder-workspace/Sources/CTestDoublesTrampoline/TestDoublesTrampoline.c normal arm64 c com.apple.compilers.llvm.clang.1_0.compiler (in target 'CTestDoublesTrampoline' from project 'swift-test-doubles')
cd /Users/admin/builder/spi-builder-workspace/.swiftpm/xcode
Using response file: /Users/admin/builder/spi-builder-workspace/.derivedData/Build/Intermediates.noindex/swift-test-doubles.build/Debug-watchos/CTestDoublesTrampoline-t.build/Objects-normal/arm64/7187679823f38a2a940e0043cdf9d637-common-args.resp
/Applications/Xcode-27.0.0-Release.Candidate.app/Contents/Developer/Toolchains/XcodeDefault.xctoolchain/usr/bin/clang -x c -ivfsstatcache /Users/admin/builder/spi-builder-workspace/.derivedData/SDKStatCaches.noindex/watchos27.0-24R360-e829b21a6f8c9b70876ba0858053c04477534ef55a1706bf4c1112bbb242f0a2.sdkstatcache -target arm64-apple-watchos9.0 -fmessage-length\=0 -fdiagnostics-show-note-include-stack -fmacro-backtrace-limit\=0 -fno-color-diagnostics -fmodules-prune-interval\=86400 -fmodules-prune-after\=345600 -fbuild-session-file\=/Users/admin/builder/spi-builder-workspace/.derivedData/ModuleCache.noindex/Session.modulevalidation -fmodules-validate-once-per-build-session -Wnon-modular-include-in-framework-module -Werror\=non-modular-include-in-framework-module -Wno-trigraphs -Wno-missing-field-initializers -Wno-missing-prototypes -Wno-return-type -Wno-missing-braces -Wparentheses -Wswitch -Wno-unused-function -Wno-unused-label -Wno-unused-parameter -Wno-unused-variable -Wunused-value -Wno-empty-body -Wno-uninitialized -Wno-unknown-pragmas -Wno-shadow -Wno-four-char-constants -Wno-conversion -Wno-constant-conversion -Wno-int-conversion -Wno-bool-conversion -Wno-enum-conversion -Wno-float-conversion -Wno-non-literal-null-conversion -Wno-objc-literal-conversion -Wshorten-64-to-32 -Wpointer-sign -Wno-newline-eof -Wno-implicit-fallthrough -isysroot /Applications/Xcode-27.0.0-Release.Candidate.app/Contents/Developer/Platforms/WatchOS.platform/Developer/SDKs/WatchOS27.0.sdk -fstrict-aliasing -Wdeprecated-declarations -Wno-sign-conversion -Wno-infinite-recursion -Wno-comma -Wno-block-capture-autoreleasing -Wno-strict-prototypes -Wno-semicolon-before-method-body -index-store-path /Users/admin/builder/spi-builder-workspace/.derivedData/Index.noindex/DataStore @/Users/admin/builder/spi-builder-workspace/.derivedData/Build/Intermediates.noindex/swift-test-doubles.build/Debug-watchos/CTestDoublesTrampoline-t.build/Objects-normal/arm64/7187679823f38a2a940e0043cdf9d637-common-args.resp -MMD -MT dependencies -MF /Users/admin/builder/spi-builder-workspace/.derivedData/Build/Intermediates.noindex/swift-test-doubles.build/Debug-watchos/CTestDoublesTrampoline-t.build/Objects-normal/arm64/TestDoublesTrampoline-3f50852e6e89b2c7a7cdef59a91a96ca.d --serialize-diagnostics /Users/admin/builder/spi-builder-workspace/.derivedData/Build/Intermediates.noindex/swift-test-doubles.build/Debug-watchos/CTestDoublesTrampoline-t.build/Objects-normal/arm64/TestDoublesTrampoline-3f50852e6e89b2c7a7cdef59a91a96ca.dia -c /Users/admin/builder/spi-builder-workspace/Sources/CTestDoublesTrampoline/TestDoublesTrampoline.c -o /Users/admin/builder/spi-builder-workspace/.derivedData/Build/Intermediates.noindex/swift-test-doubles.build/Debug-watchos/CTestDoublesTrampoline-t.build/Objects-normal/arm64/TestDoublesTrampoline-3f50852e6e89b2c7a7cdef59a91a96ca.o -index-unit-output-path /swift-test-doubles.build/Debug-watchos/CTestDoublesTrampoline-t.build/Objects-normal/arm64/TestDoublesTrampoline-3f50852e6e89b2c7a7cdef59a91a96ca.o
PrecompileModule /Users/admin/builder/spi-builder-workspace/.derivedData/Build/Intermediates.noindex/ExplicitPrecompiledModules/MachO-BFXM1N8EWDWGATGEDTI413RGU.scan
cd /
builtin-precompileModule /Users/admin/builder/spi-builder-workspace/.derivedData/Build/Intermediates.noindex/ExplicitPrecompiledModules/MachO-BFXM1N8EWDWGATGEDTI413RGU.scan
PrecompileModule /Users/admin/builder/spi-builder-workspace/.derivedData/Build/Intermediates.noindex/ExplicitPrecompiledModules/Darwin-DBL55RBCXXBQWBIKBQECQ4IYB.scan
cd /
builtin-precompileModule /Users/admin/builder/spi-builder-workspace/.derivedData/Build/Intermediates.noindex/ExplicitPrecompiledModules/Darwin-DBL55RBCXXBQWBIKBQECQ4IYB.scan
SwiftExplicitDependencyGeneratePcm arm64_32 /Users/admin/builder/spi-builder-workspace/.derivedData/SDKExplicitPrecompiledModules/CoreFoundation-76B9WJP9MDYT33HZQVSNNZQZD.pcm
SwiftDriverJobDiscovery normal arm64_32 Compiling AtomicInteger.swift, AtomicOptionalWrappable.swift (in target 'Atomics' from project 'swift-atomics')
SwiftExplicitDependencyGeneratePcm arm64_32 /Users/admin/builder/spi-builder-workspace/.derivedData/SDKExplicitPrecompiledModules/XPC-7SLKI45KYLKXH9QET2WYS3UZ4.pcm
SwiftCompile normal arm64_32 Compiling\ AtomicValue.swift,\ AtomicMemoryOrderings.swift /Users/admin/builder/spi-builder-workspace/.dependencies/checkouts/swift-atomics/Sources/Atomics/Protocols/AtomicValue.swift /Users/admin/builder/spi-builder-workspace/.dependencies/checkouts/swift-atomics/Sources/Atomics/Types/AtomicMemoryOrderings.swift (in target 'Atomics' from project 'swift-atomics')
SwiftCompile normal arm64_32 /Users/admin/builder/spi-builder-workspace/.dependencies/checkouts/swift-atomics/Sources/Atomics/Protocols/AtomicValue.swift (in target 'Atomics' from project 'swift-atomics')
cd /Users/admin/builder/spi-builder-workspace/.swiftpm/xcode
builtin-SwiftPerFileCompile AtomicValue.swift
SwiftCompile normal arm64_32 /Users/admin/builder/spi-builder-workspace/.dependencies/checkouts/swift-atomics/Sources/Atomics/Types/AtomicMemoryOrderings.swift (in target 'Atomics' from project 'swift-atomics')
cd /Users/admin/builder/spi-builder-workspace/.swiftpm/xcode
builtin-SwiftPerFileCompile AtomicMemoryOrderings.swift
PrecompileModule /Users/admin/builder/spi-builder-workspace/.derivedData/Build/Intermediates.noindex/ExplicitPrecompiledModules/_Builtin_inttypes-BZ169EEI74ORNA37RZOVCBQHI.scan
cd /
builtin-precompileModule /Users/admin/builder/spi-builder-workspace/.derivedData/Build/Intermediates.noindex/ExplicitPrecompiledModules/_Builtin_inttypes-BZ169EEI74ORNA37RZOVCBQHI.scan
SwiftExplicitDependencyGeneratePcm arm64 /Users/admin/builder/spi-builder-workspace/.derivedData/SDKExplicitPrecompiledModules/XPC-650JAZBTM6I0OMHYO6CKM0CWJ.pcm
SwiftExplicitDependencyGeneratePcm arm64 /Users/admin/builder/spi-builder-workspace/.derivedData/SDKExplicitPrecompiledModules/CoreFoundation-59XKO8YNRGGYNC5U5LK8B4EM.pcm
PrecompileModule /Users/admin/builder/spi-builder-workspace/.derivedData/Build/Intermediates.noindex/ExplicitPrecompiledModules/_Builtin_inttypes-4QKZTPSXCB84C33E5VPLU08N9.scan
cd /
builtin-precompileModule /Users/admin/builder/spi-builder-workspace/.derivedData/Build/Intermediates.noindex/ExplicitPrecompiledModules/_Builtin_inttypes-4QKZTPSXCB84C33E5VPLU08N9.scan
CompileC /Users/admin/builder/spi-builder-workspace/.derivedData/Build/Intermediates.noindex/swift-test-doubles.build/Debug-watchos/CTestDoublesTrampoline-t.build/Objects-normal/arm64_32/SymbolLookup.o /Users/admin/builder/spi-builder-workspace/Sources/CTestDoublesTrampoline/SymbolLookup.c normal arm64_32 c com.apple.compilers.llvm.clang.1_0.compiler (in target 'CTestDoublesTrampoline' from project 'swift-test-doubles')
cd /Users/admin/builder/spi-builder-workspace/.swiftpm/xcode
Using response file: /Users/admin/builder/spi-builder-workspace/.derivedData/Build/Intermediates.noindex/swift-test-doubles.build/Debug-watchos/CTestDoublesTrampoline-t.build/Objects-normal/arm64_32/7187679823f38a2a940e0043cdf9d637-common-args.resp
/Applications/Xcode-27.0.0-Release.Candidate.app/Contents/Developer/Toolchains/XcodeDefault.xctoolchain/usr/bin/clang -x c -ivfsstatcache /Users/admin/builder/spi-builder-workspace/.derivedData/SDKStatCaches.noindex/watchos27.0-24R360-e829b21a6f8c9b70876ba0858053c04477534ef55a1706bf4c1112bbb242f0a2.sdkstatcache -target arm64_32-apple-watchos9.0 -fmessage-length\=0 -fdiagnostics-show-note-include-stack -fmacro-backtrace-limit\=0 -fno-color-diagnostics -fmodules-prune-interval\=86400 -fmodules-prune-after\=345600 -fbuild-session-file\=/Users/admin/builder/spi-builder-workspace/.derivedData/ModuleCache.noindex/Session.modulevalidation -fmodules-validate-once-per-build-session -Wnon-modular-include-in-framework-module -Werror\=non-modular-include-in-framework-module -Wno-trigraphs -Wno-missing-field-initializers -Wno-missing-prototypes -Wno-return-type -Wno-missing-braces -Wparentheses -Wswitch -Wno-unused-function -Wno-unused-label -Wno-unused-parameter -Wno-unused-variable -Wunused-value -Wno-empty-body -Wno-uninitialized -Wno-unknown-pragmas -Wno-shadow -Wno-four-char-constants -Wno-conversion -Wno-constant-conversion -Wno-int-conversion -Wno-bool-conversion -Wno-enum-conversion -Wno-float-conversion -Wno-non-literal-null-conversion -Wno-objc-literal-conversion -Wno-shorten-64-to-32 -Wpointer-sign -Wno-newline-eof -Wno-implicit-fallthrough -isysroot /Applications/Xcode-27.0.0-Release.Candidate.app/Contents/Developer/Platforms/WatchOS.platform/Developer/SDKs/WatchOS27.0.sdk -fstrict-aliasing -Wdeprecated-declarations -Wno-sign-conversion -Wno-infinite-recursion -Wno-comma -Wno-block-capture-autoreleasing -Wno-strict-prototypes -Wno-semicolon-before-method-body -index-store-path /Users/admin/builder/spi-builder-workspace/.derivedData/Index.noindex/DataStore @/Users/admin/builder/spi-builder-workspace/.derivedData/Build/Intermediates.noindex/swift-test-doubles.build/Debug-watchos/CTestDoublesTrampoline-t.build/Objects-normal/arm64_32/7187679823f38a2a940e0043cdf9d637-common-args.resp -MMD -MT dependencies -MF /Users/admin/builder/spi-builder-workspace/.derivedData/Build/Intermediates.noindex/swift-test-doubles.build/Debug-watchos/CTestDoublesTrampoline-t.build/Objects-normal/arm64_32/SymbolLookup.d --serialize-diagnostics /Users/admin/builder/spi-builder-workspace/.derivedData/Build/Intermediates.noindex/swift-test-doubles.build/Debug-watchos/CTestDoublesTrampoline-t.build/Objects-normal/arm64_32/SymbolLookup.dia -c /Users/admin/builder/spi-builder-workspace/Sources/CTestDoublesTrampoline/SymbolLookup.c -o /Users/admin/builder/spi-builder-workspace/.derivedData/Build/Intermediates.noindex/swift-test-doubles.build/Debug-watchos/CTestDoublesTrampoline-t.build/Objects-normal/arm64_32/SymbolLookup.o -index-unit-output-path /swift-test-doubles.build/Debug-watchos/CTestDoublesTrampoline-t.build/Objects-normal/arm64_32/SymbolLookup.o
SwiftDriverJobDiscovery normal arm64_32 Emitting module for Atomics (in target 'Atomics' from project 'swift-atomics')
SwiftDriver\ Compilation\ Requirements Atomics normal arm64_32 com.apple.xcode.tools.swift.compiler (in target 'Atomics' from project 'swift-atomics')
cd /Users/admin/builder/spi-builder-workspace/.swiftpm/xcode
builtin-Swift-Compilation-Requirements -- /Applications/Xcode-27.0.0-Release.Candidate.app/Contents/Developer/Toolchains/XcodeDefault.xctoolchain/usr/bin/swiftc -parse-as-library -module-name Atomics -Onone @/Users/admin/builder/spi-builder-workspace/.derivedData/Build/Intermediates.noindex/swift-atomics.build/Debug-watchos/Atomics-t.build/Objects-normal/arm64_32/Atomics.SwiftFileList -DSWIFT_PACKAGE -DDEBUG -DSWIFT_MODULE_RESOURCE_BUNDLE_UNAVAILABLE -Xcc -fmodule-map-file\=/Users/admin/builder/spi-builder-workspace/.dependencies/checkouts/swift-atomics/Sources/_AtomicsShims/include/module.modulemap -DXcode -enable-experimental-feature BuiltinModule -plugin-path /Applications/Xcode-27.0.0-Release.Candidate.app/Contents/Developer/Toolchains/XcodeDefault.xctoolchain/usr/lib/swift/host/plugins/testing -enable-experimental-feature DebugDescriptionMacro -sdk /Applications/Xcode-27.0.0-Release.Candidate.app/Contents/Developer/Platforms/WatchOS.platform/Developer/SDKs/WatchOS27.0.sdk -target arm64_32-apple-watchos9.0 -g -module-cache-path /Users/admin/builder/spi-builder-workspace/.derivedData/ModuleCache.noindex -Xfrontend -serialize-debugging-options -profile-coverage-mapping -profile-generate -enable-testing -suppress-warnings -index-store-path /Users/admin/builder/spi-builder-workspace/.derivedData/Index.noindex/DataStore -Xcc -D_LIBCPP_HARDENING_MODE\=_LIBCPP_HARDENING_MODE_DEBUG -swift-version 5 -I /Users/admin/builder/spi-builder-workspace/.derivedData/Build/Products/Debug-watchos -Isystem /Applications/Xcode-27.0.0-Release.Candidate.app/Contents/Developer/Platforms/WatchOS.platform/Developer/usr/lib -F /Users/admin/builder/spi-builder-workspace/.derivedData/Build/Products/Debug-watchos/PackageFrameworks -F /Users/admin/builder/spi-builder-workspace/.derivedData/Build/Products/Debug-watchos -F /Applications/Xcode-27.0.0-Release.Candidate.app/Contents/Developer/Platforms/WatchOS.platform/Developer/Library/Frameworks -F /Applications/Xcode-27.0.0-Release.Candidate.app/Contents/Developer/Platforms/WatchOS.platform/Developer/SDKs/WatchOS27.0.sdk/Developer/Library/Frameworks -c -j10 -enable-batch-mode -incremental -Xcc -ivfsstatcache -Xcc /Users/admin/builder/spi-builder-workspace/.derivedData/SDKStatCaches.noindex/watchos27.0-24R360-e829b21a6f8c9b70876ba0858053c04477534ef55a1706bf4c1112bbb242f0a2.sdkstatcache -output-file-map /Users/admin/builder/spi-builder-workspace/.derivedData/Build/Intermediates.noindex/swift-atomics.build/Debug-watchos/Atomics-t.build/Objects-normal/arm64_32/Atomics-OutputFileMap.json -save-temps -no-color-diagnostics -explicit-module-build -module-cache-path /Users/admin/builder/spi-builder-workspace/.derivedData/Build/Intermediates.noindex/SwiftExplicitPrecompiledModules -clang-scanner-module-cache-path /Users/admin/builder/spi-builder-workspace/.derivedData/ModuleCache.noindex -sdk-module-cache-path /Users/admin/builder/spi-builder-workspace/.derivedData/SDKExplicitPrecompiledModules -emit-dependencies -emit-module -emit-module-path /Users/admin/builder/spi-builder-workspace/.derivedData/Build/Intermediates.noindex/swift-atomics.build/Debug-watchos/Atomics-t.build/Objects-normal/arm64_32/Atomics.swiftmodule -serialize-diagnostics -dependency-scan-serialize-diagnostics-path /Users/admin/builder/spi-builder-workspace/.derivedData/Build/Intermediates.noindex/swift-atomics.build/Debug-watchos/Atomics-t.build/Objects-normal/arm64_32/Atomics-dependency-scan.dia -validate-clang-modules-once -clang-build-session-file /Users/admin/builder/spi-builder-workspace/.derivedData/ModuleCache.noindex/Session.modulevalidation -Xcc -fmodules-prune-interval\=86400 -Xcc -fmodules-prune-after\=345600 -package-name swift_atomics -emit-const-values -const-gather-protocols-list /Users/admin/builder/spi-builder-workspace/.derivedData/Build/Intermediates.noindex/swift-atomics.build/Debug-watchos/Atomics-t.build/Objects-normal/arm64_32/Atomics_const_extract_protocols.json -Xcc -I/Users/admin/builder/spi-builder-workspace/.dependencies/checkouts/swift-atomics/Sources/_AtomicsShims/include -Xcc -I/Users/admin/builder/spi-builder-workspace/.derivedData/Build/Products/Debug-watchos/include -Xcc -I/Users/admin/builder/spi-builder-workspace/.derivedData/Build/Intermediates.noindex/swift-atomics.build/Debug-watchos/Atomics-t.build/DerivedSources-normal/arm64_32 -Xcc -I/Users/admin/builder/spi-builder-workspace/.derivedData/Build/Intermediates.noindex/swift-atomics.build/Debug-watchos/Atomics-t.build/DerivedSources/arm64_32 -Xcc -I/Users/admin/builder/spi-builder-workspace/.derivedData/Build/Intermediates.noindex/swift-atomics.build/Debug-watchos/Atomics-t.build/DerivedSources -Xcc -DSWIFT_PACKAGE -Xcc -DDEBUG\=1 -emit-objc-header -emit-objc-header-path /Users/admin/builder/spi-builder-workspace/.derivedData/Build/Intermediates.noindex/swift-atomics.build/Debug-watchos/Atomics-t.build/Objects-normal/arm64_32/Atomics-Swift.h -working-directory /Users/admin/builder/spi-builder-workspace/.swiftpm/xcode -experimental-emit-module-separately -disable-cmo
SwiftDriverJobDiscovery normal arm64_32 Compiling UnsafeAtomicLazyReference.swift, IntegerOperations.swift (in target 'Atomics' from project 'swift-atomics')
PrecompileModule /Users/admin/builder/spi-builder-workspace/.derivedData/Build/Intermediates.noindex/ExplicitPrecompiledModules/Darwin-AQA966RT8KNAM9WW81IMD9Z6.scan
cd /
builtin-precompileModule /Users/admin/builder/spi-builder-workspace/.derivedData/Build/Intermediates.noindex/ExplicitPrecompiledModules/Darwin-AQA966RT8KNAM9WW81IMD9Z6.scan
Copy /Users/admin/builder/spi-builder-workspace/.derivedData/Build/Products/Debug-watchos/Atomics.swiftmodule/arm64_32-apple-watchos.swiftmodule /Users/admin/builder/spi-builder-workspace/.derivedData/Build/Intermediates.noindex/swift-atomics.build/Debug-watchos/Atomics-t.build/Objects-normal/arm64_32/Atomics.swiftmodule (in target 'Atomics' from project 'swift-atomics')
cd /Users/admin/builder/spi-builder-workspace/.dependencies/checkouts/swift-atomics
builtin-copy -exclude .DS_Store -exclude CVS -exclude .svn -exclude .git -exclude .hg -resolve-src-symlinks -rename /Users/admin/builder/spi-builder-workspace/.derivedData/Build/Intermediates.noindex/swift-atomics.build/Debug-watchos/Atomics-t.build/Objects-normal/arm64_32/Atomics.swiftmodule /Users/admin/builder/spi-builder-workspace/.derivedData/Build/Products/Debug-watchos/Atomics.swiftmodule/arm64_32-apple-watchos.swiftmodule
Copy /Users/admin/builder/spi-builder-workspace/.derivedData/Build/Products/Debug-watchos/Atomics.swiftmodule/arm64_32-apple-watchos.swiftdoc /Users/admin/builder/spi-builder-workspace/.derivedData/Build/Intermediates.noindex/swift-atomics.build/Debug-watchos/Atomics-t.build/Objects-normal/arm64_32/Atomics.swiftdoc (in target 'Atomics' from project 'swift-atomics')
cd /Users/admin/builder/spi-builder-workspace/.dependencies/checkouts/swift-atomics
builtin-copy -exclude .DS_Store -exclude CVS -exclude .svn -exclude .git -exclude .hg -resolve-src-symlinks -rename /Users/admin/builder/spi-builder-workspace/.derivedData/Build/Intermediates.noindex/swift-atomics.build/Debug-watchos/Atomics-t.build/Objects-normal/arm64_32/Atomics.swiftdoc /Users/admin/builder/spi-builder-workspace/.derivedData/Build/Products/Debug-watchos/Atomics.swiftmodule/arm64_32-apple-watchos.swiftdoc
Copy /Users/admin/builder/spi-builder-workspace/.derivedData/Build/Products/Debug-watchos/Atomics.swiftmodule/arm64_32-apple-watchos.abi.json /Users/admin/builder/spi-builder-workspace/.derivedData/Build/Intermediates.noindex/swift-atomics.build/Debug-watchos/Atomics-t.build/Objects-normal/arm64_32/Atomics.abi.json (in target 'Atomics' from project 'swift-atomics')
cd /Users/admin/builder/spi-builder-workspace/.dependencies/checkouts/swift-atomics
builtin-copy -exclude .DS_Store -exclude CVS -exclude .svn -exclude .git -exclude .hg -resolve-src-symlinks -rename /Users/admin/builder/spi-builder-workspace/.derivedData/Build/Intermediates.noindex/swift-atomics.build/Debug-watchos/Atomics-t.build/Objects-normal/arm64_32/Atomics.abi.json /Users/admin/builder/spi-builder-workspace/.derivedData/Build/Products/Debug-watchos/Atomics.swiftmodule/arm64_32-apple-watchos.abi.json
Copy /Users/admin/builder/spi-builder-workspace/.derivedData/Build/Products/Debug-watchos/Atomics.swiftmodule/Project/arm64_32-apple-watchos.swiftsourceinfo /Users/admin/builder/spi-builder-workspace/.derivedData/Build/Intermediates.noindex/swift-atomics.build/Debug-watchos/Atomics-t.build/Objects-normal/arm64_32/Atomics.swiftsourceinfo (in target 'Atomics' from project 'swift-atomics')
cd /Users/admin/builder/spi-builder-workspace/.dependencies/checkouts/swift-atomics
builtin-copy -exclude .DS_Store -exclude CVS -exclude .svn -exclude .git -exclude .hg -resolve-src-symlinks -rename /Users/admin/builder/spi-builder-workspace/.derivedData/Build/Intermediates.noindex/swift-atomics.build/Debug-watchos/Atomics-t.build/Objects-normal/arm64_32/Atomics.swiftsourceinfo /Users/admin/builder/spi-builder-workspace/.derivedData/Build/Products/Debug-watchos/Atomics.swiftmodule/Project/arm64_32-apple-watchos.swiftsourceinfo
PrecompileModule /Users/admin/builder/spi-builder-workspace/.derivedData/Build/Intermediates.noindex/ExplicitPrecompiledModules/Darwin-7ZKULZR42CGYZA0VTFXY0632X.scan
cd /
builtin-precompileModule /Users/admin/builder/spi-builder-workspace/.derivedData/Build/Intermediates.noindex/ExplicitPrecompiledModules/Darwin-7ZKULZR42CGYZA0VTFXY0632X.scan
SwiftCompile normal arm64_32 Compiling\ PointerConformances.swift,\ Primitives.native.swift /Users/admin/builder/spi-builder-workspace/.dependencies/checkouts/swift-atomics/Sources/Atomics/Conformances/autogenerated/PointerConformances.swift /Users/admin/builder/spi-builder-workspace/.dependencies/checkouts/swift-atomics/Sources/Atomics/Primitives/autogenerated/Primitives.native.swift (in target 'Atomics' from project 'swift-atomics')
SwiftCompile normal arm64_32 /Users/admin/builder/spi-builder-workspace/.dependencies/checkouts/swift-atomics/Sources/Atomics/Conformances/autogenerated/PointerConformances.swift (in target 'Atomics' from project 'swift-atomics')
cd /Users/admin/builder/spi-builder-workspace/.swiftpm/xcode
builtin-SwiftPerFileCompile PointerConformances.swift
SwiftCompile normal arm64_32 /Users/admin/builder/spi-builder-workspace/.dependencies/checkouts/swift-atomics/Sources/Atomics/Primitives/autogenerated/Primitives.native.swift (in target 'Atomics' from project 'swift-atomics')
cd /Users/admin/builder/spi-builder-workspace/.swiftpm/xcode
builtin-SwiftPerFileCompile Primitives.native.swift
Ld /Users/admin/builder/spi-builder-workspace/.derivedData/Build/Intermediates.noindex/swift-test-doubles.build/Debug-watchos/CTestDoublesTrampoline-t.build/Objects-normal/arm64_32/Binary/CTestDoublesTrampoline.o normal arm64_32 (in target 'CTestDoublesTrampoline' from project 'swift-test-doubles')
cd /Users/admin/builder/spi-builder-workspace
/Applications/Xcode-27.0.0-Release.Candidate.app/Contents/Developer/Toolchains/XcodeDefault.xctoolchain/usr/bin/clang -Xlinker -reproducible -target arm64_32-apple-watchos9.0 -r -isysroot /Applications/Xcode-27.0.0-Release.Candidate.app/Contents/Developer/Platforms/WatchOS.platform/Developer/SDKs/WatchOS27.0.sdk -O0 -Xlinker -no_warn_duplicate_libraries -F/Users/admin/builder/spi-builder-workspace/.derivedData/Build/Intermediates.noindex/EagerLinkingTBDs/Debug-watchos -F/Users/admin/builder/spi-builder-workspace/.derivedData/Build/Products/Debug-watchos -iframework /Applications/Xcode-27.0.0-Release.Candidate.app/Contents/Developer/Platforms/WatchOS.platform/Developer/Library/Frameworks -iframework /Applications/Xcode-27.0.0-Release.Candidate.app/Contents/Developer/Platforms/WatchOS.platform/Developer/SDKs/WatchOS27.0.sdk/Developer/Library/Frameworks -filelist /Users/admin/builder/spi-builder-workspace/.derivedData/Build/Intermediates.noindex/swift-test-doubles.build/Debug-watchos/CTestDoublesTrampoline-t.build/Objects-normal/arm64_32/CTestDoublesTrampoline.LinkFileList -nostdlib -Xlinker -object_path_lto -Xlinker /Users/admin/builder/spi-builder-workspace/.derivedData/Build/Intermediates.noindex/swift-test-doubles.build/Debug-watchos/CTestDoublesTrampoline-t.build/Objects-normal/arm64_32/CTestDoublesTrampoline_lto.o -Xlinker -no_deduplicate -Xlinker -debug_variant -Xlinker -dependency_info -Xlinker /Users/admin/builder/spi-builder-workspace/.derivedData/Build/Intermediates.noindex/swift-test-doubles.build/Debug-watchos/CTestDoublesTrampoline-t.build/Objects-normal/arm64_32/CTestDoublesTrampoline_dependency_info.dat -o /Users/admin/builder/spi-builder-workspace/.derivedData/Build/Intermediates.noindex/swift-test-doubles.build/Debug-watchos/CTestDoublesTrampoline-t.build/Objects-normal/arm64_32/Binary/CTestDoublesTrampoline.o
ld: 64-bit pointer in 32-bit arch: r_address=0x20, r_type=0, r_extern=1, r_pcrel=0, r_length=3 in '/Users/admin/builder/spi-builder-workspace/.derivedData/Build/Intermediates.noindex/swift-test-doubles.build/Debug-watchos/CTestDoublesTrampoline-t.build/Objects-normal/arm64_32/TestDoublesTrampoline-6760ff54f309d90921919530d605b65f.o'
/Users/admin/builder/spi-builder-workspace/Package.swift: CTestDoublesTrampoline: clang: error: linker command failed with exit code 1 (use -v to see invocation)
SwiftExplicitDependencyGeneratePcm arm64_32 /Users/admin/builder/spi-builder-workspace/.derivedData/SDKExplicitPrecompiledModules/os-D9NWGT7PQGY2OD43XMA2KGLJK.pcm
SwiftExplicitDependencyGeneratePcm arm64 /Users/admin/builder/spi-builder-workspace/.derivedData/SDKExplicitPrecompiledModules/os-6BCTB8I5DCBBKFJ0Y0G4WQDDJ.pcm
PruneExplicitPrecompiledModules /Users/admin/builder/spi-builder-workspace/.derivedData/Build/Intermediates.noindex/ExplicitPrecompiledModules
PruneExplicitPrecompiledModules /Users/admin/builder/spi-builder-workspace/.derivedData/Build/Intermediates.noindex/SwiftExplicitPrecompiledModules
PruneExplicitPrecompiledModules /Users/admin/builder/spi-builder-workspace/.derivedData/SDKExplicitPrecompiledModules
2026-09-30 19:12:49.592 xcodebuild[765:4728] [MT] IDERunDestination: Supported platforms for the buildables in the current scheme is empty.
** BUILD FAILED **
The following build commands failed:
Ld /Users/admin/builder/spi-builder-workspace/.derivedData/Build/Intermediates.noindex/swift-test-doubles.build/Debug-watchos/CTestDoublesTrampoline-t.build/Objects-normal/arm64_32/Binary/CTestDoublesTrampoline.o normal arm64_32 (in target 'CTestDoublesTrampoline' from project 'swift-test-doubles')
Building workspace swift-test-doubles with scheme swift-test-doubles-Package
(2 failures)
Command line invocation:
/Applications/Xcode-27.0.0-Release.Candidate.app/Contents/Developer/usr/bin/xcodebuild -IDEClonedSourcePackagesDirPathOverride=/Users/admin/builder/spi-builder-workspace/.dependencies -resolvePackageDependencies
Resolve Package Graph
Resolved source packages:
swift-issue-reporting: https://github.com/pointfreeco/swift-issue-reporting @ 2.1.1
swift-test-doubles: /Users/admin/builder/spi-builder-workspace
swift-atomics: https://github.com/apple/swift-atomics.git @ 1.3.1
Echo: https://github.com/tevelee/Echo.git @ 0.1.17
resolved source packages: swift-issue-reporting, swift-test-doubles, swift-atomics, Echo
2026-09-30 19:12:58.901 xcodebuild[1010:5819] [MT] IDERunDestination: Supported platforms for the buildables in the current scheme is empty.
{
"dependencies" : [
{
"identity" : "echo",
"requirement" : {
"range" : [
{
"lower_bound" : "0.1.1",
"upper_bound" : "0.2.0"
}
]
},
"type" : "sourceControl",
"url" : "https://github.com/tevelee/Echo.git"
},
{
"identity" : "swift-issue-reporting",
"requirement" : {
"range" : [
{
"lower_bound" : "2.0.0",
"upper_bound" : "3.0.0"
}
]
},
"type" : "sourceControl",
"url" : "https://github.com/pointfreeco/swift-issue-reporting"
},
{
"identity" : "swift-syntax",
"requirement" : {
"range" : [
{
"lower_bound" : "603.0.0-latest",
"upper_bound" : "604.0.0"
}
]
},
"type" : "sourceControl",
"url" : "https://github.com/swiftlang/swift-syntax.git"
},
{
"identity" : "swift-macro-testing",
"requirement" : {
"range" : [
{
"lower_bound" : "0.6.5",
"upper_bound" : "1.0.0"
}
]
},
"type" : "sourceControl",
"url" : "https://github.com/pointfreeco/swift-macro-testing"
}
],
"manifest_display_name" : "swift-test-doubles",
"name" : "swift-test-doubles",
"path" : "/Users/admin/builder/spi-builder-workspace",
"platforms" : [
{
"name" : "ios",
"version" : "16.0"
},
{
"name" : "macos",
"version" : "13.0"
},
{
"name" : "tvos",
"version" : "16.0"
},
{
"name" : "visionos",
"version" : "1.0"
},
{
"name" : "watchos",
"version" : "9.0"
}
],
"products" : [
{
"name" : "TestDoubles",
"targets" : [
"TestDoubles"
],
"type" : {
"library" : [
"automatic"
]
}
},
{
"name" : "TestDoublesTesting",
"targets" : [
"TestDoublesTesting"
],
"type" : {
"library" : [
"automatic"
]
}
},
{
"name" : "TestDoublesMacros",
"targets" : [
"TestDoublesMacros"
],
"type" : {
"library" : [
"automatic"
]
}
},
{
"name" : "ManualStubGenerator",
"targets" : [
"ManualStubGenerator"
],
"type" : {
"plugin" : null
}
},
{
"name" : "ManualStubBuildPlugin",
"targets" : [
"ManualStubBuildPlugin"
],
"type" : {
"plugin" : null
}
},
{
"name" : "WasmDemo",
"targets" : [
"WasmDemo"
],
"type" : {
"executable" : null
}
},
{
"name" : "ManualStubGeneratorTool",
"targets" : [
"ManualStubGeneratorTool"
],
"type" : {
"executable" : null
}
},
{
"name" : "AndroidRuntimeDemo",
"targets" : [
"AndroidRuntimeDemo"
],
"type" : {
"executable" : null
}
},
{
"name" : "TestDoublesStubbableMacros",
"targets" : [
"TestDoublesStubbableMacros"
],
"type" : {
"macro" : null
}
}
],
"swift_languages_versions" : [
"6"
],
"targets" : [
{
"c99name" : "WasmDemo",
"module_type" : "SwiftTarget",
"name" : "WasmDemo",
"path" : "Sources/WasmDemo",
"product_memberships" : [
"WasmDemo"
],
"sources" : [
"main.swift"
],
"target_dependencies" : [
"TestDoubles"
],
"type" : "executable"
},
{
"c99name" : "TestDoublesXCTestTests",
"module_type" : "SwiftTarget",
"name" : "TestDoublesXCTestTests",
"path" : "Tests/TestDoublesXCTestTests",
"sources" : [
"XCTestScopedValidationTests.swift"
],
"target_dependencies" : [
"TestDoubles",
"TestDoublesTesting"
],
"type" : "test"
},
{
"c99name" : "TestDoublesWasmTests",
"module_type" : "SwiftTarget",
"name" : "TestDoublesWasmTests",
"path" : "Tests/TestDoublesWasmTests",
"sources" : [
"WasmPlatformTests.swift"
],
"target_dependencies" : [
"TestDoubles"
],
"type" : "test"
},
{
"c99name" : "TestDoublesTests",
"module_type" : "SwiftTarget",
"name" : "TestDoublesTests",
"path" : "Tests/TestDoublesTests",
"product_dependencies" : [
"IssueReportingTestSupport"
],
"sources" : [
"EndToEnd/AdvancedRuntimeClosureTests.swift",
"EndToEnd/AutoclosureRecordingTests.swift",
"EndToEnd/ClosureBoundaryExpansionTests.swift",
"EndToEnd/ClosureBoundarySpyTests.swift",
"EndToEnd/ClosureStackBoundaryTests.swift",
"EndToEnd/DummyTests.swift",
"EndToEnd/GenericRequirementTests.swift",
"EndToEnd/MultiRegisterSIMDTests.swift",
"EndToEnd/ProductionUsageTests.swift",
"EndToEnd/RealWorldServiceProtocolTests.swift",
"EndToEnd/RuntimeClosureTests.swift",
"EndToEnd/StubFactoryTests.swift",
"EndToEnd/TestDoubleConstructionFacadeTests.swift",
"EndToEnd/UnstubbedBehaviorTests.swift",
"Integration/AssociatedTypes/AssociatedFunctionTypeTests.swift",
"Integration/AssociatedTypes/AssociatedGenericClassTypedErrorTests.swift",
"Integration/AssociatedTypes/AssociatedTypedErrorTests.swift",
"Integration/AssociatedTypes/BoundAssociatedTypeTests.swift",
"Integration/AssociatedTypes/GenericClassAssociatedTypeTests.swift",
"Integration/AssociatedTypes/MultipleAssociatedTypeTests.swift",
"Integration/AssociatedTypes/NestedAssociatedTypeTests.swift",
"Integration/AssociatedTypes/ReferenceAssociatedTypeTests.swift",
"Integration/AssociatedTypes/ResultAssociatedTypeTests.swift",
"Integration/AssociatedTypes/UnboundAssociatedTypeTests.swift",
"Integration/Protocols/ClassConstrainedProtocolTests.swift",
"Integration/Protocols/DeferredProtocolBoundaryTests.swift",
"Integration/Protocols/LocalProtocolDeclarationTests.swift",
"Integration/Protocols/ProtocolCompositionTests.swift",
"Integration/Protocols/ProtocolInheritanceTests.swift",
"Integration/Requirements/AsyncTypedThrowsRequirementTests.swift",
"Integration/Requirements/DynamicSelfResultTests.swift",
"Integration/Requirements/GetterEffectTests.swift",
"Integration/Requirements/InitializerRequirementTests.swift",
"Integration/Requirements/NestedSelfArgumentTests.swift",
"Integration/Requirements/PropertySetterTests.swift",
"Integration/Requirements/RequirementTests.swift",
"Integration/Requirements/ResilientProtocolDiscoveryTests.swift",
"Integration/Requirements/SelfArgumentTests.swift",
"Integration/Requirements/SelfSubscriptArgumentTests.swift",
"Integration/Requirements/SignatureOfRequirementTests.swift",
"Integration/Requirements/StaticRequirementTests.swift",
"Integration/Requirements/SubscriptRequirementTests.swift",
"Integration/Requirements/ThrowingSelfArgumentTests.swift",
"Integration/Requirements/TypedThrowsRequirementTests.swift",
"Integration/Runtime/AsyncFloat16SpillTests.swift",
"Integration/Runtime/AsyncFloatSpillTests.swift",
"Integration/Runtime/AsyncFloatingPointSpillTests.swift",
"Integration/Runtime/AsyncForwardingStackPlanTests.swift",
"Integration/Runtime/AsyncIndirectSpillTests.swift",
"Integration/Runtime/AsyncMultiRegisterSIMDSpillTests.swift",
"Integration/Runtime/AsyncMultiwordIntegerSpillTests.swift",
"Integration/Runtime/AsyncMultiwordStackSpyForwardingTests.swift",
"Integration/Runtime/AsyncPaddedAggregateSpillTests.swift",
"Integration/Runtime/AsyncPaddedIntegerSpillTests.swift",
"Integration/Runtime/AsyncSIMDSpillTests.swift",
"Integration/Runtime/AsyncStackABIIntegrationTests.swift",
"Integration/Runtime/AsyncStackSpyForwardingTests.swift",
"Integration/Runtime/AsyncWitnessStackPlanTests.swift",
"Integration/Runtime/BuiltInFoundationResultAdapterTests.swift",
"Integration/Runtime/CollectionSignatureTests.swift",
"Integration/Runtime/CommonPlaceholderArgumentTests.swift",
"Integration/Runtime/ConcurrencyTests.swift",
"Integration/Runtime/ConstrainedGenericTypeResolutionTests.swift",
"Integration/Runtime/DependentGenericArgumentDiagnosticTests.swift",
"Integration/Runtime/Float16ABITests.swift",
"Integration/Runtime/FoundationTransportEvidenceTests.swift",
"Integration/Runtime/FoundationValueArgumentTests.swift",
"Integration/Runtime/InlineArrayABITests.swift",
"Integration/Runtime/NonFrozenStandardLibraryValueTests.swift",
"Integration/Runtime/OpaqueExistentialValueTests.swift",
"Integration/Runtime/PlatformFrameworkPlaceholderArgumentTests.swift",
"Integration/Runtime/ResilientValueArgumentABITests.swift",
"Integration/Runtime/RuntimeABITests.swift",
"Integration/Runtime/SIMDABITests.swift",
"Integration/Runtime/StubLifetimeTests.swift",
"Integration/Runtime/SyncStackSpySpillForwardingTests.swift",
"Integration/Runtime/WideAggregateArgumentABITests.swift",
"Integration/Stubbing/ActorIsolatedProtocolTests.swift",
"Integration/Stubbing/AsyncStreamControllerTests.swift",
"Integration/Stubbing/AsyncStubbingTests.swift",
"Integration/Stubbing/AwaitCancellationBehaviorTests.swift",
"Integration/Stubbing/BorrowedClosureTests.swift",
"Integration/Stubbing/CallPatternTests.swift",
"Integration/Stubbing/CancellationInjectionBehaviorTests.swift",
"Integration/Stubbing/ClientStubTests.swift",
"Integration/Stubbing/ClientStubUnaryEndpointTests.swift",
"Integration/Stubbing/ClosureArgumentHistoryTests.swift",
"Integration/Stubbing/ClosureDoubleArgumentsTests.swift",
"Integration/Stubbing/ClosurePatternParityTests.swift",
"Integration/Stubbing/ClosureSpyTests.swift",
"Integration/Stubbing/CompiledAutoclosureTests.swift",
"Integration/Stubbing/ConstructionErrorTests.swift",
"Integration/Stubbing/CoreStubbingTests.swift",
"Integration/Stubbing/CrossDoubleOrderTests.swift",
"Integration/Stubbing/DelayedBehaviorTests.swift",
"Integration/Stubbing/EffectfulClosureDoubleTests.swift",
"Integration/Stubbing/EventualVerificationTests.swift",
"Integration/Stubbing/FaultInjectionBehaviorTests.swift",
"Integration/Stubbing/ForEachCallBehaviorTests.swift",
"Integration/Stubbing/ForwardingBehaviorTests.swift",
"Integration/Stubbing/GlobalActorClosureDoubleTests.swift",
"Integration/Stubbing/InoutClosureDoubleTests.swift",
"Integration/Stubbing/InteractionLogTests.swift",
"Integration/Stubbing/InvocationManagementTests.swift",
"Integration/Stubbing/ManualStubBuildPluginIntegrationTests.swift",
"Integration/Stubbing/ManualStubGeneratorIntegrationTests.swift",
"Integration/Stubbing/ManualStubOverloadTests.swift",
"Integration/Stubbing/ManualStubTests.swift",
"Integration/Stubbing/ManualStubTypedThrowsTests.swift",
"Integration/Stubbing/MatcherTests.swift",
"Integration/Stubbing/NeverReturningBehaviorTests.swift",
"Integration/Stubbing/NoMoreInteractionsTests.swift",
"Integration/Stubbing/NonescapingCallbackRecorderTests.swift",
"Integration/Stubbing/OrderedVerificationTests.swift",
"Integration/Stubbing/PlaceholderRegistryTests.swift",
"Integration/Stubbing/RecorderReentrancyTests.swift",
"Integration/Stubbing/RecordingPlaceholderFallbackTests.swift",
"Integration/Stubbing/RecordingReplayTests.swift",
"Integration/Stubbing/RecordingReturnPlaceholderTests.swift",
"Integration/Stubbing/RichMatchersTests.swift",
"Integration/Stubbing/ScopedValidationTests.swift",
"Integration/Stubbing/SendableClosureDoubleTests.swift",
"Integration/Stubbing/SpyForwardingCoverageTests.swift",
"Integration/Stubbing/SpyModifyForwardingTests.swift",
"Integration/Stubbing/SpyTests.swift",
"Integration/Stubbing/StubbableClientMacroIntegrationTests.swift",
"Integration/Stubbing/StubbableMacroMacOSCompilationTests.swift",
"Integration/Stubbing/StubbedPropertyTests.swift",
"Integration/Stubbing/SuspensionBehaviorTests.swift",
"Integration/Stubbing/SwiftTestingIntegrationTests.swift",
"Integration/Stubbing/TestDoubleScenarioTests.swift",
"Integration/Stubbing/TypedInvocationAccessTests.swift",
"Integration/Stubbing/TypedThrowingClosureDoubleTests.swift",
"Integration/Stubbing/UnmatchedCallPolicyTests.swift",
"Integration/Stubbing/UnreachableRegistrationTests.swift",
"Integration/Stubbing/UnusedStubDetectionTests.swift",
"Integration/Stubbing/UserFacingEnhancementsTests.swift",
"Integration/Stubbing/VariadicClosureDoubleTests.swift",
"Integration/Stubbing/VariadicRequirementTests.swift",
"Integration/Stubbing/VerificationDiagnosticsTests.swift",
"TestSupport/BlockingWork.swift",
"TestSupport/ExitTestAssertions.swift",
"TestSupport/LockedCounter.swift",
"TestSupport/StubErrorAssertions.swift",
"TestSupport/TypedThrowsClosureBoundaryAssertions.swift",
"TestSupport/WeakReference.swift",
"Unit/CommonRecordingPlaceholderTests.swift",
"Unit/CompilerEvidenceAutomaticRoutingTests.swift",
"Unit/RecordingPlaceholderResolverTests.swift",
"Unit/RequirementGenericSignatureTests.swift",
"Unit/StubCompilerEvidenceVocabularyTests.swift",
"Unit/StubErrorDescriptionTests.swift"
],
"target_dependencies" : [
"TestDoubles",
"TestDoublesTesting",
"TestDoublesRuntime",
"InternalRuntimeContract",
"ManualStubBuildPluginIntegrationFixtures",
"ManualStubGeneratorIntegrationFixtures",
"TestDoublesFixtures",
"TestDoublesResilientFixtures"
],
"type" : "test"
},
{
"c99name" : "TestDoublesTesting",
"module_type" : "SwiftTarget",
"name" : "TestDoublesTesting",
"path" : "Sources/TestDoublesTesting",
"product_dependencies" : [
"IssueReporting"
],
"product_memberships" : [
"TestDoublesTesting"
],
"sources" : [
"ScopedValidation.swift",
"TestingIntegration.swift"
],
"target_dependencies" : [
"TestDoubles"
],
"type" : "library"
},
{
"c99name" : "TestDoublesStubbableMacros",
"module_type" : "SwiftTarget",
"name" : "TestDoublesStubbableMacros",
"path" : "Sources/TestDoublesStubbableMacros",
"product_memberships" : [
"TestDoublesStubbableMacros"
],
"sources" : [
"StubbableClientMacro.swift",
"StubbableMacro.swift"
],
"target_dependencies" : [
"ManualStubGeneratorCore"
],
"type" : "macro"
},
{
"c99name" : "TestDoublesRuntimeTests",
"module_type" : "SwiftTarget",
"name" : "TestDoublesRuntimeTests",
"path" : "Tests/TestDoublesRuntimeTests",
"product_dependencies" : [
"Echo",
"EchoRuntimeReflection",
"EchoRuntimeSupport"
],
"sources" : [
"CompilerResultTransportFunctionBridgeTests.swift",
"ConcurrencyClosureThunkSyntaxTests.swift",
"DelimitedSyntaxScannerTests.swift",
"DemangledTypeSyntaxTests.swift",
"DynamicFunctionBridgeArity0Tests+Generated.swift",
"DynamicFunctionBridgeArity1Tests+Generated.swift",
"DynamicFunctionBridgeArity2Tests+Generated.swift",
"DynamicFunctionBridgeArity3Tests+Generated.swift",
"DynamicFunctionBridgeArity4Tests+Generated.swift",
"DynamicFunctionBridgeArity5Tests+Generated.swift",
"DynamicFunctionBridgeArity6Tests+Generated.swift",
"DynamicFunctionBridgeMatrixTests+Generated.swift",
"DynamicFunctionStackABITests.swift",
"ExtendedExistentialRuntimeSupportTests.swift",
"Float16ABIClassificationTests.swift",
"FunctionBridgePlanTests.swift",
"FunctionPointerAuthenticationTests.swift",
"InlineArrayMetadataTests.swift",
"PlaceholderSynthesisTests.swift",
"PreparedStubPlanCacheKeyTests.swift",
"ReabstractionThunkRegistryTests.swift",
"RetainedRuntimeStateTests.swift",
"RuntimeMethodProjectionTests.swift",
"RuntimeSymbolsTests.swift",
"RuntimeTransportTests.swift",
"RuntimeTypeResolutionTests.swift",
"SIMDABIClassificationTests.swift",
"TrampolineArenaTests.swift",
"WitnessSignatureParserTests.swift",
"WitnessValueConventionTests.swift",
"WitnessValueDependencyTests.swift",
"YieldOnce2ResumeDiscriminatorABITests.swift",
"YieldingAccessorRuntimeTests.swift",
"ZeroSizedArgumentDecodingTests.swift"
],
"target_dependencies" : [
"TestDoublesRuntime",
"TestDoublesFixtures",
"TestDoublesResilientFixtures"
],
"type" : "test"
},
{
"c99name" : "TestDoublesRuntimeIntegrationTests",
"module_type" : "SwiftTarget",
"name" : "TestDoublesRuntimeIntegrationTests",
"path" : "Tests/TestDoublesRuntimeIntegrationTests",
"sources" : [
"StubRuntimeResourcesTests.swift"
],
"target_dependencies" : [
"TestDoubles",
"TestDoublesRuntime"
],
"type" : "test"
},
{
"c99name" : "TestDoublesRuntime",
"module_type" : "SwiftTarget",
"name" : "TestDoublesRuntime",
"path" : "Sources/TestDoublesRuntime",
"product_dependencies" : [
"Echo",
"EchoRuntimeReflection",
"EchoRuntimeSupport"
],
"product_memberships" : [
"TestDoubles",
"TestDoublesTesting",
"TestDoublesMacros",
"WasmDemo",
"AndroidRuntimeDemo"
],
"sources" : [
"Metadata/AddressOnlyValues.swift",
"Metadata/CallFrameArgumentPlan.swift",
"Metadata/CompilerProvenStructuralResultPlan.swift",
"Metadata/ContextDescriptorName.swift",
"Metadata/DelimitedSyntaxScanner.swift",
"Metadata/DemangledTypeSyntax.swift",
"Metadata/FunctionSignatureMatcher.swift",
"Metadata/GenericNominalTypeResolution.swift",
"Metadata/LoweredFunctionSyntax.swift",
"Metadata/Metadata/AssociatedTypeBindings.swift",
"Metadata/Metadata/CallableRequirementDescriptor.swift",
"Metadata/Metadata/ExtendedExistentialMetadata.swift",
"Metadata/Metadata/FabricatedPayload.swift",
"Metadata/Metadata/LinkedWitnessTableGraph.swift",
"Metadata/Metadata/MethodDescriptor.swift",
"Metadata/Metadata/ProtocolLayout+Builder.swift",
"Metadata/Metadata/ProtocolLayout.swift",
"Metadata/Metadata/ProtocolWitnessTableLayout.swift",
"Metadata/Metadata/ResolvedWitnessValue.swift",
"Metadata/Metadata/RuntimeExplicitRequirementSchema.swift",
"Metadata/Metadata/RuntimeProtocolDescriptor.swift",
"Metadata/Metadata/RuntimeRequirementValidation.swift",
"Metadata/Metadata/SignatureDiscovery+DependentTypes.swift",
"Metadata/Metadata/SignatureDiscovery+TypedErrors.swift",
"Metadata/Metadata/SignatureDiscovery.swift",
"Metadata/Metadata/StubExistentialRepresentation.swift",
"Metadata/Metadata/TypedErrorTransport.swift",
"Metadata/Metadata/WitnessSignatureParser.swift",
"Metadata/Metadata/WitnessValueDependency.swift",
"Metadata/ProtocolExistentialTypeResolution.swift",
"Metadata/ReabstractionThunkRegistry.swift",
"Metadata/RuntimeTypeClassification.swift",
"Metadata/RuntimeTypeResolution.swift",
"Metadata/RuntimeValueLayout.swift",
"Metadata/TypedWitnessAdapter.swift",
"Metadata/WitnessCallTransportPlan.swift",
"Runtime/AsyncWitnessABIPlan.swift",
"Runtime/CompilerResultTransportEvidence.swift",
"Runtime/DependentResultEncoder.swift",
"Runtime/DummyValue.swift",
"Runtime/DynamicFunctionABIPlan.swift",
"Runtime/DynamicFunctionArgumentDecoder.swift",
"Runtime/DynamicFunctionBoxing+Generated.swift",
"Runtime/DynamicFunctionInvocation.swift",
"Runtime/DynamicFunctionReturn.swift",
"Runtime/FabricatedExistentialStorage.swift",
"Runtime/FabricatedInvocationRegistry.swift",
"Runtime/FabricatedRuntimeResources.swift",
"Runtime/FabricatedWitnessDispatch.swift",
"Runtime/FabricatedWitnessTableFactory.swift",
"Runtime/ForwardedInvocationState.swift",
"Runtime/ForwardingTarget.swift",
"Runtime/FunctionBridgePlan.swift",
"Runtime/FunctionPointerAuthentication.swift",
"Runtime/FunctionReabstraction.swift",
"Runtime/FunctionReabstractionSupport.swift",
"Runtime/ManagedDynamicCall.swift",
"Runtime/ModifyCoroutineRuntime.swift",
"Runtime/PlaceholderValue.swift",
"Runtime/PreparedFunctionReabstraction.swift",
"Runtime/PreparedRuntimeMethod.swift",
"Runtime/PreparedStubPlanCache.swift",
"Runtime/ProtocolForwarder.swift",
"Runtime/ProtocolForwardingPlan.swift",
"Runtime/ReadCoroutineRuntime.swift",
"Runtime/RecordingResultEncoder.swift",
"Runtime/ResolvedFabricatedInvocation.swift",
"Runtime/RetainedRuntimeState.swift",
"Runtime/RuntimeArgumentDecoder.swift",
"Runtime/RuntimeResultEncoder.swift",
"Runtime/RuntimeResultTransportPlan.swift",
"Runtime/RuntimeStubFactory+Preparation.swift",
"Runtime/RuntimeStubFactory+ProtocolShape.swift",
"Runtime/RuntimeStubFactory.swift",
"Runtime/RuntimeValueTransport.swift",
"Runtime/StructuralReabstraction.swift",
"Runtime/SuperclassConstrainedRuntime.swift",
"Runtime/SwiftErrorTransport.swift",
"Runtime/SynchronousAccessorDispatch.swift",
"Runtime/TrampolineCallFrame.swift",
"Runtime/TrampolineFactory.swift",
"Runtime/TrampolineHandler.swift",
"Runtime/WitnessEntryInstaller.swift",
"Runtime/WitnessTableGraphBuilder.swift",
"Runtime/YieldingAccessorRuntime.swift",
"Support/ArgumentRegisterScrubber.swift",
"Support/RuntimeArchitecture.swift",
"Support/RuntimeConstructionError.swift",
"Support/RuntimeSymbols.swift",
"Support/TrampolineABICapacity.swift",
"TestDoublesRuntime.swift"
],
"target_dependencies" : [
"InternalRuntimeContract",
"CTestDoublesTrampoline"
],
"type" : "library"
},
{
"c99name" : "TestDoublesResilientFixtures",
"module_type" : "SwiftTarget",
"name" : "TestDoublesResilientFixtures",
"path" : "Tests/TestDoublesResilientFixtures",
"sources" : [
"Protocols.swift",
"RuntimeValueFixtures.swift"
],
"type" : "library"
},
{
"c99name" : "TestDoublesReadTests",
"module_type" : "SwiftTarget",
"name" : "TestDoublesReadTests",
"path" : "Tests/TestDoublesReadTests",
"sources" : [
"ReadAccessorTests.swift"
],
"target_dependencies" : [
"TestDoubles",
"TestDoublesRuntime",
"InternalRuntimeContract",
"TestDoublesReadFixtures",
"TestDoublesResilientFixtures"
],
"type" : "test"
},
{
"c99name" : "TestDoublesReadFixtures",
"module_type" : "SwiftTarget",
"name" : "TestDoublesReadFixtures",
"path" : "Tests/TestDoublesReadFixtures",
"sources" : [
"ReadAccessorProtocols.swift"
],
"target_dependencies" : [
"TestDoublesResilientFixtures"
],
"type" : "library"
},
{
"c99name" : "TestDoublesMacros",
"module_type" : "SwiftTarget",
"name" : "TestDoublesMacros",
"path" : "Sources/TestDoublesMacros",
"product_memberships" : [
"TestDoublesMacros"
],
"sources" : [
"Stubbable.swift",
"StubbableClient.swift"
],
"target_dependencies" : [
"TestDoubles"
],
"type" : "library"
},
{
"c99name" : "TestDoublesMacroTests",
"module_type" : "SwiftTarget",
"name" : "TestDoublesMacroTests",
"path" : "Tests/TestDoublesMacroTests",
"sources" : [
"StubbableMacroTests.swift"
],
"type" : "test"
},
{
"c99name" : "TestDoublesInternalTests",
"module_type" : "SwiftTarget",
"name" : "TestDoublesInternalTests",
"path" : "Tests/TestDoublesInternalTests",
"sources" : [
"DummyInvocationTests.swift",
"InvocationLedgerTests.swift",
"StubBehaviorRegistryIndexTests.swift",
"StubRecorderDiagnosticsTests.swift",
"StubRecorderInvocationEndpointTests.swift",
"TestDoubleFailureTests.swift",
"TestDoubleLifecycleFailureMigrationTests.swift"
],
"target_dependencies" : [
"TestDoubles",
"InternalRuntimeContract"
],
"type" : "test"
},
{
"c99name" : "TestDoublesFixtures",
"module_type" : "SwiftTarget",
"name" : "TestDoublesFixtures",
"path" : "Tests/TestDoublesFixtures",
"sources" : [
"AdvancedClosureProtocols.swift",
"AssociatedFunctionProtocols.swift",
"AssociatedGenericClassProtocols.swift",
"AssociatedGenericClassTypedErrorProtocols.swift",
"ClosureBoundaryProtocols.swift",
"ClosureClientAliases.swift",
"ClosureStackBoundaryX86Helpers.swift",
"GenericAccessorFixtures.swift",
"GenericRequirementFixtures.swift",
"ManualStubGeneratorSample.swift",
"Protocols.swift",
"RealWorldServiceProtocols.swift",
"ReferenceAssociatedTypeProtocols.swift",
"SelfArgumentProtocols.swift",
"UnsupportedGenericLayoutFixtures.swift"
],
"type" : "library"
},
{
"c99name" : "TestDoublesCxxInteropTests",
"module_type" : "SwiftTarget",
"name" : "TestDoublesCxxInteropTests",
"path" : "Tests/TestDoublesCxxInteropTests",
"sources" : [
"CxxForeignReferenceTests.swift"
],
"target_dependencies" : [
"TestDoubles",
"TestDoublesCxxInteropFixtures"
],
"type" : "test"
},
{
"c99name" : "TestDoublesCxxInteropFixtures",
"module_type" : "ClangTarget",
"name" : "TestDoublesCxxInteropFixtures",
"path" : "Tests/TestDoublesCxxInteropFixtures",
"sources" : [
"Widget.cpp"
],
"type" : "library"
},
{
"c99name" : "TestDoubles",
"module_type" : "SwiftTarget",
"name" : "TestDoubles",
"path" : "Sources/TestDoubles",
"product_dependencies" : [
"IssueReporting"
],
"product_memberships" : [
"TestDoubles",
"TestDoublesTesting",
"TestDoublesMacros",
"WasmDemo",
"AndroidRuntimeDemo"
],
"sources" : [
"Doubles/AsyncStreamController.swift",
"Doubles/BehaviorRepetition.swift",
"Doubles/BorrowedClosure.swift",
"Doubles/CallInteractions.swift",
"Doubles/CallPattern+CancellationInjection.swift",
"Doubles/CallPattern+FaultInjection.swift",
"Doubles/CallPattern+ForEachCall.swift",
"Doubles/CallPattern+Interactions.swift",
"Doubles/CallPattern+Recording.swift",
"Doubles/CallPattern+SideEffects.swift",
"Doubles/CallPattern.swift",
"Doubles/CallStackCapture.swift",
"Doubles/CallbackCapture.swift",
"Doubles/CanonicalNames.swift",
"Doubles/ClientStub.swift",
"Doubles/ClientStubEndpoints+Aliases.swift",
"Doubles/ClientStubEndpoints+Unary.swift",
"Doubles/ClockAwareVerification.swift",
"Doubles/ClosureArgumentHistory.swift",
"Doubles/ClosureCallPatterns+Interactions.swift",
"Doubles/ClosureCallPatterns+Outcomes.swift",
"Doubles/ClosureDouble+Arguments.swift",
"Doubles/ClosureDouble.swift",
"Doubles/ClosureSpies.swift",
"Doubles/CompletionOrder.swift",
"Doubles/Dummy.swift",
"Doubles/DummyValueFactories.swift",
"Doubles/EffectfulClosureCallPatterns+Behavior.swift",
"Doubles/EffectfulClosureCallPatterns.swift",
"Doubles/EffectfulClosureDoubles.swift",
"Doubles/GlobalActorClosureDoubles.swift",
"Doubles/InoutClosureDouble.swift",
"Doubles/InteractionHistory.swift",
"Doubles/InteractionTimeline.swift",
"Doubles/InvocationAccess.swift",
"Doubles/InvocationManagement.swift",
"Doubles/InvocationOrder.swift",
"Doubles/InvocationOutcome.swift",
"Doubles/InvocationStream.swift",
"Doubles/InvocationTiming.swift",
"Doubles/ManualRouteID.swift",
"Doubles/ManualStub+ClientForwarding.swift",
"Doubles/ManualStub.swift",
"Doubles/ManualStubProxies.swift",
"Doubles/ManualStubStubbing.swift",
"Doubles/ManualStubVerification.swift",
"Doubles/NonescapingCallbackRecorder.swift",
"Doubles/SendableClosureDoubles.swift",
"Doubles/Spy.swift",
"Doubles/Stub.swift",
"Doubles/StubBehaviorChain+Computed.swift",
"Doubles/StubBehaviorChain+Void.swift",
"Doubles/StubBehaviorQueue.swift",
"Doubles/StubClock.swift",
"Doubles/StubError.swift",
"Doubles/StubFactory.swift",
"Doubles/StubInitializerBuilder.swift",
"Doubles/StubInvocation.swift",
"Doubles/StubOptionalSelfResultBuilder.swift",
"Doubles/StubPerformanceDiagnostics.swift",
"Doubles/StubRegistrationBuilder.swift",
"Doubles/StubSelfResultBuilder.swift",
"Doubles/StubStubbing.swift",
"Doubles/StubSupportReport.swift",
"Doubles/StubSuspension.swift",
"Doubles/StubVerification.swift",
"Doubles/StubbedProperty.swift",
"Doubles/TestDouble.swift",
"Doubles/TestDoubleIssue.swift",
"Doubles/TestDoubleNamespace.swift",
"Doubles/TestDoubleScenario.swift",
"Doubles/TypedHandlerInvocation.swift",
"Doubles/TypedThrowingClosureDoubles.swift",
"Doubles/UnmatchedCallPolicy.swift",
"Doubles/VariadicClosureDoubles.swift",
"Recording/BuiltInRecordingPlaceholders.swift",
"Recording/CustomMatcher.swift",
"Recording/InteractionFixture.swift",
"Recording/InvocationLedger.swift",
"Recording/ManualMethod.swift",
"Recording/ManualMethodCatalog.swift",
"Recording/Matchers.swift",
"Recording/ParameterMatcher.swift",
"Recording/RecordingPlaceholderResolver.swift",
"Recording/RecordingPlaceholders.swift",
"Recording/RecordingReturnPlaceholder.swift",
"Recording/RecordingSession.swift",
"Recording/RichMatchers.swift",
"Recording/StubBehaviorRegistry.swift",
"Recording/StubCaptureCoordinator.swift",
"Recording/StubRecorder+Dispatch.swift",
"Recording/StubRecorder+Registration.swift",
"Recording/StubRecorder+Verification.swift",
"Recording/StubRecorder.swift",
"Recording/StubRecorderDiagnostics.swift",
"Recording/TestDoubleFailure.swift",
"Runtime/Preparation/BuiltInResultAdapters+Generated.swift",
"Runtime/Preparation/BuiltInResultAdapters+Generated/AttributedString.swift",
"Runtime/Preparation/BuiltInResultAdapters+Generated/Calendar.swift",
"Runtime/Preparation/BuiltInResultAdapters+Generated/CharacterSet.swift",
"Runtime/Preparation/BuiltInResultAdapters+Generated/Data.swift",
"Runtime/Preparation/BuiltInResultAdapters+Generated/Date.swift",
"Runtime/Preparation/BuiltInResultAdapters+Generated/DateInterval.swift",
"Runtime/Preparation/BuiltInResultAdapters+Generated/Decimal.swift",
"Runtime/Preparation/BuiltInResultAdapters+Generated/IndexPath.swift",
"Runtime/Preparation/BuiltInResultAdapters+Generated/IndexSet.swift",
"Runtime/Preparation/BuiltInResultAdapters+Generated/Locale.swift",
"Runtime/Preparation/BuiltInResultAdapters+Generated/Notification.swift",
"Runtime/Preparation/BuiltInResultAdapters+Generated/NotificationName.swift",
"Runtime/Preparation/BuiltInResultAdapters+Generated/PersonNameComponents.swift",
"Runtime/Preparation/BuiltInResultAdapters+Generated/TimeZone.swift",
"Runtime/Preparation/BuiltInResultAdapters+Generated/URL.swift",
"Runtime/Preparation/BuiltInResultAdapters+Generated/URLRequest.swift",
"Runtime/Preparation/BuiltInResultAdapters+Generated/UUID.swift",
"Runtime/Preparation/BuiltInResultAdapters.swift",
"Runtime/Preparation/StubAssociatedTypeBinding.swift",
"Runtime/Preparation/StubCompilerEvidence.swift",
"Runtime/Preparation/StubRequirement+Factories.swift",
"Runtime/Preparation/StubRequirement+Resolution.swift",
"Runtime/Preparation/StubRequirement+Result.swift",
"Runtime/Preparation/StubRequirement+SignatureOf.swift",
"Runtime/Preparation/StubRequirement+TypedAdapter.swift",
"Runtime/Preparation/StubRequirement.swift",
"Runtime/RuntimeStubFactory.swift",
"Runtime/StubRecorderInvocationEndpoint.swift",
"TestDoubleTestingSupport.swift"
],
"target_dependencies" : [
"InternalRuntimeContract",
"TestDoublesRuntime"
],
"type" : "library"
},
{
"c99name" : "ManualStubGeneratorTool",
"module_type" : "SwiftTarget",
"name" : "ManualStubGeneratorTool",
"path" : "Sources/ManualStubGeneratorTool",
"product_memberships" : [
"ManualStubBuildPlugin",
"ManualStubGeneratorTool"
],
"sources" : [
"main.swift"
],
"target_dependencies" : [
"ManualStubGeneratorCore"
],
"type" : "executable"
},
{
"c99name" : "ManualStubGeneratorIntegrationFixtures",
"module_type" : "SwiftTarget",
"name" : "ManualStubGeneratorIntegrationFixtures",
"path" : "Tests/ManualStubGeneratorIntegrationFixtures",
"sources" : [
"GeneratedManualStub.swift",
"Protocol.swift"
],
"target_dependencies" : [
"TestDoubles"
],
"type" : "library"
},
{
"c99name" : "ManualStubGeneratorCoreTests",
"module_type" : "SwiftTarget",
"name" : "ManualStubGeneratorCoreTests",
"path" : "Tests/ManualStubGeneratorCoreTests",
"sources" : [
"CompilerEvidenceManifestGenerationTests.swift",
"ManualStubGeneratorTests.swift"
],
"target_dependencies" : [
"ManualStubGeneratorCore"
],
"type" : "test"
},
{
"c99name" : "ManualStubGeneratorCore",
"module_type" : "SwiftTarget",
"name" : "ManualStubGeneratorCore",
"path" : "Sources/ManualStubGeneratorCore",
"product_memberships" : [
"ManualStubBuildPlugin",
"ManualStubGeneratorTool",
"TestDoublesStubbableMacros"
],
"sources" : [
"ManualStubBatchGenerator.swift",
"ManualStubConformerShape.swift",
"ManualStubFunctionType.swift",
"ManualStubGenerator+Forwarding.swift",
"ManualStubGenerator+Refinement.swift",
"ManualStubGenerator.swift"
],
"type" : "library"
},
{
"c99name" : "ManualStubGenerator",
"module_type" : "PluginTarget",
"name" : "ManualStubGenerator",
"path" : "Plugins/ManualStubGenerator",
"plugin_capability" : {
"intent" : {
"description" : "Generate a ManualStub conformer from a protocol declaration.",
"type" : "custom",
"verb" : "generate-manual-stub"
},
"permissions" : [
{
"network_scope" : {
"none" : {
}
},
"reason" : "Writes the generated Swift conformer you request.",
"type" : "writeToPackageDirectory"
}
],
"type" : "command"
},
"product_memberships" : [
"ManualStubGenerator"
],
"sources" : [
"plugin.swift"
],
"type" : "plugin"
},
{
"c99name" : "ManualStubBuildPluginIntegrationFixtures",
"module_type" : "SwiftTarget",
"name" : "ManualStubBuildPluginIntegrationFixtures",
"path" : "Tests/ManualStubBuildPluginIntegrationFixtures",
"sources" : [
"Protocol.swift"
],
"target_dependencies" : [
"TestDoubles",
"ManualStubBuildPlugin"
],
"type" : "library"
},
{
"c99name" : "ManualStubBuildPluginDependencyTests",
"module_type" : "SwiftTarget",
"name" : "ManualStubBuildPluginDependencyTests",
"path" : "Tests/ManualStubBuildPluginDependencyTests",
"sources" : [
"DependencyStubTests.swift"
],
"target_dependencies" : [
"TestDoubles",
"ManualStubBuildPluginDependencyFixtures",
"ManualStubBuildPlugin"
],
"type" : "test"
},
{
"c99name" : "ManualStubBuildPluginDependencyFixtures",
"module_type" : "SwiftTarget",
"name" : "ManualStubBuildPluginDependencyFixtures",
"path" : "Tests/ManualStubBuildPluginDependencyFixtures",
"sources" : [
"AccountServices.swift"
],
"type" : "library"
},
{
"c99name" : "ManualStubBuildPlugin",
"module_type" : "PluginTarget",
"name" : "ManualStubBuildPlugin",
"path" : "Plugins/ManualStubBuildPlugin",
"plugin_capability" : {
"type" : "buildTool"
},
"product_memberships" : [
"ManualStubBuildPlugin"
],
"sources" : [
"plugin.swift"
],
"target_dependencies" : [
"ManualStubGeneratorTool"
],
"type" : "plugin"
},
{
"c99name" : "InternalRuntimeContractTests",
"module_type" : "SwiftTarget",
"name" : "InternalRuntimeContractTests",
"path" : "Tests/InternalRuntimeContractTests",
"sources" : [
"RuntimeAssociatedTypeUseTests.swift"
],
"target_dependencies" : [
"InternalRuntimeContract"
],
"type" : "test"
},
{
"c99name" : "InternalRuntimeContract",
"module_type" : "SwiftTarget",
"name" : "InternalRuntimeContract",
"path" : "Sources/InternalRuntimeContract",
"product_memberships" : [
"TestDoubles",
"TestDoublesTesting",
"TestDoublesMacros",
"WasmDemo",
"AndroidRuntimeDemo"
],
"sources" : [
"RuntimeExplicitRequirementSchema.swift",
"RuntimeInvocationContract.swift",
"RuntimeMethodContract.swift",
"RuntimeProtocolShapeContract.swift"
],
"type" : "library"
},
{
"c99name" : "CTestDoublesTrampoline",
"module_type" : "ClangTarget",
"name" : "CTestDoublesTrampoline",
"path" : "Sources/CTestDoublesTrampoline",
"product_memberships" : [
"TestDoubles",
"TestDoublesTesting",
"TestDoublesMacros",
"WasmDemo",
"AndroidRuntimeDemo"
],
"sources" : [
"SafeMemoryRead.c",
"SymbolLookup.c",
"TestDoublesTrampoline.S",
"TestDoublesTrampoline.c",
"WasiTrampolineStubs.c",
"WitnessVeneerArena.c"
],
"type" : "library"
},
{
"c99name" : "AndroidRuntimeDemo",
"module_type" : "SwiftTarget",
"name" : "AndroidRuntimeDemo",
"path" : "Sources/AndroidRuntimeDemo",
"product_memberships" : [
"AndroidRuntimeDemo"
],
"sources" : [
"main.swift"
],
"target_dependencies" : [
"TestDoubles"
],
"type" : "executable"
}
],
"tools_version" : "6.3"
}
{
"workspace" : {
"name" : "swift-test-doubles",
"schemes" : [
"AndroidRuntimeDemo",
"ManualStubGeneratorTool",
"swift-test-doubles-Package",
"TestDoubles",
"TestDoublesMacros",
"TestDoublesTesting",
"WasmDemo"
]
}
}
2026-09-30 19:13:00.724 xcodebuild[1020:5901] [MT] IDERunDestination: Supported platforms for the buildables in the current scheme is empty.
Running build ...
env DEVELOPER_DIR=/Applications/Xcode-27.0.0-Release.Candidate.app xcrun xcodebuild -IDEClonedSourcePackagesDirPathOverride=$PWD/.dependencies -skipMacroValidation -skipPackagePluginValidation -derivedDataPath $PWD/.derivedData build -scheme swift-test-doubles-Package -destination generic/platform=watchOS
Command line invocation:
/Applications/Xcode-27.0.0-Release.Candidate.app/Contents/Developer/usr/bin/xcodebuild -IDEClonedSourcePackagesDirPathOverride=/Users/admin/builder/spi-builder-workspace/.dependencies -skipMacroValidation -skipPackagePluginValidation -derivedDataPath /Users/admin/builder/spi-builder-workspace/.derivedData build -scheme swift-test-doubles-Package -destination generic/platform=watchOS
Resolve Package Graph
Resolved source packages:
swift-test-doubles: /Users/admin/builder/spi-builder-workspace
swift-issue-reporting: https://github.com/pointfreeco/swift-issue-reporting @ 2.1.1
Echo: https://github.com/tevelee/Echo.git @ 0.1.17
swift-atomics: https://github.com/apple/swift-atomics.git @ 1.3.1
ComputePackagePrebuildTargetDependencyGraph
Prepare packages
Compile plug-in “ManualStubBuildPlugin” in package “spi-builder-workspace”
[debug]: Compiling plugin to executable at /Users/admin/builder/spi-builder-workspace/.derivedData/Build/Products/PluginExecutables/ManualStubBuildPlugin
[debug]: Using compiler /Applications/Xcode-27.0.0-Release.Candidate.app/Contents/Developer/Toolchains/XcodeDefault.xctoolchain/usr/bin/swiftc
[debug]: Plugin compilation output directory '/Users/admin/builder/spi-builder-workspace/.derivedData/Build/Products/PluginExecutables'
[debug]: Computed hash of plugin compilation inputs: 220a3da92fef2c6d3f60c3f208a30c6c23046733fbdf95c7fc09452176d38a7c
/Applications/Xcode-27.0.0-Release.Candidate.app/Contents/Developer/Toolchains/XcodeDefault.xctoolchain/usr/bin/swiftc -L /Applications/Xcode-27.0.0-Release.Candidate.app/Contents/SharedFrameworks/SwiftPM.framework/SharedSupport/PluginAPI -lPackagePlugin -Xlinker -rpath -Xlinker /Applications/Xcode-27.0.0-Release.Candidate.app/Contents/SharedFrameworks/SwiftPM.framework/SharedSupport/PluginAPI -target arm64-apple-macos14.0 -plugin-path /Applications/Xcode-27.0.0-Release.Candidate.app/Contents/Developer/Toolchains/XcodeDefault.xctoolchain/usr/lib/swift/host/plugins/testing -sdk /Applications/Xcode-27.0.0-Release.Candidate.app/Contents/Developer/Platforms/MacOSX.platform/Developer/SDKs/MacOSX27.0.sdk -g -swift-version 6 -package-description-version 6.3.0 -I /Applications/Xcode-27.0.0-Release.Candidate.app/Contents/SharedFrameworks/SwiftPM.framework/SharedSupport/PluginAPI -sdk /Applications/Xcode-27.0.0-Release.Candidate.app/Contents/Developer/Platforms/MacOSX.platform/Developer/SDKs/MacOSX27.0.sdk -parse-as-library -j10 -Xfrontend -serialize-diagnostics-path -Xfrontend /Users/admin/builder/spi-builder-workspace/.derivedData/Build/Products/PluginExecutables/ManualStubGenerator.dia /Users/admin/builder/spi-builder-workspace/Plugins/ManualStubGenerator/plugin.swift -o /Users/admin/builder/spi-builder-workspace/.derivedData/Build/Products/PluginExecutables/ManualStubGenerator
[debug]: Compiling plugin to executable at /Users/admin/builder/spi-builder-workspace/.derivedData/Build/Products/PluginExecutables/ManualStubGenerator
[debug]: Using compiler /Applications/Xcode-27.0.0-Release.Candidate.app/Contents/Developer/Toolchains/XcodeDefault.xctoolchain/usr/bin/swiftc
[debug]: Plugin compilation output directory '/Users/admin/builder/spi-builder-workspace/.derivedData/Build/Products/PluginExecutables'
[debug]: Computed hash of plugin compilation inputs: 0896b424414a35f5cc6176c09bff5250c3857fb93c509eecf279e860c6188d16
Process build tool plug-in results
CreateBuildRequest
SendProjectDescription
CreateBuildOperation
ComputeTargetDependencyGraph
note: Building targets in dependency order
note: Target dependency graph (25 targets)
Target 'AndroidRuntimeDemo-product' in project 'swift-test-doubles'
➜ Explicit dependency on target 'InternalRuntimeContract' in project 'swift-test-doubles'
➜ Explicit dependency on target 'CTestDoublesTrampoline' in project 'swift-test-doubles'
➜ Explicit dependency on target 'TestDoublesRuntime' in project 'swift-test-doubles'
➜ Explicit dependency on target 'TestDoubles' in project 'swift-test-doubles'
➜ Explicit dependency on target 'Echo-product' in project 'Echo'
➜ Explicit dependency on target 'EchoRuntimeReflection-product' in project 'Echo'
➜ Explicit dependency on target 'EchoRuntimeSupport-product' in project 'Echo'
➜ Explicit dependency on target 'IssueReporting-product' in project 'swift-issue-reporting'
Target 'ManualStubGeneratorTool-product' in project 'swift-test-doubles'
➜ Explicit dependency on target 'ManualStubGeneratorCore' in project 'swift-test-doubles'
Target 'ManualStubGeneratorCore' in project 'swift-test-doubles' (no dependencies)
Target 'WasmDemo-product' in project 'swift-test-doubles'
➜ Explicit dependency on target 'InternalRuntimeContract' in project 'swift-test-doubles'
➜ Explicit dependency on target 'CTestDoublesTrampoline' in project 'swift-test-doubles'
➜ Explicit dependency on target 'TestDoublesRuntime' in project 'swift-test-doubles'
➜ Explicit dependency on target 'TestDoubles' in project 'swift-test-doubles'
➜ Explicit dependency on target 'Echo-product' in project 'Echo'
➜ Explicit dependency on target 'EchoRuntimeReflection-product' in project 'Echo'
➜ Explicit dependency on target 'EchoRuntimeSupport-product' in project 'Echo'
➜ Explicit dependency on target 'IssueReporting-product' in project 'swift-issue-reporting'
Target 'TestDoublesMacros-product' in project 'swift-test-doubles'
➜ Explicit dependency on target 'TestDoublesMacros' in project 'swift-test-doubles'
➜ Explicit dependency on target 'InternalRuntimeContract' in project 'swift-test-doubles'
➜ Explicit dependency on target 'CTestDoublesTrampoline' in project 'swift-test-doubles'
➜ Explicit dependency on target 'TestDoublesRuntime' in project 'swift-test-doubles'
➜ Explicit dependency on target 'TestDoubles' in project 'swift-test-doubles'
➜ Explicit dependency on target 'Echo-product' in project 'Echo'
➜ Explicit dependency on target 'EchoRuntimeReflection-product' in project 'Echo'
➜ Explicit dependency on target 'EchoRuntimeSupport-product' in project 'Echo'
➜ Explicit dependency on target 'IssueReporting-product' in project 'swift-issue-reporting'
Target 'TestDoublesMacros' in project 'swift-test-doubles'
➜ Explicit dependency on target 'InternalRuntimeContract' in project 'swift-test-doubles'
➜ Explicit dependency on target 'CTestDoublesTrampoline' in project 'swift-test-doubles'
➜ Explicit dependency on target 'TestDoublesRuntime' in project 'swift-test-doubles'
➜ Explicit dependency on target 'TestDoubles' in project 'swift-test-doubles'
➜ Explicit dependency on target 'Echo-product' in project 'Echo'
➜ Explicit dependency on target 'EchoRuntimeReflection-product' in project 'Echo'
➜ Explicit dependency on target 'EchoRuntimeSupport-product' in project 'Echo'
➜ Explicit dependency on target 'IssueReporting-product' in project 'swift-issue-reporting'
Target 'TestDoublesTesting-product' in project 'swift-test-doubles'
➜ Explicit dependency on target 'TestDoublesTesting' in project 'swift-test-doubles'
➜ Explicit dependency on target 'InternalRuntimeContract' in project 'swift-test-doubles'
➜ Explicit dependency on target 'CTestDoublesTrampoline' in project 'swift-test-doubles'
➜ Explicit dependency on target 'TestDoublesRuntime' in project 'swift-test-doubles'
➜ Explicit dependency on target 'TestDoubles' in project 'swift-test-doubles'
➜ Explicit dependency on target 'Echo-product' in project 'Echo'
➜ Explicit dependency on target 'EchoRuntimeReflection-product' in project 'Echo'
➜ Explicit dependency on target 'EchoRuntimeSupport-product' in project 'Echo'
➜ Explicit dependency on target 'IssueReporting-product' in project 'swift-issue-reporting'
Target 'TestDoublesTesting' in project 'swift-test-doubles'
➜ Explicit dependency on target 'InternalRuntimeContract' in project 'swift-test-doubles'
➜ Explicit dependency on target 'CTestDoublesTrampoline' in project 'swift-test-doubles'
➜ Explicit dependency on target 'TestDoublesRuntime' in project 'swift-test-doubles'
➜ Explicit dependency on target 'TestDoubles' in project 'swift-test-doubles'
➜ Explicit dependency on target 'Echo-product' in project 'Echo'
➜ Explicit dependency on target 'EchoRuntimeReflection-product' in project 'Echo'
➜ Explicit dependency on target 'EchoRuntimeSupport-product' in project 'Echo'
➜ Explicit dependency on target 'IssueReporting-product' in project 'swift-issue-reporting'
Target 'TestDoubles-product' in project 'swift-test-doubles'
➜ Explicit dependency on target 'TestDoubles' in project 'swift-test-doubles'
➜ Explicit dependency on target 'InternalRuntimeContract' in project 'swift-test-doubles'
➜ Explicit dependency on target 'CTestDoublesTrampoline' in project 'swift-test-doubles'
➜ Explicit dependency on target 'TestDoublesRuntime' in project 'swift-test-doubles'
➜ Explicit dependency on target 'Echo-product' in project 'Echo'
➜ Explicit dependency on target 'EchoRuntimeReflection-product' in project 'Echo'
➜ Explicit dependency on target 'EchoRuntimeSupport-product' in project 'Echo'
➜ Explicit dependency on target 'IssueReporting-product' in project 'swift-issue-reporting'
Target 'TestDoubles' in project 'swift-test-doubles'
➜ Explicit dependency on target 'InternalRuntimeContract' in project 'swift-test-doubles'
➜ Explicit dependency on target 'CTestDoublesTrampoline' in project 'swift-test-doubles'
➜ Explicit dependency on target 'TestDoublesRuntime' in project 'swift-test-doubles'
➜ Explicit dependency on target 'Echo-product' in project 'Echo'
➜ Explicit dependency on target 'EchoRuntimeReflection-product' in project 'Echo'
➜ Explicit dependency on target 'EchoRuntimeSupport-product' in project 'Echo'
➜ Explicit dependency on target 'IssueReporting-product' in project 'swift-issue-reporting'
Target 'IssueReporting-product' in project 'swift-issue-reporting'
➜ Explicit dependency on target 'IssueReporting' in project 'swift-issue-reporting'
Target 'IssueReporting' in project 'swift-issue-reporting' (no dependencies)
Target 'TestDoublesRuntime' in project 'swift-test-doubles'
➜ Explicit dependency on target 'InternalRuntimeContract' in project 'swift-test-doubles'
➜ Explicit dependency on target 'CTestDoublesTrampoline' in project 'swift-test-doubles'
➜ Explicit dependency on target 'Echo-product' in project 'Echo'
➜ Explicit dependency on target 'EchoRuntimeReflection-product' in project 'Echo'
➜ Explicit dependency on target 'EchoRuntimeSupport-product' in project 'Echo'
Target 'EchoRuntimeSupport-product' in project 'Echo'
➜ Explicit dependency on target 'EchoRuntimeSupport' in project 'Echo'
➜ Explicit dependency on target 'CEcho' in project 'Echo'
➜ Explicit dependency on target 'Echo' in project 'Echo'
➜ Explicit dependency on target 'Atomics-product' in project 'swift-atomics'
Target 'EchoRuntimeSupport' in project 'Echo'
➜ Explicit dependency on target 'CEcho' in project 'Echo'
➜ Explicit dependency on target 'Echo' in project 'Echo'
➜ Explicit dependency on target 'Atomics-product' in project 'swift-atomics'
Target 'EchoRuntimeReflection-product' in project 'Echo'
➜ Explicit dependency on target 'EchoRuntimeReflection' in project 'Echo'
➜ Explicit dependency on target 'CEcho' in project 'Echo'
➜ Explicit dependency on target 'Echo' in project 'Echo'
➜ Explicit dependency on target 'Atomics-product' in project 'swift-atomics'
Target 'EchoRuntimeReflection' in project 'Echo'
➜ Explicit dependency on target 'CEcho' in project 'Echo'
➜ Explicit dependency on target 'Echo' in project 'Echo'
➜ Explicit dependency on target 'Atomics-product' in project 'swift-atomics'
Target 'Echo-product' in project 'Echo'
➜ Explicit dependency on target 'Echo' in project 'Echo'
➜ Explicit dependency on target 'CEcho' in project 'Echo'
➜ Explicit dependency on target 'Atomics-product' in project 'swift-atomics'
Target 'Echo' in project 'Echo'
➜ Explicit dependency on target 'CEcho' in project 'Echo'
➜ Explicit dependency on target 'Atomics-product' in project 'swift-atomics'
Target 'Atomics-product' in project 'swift-atomics'
➜ Explicit dependency on target 'Atomics' in project 'swift-atomics'
➜ Explicit dependency on target '_AtomicsShims' in project 'swift-atomics'
Target 'Atomics' in project 'swift-atomics'
➜ Explicit dependency on target '_AtomicsShims' in project 'swift-atomics'
Target '_AtomicsShims' in project 'swift-atomics' (no dependencies)
Target 'CEcho' in project 'Echo' (no dependencies)
Target 'CTestDoublesTrampoline' in project 'swift-test-doubles' (no dependencies)
Target 'InternalRuntimeContract' in project 'swift-test-doubles' (no dependencies)
GatherProvisioningInputs
CreateBuildDescription
ClangStatCache /Applications/Xcode-27.0.0-Release.Candidate.app/Contents/Developer/Toolchains/XcodeDefault.xctoolchain/usr/bin/clang-stat-cache /Applications/Xcode-27.0.0-Release.Candidate.app/Contents/Developer/Platforms/WatchOS.platform/Developer/SDKs/WatchOS27.0.sdk /Users/admin/builder/spi-builder-workspace/.derivedData/SDKStatCaches.noindex/watchos27.0-24R360-e829b21a6f8c9b70876ba0858053c04477534ef55a1706bf4c1112bbb242f0a2.sdkstatcache
cd /Users/admin/builder/spi-builder-workspace/.swiftpm/xcode
/Applications/Xcode-27.0.0-Release.Candidate.app/Contents/Developer/Toolchains/XcodeDefault.xctoolchain/usr/bin/clang-stat-cache /Applications/Xcode-27.0.0-Release.Candidate.app/Contents/Developer/Platforms/WatchOS.platform/Developer/SDKs/WatchOS27.0.sdk -o /Users/admin/builder/spi-builder-workspace/.derivedData/SDKStatCaches.noindex/watchos27.0-24R360-e829b21a6f8c9b70876ba0858053c04477534ef55a1706bf4c1112bbb242f0a2.sdkstatcache
Ld /Users/admin/builder/spi-builder-workspace/.derivedData/Build/Intermediates.noindex/swift-test-doubles.build/Debug-watchos/CTestDoublesTrampoline-t.build/Objects-normal/arm64_32/Binary/CTestDoublesTrampoline.o normal arm64_32 (in target 'CTestDoublesTrampoline' from project 'swift-test-doubles')
cd /Users/admin/builder/spi-builder-workspace
/Applications/Xcode-27.0.0-Release.Candidate.app/Contents/Developer/Toolchains/XcodeDefault.xctoolchain/usr/bin/clang -Xlinker -reproducible -target arm64_32-apple-watchos9.0 -r -isysroot /Applications/Xcode-27.0.0-Release.Candidate.app/Contents/Developer/Platforms/WatchOS.platform/Developer/SDKs/WatchOS27.0.sdk -O0 -Xlinker -no_warn_duplicate_libraries -F/Users/admin/builder/spi-builder-workspace/.derivedData/Build/Intermediates.noindex/EagerLinkingTBDs/Debug-watchos -F/Users/admin/builder/spi-builder-workspace/.derivedData/Build/Products/Debug-watchos -iframework /Applications/Xcode-27.0.0-Release.Candidate.app/Contents/Developer/Platforms/WatchOS.platform/Developer/Library/Frameworks -iframework /Applications/Xcode-27.0.0-Release.Candidate.app/Contents/Developer/Platforms/WatchOS.platform/Developer/SDKs/WatchOS27.0.sdk/Developer/Library/Frameworks -filelist /Users/admin/builder/spi-builder-workspace/.derivedData/Build/Intermediates.noindex/swift-test-doubles.build/Debug-watchos/CTestDoublesTrampoline-t.build/Objects-normal/arm64_32/CTestDoublesTrampoline.LinkFileList -nostdlib -Xlinker -object_path_lto -Xlinker /Users/admin/builder/spi-builder-workspace/.derivedData/Build/Intermediates.noindex/swift-test-doubles.build/Debug-watchos/CTestDoublesTrampoline-t.build/Objects-normal/arm64_32/CTestDoublesTrampoline_lto.o -Xlinker -no_deduplicate -Xlinker -debug_variant -Xlinker -dependency_info -Xlinker /Users/admin/builder/spi-builder-workspace/.derivedData/Build/Intermediates.noindex/swift-test-doubles.build/Debug-watchos/CTestDoublesTrampoline-t.build/Objects-normal/arm64_32/CTestDoublesTrampoline_dependency_info.dat -o /Users/admin/builder/spi-builder-workspace/.derivedData/Build/Intermediates.noindex/swift-test-doubles.build/Debug-watchos/CTestDoublesTrampoline-t.build/Objects-normal/arm64_32/Binary/CTestDoublesTrampoline.o
ld: 64-bit pointer in 32-bit arch: r_address=0x20, r_type=0, r_extern=1, r_pcrel=0, r_length=3 in '/Users/admin/builder/spi-builder-workspace/.derivedData/Build/Intermediates.noindex/swift-test-doubles.build/Debug-watchos/CTestDoublesTrampoline-t.build/Objects-normal/arm64_32/TestDoublesTrampoline-6760ff54f309d90921919530d605b65f.o'
/Users/admin/builder/spi-builder-workspace/Package.swift: CTestDoublesTrampoline: clang: error: linker command failed with exit code 1 (use -v to see invocation)
SwiftDriver IssueReporting normal arm64 com.apple.xcode.tools.swift.compiler (in target 'IssueReporting' from project 'swift-issue-reporting')
cd /Users/admin/builder/spi-builder-workspace/.swiftpm/xcode
builtin-SwiftDriver -- /Applications/Xcode-27.0.0-Release.Candidate.app/Contents/Developer/Toolchains/XcodeDefault.xctoolchain/usr/bin/swiftc -parse-as-library -module-name IssueReporting -Onone @/Users/admin/builder/spi-builder-workspace/.derivedData/Build/Intermediates.noindex/swift-issue-reporting.build/Debug-watchos/IssueReporting-t.build/Objects-normal/arm64/IssueReporting.SwiftFileList -DSWIFT_PACKAGE -DDEBUG -DSWIFT_MODULE_RESOURCE_BUNDLE_UNAVAILABLE -DXcode -enable-upcoming-feature ExistentialAny -enable-upcoming-feature ImmutableWeakCaptures -enable-upcoming-feature InferIsolatedConformances -enable-upcoming-feature InternalImportsByDefault -enable-upcoming-feature MemberImportVisibility -enable-upcoming-feature NonisolatedNonsendingByDefault -plugin-path /Applications/Xcode-27.0.0-Release.Candidate.app/Contents/Developer/Toolchains/XcodeDefault.xctoolchain/usr/lib/swift/host/plugins/testing -enable-experimental-feature DebugDescriptionMacro -sdk /Applications/Xcode-27.0.0-Release.Candidate.app/Contents/Developer/Platforms/WatchOS.platform/Developer/SDKs/WatchOS27.0.sdk -target arm64-apple-watchos9.0 -g -module-cache-path /Users/admin/builder/spi-builder-workspace/.derivedData/ModuleCache.noindex -Xfrontend -serialize-debugging-options -profile-coverage-mapping -profile-generate -enable-testing -suppress-warnings -index-store-path /Users/admin/builder/spi-builder-workspace/.derivedData/Index.noindex/DataStore -Xcc -D_LIBCPP_HARDENING_MODE\=_LIBCPP_HARDENING_MODE_DEBUG -swift-version 6 -I /Users/admin/builder/spi-builder-workspace/.derivedData/Build/Products/Debug-watchos -Isystem /Applications/Xcode-27.0.0-Release.Candidate.app/Contents/Developer/Platforms/WatchOS.platform/Developer/usr/lib -F /Users/admin/builder/spi-builder-workspace/.derivedData/Build/Products/Debug-watchos -F /Applications/Xcode-27.0.0-Release.Candidate.app/Contents/Developer/Platforms/WatchOS.platform/Developer/Library/Frameworks -F /Applications/Xcode-27.0.0-Release.Candidate.app/Contents/Developer/Platforms/WatchOS.platform/Developer/SDKs/WatchOS27.0.sdk/Developer/Library/Frameworks -c -j10 -enable-batch-mode -incremental -Xcc -ivfsstatcache -Xcc /Users/admin/builder/spi-builder-workspace/.derivedData/SDKStatCaches.noindex/watchos27.0-24R360-e829b21a6f8c9b70876ba0858053c04477534ef55a1706bf4c1112bbb242f0a2.sdkstatcache -output-file-map /Users/admin/builder/spi-builder-workspace/.derivedData/Build/Intermediates.noindex/swift-issue-reporting.build/Debug-watchos/IssueReporting-t.build/Objects-normal/arm64/IssueReporting-OutputFileMap.json -save-temps -no-color-diagnostics -explicit-module-build -module-cache-path /Users/admin/builder/spi-builder-workspace/.derivedData/Build/Intermediates.noindex/SwiftExplicitPrecompiledModules -clang-scanner-module-cache-path /Users/admin/builder/spi-builder-workspace/.derivedData/ModuleCache.noindex -sdk-module-cache-path /Users/admin/builder/spi-builder-workspace/.derivedData/SDKExplicitPrecompiledModules -emit-dependencies -emit-module -emit-module-path /Users/admin/builder/spi-builder-workspace/.derivedData/Build/Intermediates.noindex/swift-issue-reporting.build/Debug-watchos/IssueReporting-t.build/Objects-normal/arm64/IssueReporting.swiftmodule -serialize-diagnostics -dependency-scan-serialize-diagnostics-path /Users/admin/builder/spi-builder-workspace/.derivedData/Build/Intermediates.noindex/swift-issue-reporting.build/Debug-watchos/IssueReporting-t.build/Objects-normal/arm64/IssueReporting-dependency-scan.dia -user-module-version 2.1.1 -validate-clang-modules-once -clang-build-session-file /Users/admin/builder/spi-builder-workspace/.derivedData/ModuleCache.noindex/Session.modulevalidation -Xcc -fmodules-prune-interval\=86400 -Xcc -fmodules-prune-after\=345600 -package-name swift_issue_reporting -emit-const-values -const-gather-protocols-list /Users/admin/builder/spi-builder-workspace/.derivedData/Build/Intermediates.noindex/swift-issue-reporting.build/Debug-watchos/IssueReporting-t.build/Objects-normal/arm64/IssueReporting_const_extract_protocols.json -Xcc -I/Users/admin/builder/spi-builder-workspace/.derivedData/Build/Products/Debug-watchos/include -Xcc -I/Users/admin/builder/spi-builder-workspace/.derivedData/Build/Intermediates.noindex/swift-issue-reporting.build/Debug-watchos/IssueReporting-t.build/DerivedSources-normal/arm64 -Xcc -I/Users/admin/builder/spi-builder-workspace/.derivedData/Build/Intermediates.noindex/swift-issue-reporting.build/Debug-watchos/IssueReporting-t.build/DerivedSources/arm64 -Xcc -I/Users/admin/builder/spi-builder-workspace/.derivedData/Build/Intermediates.noindex/swift-issue-reporting.build/Debug-watchos/IssueReporting-t.build/DerivedSources -Xcc -DSWIFT_PACKAGE -Xcc -DDEBUG\=1 -emit-objc-header -emit-objc-header-path /Users/admin/builder/spi-builder-workspace/.derivedData/Build/Intermediates.noindex/swift-issue-reporting.build/Debug-watchos/IssueReporting-t.build/Objects-normal/arm64/IssueReporting-Swift.h -working-directory /Users/admin/builder/spi-builder-workspace/.swiftpm/xcode -experimental-emit-module-separately -disable-cmo
SwiftDriver ManualStubGeneratorCore normal arm64 com.apple.xcode.tools.swift.compiler (in target 'ManualStubGeneratorCore' from project 'swift-test-doubles')
cd /Users/admin/builder/spi-builder-workspace/.swiftpm/xcode
builtin-SwiftDriver -- /Applications/Xcode-27.0.0-Release.Candidate.app/Contents/Developer/Toolchains/XcodeDefault.xctoolchain/usr/bin/swiftc -parse-as-library -module-name ManualStubGeneratorCore -Onone @/Users/admin/builder/spi-builder-workspace/.derivedData/Build/Intermediates.noindex/swift-test-doubles.build/Debug-watchos/ManualStubGeneratorCore-t.build/Objects-normal/arm64/ManualStubGeneratorCore.SwiftFileList -DSWIFT_PACKAGE -DDEBUG -DSWIFT_MODULE_RESOURCE_BUNDLE_UNAVAILABLE -DRuntimeStubs -DXcode -plugin-path /Applications/Xcode-27.0.0-Release.Candidate.app/Contents/Developer/Toolchains/XcodeDefault.xctoolchain/usr/lib/swift/host/plugins/testing -enable-experimental-feature DebugDescriptionMacro -sdk /Applications/Xcode-27.0.0-Release.Candidate.app/Contents/Developer/Platforms/WatchOS.platform/Developer/SDKs/WatchOS27.0.sdk -target arm64-apple-watchos9.0 -g -module-cache-path /Users/admin/builder/spi-builder-workspace/.derivedData/ModuleCache.noindex -Xfrontend -serialize-debugging-options -profile-coverage-mapping -profile-generate -enable-testing -index-store-path /Users/admin/builder/spi-builder-workspace/.derivedData/Index.noindex/DataStore -Xcc -D_LIBCPP_HARDENING_MODE\=_LIBCPP_HARDENING_MODE_DEBUG -swift-version 6 -I /Users/admin/builder/spi-builder-workspace/.derivedData/Build/Products/Debug-watchos -Isystem /Applications/Xcode-27.0.0-Release.Candidate.app/Contents/Developer/Platforms/WatchOS.platform/Developer/usr/lib -F /Users/admin/builder/spi-builder-workspace/.derivedData/Build/Products/Debug-watchos -F /Applications/Xcode-27.0.0-Release.Candidate.app/Contents/Developer/Platforms/WatchOS.platform/Developer/Library/Frameworks -F /Applications/Xcode-27.0.0-Release.Candidate.app/Contents/Developer/Platforms/WatchOS.platform/Developer/SDKs/WatchOS27.0.sdk/Developer/Library/Frameworks -c -j10 -enable-batch-mode -incremental -Xcc -ivfsstatcache -Xcc /Users/admin/builder/spi-builder-workspace/.derivedData/SDKStatCaches.noindex/watchos27.0-24R360-e829b21a6f8c9b70876ba0858053c04477534ef55a1706bf4c1112bbb242f0a2.sdkstatcache -output-file-map /Users/admin/builder/spi-builder-workspace/.derivedData/Build/Intermediates.noindex/swift-test-doubles.build/Debug-watchos/ManualStubGeneratorCore-t.build/Objects-normal/arm64/ManualStubGeneratorCore-OutputFileMap.json -save-temps -no-color-diagnostics -explicit-module-build -module-cache-path /Users/admin/builder/spi-builder-workspace/.derivedData/Build/Intermediates.noindex/SwiftExplicitPrecompiledModules -clang-scanner-module-cache-path /Users/admin/builder/spi-builder-workspace/.derivedData/ModuleCache.noindex -sdk-module-cache-path /Users/admin/builder/spi-builder-workspace/.derivedData/SDKExplicitPrecompiledModules -emit-dependencies -emit-module -emit-module-path /Users/admin/builder/spi-builder-workspace/.derivedData/Build/Intermediates.noindex/swift-test-doubles.build/Debug-watchos/ManualStubGeneratorCore-t.build/Objects-normal/arm64/ManualStubGeneratorCore.swiftmodule -serialize-diagnostics -dependency-scan-serialize-diagnostics-path /Users/admin/builder/spi-builder-workspace/.derivedData/Build/Intermediates.noindex/swift-test-doubles.build/Debug-watchos/ManualStubGeneratorCore-t.build/Objects-normal/arm64/ManualStubGeneratorCore-dependency-scan.dia -validate-clang-modules-once -clang-build-session-file /Users/admin/builder/spi-builder-workspace/.derivedData/ModuleCache.noindex/Session.modulevalidation -Xcc -fmodules-prune-interval\=86400 -Xcc -fmodules-prune-after\=345600 -package-name spi_builder_workspace -emit-const-values -const-gather-protocols-list /Users/admin/builder/spi-builder-workspace/.derivedData/Build/Intermediates.noindex/swift-test-doubles.build/Debug-watchos/ManualStubGeneratorCore-t.build/Objects-normal/arm64/ManualStubGeneratorCore_const_extract_protocols.json -Xcc -I/Users/admin/builder/spi-builder-workspace/.derivedData/Build/Products/Debug-watchos/include -Xcc -I/Users/admin/builder/spi-builder-workspace/.derivedData/Build/Intermediates.noindex/swift-test-doubles.build/Debug-watchos/ManualStubGeneratorCore-t.build/DerivedSources-normal/arm64 -Xcc -I/Users/admin/builder/spi-builder-workspace/.derivedData/Build/Intermediates.noindex/swift-test-doubles.build/Debug-watchos/ManualStubGeneratorCore-t.build/DerivedSources/arm64 -Xcc -I/Users/admin/builder/spi-builder-workspace/.derivedData/Build/Intermediates.noindex/swift-test-doubles.build/Debug-watchos/ManualStubGeneratorCore-t.build/DerivedSources -Xcc -DSWIFT_PACKAGE -Xcc -DDEBUG\=1 -emit-objc-header -emit-objc-header-path /Users/admin/builder/spi-builder-workspace/.derivedData/Build/Intermediates.noindex/swift-test-doubles.build/Debug-watchos/ManualStubGeneratorCore-t.build/Objects-normal/arm64/ManualStubGeneratorCore-Swift.h -working-directory /Users/admin/builder/spi-builder-workspace/.swiftpm/xcode -experimental-emit-module-separately -disable-cmo
SwiftDriver ManualStubGeneratorCore normal arm64_32 com.apple.xcode.tools.swift.compiler (in target 'ManualStubGeneratorCore' from project 'swift-test-doubles')
cd /Users/admin/builder/spi-builder-workspace/.swiftpm/xcode
builtin-SwiftDriver -- /Applications/Xcode-27.0.0-Release.Candidate.app/Contents/Developer/Toolchains/XcodeDefault.xctoolchain/usr/bin/swiftc -parse-as-library -module-name ManualStubGeneratorCore -Onone @/Users/admin/builder/spi-builder-workspace/.derivedData/Build/Intermediates.noindex/swift-test-doubles.build/Debug-watchos/ManualStubGeneratorCore-t.build/Objects-normal/arm64_32/ManualStubGeneratorCore.SwiftFileList -DSWIFT_PACKAGE -DDEBUG -DSWIFT_MODULE_RESOURCE_BUNDLE_UNAVAILABLE -DRuntimeStubs -DXcode -plugin-path /Applications/Xcode-27.0.0-Release.Candidate.app/Contents/Developer/Toolchains/XcodeDefault.xctoolchain/usr/lib/swift/host/plugins/testing -enable-experimental-feature DebugDescriptionMacro -sdk /Applications/Xcode-27.0.0-Release.Candidate.app/Contents/Developer/Platforms/WatchOS.platform/Developer/SDKs/WatchOS27.0.sdk -target arm64_32-apple-watchos9.0 -g -module-cache-path /Users/admin/builder/spi-builder-workspace/.derivedData/ModuleCache.noindex -Xfrontend -serialize-debugging-options -profile-coverage-mapping -profile-generate -enable-testing -index-store-path /Users/admin/builder/spi-builder-workspace/.derivedData/Index.noindex/DataStore -Xcc -D_LIBCPP_HARDENING_MODE\=_LIBCPP_HARDENING_MODE_DEBUG -swift-version 6 -I /Users/admin/builder/spi-builder-workspace/.derivedData/Build/Products/Debug-watchos -Isystem /Applications/Xcode-27.0.0-Release.Candidate.app/Contents/Developer/Platforms/WatchOS.platform/Developer/usr/lib -F /Users/admin/builder/spi-builder-workspace/.derivedData/Build/Products/Debug-watchos -F /Applications/Xcode-27.0.0-Release.Candidate.app/Contents/Developer/Platforms/WatchOS.platform/Developer/Library/Frameworks -F /Applications/Xcode-27.0.0-Release.Candidate.app/Contents/Developer/Platforms/WatchOS.platform/Developer/SDKs/WatchOS27.0.sdk/Developer/Library/Frameworks -c -j10 -enable-batch-mode -incremental -Xcc -ivfsstatcache -Xcc /Users/admin/builder/spi-builder-workspace/.derivedData/SDKStatCaches.noindex/watchos27.0-24R360-e829b21a6f8c9b70876ba0858053c04477534ef55a1706bf4c1112bbb242f0a2.sdkstatcache -output-file-map /Users/admin/builder/spi-builder-workspace/.derivedData/Build/Intermediates.noindex/swift-test-doubles.build/Debug-watchos/ManualStubGeneratorCore-t.build/Objects-normal/arm64_32/ManualStubGeneratorCore-OutputFileMap.json -save-temps -no-color-diagnostics -explicit-module-build -module-cache-path /Users/admin/builder/spi-builder-workspace/.derivedData/Build/Intermediates.noindex/SwiftExplicitPrecompiledModules -clang-scanner-module-cache-path /Users/admin/builder/spi-builder-workspace/.derivedData/ModuleCache.noindex -sdk-module-cache-path /Users/admin/builder/spi-builder-workspace/.derivedData/SDKExplicitPrecompiledModules -emit-dependencies -emit-module -emit-module-path /Users/admin/builder/spi-builder-workspace/.derivedData/Build/Intermediates.noindex/swift-test-doubles.build/Debug-watchos/ManualStubGeneratorCore-t.build/Objects-normal/arm64_32/ManualStubGeneratorCore.swiftmodule -serialize-diagnostics -dependency-scan-serialize-diagnostics-path /Users/admin/builder/spi-builder-workspace/.derivedData/Build/Intermediates.noindex/swift-test-doubles.build/Debug-watchos/ManualStubGeneratorCore-t.build/Objects-normal/arm64_32/ManualStubGeneratorCore-dependency-scan.dia -validate-clang-modules-once -clang-build-session-file /Users/admin/builder/spi-builder-workspace/.derivedData/ModuleCache.noindex/Session.modulevalidation -Xcc -fmodules-prune-interval\=86400 -Xcc -fmodules-prune-after\=345600 -package-name spi_builder_workspace -emit-const-values -const-gather-protocols-list /Users/admin/builder/spi-builder-workspace/.derivedData/Build/Intermediates.noindex/swift-test-doubles.build/Debug-watchos/ManualStubGeneratorCore-t.build/Objects-normal/arm64_32/ManualStubGeneratorCore_const_extract_protocols.json -Xcc -I/Users/admin/builder/spi-builder-workspace/.derivedData/Build/Products/Debug-watchos/include -Xcc -I/Users/admin/builder/spi-builder-workspace/.derivedData/Build/Intermediates.noindex/swift-test-doubles.build/Debug-watchos/ManualStubGeneratorCore-t.build/DerivedSources-normal/arm64_32 -Xcc -I/Users/admin/builder/spi-builder-workspace/.derivedData/Build/Intermediates.noindex/swift-test-doubles.build/Debug-watchos/ManualStubGeneratorCore-t.build/DerivedSources/arm64_32 -Xcc -I/Users/admin/builder/spi-builder-workspace/.derivedData/Build/Intermediates.noindex/swift-test-doubles.build/Debug-watchos/ManualStubGeneratorCore-t.build/DerivedSources -Xcc -DSWIFT_PACKAGE -Xcc -DDEBUG\=1 -emit-objc-header -emit-objc-header-path /Users/admin/builder/spi-builder-workspace/.derivedData/Build/Intermediates.noindex/swift-test-doubles.build/Debug-watchos/ManualStubGeneratorCore-t.build/Objects-normal/arm64_32/ManualStubGeneratorCore-Swift.h -working-directory /Users/admin/builder/spi-builder-workspace/.swiftpm/xcode -experimental-emit-module-separately -disable-cmo
SwiftDriver IssueReporting normal arm64_32 com.apple.xcode.tools.swift.compiler (in target 'IssueReporting' from project 'swift-issue-reporting')
cd /Users/admin/builder/spi-builder-workspace/.swiftpm/xcode
builtin-SwiftDriver -- /Applications/Xcode-27.0.0-Release.Candidate.app/Contents/Developer/Toolchains/XcodeDefault.xctoolchain/usr/bin/swiftc -parse-as-library -module-name IssueReporting -Onone @/Users/admin/builder/spi-builder-workspace/.derivedData/Build/Intermediates.noindex/swift-issue-reporting.build/Debug-watchos/IssueReporting-t.build/Objects-normal/arm64_32/IssueReporting.SwiftFileList -DSWIFT_PACKAGE -DDEBUG -DSWIFT_MODULE_RESOURCE_BUNDLE_UNAVAILABLE -DXcode -enable-upcoming-feature ExistentialAny -enable-upcoming-feature ImmutableWeakCaptures -enable-upcoming-feature InferIsolatedConformances -enable-upcoming-feature InternalImportsByDefault -enable-upcoming-feature MemberImportVisibility -enable-upcoming-feature NonisolatedNonsendingByDefault -plugin-path /Applications/Xcode-27.0.0-Release.Candidate.app/Contents/Developer/Toolchains/XcodeDefault.xctoolchain/usr/lib/swift/host/plugins/testing -enable-experimental-feature DebugDescriptionMacro -sdk /Applications/Xcode-27.0.0-Release.Candidate.app/Contents/Developer/Platforms/WatchOS.platform/Developer/SDKs/WatchOS27.0.sdk -target arm64_32-apple-watchos9.0 -g -module-cache-path /Users/admin/builder/spi-builder-workspace/.derivedData/ModuleCache.noindex -Xfrontend -serialize-debugging-options -profile-coverage-mapping -profile-generate -enable-testing -suppress-warnings -index-store-path /Users/admin/builder/spi-builder-workspace/.derivedData/Index.noindex/DataStore -Xcc -D_LIBCPP_HARDENING_MODE\=_LIBCPP_HARDENING_MODE_DEBUG -swift-version 6 -I /Users/admin/builder/spi-builder-workspace/.derivedData/Build/Products/Debug-watchos -Isystem /Applications/Xcode-27.0.0-Release.Candidate.app/Contents/Developer/Platforms/WatchOS.platform/Developer/usr/lib -F /Users/admin/builder/spi-builder-workspace/.derivedData/Build/Products/Debug-watchos -F /Applications/Xcode-27.0.0-Release.Candidate.app/Contents/Developer/Platforms/WatchOS.platform/Developer/Library/Frameworks -F /Applications/Xcode-27.0.0-Release.Candidate.app/Contents/Developer/Platforms/WatchOS.platform/Developer/SDKs/WatchOS27.0.sdk/Developer/Library/Frameworks -c -j10 -enable-batch-mode -incremental -Xcc -ivfsstatcache -Xcc /Users/admin/builder/spi-builder-workspace/.derivedData/SDKStatCaches.noindex/watchos27.0-24R360-e829b21a6f8c9b70876ba0858053c04477534ef55a1706bf4c1112bbb242f0a2.sdkstatcache -output-file-map /Users/admin/builder/spi-builder-workspace/.derivedData/Build/Intermediates.noindex/swift-issue-reporting.build/Debug-watchos/IssueReporting-t.build/Objects-normal/arm64_32/IssueReporting-OutputFileMap.json -save-temps -no-color-diagnostics -explicit-module-build -module-cache-path /Users/admin/builder/spi-builder-workspace/.derivedData/Build/Intermediates.noindex/SwiftExplicitPrecompiledModules -clang-scanner-module-cache-path /Users/admin/builder/spi-builder-workspace/.derivedData/ModuleCache.noindex -sdk-module-cache-path /Users/admin/builder/spi-builder-workspace/.derivedData/SDKExplicitPrecompiledModules -emit-dependencies -emit-module -emit-module-path /Users/admin/builder/spi-builder-workspace/.derivedData/Build/Intermediates.noindex/swift-issue-reporting.build/Debug-watchos/IssueReporting-t.build/Objects-normal/arm64_32/IssueReporting.swiftmodule -serialize-diagnostics -dependency-scan-serialize-diagnostics-path /Users/admin/builder/spi-builder-workspace/.derivedData/Build/Intermediates.noindex/swift-issue-reporting.build/Debug-watchos/IssueReporting-t.build/Objects-normal/arm64_32/IssueReporting-dependency-scan.dia -user-module-version 2.1.1 -validate-clang-modules-once -clang-build-session-file /Users/admin/builder/spi-builder-workspace/.derivedData/ModuleCache.noindex/Session.modulevalidation -Xcc -fmodules-prune-interval\=86400 -Xcc -fmodules-prune-after\=345600 -package-name swift_issue_reporting -emit-const-values -const-gather-protocols-list /Users/admin/builder/spi-builder-workspace/.derivedData/Build/Intermediates.noindex/swift-issue-reporting.build/Debug-watchos/IssueReporting-t.build/Objects-normal/arm64_32/IssueReporting_const_extract_protocols.json -Xcc -I/Users/admin/builder/spi-builder-workspace/.derivedData/Build/Products/Debug-watchos/include -Xcc -I/Users/admin/builder/spi-builder-workspace/.derivedData/Build/Intermediates.noindex/swift-issue-reporting.build/Debug-watchos/IssueReporting-t.build/DerivedSources-normal/arm64_32 -Xcc -I/Users/admin/builder/spi-builder-workspace/.derivedData/Build/Intermediates.noindex/swift-issue-reporting.build/Debug-watchos/IssueReporting-t.build/DerivedSources/arm64_32 -Xcc -I/Users/admin/builder/spi-builder-workspace/.derivedData/Build/Intermediates.noindex/swift-issue-reporting.build/Debug-watchos/IssueReporting-t.build/DerivedSources -Xcc -DSWIFT_PACKAGE -Xcc -DDEBUG\=1 -emit-objc-header -emit-objc-header-path /Users/admin/builder/spi-builder-workspace/.derivedData/Build/Intermediates.noindex/swift-issue-reporting.build/Debug-watchos/IssueReporting-t.build/Objects-normal/arm64_32/IssueReporting-Swift.h -working-directory /Users/admin/builder/spi-builder-workspace/.swiftpm/xcode -experimental-emit-module-separately -disable-cmo
SwiftDriver Atomics normal arm64 com.apple.xcode.tools.swift.compiler (in target 'Atomics' from project 'swift-atomics')
cd /Users/admin/builder/spi-builder-workspace/.swiftpm/xcode
builtin-SwiftDriver -- /Applications/Xcode-27.0.0-Release.Candidate.app/Contents/Developer/Toolchains/XcodeDefault.xctoolchain/usr/bin/swiftc -parse-as-library -module-name Atomics -Onone @/Users/admin/builder/spi-builder-workspace/.derivedData/Build/Intermediates.noindex/swift-atomics.build/Debug-watchos/Atomics-t.build/Objects-normal/arm64/Atomics.SwiftFileList -DSWIFT_PACKAGE -DDEBUG -DSWIFT_MODULE_RESOURCE_BUNDLE_UNAVAILABLE -Xcc -fmodule-map-file\=/Users/admin/builder/spi-builder-workspace/.dependencies/checkouts/swift-atomics/Sources/_AtomicsShims/include/module.modulemap -DXcode -enable-experimental-feature BuiltinModule -plugin-path /Applications/Xcode-27.0.0-Release.Candidate.app/Contents/Developer/Toolchains/XcodeDefault.xctoolchain/usr/lib/swift/host/plugins/testing -enable-experimental-feature DebugDescriptionMacro -sdk /Applications/Xcode-27.0.0-Release.Candidate.app/Contents/Developer/Platforms/WatchOS.platform/Developer/SDKs/WatchOS27.0.sdk -target arm64-apple-watchos9.0 -g -module-cache-path /Users/admin/builder/spi-builder-workspace/.derivedData/ModuleCache.noindex -Xfrontend -serialize-debugging-options -profile-coverage-mapping -profile-generate -enable-testing -suppress-warnings -index-store-path /Users/admin/builder/spi-builder-workspace/.derivedData/Index.noindex/DataStore -Xcc -D_LIBCPP_HARDENING_MODE\=_LIBCPP_HARDENING_MODE_DEBUG -swift-version 5 -I /Users/admin/builder/spi-builder-workspace/.derivedData/Build/Products/Debug-watchos -Isystem /Applications/Xcode-27.0.0-Release.Candidate.app/Contents/Developer/Platforms/WatchOS.platform/Developer/usr/lib -F /Users/admin/builder/spi-builder-workspace/.derivedData/Build/Products/Debug-watchos/PackageFrameworks -F /Users/admin/builder/spi-builder-workspace/.derivedData/Build/Products/Debug-watchos -F /Applications/Xcode-27.0.0-Release.Candidate.app/Contents/Developer/Platforms/WatchOS.platform/Developer/Library/Frameworks -F /Applications/Xcode-27.0.0-Release.Candidate.app/Contents/Developer/Platforms/WatchOS.platform/Developer/SDKs/WatchOS27.0.sdk/Developer/Library/Frameworks -c -j10 -enable-batch-mode -incremental -Xcc -ivfsstatcache -Xcc /Users/admin/builder/spi-builder-workspace/.derivedData/SDKStatCaches.noindex/watchos27.0-24R360-e829b21a6f8c9b70876ba0858053c04477534ef55a1706bf4c1112bbb242f0a2.sdkstatcache -output-file-map /Users/admin/builder/spi-builder-workspace/.derivedData/Build/Intermediates.noindex/swift-atomics.build/Debug-watchos/Atomics-t.build/Objects-normal/arm64/Atomics-OutputFileMap.json -save-temps -no-color-diagnostics -explicit-module-build -module-cache-path /Users/admin/builder/spi-builder-workspace/.derivedData/Build/Intermediates.noindex/SwiftExplicitPrecompiledModules -clang-scanner-module-cache-path /Users/admin/builder/spi-builder-workspace/.derivedData/ModuleCache.noindex -sdk-module-cache-path /Users/admin/builder/spi-builder-workspace/.derivedData/SDKExplicitPrecompiledModules -emit-dependencies -emit-module -emit-module-path /Users/admin/builder/spi-builder-workspace/.derivedData/Build/Intermediates.noindex/swift-atomics.build/Debug-watchos/Atomics-t.build/Objects-normal/arm64/Atomics.swiftmodule -serialize-diagnostics -dependency-scan-serialize-diagnostics-path /Users/admin/builder/spi-builder-workspace/.derivedData/Build/Intermediates.noindex/swift-atomics.build/Debug-watchos/Atomics-t.build/Objects-normal/arm64/Atomics-dependency-scan.dia -validate-clang-modules-once -clang-build-session-file /Users/admin/builder/spi-builder-workspace/.derivedData/ModuleCache.noindex/Session.modulevalidation -Xcc -fmodules-prune-interval\=86400 -Xcc -fmodules-prune-after\=345600 -package-name swift_atomics -emit-const-values -const-gather-protocols-list /Users/admin/builder/spi-builder-workspace/.derivedData/Build/Intermediates.noindex/swift-atomics.build/Debug-watchos/Atomics-t.build/Objects-normal/arm64/Atomics_const_extract_protocols.json -Xcc -I/Users/admin/builder/spi-builder-workspace/.dependencies/checkouts/swift-atomics/Sources/_AtomicsShims/include -Xcc -I/Users/admin/builder/spi-builder-workspace/.derivedData/Build/Products/Debug-watchos/include -Xcc -I/Users/admin/builder/spi-builder-workspace/.derivedData/Build/Intermediates.noindex/swift-atomics.build/Debug-watchos/Atomics-t.build/DerivedSources-normal/arm64 -Xcc -I/Users/admin/builder/spi-builder-workspace/.derivedData/Build/Intermediates.noindex/swift-atomics.build/Debug-watchos/Atomics-t.build/DerivedSources/arm64 -Xcc -I/Users/admin/builder/spi-builder-workspace/.derivedData/Build/Intermediates.noindex/swift-atomics.build/Debug-watchos/Atomics-t.build/DerivedSources -Xcc -DSWIFT_PACKAGE -Xcc -DDEBUG\=1 -emit-objc-header -emit-objc-header-path /Users/admin/builder/spi-builder-workspace/.derivedData/Build/Intermediates.noindex/swift-atomics.build/Debug-watchos/Atomics-t.build/Objects-normal/arm64/Atomics-Swift.h -working-directory /Users/admin/builder/spi-builder-workspace/.swiftpm/xcode -experimental-emit-module-separately -disable-cmo
SwiftDriver Atomics normal arm64_32 com.apple.xcode.tools.swift.compiler (in target 'Atomics' from project 'swift-atomics')
cd /Users/admin/builder/spi-builder-workspace/.swiftpm/xcode
builtin-SwiftDriver -- /Applications/Xcode-27.0.0-Release.Candidate.app/Contents/Developer/Toolchains/XcodeDefault.xctoolchain/usr/bin/swiftc -parse-as-library -module-name Atomics -Onone @/Users/admin/builder/spi-builder-workspace/.derivedData/Build/Intermediates.noindex/swift-atomics.build/Debug-watchos/Atomics-t.build/Objects-normal/arm64_32/Atomics.SwiftFileList -DSWIFT_PACKAGE -DDEBUG -DSWIFT_MODULE_RESOURCE_BUNDLE_UNAVAILABLE -Xcc -fmodule-map-file\=/Users/admin/builder/spi-builder-workspace/.dependencies/checkouts/swift-atomics/Sources/_AtomicsShims/include/module.modulemap -DXcode -enable-experimental-feature BuiltinModule -plugin-path /Applications/Xcode-27.0.0-Release.Candidate.app/Contents/Developer/Toolchains/XcodeDefault.xctoolchain/usr/lib/swift/host/plugins/testing -enable-experimental-feature DebugDescriptionMacro -sdk /Applications/Xcode-27.0.0-Release.Candidate.app/Contents/Developer/Platforms/WatchOS.platform/Developer/SDKs/WatchOS27.0.sdk -target arm64_32-apple-watchos9.0 -g -module-cache-path /Users/admin/builder/spi-builder-workspace/.derivedData/ModuleCache.noindex -Xfrontend -serialize-debugging-options -profile-coverage-mapping -profile-generate -enable-testing -suppress-warnings -index-store-path /Users/admin/builder/spi-builder-workspace/.derivedData/Index.noindex/DataStore -Xcc -D_LIBCPP_HARDENING_MODE\=_LIBCPP_HARDENING_MODE_DEBUG -swift-version 5 -I /Users/admin/builder/spi-builder-workspace/.derivedData/Build/Products/Debug-watchos -Isystem /Applications/Xcode-27.0.0-Release.Candidate.app/Contents/Developer/Platforms/WatchOS.platform/Developer/usr/lib -F /Users/admin/builder/spi-builder-workspace/.derivedData/Build/Products/Debug-watchos/PackageFrameworks -F /Users/admin/builder/spi-builder-workspace/.derivedData/Build/Products/Debug-watchos -F /Applications/Xcode-27.0.0-Release.Candidate.app/Contents/Developer/Platforms/WatchOS.platform/Developer/Library/Frameworks -F /Applications/Xcode-27.0.0-Release.Candidate.app/Contents/Developer/Platforms/WatchOS.platform/Developer/SDKs/WatchOS27.0.sdk/Developer/Library/Frameworks -c -j10 -enable-batch-mode -incremental -Xcc -ivfsstatcache -Xcc /Users/admin/builder/spi-builder-workspace/.derivedData/SDKStatCaches.noindex/watchos27.0-24R360-e829b21a6f8c9b70876ba0858053c04477534ef55a1706bf4c1112bbb242f0a2.sdkstatcache -output-file-map /Users/admin/builder/spi-builder-workspace/.derivedData/Build/Intermediates.noindex/swift-atomics.build/Debug-watchos/Atomics-t.build/Objects-normal/arm64_32/Atomics-OutputFileMap.json -save-temps -no-color-diagnostics -explicit-module-build -module-cache-path /Users/admin/builder/spi-builder-workspace/.derivedData/Build/Intermediates.noindex/SwiftExplicitPrecompiledModules -clang-scanner-module-cache-path /Users/admin/builder/spi-builder-workspace/.derivedData/ModuleCache.noindex -sdk-module-cache-path /Users/admin/builder/spi-builder-workspace/.derivedData/SDKExplicitPrecompiledModules -emit-dependencies -emit-module -emit-module-path /Users/admin/builder/spi-builder-workspace/.derivedData/Build/Intermediates.noindex/swift-atomics.build/Debug-watchos/Atomics-t.build/Objects-normal/arm64_32/Atomics.swiftmodule -serialize-diagnostics -dependency-scan-serialize-diagnostics-path /Users/admin/builder/spi-builder-workspace/.derivedData/Build/Intermediates.noindex/swift-atomics.build/Debug-watchos/Atomics-t.build/Objects-normal/arm64_32/Atomics-dependency-scan.dia -validate-clang-modules-once -clang-build-session-file /Users/admin/builder/spi-builder-workspace/.derivedData/ModuleCache.noindex/Session.modulevalidation -Xcc -fmodules-prune-interval\=86400 -Xcc -fmodules-prune-after\=345600 -package-name swift_atomics -emit-const-values -const-gather-protocols-list /Users/admin/builder/spi-builder-workspace/.derivedData/Build/Intermediates.noindex/swift-atomics.build/Debug-watchos/Atomics-t.build/Objects-normal/arm64_32/Atomics_const_extract_protocols.json -Xcc -I/Users/admin/builder/spi-builder-workspace/.dependencies/checkouts/swift-atomics/Sources/_AtomicsShims/include -Xcc -I/Users/admin/builder/spi-builder-workspace/.derivedData/Build/Products/Debug-watchos/include -Xcc -I/Users/admin/builder/spi-builder-workspace/.derivedData/Build/Intermediates.noindex/swift-atomics.build/Debug-watchos/Atomics-t.build/DerivedSources-normal/arm64_32 -Xcc -I/Users/admin/builder/spi-builder-workspace/.derivedData/Build/Intermediates.noindex/swift-atomics.build/Debug-watchos/Atomics-t.build/DerivedSources/arm64_32 -Xcc -I/Users/admin/builder/spi-builder-workspace/.derivedData/Build/Intermediates.noindex/swift-atomics.build/Debug-watchos/Atomics-t.build/DerivedSources -Xcc -DSWIFT_PACKAGE -Xcc -DDEBUG\=1 -emit-objc-header -emit-objc-header-path /Users/admin/builder/spi-builder-workspace/.derivedData/Build/Intermediates.noindex/swift-atomics.build/Debug-watchos/Atomics-t.build/Objects-normal/arm64_32/Atomics-Swift.h -working-directory /Users/admin/builder/spi-builder-workspace/.swiftpm/xcode -experimental-emit-module-separately -disable-cmo
PrecompileModule /Users/admin/builder/spi-builder-workspace/.derivedData/Build/Intermediates.noindex/ExplicitPrecompiledModules/Darwin-AQA966RT8KNAM9WW81IMD9Z6.scan
cd /
builtin-precompileModule /Users/admin/builder/spi-builder-workspace/.derivedData/Build/Intermediates.noindex/ExplicitPrecompiledModules/Darwin-AQA966RT8KNAM9WW81IMD9Z6.scan
PrecompileModule /Users/admin/builder/spi-builder-workspace/.derivedData/Build/Intermediates.noindex/ExplicitPrecompiledModules/Darwin-7ZKULZR42CGYZA0VTFXY0632X.scan
cd /
builtin-precompileModule /Users/admin/builder/spi-builder-workspace/.derivedData/Build/Intermediates.noindex/ExplicitPrecompiledModules/Darwin-7ZKULZR42CGYZA0VTFXY0632X.scan
PrecompileModule /Users/admin/builder/spi-builder-workspace/.derivedData/Build/Intermediates.noindex/ExplicitPrecompiledModules/Darwin-DBL55RBCXXBQWBIKBQECQ4IYB.scan
cd /
builtin-precompileModule /Users/admin/builder/spi-builder-workspace/.derivedData/Build/Intermediates.noindex/ExplicitPrecompiledModules/Darwin-DBL55RBCXXBQWBIKBQECQ4IYB.scan
PruneExplicitPrecompiledModules /Users/admin/builder/spi-builder-workspace/.derivedData/Build/Intermediates.noindex/ExplicitPrecompiledModules
PruneExplicitPrecompiledModules /Users/admin/builder/spi-builder-workspace/.derivedData/Build/Intermediates.noindex/SwiftExplicitPrecompiledModules
PruneExplicitPrecompiledModules /Users/admin/builder/spi-builder-workspace/.derivedData/SDKExplicitPrecompiledModules
2026-09-30 19:13:02.179 xcodebuild[1023:5943] [MT] IDERunDestination: Supported platforms for the buildables in the current scheme is empty.
** BUILD FAILED **
The following build commands failed:
Ld /Users/admin/builder/spi-builder-workspace/.derivedData/Build/Intermediates.noindex/swift-test-doubles.build/Debug-watchos/CTestDoublesTrampoline-t.build/Objects-normal/arm64_32/Binary/CTestDoublesTrampoline.o normal arm64_32 (in target 'CTestDoublesTrampoline' from project 'swift-test-doubles')
Building workspace swift-test-doubles with scheme swift-test-doubles-Package
(2 failures)
BUILD FAILURE 6.4 watchOS