Build Information
Failed to build DTCollectionViewManager, reference 11.0.0 (6f806e), with Swift 6.4 for watchOS using Xcode 27.0 on 18 Sep 2026 17:46:19 UTC.
Build Command
env DEVELOPER_DIR=/Applications/Xcode-27.0.0-Release.Candidate.app xcrun xcodebuild -IDEClonedSourcePackagesDirPathOverride=$PWD/.dependencies -skipMacroValidation -skipPackagePluginValidation -derivedDataPath $PWD/.derivedData build -scheme DTCollectionViewManager -destination generic/platform=watchOSBuild Log
WriteAuxiliaryFile /Users/admin/builder/spi-builder-workspace/.derivedData/Build/Intermediates.noindex/DTCollectionViewManager.build/Debug-watchos/DTCollectionViewManager-t.build/Objects-normal/arm64/DTCollectionViewManager_const_extract_protocols.json (in target 'DTCollectionViewManager' from project 'DTCollectionViewManager')
cd /Users/admin/builder/spi-builder-workspace
write-file /Users/admin/builder/spi-builder-workspace/.derivedData/Build/Intermediates.noindex/DTCollectionViewManager.build/Debug-watchos/DTCollectionViewManager-t.build/Objects-normal/arm64/DTCollectionViewManager_const_extract_protocols.json
WriteAuxiliaryFile /Users/admin/builder/spi-builder-workspace/.derivedData/Build/Intermediates.noindex/DTCollectionViewManager.build/Debug-watchos/DTCollectionViewManager-t.build/Objects-normal/arm64/DTCollectionViewManager.SwiftFileList (in target 'DTCollectionViewManager' from project 'DTCollectionViewManager')
cd /Users/admin/builder/spi-builder-workspace
write-file /Users/admin/builder/spi-builder-workspace/.derivedData/Build/Intermediates.noindex/DTCollectionViewManager.build/Debug-watchos/DTCollectionViewManager-t.build/Objects-normal/arm64/DTCollectionViewManager.SwiftFileList
WriteAuxiliaryFile /Users/admin/builder/spi-builder-workspace/.derivedData/Build/Intermediates.noindex/DTCollectionViewManager.build/Debug-watchos/DTCollectionViewManager-t.build/Objects-normal/arm64/DTCollectionViewManager.SwiftConstValuesFileList (in target 'DTCollectionViewManager' from project 'DTCollectionViewManager')
cd /Users/admin/builder/spi-builder-workspace
write-file /Users/admin/builder/spi-builder-workspace/.derivedData/Build/Intermediates.noindex/DTCollectionViewManager.build/Debug-watchos/DTCollectionViewManager-t.build/Objects-normal/arm64/DTCollectionViewManager.SwiftConstValuesFileList
Copy /Users/admin/builder/spi-builder-workspace/.derivedData/Build/Intermediates.noindex/GeneratedModuleMaps-watchos/DTModelStorage.modulemap /Users/admin/builder/spi-builder-workspace/.derivedData/Build/Intermediates.noindex/DTModelStorage.build/Debug-watchos/DTModelStorage-t.build/DTModelStorage.modulemap (in target 'DTModelStorage' from project 'DTModelStorage')
cd /Users/admin/builder/spi-builder-workspace/.dependencies/checkouts/DTModelStorage
builtin-copy -exclude .DS_Store -exclude CVS -exclude .svn -exclude .git -exclude .hg -resolve-src-symlinks /Users/admin/builder/spi-builder-workspace/.derivedData/Build/Intermediates.noindex/DTModelStorage.build/Debug-watchos/DTModelStorage-t.build/DTModelStorage.modulemap /Users/admin/builder/spi-builder-workspace/.derivedData/Build/Intermediates.noindex/GeneratedModuleMaps-watchos
WriteAuxiliaryFile /Users/admin/builder/spi-builder-workspace/.derivedData/Build/Intermediates.noindex/DTCollectionViewManager.build/Debug-watchos/DTCollectionViewManager-t.build/Objects-normal/arm64/DTCollectionViewManager.LinkFileList (in target 'DTCollectionViewManager' from project 'DTCollectionViewManager')
cd /Users/admin/builder/spi-builder-workspace
write-file /Users/admin/builder/spi-builder-workspace/.derivedData/Build/Intermediates.noindex/DTCollectionViewManager.build/Debug-watchos/DTCollectionViewManager-t.build/Objects-normal/arm64/DTCollectionViewManager.LinkFileList
WriteAuxiliaryFile /Users/admin/builder/spi-builder-workspace/.derivedData/Build/Intermediates.noindex/DTCollectionViewManager.build/Debug-watchos/DTCollectionViewManager-t.build/Objects-normal/arm64/DTCollectionViewManager-OutputFileMap.json (in target 'DTCollectionViewManager' from project 'DTCollectionViewManager')
cd /Users/admin/builder/spi-builder-workspace
write-file /Users/admin/builder/spi-builder-workspace/.derivedData/Build/Intermediates.noindex/DTCollectionViewManager.build/Debug-watchos/DTCollectionViewManager-t.build/Objects-normal/arm64/DTCollectionViewManager-OutputFileMap.json
WriteAuxiliaryFile /Users/admin/builder/spi-builder-workspace/.derivedData/Build/Intermediates.noindex/DTCollectionViewManager.build/Debug-watchos/DTCollectionViewManager-t.build/DTCollectionViewManager.modulemap (in target 'DTCollectionViewManager' from project 'DTCollectionViewManager')
cd /Users/admin/builder/spi-builder-workspace
write-file /Users/admin/builder/spi-builder-workspace/.derivedData/Build/Intermediates.noindex/DTCollectionViewManager.build/Debug-watchos/DTCollectionViewManager-t.build/DTCollectionViewManager.modulemap
WriteAuxiliaryFile /Users/admin/builder/spi-builder-workspace/.derivedData/Build/Intermediates.noindex/DTCollectionViewManager.build/Debug-watchos/DTCollectionViewManager-t.build/DTCollectionViewManager.DependencyStaticMetadataFileList (in target 'DTCollectionViewManager' from project 'DTCollectionViewManager')
cd /Users/admin/builder/spi-builder-workspace
write-file /Users/admin/builder/spi-builder-workspace/.derivedData/Build/Intermediates.noindex/DTCollectionViewManager.build/Debug-watchos/DTCollectionViewManager-t.build/DTCollectionViewManager.DependencyStaticMetadataFileList
WriteAuxiliaryFile /Users/admin/builder/spi-builder-workspace/.derivedData/Build/Intermediates.noindex/DTCollectionViewManager.build/Debug-watchos/DTCollectionViewManager-t.build/DTCollectionViewManager.DependencyMetadataFileList (in target 'DTCollectionViewManager' from project 'DTCollectionViewManager')
cd /Users/admin/builder/spi-builder-workspace
write-file /Users/admin/builder/spi-builder-workspace/.derivedData/Build/Intermediates.noindex/DTCollectionViewManager.build/Debug-watchos/DTCollectionViewManager-t.build/DTCollectionViewManager.DependencyMetadataFileList
Copy /Users/admin/builder/spi-builder-workspace/.derivedData/Build/Intermediates.noindex/GeneratedModuleMaps-watchos/DTCollectionViewManager.modulemap /Users/admin/builder/spi-builder-workspace/.derivedData/Build/Intermediates.noindex/DTCollectionViewManager.build/Debug-watchos/DTCollectionViewManager-t.build/DTCollectionViewManager.modulemap (in target 'DTCollectionViewManager' from project 'DTCollectionViewManager')
cd /Users/admin/builder/spi-builder-workspace
builtin-copy -exclude .DS_Store -exclude CVS -exclude .svn -exclude .git -exclude .hg -resolve-src-symlinks /Users/admin/builder/spi-builder-workspace/.derivedData/Build/Intermediates.noindex/DTCollectionViewManager.build/Debug-watchos/DTCollectionViewManager-t.build/DTCollectionViewManager.modulemap /Users/admin/builder/spi-builder-workspace/.derivedData/Build/Intermediates.noindex/GeneratedModuleMaps-watchos
SwiftDriver DTModelStorage normal arm64_32 com.apple.xcode.tools.swift.compiler (in target 'DTModelStorage' from project 'DTModelStorage')
cd /Users/admin/builder/spi-builder-workspace/.swiftpm/xcode
builtin-SwiftDriver -- /Applications/Xcode-27.0.0-Release.Candidate.app/Contents/Developer/Toolchains/XcodeDefault.xctoolchain/usr/bin/swiftc -parse-as-library -module-name DTModelStorage -Onone @/Users/admin/builder/spi-builder-workspace/.derivedData/Build/Intermediates.noindex/DTModelStorage.build/Debug-watchos/DTModelStorage-t.build/Objects-normal/arm64_32/DTModelStorage.SwiftFileList -DSWIFT_PACKAGE -DDEBUG -DSWIFT_MODULE_RESOURCE_BUNDLE_UNAVAILABLE -DXcode -plugin-path /Applications/Xcode-27.0.0-Release.Candidate.app/Contents/Developer/Toolchains/XcodeDefault.xctoolchain/usr/lib/swift/host/plugins/testing -enable-experimental-feature DebugDescriptionMacro -sdk /Applications/Xcode-27.0.0-Release.Candidate.app/Contents/Developer/Platforms/WatchOS.platform/Developer/SDKs/WatchOS27.0.sdk -target arm64_32-apple-watchos9.0 -g -module-cache-path /Users/admin/builder/spi-builder-workspace/.derivedData/ModuleCache.noindex -Xfrontend -serialize-debugging-options -enable-testing -suppress-warnings -index-store-path /Users/admin/builder/spi-builder-workspace/.derivedData/Index.noindex/DataStore -Xcc -D_LIBCPP_HARDENING_MODE\=_LIBCPP_HARDENING_MODE_DEBUG -swift-version 5 -I /Users/admin/builder/spi-builder-workspace/.derivedData/Build/Products/Debug-watchos -Isystem /Applications/Xcode-27.0.0-Release.Candidate.app/Contents/Developer/Platforms/WatchOS.platform/Developer/usr/lib -F /Users/admin/builder/spi-builder-workspace/.derivedData/Build/Products/Debug-watchos -F /Applications/Xcode-27.0.0-Release.Candidate.app/Contents/Developer/Platforms/WatchOS.platform/Developer/Library/Frameworks -F /Applications/Xcode-27.0.0-Release.Candidate.app/Contents/Developer/Platforms/WatchOS.platform/Developer/SDKs/WatchOS27.0.sdk/Developer/Library/Frameworks -c -j10 -enable-batch-mode -incremental -Xcc -ivfsstatcache -Xcc /Users/admin/builder/spi-builder-workspace/.derivedData/SDKStatCaches.noindex/watchos27.0-24R360-e829b21a6f8c9b70876ba0858053c04477534ef55a1706bf4c1112bbb242f0a2.sdkstatcache -output-file-map /Users/admin/builder/spi-builder-workspace/.derivedData/Build/Intermediates.noindex/DTModelStorage.build/Debug-watchos/DTModelStorage-t.build/Objects-normal/arm64_32/DTModelStorage-OutputFileMap.json -save-temps -no-color-diagnostics -explicit-module-build -module-cache-path /Users/admin/builder/spi-builder-workspace/.derivedData/Build/Intermediates.noindex/SwiftExplicitPrecompiledModules -clang-scanner-module-cache-path /Users/admin/builder/spi-builder-workspace/.derivedData/ModuleCache.noindex -sdk-module-cache-path /Users/admin/builder/spi-builder-workspace/.derivedData/SDKExplicitPrecompiledModules -emit-dependencies -emit-module -emit-module-path /Users/admin/builder/spi-builder-workspace/.derivedData/Build/Intermediates.noindex/DTModelStorage.build/Debug-watchos/DTModelStorage-t.build/Objects-normal/arm64_32/DTModelStorage.swiftmodule -serialize-diagnostics -dependency-scan-serialize-diagnostics-path /Users/admin/builder/spi-builder-workspace/.derivedData/Build/Intermediates.noindex/DTModelStorage.build/Debug-watchos/DTModelStorage-t.build/Objects-normal/arm64_32/DTModelStorage-dependency-scan.dia -validate-clang-modules-once -clang-build-session-file /Users/admin/builder/spi-builder-workspace/.derivedData/ModuleCache.noindex/Session.modulevalidation -Xcc -fmodules-prune-interval\=86400 -Xcc -fmodules-prune-after\=345600 -emit-const-values -const-gather-protocols-list /Users/admin/builder/spi-builder-workspace/.derivedData/Build/Intermediates.noindex/DTModelStorage.build/Debug-watchos/DTModelStorage-t.build/Objects-normal/arm64_32/DTModelStorage_const_extract_protocols.json -Xcc -I/Users/admin/builder/spi-builder-workspace/.derivedData/Build/Products/Debug-watchos/include -Xcc -I/Users/admin/builder/spi-builder-workspace/.derivedData/Build/Intermediates.noindex/DTModelStorage.build/Debug-watchos/DTModelStorage-t.build/DerivedSources-normal/arm64_32 -Xcc -I/Users/admin/builder/spi-builder-workspace/.derivedData/Build/Intermediates.noindex/DTModelStorage.build/Debug-watchos/DTModelStorage-t.build/DerivedSources/arm64_32 -Xcc -I/Users/admin/builder/spi-builder-workspace/.derivedData/Build/Intermediates.noindex/DTModelStorage.build/Debug-watchos/DTModelStorage-t.build/DerivedSources -Xcc -DSWIFT_PACKAGE -Xcc -DDEBUG\=1 -emit-objc-header -emit-objc-header-path /Users/admin/builder/spi-builder-workspace/.derivedData/Build/Intermediates.noindex/DTModelStorage.build/Debug-watchos/DTModelStorage-t.build/Objects-normal/arm64_32/DTModelStorage-Swift.h -working-directory /Users/admin/builder/spi-builder-workspace/.swiftpm/xcode -experimental-emit-module-separately -disable-cmo
SwiftDriver DTModelStorage normal arm64 com.apple.xcode.tools.swift.compiler (in target 'DTModelStorage' from project 'DTModelStorage')
cd /Users/admin/builder/spi-builder-workspace/.swiftpm/xcode
builtin-SwiftDriver -- /Applications/Xcode-27.0.0-Release.Candidate.app/Contents/Developer/Toolchains/XcodeDefault.xctoolchain/usr/bin/swiftc -parse-as-library -module-name DTModelStorage -Onone @/Users/admin/builder/spi-builder-workspace/.derivedData/Build/Intermediates.noindex/DTModelStorage.build/Debug-watchos/DTModelStorage-t.build/Objects-normal/arm64/DTModelStorage.SwiftFileList -DSWIFT_PACKAGE -DDEBUG -DSWIFT_MODULE_RESOURCE_BUNDLE_UNAVAILABLE -DXcode -plugin-path /Applications/Xcode-27.0.0-Release.Candidate.app/Contents/Developer/Toolchains/XcodeDefault.xctoolchain/usr/lib/swift/host/plugins/testing -enable-experimental-feature DebugDescriptionMacro -sdk /Applications/Xcode-27.0.0-Release.Candidate.app/Contents/Developer/Platforms/WatchOS.platform/Developer/SDKs/WatchOS27.0.sdk -target arm64-apple-watchos9.0 -g -module-cache-path /Users/admin/builder/spi-builder-workspace/.derivedData/ModuleCache.noindex -Xfrontend -serialize-debugging-options -enable-testing -suppress-warnings -index-store-path /Users/admin/builder/spi-builder-workspace/.derivedData/Index.noindex/DataStore -Xcc -D_LIBCPP_HARDENING_MODE\=_LIBCPP_HARDENING_MODE_DEBUG -swift-version 5 -I /Users/admin/builder/spi-builder-workspace/.derivedData/Build/Products/Debug-watchos -Isystem /Applications/Xcode-27.0.0-Release.Candidate.app/Contents/Developer/Platforms/WatchOS.platform/Developer/usr/lib -F /Users/admin/builder/spi-builder-workspace/.derivedData/Build/Products/Debug-watchos -F /Applications/Xcode-27.0.0-Release.Candidate.app/Contents/Developer/Platforms/WatchOS.platform/Developer/Library/Frameworks -F /Applications/Xcode-27.0.0-Release.Candidate.app/Contents/Developer/Platforms/WatchOS.platform/Developer/SDKs/WatchOS27.0.sdk/Developer/Library/Frameworks -c -j10 -enable-batch-mode -incremental -Xcc -ivfsstatcache -Xcc /Users/admin/builder/spi-builder-workspace/.derivedData/SDKStatCaches.noindex/watchos27.0-24R360-e829b21a6f8c9b70876ba0858053c04477534ef55a1706bf4c1112bbb242f0a2.sdkstatcache -output-file-map /Users/admin/builder/spi-builder-workspace/.derivedData/Build/Intermediates.noindex/DTModelStorage.build/Debug-watchos/DTModelStorage-t.build/Objects-normal/arm64/DTModelStorage-OutputFileMap.json -save-temps -no-color-diagnostics -explicit-module-build -module-cache-path /Users/admin/builder/spi-builder-workspace/.derivedData/Build/Intermediates.noindex/SwiftExplicitPrecompiledModules -clang-scanner-module-cache-path /Users/admin/builder/spi-builder-workspace/.derivedData/ModuleCache.noindex -sdk-module-cache-path /Users/admin/builder/spi-builder-workspace/.derivedData/SDKExplicitPrecompiledModules -emit-dependencies -emit-module -emit-module-path /Users/admin/builder/spi-builder-workspace/.derivedData/Build/Intermediates.noindex/DTModelStorage.build/Debug-watchos/DTModelStorage-t.build/Objects-normal/arm64/DTModelStorage.swiftmodule -serialize-diagnostics -dependency-scan-serialize-diagnostics-path /Users/admin/builder/spi-builder-workspace/.derivedData/Build/Intermediates.noindex/DTModelStorage.build/Debug-watchos/DTModelStorage-t.build/Objects-normal/arm64/DTModelStorage-dependency-scan.dia -validate-clang-modules-once -clang-build-session-file /Users/admin/builder/spi-builder-workspace/.derivedData/ModuleCache.noindex/Session.modulevalidation -Xcc -fmodules-prune-interval\=86400 -Xcc -fmodules-prune-after\=345600 -emit-const-values -const-gather-protocols-list /Users/admin/builder/spi-builder-workspace/.derivedData/Build/Intermediates.noindex/DTModelStorage.build/Debug-watchos/DTModelStorage-t.build/Objects-normal/arm64/DTModelStorage_const_extract_protocols.json -Xcc -I/Users/admin/builder/spi-builder-workspace/.derivedData/Build/Products/Debug-watchos/include -Xcc -I/Users/admin/builder/spi-builder-workspace/.derivedData/Build/Intermediates.noindex/DTModelStorage.build/Debug-watchos/DTModelStorage-t.build/DerivedSources-normal/arm64 -Xcc -I/Users/admin/builder/spi-builder-workspace/.derivedData/Build/Intermediates.noindex/DTModelStorage.build/Debug-watchos/DTModelStorage-t.build/DerivedSources/arm64 -Xcc -I/Users/admin/builder/spi-builder-workspace/.derivedData/Build/Intermediates.noindex/DTModelStorage.build/Debug-watchos/DTModelStorage-t.build/DerivedSources -Xcc -DSWIFT_PACKAGE -Xcc -DDEBUG\=1 -emit-objc-header -emit-objc-header-path /Users/admin/builder/spi-builder-workspace/.derivedData/Build/Intermediates.noindex/DTModelStorage.build/Debug-watchos/DTModelStorage-t.build/Objects-normal/arm64/DTModelStorage-Swift.h -working-directory /Users/admin/builder/spi-builder-workspace/.swiftpm/xcode -experimental-emit-module-separately -disable-cmo
SwiftExplicitDependencyGeneratePcm arm64 /Users/admin/builder/spi-builder-workspace/.derivedData/SDKExplicitPrecompiledModules/SwiftShims-4MXFZPV6FEB0XBYXCGPWAMQGL.pcm
SwiftExplicitDependencyGeneratePcm arm64 /Users/admin/builder/spi-builder-workspace/.derivedData/SDKExplicitPrecompiledModules/_Builtin_stddef-1FU30Y8SWFB7OUUHMJQH5J6FM.pcm
SwiftExplicitDependencyGeneratePcm arm64_32 /Users/admin/builder/spi-builder-workspace/.derivedData/SDKExplicitPrecompiledModules/_Builtin_stdarg-D305JG44A2WPI6CJY37X3QJE8.pcm
SwiftExplicitDependencyGeneratePcm arm64_32 /Users/admin/builder/spi-builder-workspace/.derivedData/SDKExplicitPrecompiledModules/_Builtin_stddef-H44EFHQX6XSS5MZ7QP6YJZ76.pcm
SwiftExplicitDependencyGeneratePcm arm64 /Users/admin/builder/spi-builder-workspace/.derivedData/SDKExplicitPrecompiledModules/_Builtin_float-C0CW5Q4HGBQYKE77TC42IAFB5.pcm
SwiftExplicitDependencyGeneratePcm arm64 /Users/admin/builder/spi-builder-workspace/.derivedData/SDKExplicitPrecompiledModules/_Builtin_stdarg-A7UU8LE6MP85SM26YO7PBZNUQ.pcm
SwiftExplicitDependencyGeneratePcm arm64 /Users/admin/builder/spi-builder-workspace/.derivedData/SDKExplicitPrecompiledModules/DeveloperToolsSupport-E7CNISCB36UE8XQ9IOHK9XDX1.pcm
SwiftExplicitDependencyGeneratePcm arm64 /Users/admin/builder/spi-builder-workspace/.derivedData/SDKExplicitPrecompiledModules/_Builtin_stdbool-83J96QSOFE9VX04AAS6310UAE.pcm
SwiftExplicitDependencyGeneratePcm arm64_32 /Users/admin/builder/spi-builder-workspace/.derivedData/SDKExplicitPrecompiledModules/_SwiftConcurrencyShims-6RTBPQ03V7BM9SPRK8SUE055H.pcm
SwiftExplicitDependencyGeneratePcm arm64_32 /Users/admin/builder/spi-builder-workspace/.derivedData/SDKExplicitPrecompiledModules/ptrauth-BFXF358ME5AK535N5A9Z766WU.pcm
SwiftExplicitDependencyGeneratePcm arm64_32 /Users/admin/builder/spi-builder-workspace/.derivedData/SDKExplicitPrecompiledModules/SwiftShims-9CQQGWTSNTN9EB5NSHDWUJICH.pcm
SwiftExplicitDependencyGeneratePcm arm64_32 /Users/admin/builder/spi-builder-workspace/.derivedData/SDKExplicitPrecompiledModules/_Builtin_float-6KO8O3PEWRCA4WC6PPLOYO6WJ.pcm
SwiftExplicitDependencyGeneratePcm arm64_32 /Users/admin/builder/spi-builder-workspace/.derivedData/SDKExplicitPrecompiledModules/ptrcheck-7ELIH9BTIGVKX3UBITM9N72WD.pcm
SwiftExplicitDependencyGeneratePcm arm64 /Users/admin/builder/spi-builder-workspace/.derivedData/SDKExplicitPrecompiledModules/ptrauth-3TZ9WJCGLYD25HQPWH4968ONX.pcm
SwiftExplicitDependencyGeneratePcm arm64_32 /Users/admin/builder/spi-builder-workspace/.derivedData/SDKExplicitPrecompiledModules/_AvailabilityInternal-244WAN3Z1QBT7PIA64EZEFY1R.pcm
SwiftExplicitDependencyGeneratePcm arm64 /Users/admin/builder/spi-builder-workspace/.derivedData/SDKExplicitPrecompiledModules/_SwiftConcurrencyShims-659N52XSKR5F0QSB880BH2FJR.pcm
SwiftExplicitDependencyGeneratePcm arm64 /Users/admin/builder/spi-builder-workspace/.derivedData/SDKExplicitPrecompiledModules/_AvailabilityInternal-BUNV3UXM65NT37THI4W1AM0SF.pcm
SwiftExplicitDependencyGeneratePcm arm64 /Users/admin/builder/spi-builder-workspace/.derivedData/SDKExplicitPrecompiledModules/ptrcheck-AIF0NDOYZ8ORBNHQAQR5NNB8M.pcm
SwiftExplicitDependencyGeneratePcm arm64_32 /Users/admin/builder/spi-builder-workspace/.derivedData/SDKExplicitPrecompiledModules/DeveloperToolsSupport-DZU5G1OCMNWU0AQRULIFHUJ1Z.pcm
SwiftExplicitDependencyGeneratePcm arm64_32 /Users/admin/builder/spi-builder-workspace/.derivedData/SDKExplicitPrecompiledModules/_Builtin_stdbool-A967K8W8YUYEC9SN52KJ7OO88.pcm
SwiftExplicitDependencyGeneratePcm arm64_32 /Users/admin/builder/spi-builder-workspace/.derivedData/SDKExplicitPrecompiledModules/_DarwinFoundation1-2GWF9RFMPLQW4PDHS3NARVI3G.pcm
SwiftExplicitDependencyGeneratePcm arm64 /Users/admin/builder/spi-builder-workspace/.derivedData/SDKExplicitPrecompiledModules/_DarwinFoundation1-7SPX3MD0HMP55E4OLNCPNDQ53.pcm
SwiftExplicitDependencyGeneratePcm arm64 /Users/admin/builder/spi-builder-workspace/.derivedData/SDKExplicitPrecompiledModules/_Builtin_limits-9GWPA2B0H20DYUNYHYCWKABJG.pcm
SwiftExplicitDependencyGeneratePcm arm64 /Users/admin/builder/spi-builder-workspace/.derivedData/SDKExplicitPrecompiledModules/_DarwinFoundation2-D0XAPJU49S5E9XMKYOFGSTB1Q.pcm
SwiftExplicitDependencyGeneratePcm arm64_32 /Users/admin/builder/spi-builder-workspace/.derivedData/SDKExplicitPrecompiledModules/_DarwinFoundation2-9MY8GOSYRO0M9MKNXF6D3MBNK.pcm
SwiftExplicitDependencyGeneratePcm arm64_32 /Users/admin/builder/spi-builder-workspace/.derivedData/SDKExplicitPrecompiledModules/_Builtin_limits-3VKBU2AFTD65PAJZ5CJ3LHFM2.pcm
SwiftExplicitDependencyGeneratePcm arm64_32 /Users/admin/builder/spi-builder-workspace/.derivedData/SDKExplicitPrecompiledModules/_Builtin_tgmath-23PGCKURCQILXMK0MYZRYDCOU.pcm
SwiftExplicitDependencyGeneratePcm arm64_32 /Users/admin/builder/spi-builder-workspace/.derivedData/SDKExplicitPrecompiledModules/_Builtin_stdint-1HMXWI3V0V4TXHRWZOMZGZ80Y.pcm
SwiftExplicitDependencyGeneratePcm arm64_32 /Users/admin/builder/spi-builder-workspace/.derivedData/SDKExplicitPrecompiledModules/string_h-BFVLUQUSBZWYMLCU9QI7VZALW.pcm
SwiftExplicitDependencyGeneratePcm arm64_32 /Users/admin/builder/spi-builder-workspace/.derivedData/SDKExplicitPrecompiledModules/sys_types-8TLLMW08ZJWDGIIPKOYFGHHZW.pcm
SwiftExplicitDependencyGeneratePcm arm64 /Users/admin/builder/spi-builder-workspace/.derivedData/SDKExplicitPrecompiledModules/_Builtin_stdint-8XMILLJZEGRN2XG7XZUXZ5RLX.pcm
SwiftExplicitDependencyGeneratePcm arm64 /Users/admin/builder/spi-builder-workspace/.derivedData/SDKExplicitPrecompiledModules/string_h-E6PRXK75PHIPCZFWOFCQ3QBMK.pcm
SwiftExplicitDependencyGeneratePcm arm64 /Users/admin/builder/spi-builder-workspace/.derivedData/SDKExplicitPrecompiledModules/sys_types-2KXQLI78OUCDP779AE68GZJ2.pcm
SwiftExplicitDependencyGeneratePcm arm64 /Users/admin/builder/spi-builder-workspace/.derivedData/SDKExplicitPrecompiledModules/_Builtin_tgmath-8NQ96OZ0YHXEC24JI95P01UF8.pcm
SwiftExplicitDependencyGeneratePcm arm64_32 /Users/admin/builder/spi-builder-workspace/.derivedData/SDKExplicitPrecompiledModules/_Builtin_intrinsics-196IIAKDQVU42DLOZP9OQCV76.pcm
SwiftExplicitDependencyGeneratePcm arm64_32 /Users/admin/builder/spi-builder-workspace/.derivedData/SDKExplicitPrecompiledModules/_Builtin_stdatomic-1TY035TURL76BF2U98PZPPZRX.pcm
SwiftExplicitDependencyGeneratePcm arm64_32 /Users/admin/builder/spi-builder-workspace/.derivedData/SDKExplicitPrecompiledModules/_DarwinFoundation3-3DUTYQDQSD9HUAAVY947NMWOI.pcm
SwiftExplicitDependencyGeneratePcm arm64 /Users/admin/builder/spi-builder-workspace/.derivedData/SDKExplicitPrecompiledModules/_Builtin_stdatomic-7JEFA3KBJJJN6TKJWY3OG1VG5.pcm
SwiftExplicitDependencyGeneratePcm arm64 /Users/admin/builder/spi-builder-workspace/.derivedData/SDKExplicitPrecompiledModules/_DarwinFoundation3-B97LRG0E9GON2NUE65TVG81HU.pcm
SwiftExplicitDependencyGeneratePcm arm64 /Users/admin/builder/spi-builder-workspace/.derivedData/SDKExplicitPrecompiledModules/_Builtin_intrinsics-75960HIPCIYA06IUW8FIIPQT.pcm
SwiftExplicitDependencyGeneratePcm arm64_32 /Users/admin/builder/spi-builder-workspace/.derivedData/SDKExplicitPrecompiledModules/_Builtin_inttypes-D2KPCR4PEX9AQA33NGLUT5SBR.pcm
SwiftExplicitDependencyGeneratePcm arm64 /Users/admin/builder/spi-builder-workspace/.derivedData/SDKExplicitPrecompiledModules/_Builtin_inttypes-3UQSCM7WNM9EK4HZML8TY5J3D.pcm
SwiftExplicitDependencyGeneratePcm arm64_32 /Users/admin/builder/spi-builder-workspace/.derivedData/SDKExplicitPrecompiledModules/Darwin-3FVT1SKLN2ZQ5RVOABMTQBB34.pcm
SwiftExplicitDependencyGeneratePcm arm64 /Users/admin/builder/spi-builder-workspace/.derivedData/SDKExplicitPrecompiledModules/Darwin-3984OXKFNSPE77NT743WK8SEX.pcm
SwiftExplicitDependencyGeneratePcm arm64_32 /Users/admin/builder/spi-builder-workspace/.derivedData/SDKExplicitPrecompiledModules/simd-21UNWYOBUZI1LVSQ99S1XBLMO.pcm
SwiftExplicitDependencyGeneratePcm arm64 /Users/admin/builder/spi-builder-workspace/.derivedData/SDKExplicitPrecompiledModules/simd-EH08NODU6574T74ZKU61VP9BW.pcm
SwiftExplicitDependencyGeneratePcm arm64_32 /Users/admin/builder/spi-builder-workspace/.derivedData/SDKExplicitPrecompiledModules/MachO-56838ZJ0NC1EBAJ0O6O8QMPDX.pcm
SwiftExplicitDependencyGeneratePcm arm64_32 /Users/admin/builder/spi-builder-workspace/.derivedData/SDKExplicitPrecompiledModules/ObjectiveC-6IJNELR2E80E7LUKESVCP2KET.pcm
SwiftExplicitDependencyGeneratePcm arm64 /Users/admin/builder/spi-builder-workspace/.derivedData/SDKExplicitPrecompiledModules/ObjectiveC-72IVD3VS2RS8Q28D9PIMY0KQP.pcm
SwiftExplicitDependencyGeneratePcm arm64 /Users/admin/builder/spi-builder-workspace/.derivedData/SDKExplicitPrecompiledModules/MachO-2U90NNSAQILBNBPS1SA4F8TYP.pcm
SwiftExplicitDependencyGeneratePcm arm64_32 /Users/admin/builder/spi-builder-workspace/.derivedData/SDKExplicitPrecompiledModules/os_object-5YWTC6L4756IWSTPGXS5NM0D0.pcm
SwiftExplicitDependencyGeneratePcm arm64 /Users/admin/builder/spi-builder-workspace/.derivedData/SDKExplicitPrecompiledModules/os_object-3SDKD7F87FTZ26OON37DRYT6O.pcm
SwiftExplicitDependencyGeneratePcm arm64 /Users/admin/builder/spi-builder-workspace/.derivedData/SDKExplicitPrecompiledModules/os_workgroup-89GG5G7YC2D0ZTK6AZXXQ20DH.pcm
SwiftExplicitDependencyGeneratePcm arm64_32 /Users/admin/builder/spi-builder-workspace/.derivedData/SDKExplicitPrecompiledModules/os_workgroup-5JHTPDMNBUNHLJI8LPHKQK1JK.pcm
SwiftExplicitDependencyGeneratePcm arm64_32 /Users/admin/builder/spi-builder-workspace/.derivedData/SDKExplicitPrecompiledModules/Spatial-CWVWNML3T0NXVHZDKVLD3X1YZ.pcm
SwiftExplicitDependencyGeneratePcm arm64 /Users/admin/builder/spi-builder-workspace/.derivedData/SDKExplicitPrecompiledModules/Spatial-44FJGYXFAT2AQAW9Z6T7YS02U.pcm
SwiftExplicitDependencyGeneratePcm arm64 /Users/admin/builder/spi-builder-workspace/.derivedData/SDKExplicitPrecompiledModules/Dispatch-1NLJOVAK60XP0DUB05XA59EIM.pcm
SwiftExplicitDependencyGeneratePcm arm64_32 /Users/admin/builder/spi-builder-workspace/.derivedData/SDKExplicitPrecompiledModules/Dispatch-2P62F1T4XV63S4P99TUDTOK2Q.pcm
SwiftExplicitDependencyGeneratePcm arm64 /Users/admin/builder/spi-builder-workspace/.derivedData/SDKExplicitPrecompiledModules/XPC-40DR0X1DHKGCV4J1IOLFS8MOU.pcm
SwiftExplicitDependencyGeneratePcm arm64 /Users/admin/builder/spi-builder-workspace/.derivedData/SDKExplicitPrecompiledModules/CoreFoundation-8T2L24YC5NU7WO6WQJWRY7W08.pcm
SwiftExplicitDependencyGeneratePcm arm64_32 /Users/admin/builder/spi-builder-workspace/.derivedData/SDKExplicitPrecompiledModules/CoreFoundation-8E6Y4BA3EXYKUGJ24GT9LGV3N.pcm
SwiftExplicitDependencyGeneratePcm arm64_32 /Users/admin/builder/spi-builder-workspace/.derivedData/SDKExplicitPrecompiledModules/XPC-81Y45QFY96XYYFCW2GT6FY8S4.pcm
SwiftExplicitDependencyGeneratePcm arm64 /Users/admin/builder/spi-builder-workspace/.derivedData/SDKExplicitPrecompiledModules/os-5DIL6Z9LFIGLMZAHM7X2T5435.pcm
SwiftExplicitDependencyGeneratePcm arm64_32 /Users/admin/builder/spi-builder-workspace/.derivedData/SDKExplicitPrecompiledModules/os-E5IGB442IA6SBB25TTCOLK2OC.pcm
SwiftExplicitDependencyGeneratePcm arm64_32 /Users/admin/builder/spi-builder-workspace/.derivedData/SDKExplicitPrecompiledModules/CoreGraphics-9FDXYX6BKBUT6TJ2VF819E7T5.pcm
SwiftExplicitDependencyGeneratePcm arm64_32 /Users/admin/builder/spi-builder-workspace/.derivedData/SDKExplicitPrecompiledModules/Security-D7TOWF88VWF67TB9HAFP5UWB1.pcm
SwiftExplicitDependencyGeneratePcm arm64 /Users/admin/builder/spi-builder-workspace/.derivedData/SDKExplicitPrecompiledModules/CoreGraphics-DWNZ73GEH98SBJXZ7DEXB420K.pcm
SwiftExplicitDependencyGeneratePcm arm64 /Users/admin/builder/spi-builder-workspace/.derivedData/SDKExplicitPrecompiledModules/Security-6RZ6YBRU8WCUHRFFRVUK5WKMM.pcm
SwiftExplicitDependencyGeneratePcm arm64_32 /Users/admin/builder/spi-builder-workspace/.derivedData/SDKExplicitPrecompiledModules/Foundation-BJ2VQGI3OGR34500MEQ1VKHPH.pcm
SwiftExplicitDependencyGeneratePcm arm64 /Users/admin/builder/spi-builder-workspace/.derivedData/SDKExplicitPrecompiledModules/Foundation-DLBKUSGXN8QHAT8W0OARR9S8A.pcm
SwiftExplicitDependencyGeneratePcm arm64 /Users/admin/builder/spi-builder-workspace/.derivedData/SDKExplicitPrecompiledModules/CoreText-970YJN6NIYGK1316L35Z0O8QT.pcm
SwiftExplicitDependencyGeneratePcm arm64 /Users/admin/builder/spi-builder-workspace/.derivedData/SDKExplicitPrecompiledModules/CoreVideo-8MRR5MNWUOAW2DBPGUQ8FKK4.pcm
SwiftExplicitDependencyGeneratePcm arm64_32 /Users/admin/builder/spi-builder-workspace/.derivedData/SDKExplicitPrecompiledModules/CoreText-C9X2REPZN2V5BSU4G80FCETDR.pcm
SwiftExplicitDependencyGeneratePcm arm64_32 /Users/admin/builder/spi-builder-workspace/.derivedData/SDKExplicitPrecompiledModules/CoreVideo-2P8HI0403J99LBDPKNFJ5D4DL.pcm
SwiftExplicitDependencyGeneratePcm arm64_32 /Users/admin/builder/spi-builder-workspace/.derivedData/SDKExplicitPrecompiledModules/Accessibility-F385OMZ5GYBUY5O4QAJB4NRII.pcm
SwiftExplicitDependencyGeneratePcm arm64_32 /Users/admin/builder/spi-builder-workspace/.derivedData/SDKExplicitPrecompiledModules/DataDetection-U9BF7WHFVA6BZGFXXXP272PS.pcm
SwiftExplicitDependencyGeneratePcm arm64_32 /Users/admin/builder/spi-builder-workspace/.derivedData/SDKExplicitPrecompiledModules/OSLog-D9AVFY0KWO7RVBIQ73CBIJVCN.pcm
SwiftExplicitDependencyGeneratePcm arm64_32 /Users/admin/builder/spi-builder-workspace/.derivedData/SDKExplicitPrecompiledModules/UniformTypeIdentifiers-CJZ3NTHPSBH4XWX5EVOG56UZS.pcm
SwiftExplicitDependencyGeneratePcm arm64_32 /Users/admin/builder/spi-builder-workspace/.derivedData/SDKExplicitPrecompiledModules/UserNotifications-6TBN8TEAKO014N1T2QD926XED.pcm
SwiftExplicitDependencyGeneratePcm arm64_32 /Users/admin/builder/spi-builder-workspace/.derivedData/SDKExplicitPrecompiledModules/CoreData-7AU1AFQWUH88EAPDKVMLJPKVD.pcm
SwiftExplicitDependencyGeneratePcm arm64_32 /Users/admin/builder/spi-builder-workspace/.derivedData/SDKExplicitPrecompiledModules/_LocationEssentials-AQ1OL9QKC3LQLY5CNSRM1HB53.pcm
SwiftExplicitDependencyGeneratePcm arm64_32 /Users/admin/builder/spi-builder-workspace/.derivedData/SDKExplicitPrecompiledModules/QuartzCore-6375NPYACK5NYVHPMC1QQ8MC2.pcm
SwiftExplicitDependencyGeneratePcm arm64_32 /Users/admin/builder/spi-builder-workspace/.derivedData/SDKExplicitPrecompiledModules/UIUtilities-9YFVNIMRC5HRVOIARNWHP1E3H.pcm
SwiftExplicitDependencyGeneratePcm arm64_32 /Users/admin/builder/spi-builder-workspace/.derivedData/SDKExplicitPrecompiledModules/CoreTransferable-5D4IR6X37682FPHJ5CBPTKQV6.pcm
SwiftExplicitDependencyGeneratePcm arm64 /Users/admin/builder/spi-builder-workspace/.derivedData/SDKExplicitPrecompiledModules/UserNotifications-ARAH8MEQ0C2L0FBO39HITJMAO.pcm
SwiftExplicitDependencyGeneratePcm arm64 /Users/admin/builder/spi-builder-workspace/.derivedData/SDKExplicitPrecompiledModules/_LocationEssentials-5ZZDGDXB6HLQUC72SJW7YJ7MK.pcm
SwiftExplicitDependencyGeneratePcm arm64 /Users/admin/builder/spi-builder-workspace/.derivedData/SDKExplicitPrecompiledModules/UniformTypeIdentifiers-8L08Q8DQJV8C4AW84YVGFGTRN.pcm
SwiftExplicitDependencyGeneratePcm arm64 /Users/admin/builder/spi-builder-workspace/.derivedData/SDKExplicitPrecompiledModules/CoreTransferable-9PPG3SLJ55T4LITIFYX2M0NOZ.pcm
SwiftExplicitDependencyGeneratePcm arm64 /Users/admin/builder/spi-builder-workspace/.derivedData/SDKExplicitPrecompiledModules/Symbols-3EFABTJ9L5PQDJ7RQCYQWEJMM.pcm
SwiftExplicitDependencyGeneratePcm arm64 /Users/admin/builder/spi-builder-workspace/.derivedData/SDKExplicitPrecompiledModules/Accessibility-27QMG6ZQ1NKYTNBYFPM1XKNFC.pcm
SwiftExplicitDependencyGeneratePcm arm64 /Users/admin/builder/spi-builder-workspace/.derivedData/SDKExplicitPrecompiledModules/UIUtilities-IR7RNW23VAUKYI9MLCS9NL9A.pcm
SwiftExplicitDependencyGeneratePcm arm64 /Users/admin/builder/spi-builder-workspace/.derivedData/SDKExplicitPrecompiledModules/QuartzCore-94KFMWNOU7ZLUZNB4T5DLZC9D.pcm
SwiftExplicitDependencyGeneratePcm arm64 /Users/admin/builder/spi-builder-workspace/.derivedData/SDKExplicitPrecompiledModules/DataDetection-7BNVI1SZW5ISQL5SX4WL2X7I5.pcm
SwiftExplicitDependencyGeneratePcm arm64_32 /Users/admin/builder/spi-builder-workspace/.derivedData/SDKExplicitPrecompiledModules/SwiftUICore-3Q7WLRD8MR9R3NGIPUBQCP6F6.pcm
SwiftExplicitDependencyGeneratePcm arm64_32 /Users/admin/builder/spi-builder-workspace/.derivedData/SDKExplicitPrecompiledModules/Symbols-1H97WMG76HU94F5VGJR19PXFY.pcm
SwiftExplicitDependencyGeneratePcm arm64 /Users/admin/builder/spi-builder-workspace/.derivedData/SDKExplicitPrecompiledModules/CoreData-9JFJC4UET8BAO5IPV2JU6W9V8.pcm
SwiftExplicitDependencyGeneratePcm arm64 /Users/admin/builder/spi-builder-workspace/.derivedData/SDKExplicitPrecompiledModules/CoreLocation-ACKJ9K7ABI14F97Y46Y6SRR17.pcm
SwiftExplicitDependencyGeneratePcm arm64 /Users/admin/builder/spi-builder-workspace/.derivedData/SDKExplicitPrecompiledModules/OSLog-B7VGO357Y3GJG35TST7DKDSI3.pcm
SwiftExplicitDependencyGeneratePcm arm64_32 /Users/admin/builder/spi-builder-workspace/.derivedData/SDKExplicitPrecompiledModules/CoreLocation-8XU5YMYM4P11RQMYCQAG65ITK.pcm
SwiftExplicitDependencyGeneratePcm arm64 /Users/admin/builder/spi-builder-workspace/.derivedData/SDKExplicitPrecompiledModules/SwiftUICore-C1DST1IX2Z0PTH5SJJZ1IULRB.pcm
SwiftExplicitDependencyGeneratePcm arm64 /Users/admin/builder/spi-builder-workspace/.derivedData/SDKExplicitPrecompiledModules/CoreMotion-6RD5K48QT1F4L9CATNFD2O7YB.pcm
SwiftExplicitDependencyGeneratePcm arm64_32 /Users/admin/builder/spi-builder-workspace/.derivedData/SDKExplicitPrecompiledModules/CoreMotion-1XGTVTE5PP32UHME8AC63TL6.pcm
SwiftExplicitDependencyGeneratePcm arm64 /Users/admin/builder/spi-builder-workspace/.derivedData/SDKExplicitPrecompiledModules/UIKit-27R3P1YMV4C6JLDT661G3MRIA.pcm
SwiftExplicitDependencyGeneratePcm arm64_32 /Users/admin/builder/spi-builder-workspace/.derivedData/SDKExplicitPrecompiledModules/UIKit-6PPV7YPZ89CZPHYAP072QH8B6.pcm
SwiftCompile normal arm64 Compiling\ SingleSectionStorage.swift,\ StorageProtocols.swift /Users/admin/builder/spi-builder-workspace/.dependencies/checkouts/DTModelStorage/Sources/DTModelStorage/SingleSectionStorage.swift /Users/admin/builder/spi-builder-workspace/.dependencies/checkouts/DTModelStorage/Sources/DTModelStorage/StorageProtocols.swift (in target 'DTModelStorage' from project 'DTModelStorage')
SwiftCompile normal arm64 /Users/admin/builder/spi-builder-workspace/.dependencies/checkouts/DTModelStorage/Sources/DTModelStorage/SingleSectionStorage.swift (in target 'DTModelStorage' from project 'DTModelStorage')
cd /Users/admin/builder/spi-builder-workspace/.swiftpm/xcode
builtin-SwiftPerFileCompile SingleSectionStorage.swift
SwiftCompile normal arm64 /Users/admin/builder/spi-builder-workspace/.dependencies/checkouts/DTModelStorage/Sources/DTModelStorage/StorageProtocols.swift (in target 'DTModelStorage' from project 'DTModelStorage')
cd /Users/admin/builder/spi-builder-workspace/.swiftpm/xcode
builtin-SwiftPerFileCompile StorageProtocols.swift
/Users/admin/builder/spi-builder-workspace/.dependencies/checkouts/DTModelStorage/Sources/DTModelStorage/StorageProtocols.swift:72:35: error: 'UICollectionView' is unavailable in watchOS
70 | public func configureForCollectionViewFlowLayoutUsage()
71 | {
72 | supplementaryHeaderKind = UICollectionView.elementKindSectionHeader
| `- error: 'UICollectionView' is unavailable in watchOS
73 | supplementaryFooterKind = UICollectionView.elementKindSectionFooter
74 | }
/Applications/Xcode-27.0.0-Release.Candidate.app/Contents/Developer/Platforms/WatchOS.platform/Developer/SDKs/WatchOS27.0.sdk/System/Library/Frameworks/UIKit.framework/Headers/UICollectionView.h:362:12: note: 'UICollectionView' has been explicitly marked unavailable here
360 |
361 | UIKIT_EXTERN API_AVAILABLE(ios(6.0)) API_UNAVAILABLE(watchos) NS_SWIFT_UI_ACTOR
362 | @interface UICollectionView : UIScrollView <UIDataSourceTranslating>
| `- note: 'UICollectionView' has been explicitly marked unavailable here
363 |
364 | - (instancetype)initWithFrame:(CGRect)frame collectionViewLayout:(UICollectionViewLayout *)layout NS_DESIGNATED_INITIALIZER;
/Users/admin/builder/spi-builder-workspace/.dependencies/checkouts/DTModelStorage/Sources/DTModelStorage/StorageProtocols.swift:72:52: error: 'elementKindSectionHeader' is unavailable in watchOS
70 | public func configureForCollectionViewFlowLayoutUsage()
71 | {
72 | supplementaryHeaderKind = UICollectionView.elementKindSectionHeader
| `- error: 'elementKindSectionHeader' is unavailable in watchOS
73 | supplementaryFooterKind = UICollectionView.elementKindSectionFooter
74 | }
/Applications/Xcode-27.0.0-Release.Candidate.app/Contents/Developer/Platforms/WatchOS.platform/Developer/SDKs/WatchOS27.0.sdk/System/Library/Frameworks/UIKit.framework/Headers/UICollectionViewLayout.h:24:30: note: 'elementKindSectionHeader' has been explicitly marked unavailable here
22 | UIKIT_EXTERN const CGFloat UICollectionViewLayoutAutomaticDimension API_AVAILABLE(ios(15.0), tvos(15.0)) API_UNAVAILABLE(watchos);
23 |
24 | UIKIT_EXTERN NSString *const UICollectionElementKindSectionHeader API_AVAILABLE(ios(6.0)) API_UNAVAILABLE(watchos);
| `- note: 'elementKindSectionHeader' has been explicitly marked unavailable here
25 | UIKIT_EXTERN NSString *const UICollectionElementKindSectionFooter API_AVAILABLE(ios(6.0)) API_UNAVAILABLE(watchos);
26 |
/Users/admin/builder/spi-builder-workspace/.dependencies/checkouts/DTModelStorage/Sources/DTModelStorage/StorageProtocols.swift:73:35: error: 'UICollectionView' is unavailable in watchOS
71 | {
72 | supplementaryHeaderKind = UICollectionView.elementKindSectionHeader
73 | supplementaryFooterKind = UICollectionView.elementKindSectionFooter
| `- error: 'UICollectionView' is unavailable in watchOS
74 | }
75 |
/Applications/Xcode-27.0.0-Release.Candidate.app/Contents/Developer/Platforms/WatchOS.platform/Developer/SDKs/WatchOS27.0.sdk/System/Library/Frameworks/UIKit.framework/Headers/UICollectionView.h:362:12: note: 'UICollectionView' has been explicitly marked unavailable here
360 |
361 | UIKIT_EXTERN API_AVAILABLE(ios(6.0)) API_UNAVAILABLE(watchos) NS_SWIFT_UI_ACTOR
362 | @interface UICollectionView : UIScrollView <UIDataSourceTranslating>
| `- note: 'UICollectionView' has been explicitly marked unavailable here
363 |
364 | - (instancetype)initWithFrame:(CGRect)frame collectionViewLayout:(UICollectionViewLayout *)layout NS_DESIGNATED_INITIALIZER;
SwiftEmitModule normal arm64 Emitting\ module\ for\ DTModelStorage (in target 'DTModelStorage' from project 'DTModelStorage')
/Users/admin/builder/spi-builder-workspace/.dependencies/checkouts/DTModelStorage/Sources/DTModelStorage/EventReactions.swift:295:32: error: 'UIView' is unavailable in watchOS
293 | forModel model: Any,
294 | at indexPath: IndexPath,
295 | view: UIView?,
| `- error: 'UIView' is unavailable in watchOS
296 | supplementaryKind: String? = nil) -> EventReaction? {
297 | guard let unwrappedModel = RuntimeHelper.recursivelyUnwrapAnyValue(model) else { return nil }
/Applications/Xcode-27.0.0-Release.Candidate.app/Contents/Developer/Platforms/WatchOS.platform/Developer/SDKs/WatchOS27.0.sdk/System/Library/Frameworks/UIKit.framework/Headers/UIView.h:152:12: note: 'UIView' has been explicitly marked unavailable here
150 |
151 | UIKIT_EXTERN API_AVAILABLE(ios(2.0)) API_UNAVAILABLE(watchos) NS_SWIFT_UI_ACTOR
152 | @interface UIView : UIResponder <NSCoding, UIAppearance, UIAppearanceContainer, UIDynamicItem, UITraitEnvironment, UICoordinateSpace, UIFocusItem, UIFocusItemContainer, CALayerDelegate>
| `- note: 'UIView' has been explicitly marked unavailable here
153 |
154 | @property(class, nonatomic, readonly) Class layerClass; // default is [CALayer class]. Used when creating the underlying layer for the view.
/Users/admin/builder/spi-builder-workspace/.dependencies/checkouts/DTModelStorage/Sources/DTModelStorage/UINib+Existance.swift:29:11: error: 'UINib' is unavailable in watchOS
27 | import UIKit
28 |
29 | extension UINib {
| `- error: 'UINib' is unavailable in watchOS
30 | /// Returns true, if nib file with `nibName` exists in `bundle`.
31 | public class func nibExists(withNibName nibName: String,
/Applications/Xcode-27.0.0-Release.Candidate.app/Contents/Developer/Platforms/WatchOS.platform/Developer/SDKs/WatchOS27.0.sdk/System/Library/Frameworks/UIKit.framework/Headers/UINib.h:16:12: note: 'UINib' has been explicitly marked unavailable here
14 |
15 | UIKIT_EXTERN API_AVAILABLE(ios(4.0)) API_UNAVAILABLE(watchos) NS_SWIFT_UI_ACTOR API_DEPRECATED("Loading Interface Builder products will not be supported in a future version of visionOS.", visionos(1.0, 1.0))
16 | @interface UINib : NSObject
| `- note: 'UINib' has been explicitly marked unavailable here
17 |
18 | // If the bundle parameter is nil, the main bundle is used.
/Users/admin/builder/spi-builder-workspace/.dependencies/checkouts/DTModelStorage/Sources/DTModelStorage/ViewModelMapping.swift:103:60: error: 'UICollectionView' is unavailable in watchOS
101 | func updateCell(cell: Any, at indexPath: IndexPath, with model: Any)
102 |
103 | func dequeueConfiguredReusableCell(for collectionView: UICollectionView, model: Any, indexPath: IndexPath) -> UICollectionViewCell?
| `- error: 'UICollectionView' is unavailable in watchOS
104 |
105 | func dequeueConfiguredReusableCell(for tableView: UITableView, model: Any, indexPath: IndexPath) -> UITableViewCell?
/Applications/Xcode-27.0.0-Release.Candidate.app/Contents/Developer/Platforms/WatchOS.platform/Developer/SDKs/WatchOS27.0.sdk/System/Library/Frameworks/UIKit.framework/Headers/UICollectionView.h:362:12: note: 'UICollectionView' has been explicitly marked unavailable here
360 |
361 | UIKIT_EXTERN API_AVAILABLE(ios(6.0)) API_UNAVAILABLE(watchos) NS_SWIFT_UI_ACTOR
362 | @interface UICollectionView : UIScrollView <UIDataSourceTranslating>
| `- note: 'UICollectionView' has been explicitly marked unavailable here
363 |
364 | - (instancetype)initWithFrame:(CGRect)frame collectionViewLayout:(UICollectionViewLayout *)layout NS_DESIGNATED_INITIALIZER;
/Users/admin/builder/spi-builder-workspace/.dependencies/checkouts/DTModelStorage/Sources/DTModelStorage/ViewModelMapping.swift:103:115: error: 'UICollectionViewCell' is unavailable in watchOS
101 | func updateCell(cell: Any, at indexPath: IndexPath, with model: Any)
102 |
103 | func dequeueConfiguredReusableCell(for collectionView: UICollectionView, model: Any, indexPath: IndexPath) -> UICollectionViewCell?
| `- error: 'UICollectionViewCell' is unavailable in watchOS
104 |
105 | func dequeueConfiguredReusableCell(for tableView: UITableView, model: Any, indexPath: IndexPath) -> UITableViewCell?
/Applications/Xcode-27.0.0-Release.Candidate.app/Contents/Developer/Platforms/WatchOS.platform/Developer/SDKs/WatchOS27.0.sdk/System/Library/Frameworks/UIKit.framework/Headers/UICollectionViewCell.h:65:12: note: 'UICollectionViewCell' has been explicitly marked unavailable here
63 |
64 | UIKIT_EXTERN API_AVAILABLE(ios(6.0)) API_UNAVAILABLE(watchos) NS_SWIFT_UI_ACTOR
65 | @interface UICollectionViewCell : UICollectionReusableView
| `- note: 'UICollectionViewCell' has been explicitly marked unavailable here
66 |
67 | /// Returns the current configuration state for the cell.
/Users/admin/builder/spi-builder-workspace/.dependencies/checkouts/DTModelStorage/Sources/DTModelStorage/ViewModelMapping.swift:105:55: error: 'UITableView' is unavailable in watchOS
103 | func dequeueConfiguredReusableCell(for collectionView: UICollectionView, model: Any, indexPath: IndexPath) -> UICollectionViewCell?
104 |
105 | func dequeueConfiguredReusableCell(for tableView: UITableView, model: Any, indexPath: IndexPath) -> UITableViewCell?
| `- error: 'UITableView' is unavailable in watchOS
106 | }
107 |
/Applications/Xcode-27.0.0-Release.Candidate.app/Contents/Developer/Platforms/WatchOS.platform/Developer/SDKs/WatchOS27.0.sdk/System/Library/Frameworks/UIKit.framework/Headers/UITableView.h:347:12: note: 'UITableView' has been explicitly marked unavailable here
345 |
346 | UIKIT_EXTERN API_AVAILABLE(ios(2.0)) API_UNAVAILABLE(watchos) NS_SWIFT_UI_ACTOR
347 | @interface UITableView : UIScrollView <NSCoding, UIDataSourceTranslating>
| `- note: 'UITableView' has been explicitly marked unavailable here
348 |
349 | - (instancetype)initWithFrame:(CGRect)frame style:(UITableViewStyle)style NS_DESIGNATED_INITIALIZER; // must specify style at creation. -initWithFrame: calls this with UITableViewStylePlain
/Users/admin/builder/spi-builder-workspace/.dependencies/checkouts/DTModelStorage/Sources/DTModelStorage/ViewModelMapping.swift:105:105: error: 'UITableViewCell' is unavailable in watchOS
103 | func dequeueConfiguredReusableCell(for collectionView: UICollectionView, model: Any, indexPath: IndexPath) -> UICollectionViewCell?
104 |
105 | func dequeueConfiguredReusableCell(for tableView: UITableView, model: Any, indexPath: IndexPath) -> UITableViewCell?
| `- error: 'UITableViewCell' is unavailable in watchOS
106 | }
107 |
/Applications/Xcode-27.0.0-Release.Candidate.app/Contents/Developer/Platforms/WatchOS.platform/Developer/SDKs/WatchOS27.0.sdk/System/Library/Frameworks/UIKit.framework/Headers/UITableViewCell.h:81:12: note: 'UITableViewCell' has been explicitly marked unavailable here
79 |
80 | UIKIT_EXTERN API_AVAILABLE(ios(2.0)) API_UNAVAILABLE(watchos) NS_SWIFT_UI_ACTOR
81 | @interface UITableViewCell : UIView <NSCoding, UIGestureRecognizerDelegate>
| `- note: 'UITableViewCell' has been explicitly marked unavailable here
82 |
83 | // Designated initializer. If the cell can be reused, you must pass in a reuse identifier. You should use the same reuse identifier for all cells of the same form.
/Users/admin/builder/spi-builder-workspace/.dependencies/checkouts/DTModelStorage/Sources/DTModelStorage/ViewModelMapping.swift:116:73: error: 'UICollectionView' is unavailable in watchOS
114 | /// Extension of `ViewModelMappingProtocol` for working with UITableView headers/footers and UICollectionView reusable views.
115 | public protocol SupplementaryViewModelMappingProtocol: ViewModelMappingProtocol {
116 | func dequeueConfiguredReusableSupplementaryView(for collectionView: UICollectionView, kind: String, model: Any, indexPath: IndexPath) -> UICollectionReusableView?
| `- error: 'UICollectionView' is unavailable in watchOS
117 | func dequeueConfiguredReusableSupplementaryView(for tableView: UITableView, kind: String, model: Any, indexPath: IndexPath) -> UIView?
118 | }
/Applications/Xcode-27.0.0-Release.Candidate.app/Contents/Developer/Platforms/WatchOS.platform/Developer/SDKs/WatchOS27.0.sdk/System/Library/Frameworks/UIKit.framework/Headers/UICollectionView.h:362:12: note: 'UICollectionView' has been explicitly marked unavailable here
360 |
361 | UIKIT_EXTERN API_AVAILABLE(ios(6.0)) API_UNAVAILABLE(watchos) NS_SWIFT_UI_ACTOR
362 | @interface UICollectionView : UIScrollView <UIDataSourceTranslating>
| `- note: 'UICollectionView' has been explicitly marked unavailable here
363 |
364 | - (instancetype)initWithFrame:(CGRect)frame collectionViewLayout:(UICollectionViewLayout *)layout NS_DESIGNATED_INITIALIZER;
/Users/admin/builder/spi-builder-workspace/.dependencies/checkouts/DTModelStorage/Sources/DTModelStorage/ViewModelMapping.swift:116:142: error: 'UICollectionReusableView' is unavailable in watchOS
114 | /// Extension of `ViewModelMappingProtocol` for working with UITableView headers/footers and UICollectionView reusable views.
115 | public protocol SupplementaryViewModelMappingProtocol: ViewModelMappingProtocol {
116 | func dequeueConfiguredReusableSupplementaryView(for collectionView: UICollectionView, kind: String, model: Any, indexPath: IndexPath) -> UICollectionReusableView?
| `- error: 'UICollectionReusableView' is unavailable in watchOS
117 | func dequeueConfiguredReusableSupplementaryView(for tableView: UITableView, kind: String, model: Any, indexPath: IndexPath) -> UIView?
118 | }
/Applications/Xcode-27.0.0-Release.Candidate.app/Contents/Developer/Platforms/WatchOS.platform/Developer/SDKs/WatchOS27.0.sdk/System/Library/Frameworks/UIKit.framework/Headers/UICollectionViewCell.h:38:12: note: 'UICollectionReusableView' has been explicitly marked unavailable here
36 |
37 | UIKIT_EXTERN API_AVAILABLE(ios(6.0)) API_UNAVAILABLE(watchos) NS_SWIFT_UI_ACTOR
38 | @interface UICollectionReusableView : UIView
| `- note: 'UICollectionReusableView' has been explicitly marked unavailable here
39 |
40 | @property (nonatomic, readonly, copy, nullable) NSString *reuseIdentifier;
/Users/admin/builder/spi-builder-workspace/.dependencies/checkouts/DTModelStorage/Sources/DTModelStorage/ViewModelMapping.swift:117:68: error: 'UITableView' is unavailable in watchOS
115 | public protocol SupplementaryViewModelMappingProtocol: ViewModelMappingProtocol {
116 | func dequeueConfiguredReusableSupplementaryView(for collectionView: UICollectionView, kind: String, model: Any, indexPath: IndexPath) -> UICollectionReusableView?
117 | func dequeueConfiguredReusableSupplementaryView(for tableView: UITableView, kind: String, model: Any, indexPath: IndexPath) -> UIView?
| `- error: 'UITableView' is unavailable in watchOS
118 | }
119 |
/Applications/Xcode-27.0.0-Release.Candidate.app/Contents/Developer/Platforms/WatchOS.platform/Developer/SDKs/WatchOS27.0.sdk/System/Library/Frameworks/UIKit.framework/Headers/UITableView.h:347:12: note: 'UITableView' has been explicitly marked unavailable here
345 |
346 | UIKIT_EXTERN API_AVAILABLE(ios(2.0)) API_UNAVAILABLE(watchos) NS_SWIFT_UI_ACTOR
347 | @interface UITableView : UIScrollView <NSCoding, UIDataSourceTranslating>
| `- note: 'UITableView' has been explicitly marked unavailable here
348 |
349 | - (instancetype)initWithFrame:(CGRect)frame style:(UITableViewStyle)style NS_DESIGNATED_INITIALIZER; // must specify style at creation. -initWithFrame: calls this with UITableViewStylePlain
/Users/admin/builder/spi-builder-workspace/.dependencies/checkouts/DTModelStorage/Sources/DTModelStorage/ViewModelMapping.swift:117:132: error: 'UIView' is unavailable in watchOS
115 | public protocol SupplementaryViewModelMappingProtocol: ViewModelMappingProtocol {
116 | func dequeueConfiguredReusableSupplementaryView(for collectionView: UICollectionView, kind: String, model: Any, indexPath: IndexPath) -> UICollectionReusableView?
117 | func dequeueConfiguredReusableSupplementaryView(for tableView: UITableView, kind: String, model: Any, indexPath: IndexPath) -> UIView?
| `- error: 'UIView' is unavailable in watchOS
118 | }
119 |
/Applications/Xcode-27.0.0-Release.Candidate.app/Contents/Developer/Platforms/WatchOS.platform/Developer/SDKs/WatchOS27.0.sdk/System/Library/Frameworks/UIKit.framework/Headers/UIView.h:152:12: note: 'UIView' has been explicitly marked unavailable here
150 |
151 | UIKIT_EXTERN API_AVAILABLE(ios(2.0)) API_UNAVAILABLE(watchos) NS_SWIFT_UI_ACTOR
152 | @interface UIView : UIResponder <NSCoding, UIAppearance, UIAppearanceContainer, UIDynamicItem, UITraitEnvironment, UICoordinateSpace, UIFocusItem, UIFocusItemContainer, CALayerDelegate>
| `- note: 'UIView' has been explicitly marked unavailable here
153 |
154 | @property(class, nonatomic, readonly) Class layerClass; // default is [CALayer class]. Used when creating the underlying layer for the view.
/Users/admin/builder/spi-builder-workspace/.dependencies/checkouts/DTModelStorage/Sources/DTModelStorage/ViewModelMapping.swift:135:65: error: 'UICollectionView' is unavailable in watchOS
133 |
134 | /// Base method for dequeuing reusable cells. Must be overridden in subclasses.
135 | open func dequeueConfiguredReusableCell(for collectionView: UICollectionView, model: Any, indexPath: IndexPath) -> UICollectionViewCell? {
| `- error: 'UICollectionView' is unavailable in watchOS
136 | assertionFailure("Subclasses of CellViewModelMapping must override this method")
137 | return nil
/Applications/Xcode-27.0.0-Release.Candidate.app/Contents/Developer/Platforms/WatchOS.platform/Developer/SDKs/WatchOS27.0.sdk/System/Library/Frameworks/UIKit.framework/Headers/UICollectionView.h:362:12: note: 'UICollectionView' has been explicitly marked unavailable here
360 |
361 | UIKIT_EXTERN API_AVAILABLE(ios(6.0)) API_UNAVAILABLE(watchos) NS_SWIFT_UI_ACTOR
362 | @interface UICollectionView : UIScrollView <UIDataSourceTranslating>
| `- note: 'UICollectionView' has been explicitly marked unavailable here
363 |
364 | - (instancetype)initWithFrame:(CGRect)frame collectionViewLayout:(UICollectionViewLayout *)layout NS_DESIGNATED_INITIALIZER;
/Users/admin/builder/spi-builder-workspace/.dependencies/checkouts/DTModelStorage/Sources/DTModelStorage/ViewModelMapping.swift:135:120: error: 'UICollectionViewCell' is unavailable in watchOS
133 |
134 | /// Base method for dequeuing reusable cells. Must be overridden in subclasses.
135 | open func dequeueConfiguredReusableCell(for collectionView: UICollectionView, model: Any, indexPath: IndexPath) -> UICollectionViewCell? {
| `- error: 'UICollectionViewCell' is unavailable in watchOS
136 | assertionFailure("Subclasses of CellViewModelMapping must override this method")
137 | return nil
/Applications/Xcode-27.0.0-Release.Candidate.app/Contents/Developer/Platforms/WatchOS.platform/Developer/SDKs/WatchOS27.0.sdk/System/Library/Frameworks/UIKit.framework/Headers/UICollectionViewCell.h:65:12: note: 'UICollectionViewCell' has been explicitly marked unavailable here
63 |
64 | UIKIT_EXTERN API_AVAILABLE(ios(6.0)) API_UNAVAILABLE(watchos) NS_SWIFT_UI_ACTOR
65 | @interface UICollectionViewCell : UICollectionReusableView
| `- note: 'UICollectionViewCell' has been explicitly marked unavailable here
66 |
67 | /// Returns the current configuration state for the cell.
/Users/admin/builder/spi-builder-workspace/.dependencies/checkouts/DTModelStorage/Sources/DTModelStorage/ViewModelMapping.swift:141:60: error: 'UITableView' is unavailable in watchOS
139 |
140 | /// Base method for dequeuing reusable cells. Must be overridden in subclasses.
141 | open func dequeueConfiguredReusableCell(for tableView: UITableView, model: Any, indexPath: IndexPath) -> UITableViewCell? {
| `- error: 'UITableView' is unavailable in watchOS
142 | assertionFailure("Subclasses of CellViewModelMapping must override this method")
143 | return nil
/Applications/Xcode-27.0.0-Release.Candidate.app/Contents/Developer/Platforms/WatchOS.platform/Developer/SDKs/WatchOS27.0.sdk/System/Library/Frameworks/UIKit.framework/Headers/UITableView.h:347:12: note: 'UITableView' has been explicitly marked unavailable here
345 |
346 | UIKIT_EXTERN API_AVAILABLE(ios(2.0)) API_UNAVAILABLE(watchos) NS_SWIFT_UI_ACTOR
347 | @interface UITableView : UIScrollView <NSCoding, UIDataSourceTranslating>
| `- note: 'UITableView' has been explicitly marked unavailable here
348 |
349 | - (instancetype)initWithFrame:(CGRect)frame style:(UITableViewStyle)style NS_DESIGNATED_INITIALIZER; // must specify style at creation. -initWithFrame: calls this with UITableViewStylePlain
/Users/admin/builder/spi-builder-workspace/.dependencies/checkouts/DTModelStorage/Sources/DTModelStorage/ViewModelMapping.swift:141:110: error: 'UITableViewCell' is unavailable in watchOS
139 |
140 | /// Base method for dequeuing reusable cells. Must be overridden in subclasses.
141 | open func dequeueConfiguredReusableCell(for tableView: UITableView, model: Any, indexPath: IndexPath) -> UITableViewCell? {
| `- error: 'UITableViewCell' is unavailable in watchOS
142 | assertionFailure("Subclasses of CellViewModelMapping must override this method")
143 | return nil
/Applications/Xcode-27.0.0-Release.Candidate.app/Contents/Developer/Platforms/WatchOS.platform/Developer/SDKs/WatchOS27.0.sdk/System/Library/Frameworks/UIKit.framework/Headers/UITableViewCell.h:81:12: note: 'UITableViewCell' has been explicitly marked unavailable here
79 |
80 | UIKIT_EXTERN API_AVAILABLE(ios(2.0)) API_UNAVAILABLE(watchos) NS_SWIFT_UI_ACTOR
81 | @interface UITableViewCell : UIView <NSCoding, UIGestureRecognizerDelegate>
| `- note: 'UITableViewCell' has been explicitly marked unavailable here
82 |
83 | // Designated initializer. If the cell can be reused, you must pass in a reuse identifier. You should use the same reuse identifier for all cells of the same form.
/Users/admin/builder/spi-builder-workspace/.dependencies/checkouts/DTModelStorage/Sources/DTModelStorage/ViewModelMapping.swift:187:78: error: 'UICollectionView' is unavailable in watchOS
185 |
186 | /// Base method for dequeuing supplementary views. Must be overridden in subclasses.
187 | open func dequeueConfiguredReusableSupplementaryView(for collectionView: UICollectionView, kind: String, model: Any, indexPath: IndexPath) -> UICollectionReusableView? {
| `- error: 'UICollectionView' is unavailable in watchOS
188 | assertionFailure("Subclasses of SupplementaryViewModelMapping must override this method")
189 | return nil
/Applications/Xcode-27.0.0-Release.Candidate.app/Contents/Developer/Platforms/WatchOS.platform/Developer/SDKs/WatchOS27.0.sdk/System/Library/Frameworks/UIKit.framework/Headers/UICollectionView.h:362:12: note: 'UICollectionView' has been explicitly marked unavailable here
360 |
361 | UIKIT_EXTERN API_AVAILABLE(ios(6.0)) API_UNAVAILABLE(watchos) NS_SWIFT_UI_ACTOR
362 | @interface UICollectionView : UIScrollView <UIDataSourceTranslating>
| `- note: 'UICollectionView' has been explicitly marked unavailable here
363 |
364 | - (instancetype)initWithFrame:(CGRect)frame collectionViewLayout:(UICollectionViewLayout *)layout NS_DESIGNATED_INITIALIZER;
/Users/admin/builder/spi-builder-workspace/.dependencies/checkouts/DTModelStorage/Sources/DTModelStorage/ViewModelMapping.swift:187:147: error: 'UICollectionReusableView' is unavailable in watchOS
185 |
186 | /// Base method for dequeuing supplementary views. Must be overridden in subclasses.
187 | open func dequeueConfiguredReusableSupplementaryView(for collectionView: UICollectionView, kind: String, model: Any, indexPath: IndexPath) -> UICollectionReusableView? {
| `- error: 'UICollectionReusableView' is unavailable in watchOS
188 | assertionFailure("Subclasses of SupplementaryViewModelMapping must override this method")
189 | return nil
/Applications/Xcode-27.0.0-Release.Candidate.app/Contents/Developer/Platforms/WatchOS.platform/Developer/SDKs/WatchOS27.0.sdk/System/Library/Frameworks/UIKit.framework/Headers/UICollectionViewCell.h:38:12: note: 'UICollectionReusableView' has been explicitly marked unavailable here
36 |
37 | UIKIT_EXTERN API_AVAILABLE(ios(6.0)) API_UNAVAILABLE(watchos) NS_SWIFT_UI_ACTOR
38 | @interface UICollectionReusableView : UIView
| `- note: 'UICollectionReusableView' has been explicitly marked unavailable here
39 |
40 | @property (nonatomic, readonly, copy, nullable) NSString *reuseIdentifier;
/Users/admin/builder/spi-builder-workspace/.dependencies/checkouts/DTModelStorage/Sources/DTModelStorage/ViewModelMapping.swift:193:73: error: 'UITableView' is unavailable in watchOS
191 |
192 | /// Base method for dequeuing header/footer views. Must be overridden in subclasses.
193 | open func dequeueConfiguredReusableSupplementaryView(for tableView: UITableView, kind: String, model: Any, indexPath: IndexPath) -> UIView? {
| `- error: 'UITableView' is unavailable in watchOS
194 | assertionFailure("Subclasses of SupplementaryViewModelMapping must override this method")
195 | return nil
/Applications/Xcode-27.0.0-Release.Candidate.app/Contents/Developer/Platforms/WatchOS.platform/Developer/SDKs/WatchOS27.0.sdk/System/Library/Frameworks/UIKit.framework/Headers/UITableView.h:347:12: note: 'UITableView' has been explicitly marked unavailable here
345 |
346 | UIKIT_EXTERN API_AVAILABLE(ios(2.0)) API_UNAVAILABLE(watchos) NS_SWIFT_UI_ACTOR
347 | @interface UITableView : UIScrollView <NSCoding, UIDataSourceTranslating>
| `- note: 'UITableView' has been explicitly marked unavailable here
348 |
349 | - (instancetype)initWithFrame:(CGRect)frame style:(UITableViewStyle)style NS_DESIGNATED_INITIALIZER; // must specify style at creation. -initWithFrame: calls this with UITableViewStylePlain
/Users/admin/builder/spi-builder-workspace/.dependencies/checkouts/DTModelStorage/Sources/DTModelStorage/ViewModelMapping.swift:193:137: error: 'UIView' is unavailable in watchOS
191 |
192 | /// Base method for dequeuing header/footer views. Must be overridden in subclasses.
193 | open func dequeueConfiguredReusableSupplementaryView(for tableView: UITableView, kind: String, model: Any, indexPath: IndexPath) -> UIView? {
| `- error: 'UIView' is unavailable in watchOS
194 | assertionFailure("Subclasses of SupplementaryViewModelMapping must override this method")
195 | return nil
/Applications/Xcode-27.0.0-Release.Candidate.app/Contents/Developer/Platforms/WatchOS.platform/Developer/SDKs/WatchOS27.0.sdk/System/Library/Frameworks/UIKit.framework/Headers/UIView.h:152:12: note: 'UIView' has been explicitly marked unavailable here
150 |
151 | UIKIT_EXTERN API_AVAILABLE(ios(2.0)) API_UNAVAILABLE(watchos) NS_SWIFT_UI_ACTOR
152 | @interface UIView : UIResponder <NSCoding, UIAppearance, UIAppearanceContainer, UIDynamicItem, UITraitEnvironment, UICoordinateSpace, UIFocusItem, UIFocusItemContainer, CALayerDelegate>
| `- note: 'UIView' has been explicitly marked unavailable here
153 |
154 | @property(class, nonatomic, readonly) Class layerClass; // default is [CALayer class]. Used when creating the underlying layer for the view.
Failed frontend command:
/Applications/Xcode-27.0.0-Release.Candidate.app/Contents/Developer/Toolchains/XcodeDefault.xctoolchain/usr/bin/swift-frontend -frontend -emit-module -experimental-skip-non-inlinable-function-bodies-without-types /Users/admin/builder/spi-builder-workspace/.dependencies/checkouts/DTModelStorage/Sources/DTModelStorage/AccumulationStrategy.swift /Users/admin/builder/spi-builder-workspace/.dependencies/checkouts/DTModelStorage/Sources/DTModelStorage/AnomalyHandler.swift /Users/admin/builder/spi-builder-workspace/.dependencies/checkouts/DTModelStorage/Sources/DTModelStorage/BackwardsCompatibility.swift /Users/admin/builder/spi-builder-workspace/.dependencies/checkouts/DTModelStorage/Sources/DTModelStorage/BaseStorage.swift /Users/admin/builder/spi-builder-workspace/.dependencies/checkouts/DTModelStorage/Sources/DTModelStorage/CoreDataStorage.swift /Users/admin/builder/spi-builder-workspace/.dependencies/checkouts/DTModelStorage/Sources/DTModelStorage/EventReactions.swift /Users/admin/builder/spi-builder-workspace/.dependencies/checkouts/DTModelStorage/Sources/DTModelStorage/MemoryStorage+UpdateWithoutAnimations.swift /Users/admin/builder/spi-builder-workspace/.dependencies/checkouts/DTModelStorage/Sources/DTModelStorage/MemoryStorage.swift /Users/admin/builder/spi-builder-workspace/.dependencies/checkouts/DTModelStorage/Sources/DTModelStorage/ModelTransfer.swift /Users/admin/builder/spi-builder-workspace/.dependencies/checkouts/DTModelStorage/Sources/DTModelStorage/RuntimeHelper.swift /Users/admin/builder/spi-builder-workspace/.dependencies/checkouts/DTModelStorage/Sources/DTModelStorage/Section.swift /Users/admin/builder/spi-builder-workspace/.dependencies/checkouts/DTModelStorage/Sources/DTModelStorage/SectionModel.swift /Users/admin/builder/spi-builder-workspace/.dependencies/checkouts/DTModelStorage/Sources/DTModelStorage/SectionProtocols.swift /Users/admin/builder/spi-builder-workspace/.dependencies/checkouts/DTModelStorage/Sources/DTModelStorage/SingleSectionDiffing.swift /Users/admin/builder/spi-builder-workspace/.dependencies/checkouts/DTModelStorage/Sources/DTModelStorage/SingleSectionStorage.swift /Users/admin/builder/spi-builder-workspace/.dependencies/checkouts/DTModelStorage/Sources/DTModelStorage/StorageProtocols.swift /Users/admin/builder/spi-builder-workspace/.dependencies/checkouts/DTModelStorage/Sources/DTModelStorage/StorageUpdate.swift /Users/admin/builder/spi-builder-workspace/.dependencies/checkouts/DTModelStorage/Sources/DTModelStorage/UINib+Existance.swift /Users/admin/builder/spi-builder-workspace/.dependencies/checkouts/DTModelStorage/Sources/DTModelStorage/ViewModelMapping.swift -target arm64-apple-watchos9.0 -disable-cross-import-overlay-search -swift-module-cross-import CoreData /Applications/Xcode-27.0.0-Release.Candidate.app/Contents/Developer/Platforms/WatchOS.platform/Developer/SDKs/WatchOS.sdk/System/Library/Frameworks/CoreData.framework/Modules/CoreData.swiftcrossimport/CloudKit.swiftoverlay -swift-module-cross-import CoreData /Applications/Xcode-27.0.0-Release.Candidate.app/Contents/Developer/Platforms/WatchOS.platform/Developer/SDKs/WatchOS27.0.sdk/System/Library/Frameworks/CoreData.framework/Modules/CoreData.swiftcrossimport/CloudKit.swiftoverlay -load-resolved-plugin /Applications/Xcode-27.0.0-Release.Candidate.app/Contents/Developer/Platforms/WatchOS.platform/Developer/usr/lib/swift/host/plugins/libFoundationMacros.dylib\#/Applications/Xcode-27.0.0-Release.Candidate.app/Contents/Developer/Platforms/WatchOS.platform/Developer/usr/bin/swift-plugin-server\#FoundationMacros -load-resolved-plugin /Applications/Xcode-27.0.0-Release.Candidate.app/Contents/Developer/Platforms/WatchOS.platform/Developer/usr/lib/swift/host/plugins/libObservationMacros.dylib\#/Applications/Xcode-27.0.0-Release.Candidate.app/Contents/Developer/Platforms/WatchOS.platform/Developer/usr/bin/swift-plugin-server\#ObservationMacros -load-resolved-plugin /Applications/Xcode-27.0.0-Release.Candidate.app/Contents/Developer/Platforms/WatchOS.platform/Developer/usr/lib/swift/host/plugins/libSwiftMacros.dylib\#/Applications/Xcode-27.0.0-Release.Candidate.app/Contents/Developer/Platforms/WatchOS.platform/Developer/usr/bin/swift-plugin-server\#SwiftMacros -load-resolved-plugin /Applications/Xcode-27.0.0-Release.Candidate.app/Contents/Developer/Platforms/WatchOS.platform/Developer/usr/lib/swift/host/plugins/libSwiftUIMacros.dylib\#/Applications/Xcode-27.0.0-Release.Candidate.app/Contents/Developer/Platforms/WatchOS.platform/Developer/usr/bin/swift-plugin-server\#SwiftUIMacros -disable-implicit-swift-modules -Xcc -fno-implicit-modules -Xcc -fno-implicit-module-maps -explicit-swift-module-map-file /Users/admin/builder/spi-builder-workspace/.derivedData/Build/Intermediates.noindex/DTModelStorage.build/Debug-watchos/DTModelStorage-t.build/Objects-normal/arm64/DTModelStorage-dependencies-1.json -Xllvm -aarch64-use-tbi -enable-objc-interop -stack-check -sdk /Applications/Xcode-27.0.0-Release.Candidate.app/Contents/Developer/Platforms/WatchOS.platform/Developer/SDKs/WatchOS27.0.sdk -I /Users/admin/builder/spi-builder-workspace/.derivedData/Build/Products/Debug-watchos -Isystem /Applications/Xcode-27.0.0-Release.Candidate.app/Contents/Developer/Platforms/WatchOS.platform/Developer/usr/lib -F /Users/admin/builder/spi-builder-workspace/.derivedData/Build/Products/Debug-watchos -F /Applications/Xcode-27.0.0-Release.Candidate.app/Contents/Developer/Platforms/WatchOS.platform/Developer/Library/Frameworks -F /Applications/Xcode-27.0.0-Release.Candidate.app/Contents/Developer/Platforms/WatchOS.platform/Developer/SDKs/WatchOS27.0.sdk/Developer/Library/Frameworks -module-cache-path /Users/admin/builder/spi-builder-workspace/.derivedData/Build/Intermediates.noindex/SwiftExplicitPrecompiledModules -no-color-diagnostics -Xcc -fno-color-diagnostics -enable-testing -g -debug-info-format\=dwarf -dwarf-version\=4 -suppress-warnings -swift-version 5 -Onone -D SWIFT_PACKAGE -D DEBUG -D SWIFT_MODULE_RESOURCE_BUNDLE_UNAVAILABLE -D Xcode -serialize-debugging-options -enable-experimental-feature DebugDescriptionMacro -empty-abi-descriptor -validate-clang-modules-once -clang-build-session-file /Users/admin/builder/spi-builder-workspace/.derivedData/ModuleCache.noindex/Session.modulevalidation -Xcc -working-directory -Xcc /Users/admin/builder/spi-builder-workspace/.swiftpm/xcode -enable-anonymous-context-mangled-names -file-compilation-dir /Users/admin/builder/spi-builder-workspace/.swiftpm/xcode -Xcc -D_LIBCPP_HARDENING_MODE\=_LIBCPP_HARDENING_MODE_DEBUG -Xcc -ivfsstatcache -Xcc /Users/admin/builder/spi-builder-workspace/.derivedData/SDKStatCaches.noindex/watchos27.0-24R360-e829b21a6f8c9b70876ba0858053c04477534ef55a1706bf4c1112bbb242f0a2.sdkstatcache -Xcc -fmodules-prune-interval\=86400 -Xcc -fmodules-prune-after\=345600 -Xcc -I/Users/admin/builder/spi-builder-workspace/.derivedData/Build/Products/Debug-watchos/include -Xcc -I/Users/admin/builder/spi-builder-workspace/.derivedData/Build/Intermediates.noindex/DTModelStorage.build/Debug-watchos/DTModelStorage-t.build/DerivedSources-normal/arm64 -Xcc -I/Users/admin/builder/spi-builder-workspace/.derivedData/Build/Intermediates.noindex/DTModelStorage.build/Debug-watchos/DTModelStorage-t.build/DerivedSources/arm64 -Xcc -I/Users/admin/builder/spi-builder-workspace/.derivedData/Build/Intermediates.noindex/DTModelStorage.build/Debug-watchos/DTModelStorage-t.build/DerivedSources -Xcc -DSWIFT_PACKAGE -Xcc -DDEBUG\=1 -no-auto-bridging-header-chaining -module-name DTModelStorage -const-gather-protocols-file /Users/admin/builder/spi-builder-workspace/.derivedData/Build/Intermediates.noindex/DTModelStorage.build/Debug-watchos/DTModelStorage-t.build/Objects-normal/arm64/DTModelStorage_const_extract_protocols.json -disable-clang-spi -clang-target arm64-apple-watchos27.0 -target-sdk-version 27.0 -target-sdk-name watchos27.0 -in-process-plugin-server-path /Applications/Xcode-27.0.0-Release.Candidate.app/Contents/Developer/Toolchains/XcodeDefault.xctoolchain/usr/lib/swift/host/libSwiftInProcPluginServer.dylib -emit-module-doc-path /Users/admin/builder/spi-builder-workspace/.derivedData/Build/Intermediates.noindex/DTModelStorage.build/Debug-watchos/DTModelStorage-t.build/Objects-normal/arm64/DTModelStorage.swiftdoc -emit-module-source-info-path /Users/admin/builder/spi-builder-workspace/.derivedData/Build/Intermediates.noindex/DTModelStorage.build/Debug-watchos/DTModelStorage-t.build/Objects-normal/arm64/DTModelStorage.swiftsourceinfo -emit-objc-header-path /Users/admin/builder/spi-builder-workspace/.derivedData/Build/Intermediates.noindex/DTModelStorage.build/Debug-watchos/DTModelStorage-t.build/Objects-normal/arm64/DTModelStorage-Swift.h -serialize-diagnostics-path /Users/admin/builder/spi-builder-workspace/.derivedData/Build/Intermediates.noindex/DTModelStorage.build/Debug-watchos/DTModelStorage-t.build/Objects-normal/arm64/DTModelStorage-primary-emit-module.dia -emit-dependencies-path /Users/admin/builder/spi-builder-workspace/.derivedData/Build/Intermediates.noindex/DTModelStorage.build/Debug-watchos/DTModelStorage-t.build/Objects-normal/arm64/DTModelStorage-primary-emit-module.d -parse-as-library -o /Users/admin/builder/spi-builder-workspace/.derivedData/Build/Intermediates.noindex/DTModelStorage.build/Debug-watchos/DTModelStorage-t.build/Objects-normal/arm64/DTModelStorage.swiftmodule -emit-abi-descriptor-path /Users/admin/builder/spi-builder-workspace/.derivedData/Build/Intermediates.noindex/DTModelStorage.build/Debug-watchos/DTModelStorage-t.build/Objects-normal/arm64/DTModelStorage.abi.json
SwiftCompile normal arm64 (in target 'DTModelStorage' from project 'DTModelStorage')
cd /Users/admin/builder/spi-builder-workspace/.swiftpm/xcode
SwiftCompile normal arm64 Compiling\ Section.swift,\ SectionModel.swift /Users/admin/builder/spi-builder-workspace/.dependencies/checkouts/DTModelStorage/Sources/DTModelStorage/Section.swift /Users/admin/builder/spi-builder-workspace/.dependencies/checkouts/DTModelStorage/Sources/DTModelStorage/SectionModel.swift (in target 'DTModelStorage' from project 'DTModelStorage')
SwiftCompile normal arm64 /Users/admin/builder/spi-builder-workspace/.dependencies/checkouts/DTModelStorage/Sources/DTModelStorage/Section.swift (in target 'DTModelStorage' from project 'DTModelStorage')
cd /Users/admin/builder/spi-builder-workspace/.swiftpm/xcode
builtin-SwiftPerFileCompile Section.swift
SwiftCompile normal arm64 /Users/admin/builder/spi-builder-workspace/.dependencies/checkouts/DTModelStorage/Sources/DTModelStorage/SectionModel.swift (in target 'DTModelStorage' from project 'DTModelStorage')
cd /Users/admin/builder/spi-builder-workspace/.swiftpm/xcode
builtin-SwiftPerFileCompile SectionModel.swift
SwiftCompile normal arm64 Compiling\ ModelTransfer.swift,\ RuntimeHelper.swift /Users/admin/builder/spi-builder-workspace/.dependencies/checkouts/DTModelStorage/Sources/DTModelStorage/ModelTransfer.swift /Users/admin/builder/spi-builder-workspace/.dependencies/checkouts/DTModelStorage/Sources/DTModelStorage/RuntimeHelper.swift (in target 'DTModelStorage' from project 'DTModelStorage')
SwiftCompile normal arm64 /Users/admin/builder/spi-builder-workspace/.dependencies/checkouts/DTModelStorage/Sources/DTModelStorage/ModelTransfer.swift (in target 'DTModelStorage' from project 'DTModelStorage')
cd /Users/admin/builder/spi-builder-workspace/.swiftpm/xcode
builtin-SwiftPerFileCompile ModelTransfer.swift
SwiftCompile normal arm64 /Users/admin/builder/spi-builder-workspace/.dependencies/checkouts/DTModelStorage/Sources/DTModelStorage/RuntimeHelper.swift (in target 'DTModelStorage' from project 'DTModelStorage')
cd /Users/admin/builder/spi-builder-workspace/.swiftpm/xcode
builtin-SwiftPerFileCompile RuntimeHelper.swift
SwiftCompile normal arm64 Compiling\ BackwardsCompatibility.swift,\ BaseStorage.swift /Users/admin/builder/spi-builder-workspace/.dependencies/checkouts/DTModelStorage/Sources/DTModelStorage/BackwardsCompatibility.swift /Users/admin/builder/spi-builder-workspace/.dependencies/checkouts/DTModelStorage/Sources/DTModelStorage/BaseStorage.swift (in target 'DTModelStorage' from project 'DTModelStorage')
SwiftCompile normal arm64 /Users/admin/builder/spi-builder-workspace/.dependencies/checkouts/DTModelStorage/Sources/DTModelStorage/BackwardsCompatibility.swift (in target 'DTModelStorage' from project 'DTModelStorage')
cd /Users/admin/builder/spi-builder-workspace/.swiftpm/xcode
builtin-SwiftPerFileCompile BackwardsCompatibility.swift
SwiftCompile normal arm64 /Users/admin/builder/spi-builder-workspace/.dependencies/checkouts/DTModelStorage/Sources/DTModelStorage/BaseStorage.swift (in target 'DTModelStorage' from project 'DTModelStorage')
cd /Users/admin/builder/spi-builder-workspace/.swiftpm/xcode
builtin-SwiftPerFileCompile BaseStorage.swift
SwiftCompile normal arm64 Compiling\ ViewModelMapping.swift /Users/admin/builder/spi-builder-workspace/.dependencies/checkouts/DTModelStorage/Sources/DTModelStorage/ViewModelMapping.swift (in target 'DTModelStorage' from project 'DTModelStorage')
/Users/admin/builder/spi-builder-workspace/.dependencies/checkouts/DTModelStorage/Sources/DTModelStorage/ViewModelMapping.swift:103:60: error: 'UICollectionView' is unavailable in watchOS
101 | func updateCell(cell: Any, at indexPath: IndexPath, with model: Any)
102 |
103 | func dequeueConfiguredReusableCell(for collectionView: UICollectionView, model: Any, indexPath: IndexPath) -> UICollectionViewCell?
| `- error: 'UICollectionView' is unavailable in watchOS
104 |
105 | func dequeueConfiguredReusableCell(for tableView: UITableView, model: Any, indexPath: IndexPath) -> UITableViewCell?
/Applications/Xcode-27.0.0-Release.Candidate.app/Contents/Developer/Platforms/WatchOS.platform/Developer/SDKs/WatchOS27.0.sdk/System/Library/Frameworks/UIKit.framework/Headers/UICollectionView.h:362:12: note: 'UICollectionView' has been explicitly marked unavailable here
360 |
361 | UIKIT_EXTERN API_AVAILABLE(ios(6.0)) API_UNAVAILABLE(watchos) NS_SWIFT_UI_ACTOR
362 | @interface UICollectionView : UIScrollView <UIDataSourceTranslating>
| `- note: 'UICollectionView' has been explicitly marked unavailable here
363 |
364 | - (instancetype)initWithFrame:(CGRect)frame collectionViewLayout:(UICollectionViewLayout *)layout NS_DESIGNATED_INITIALIZER;
/Users/admin/builder/spi-builder-workspace/.dependencies/checkouts/DTModelStorage/Sources/DTModelStorage/ViewModelMapping.swift:103:115: error: 'UICollectionViewCell' is unavailable in watchOS
101 | func updateCell(cell: Any, at indexPath: IndexPath, with model: Any)
102 |
103 | func dequeueConfiguredReusableCell(for collectionView: UICollectionView, model: Any, indexPath: IndexPath) -> UICollectionViewCell?
| `- error: 'UICollectionViewCell' is unavailable in watchOS
104 |
105 | func dequeueConfiguredReusableCell(for tableView: UITableView, model: Any, indexPath: IndexPath) -> UITableViewCell?
/Applications/Xcode-27.0.0-Release.Candidate.app/Contents/Developer/Platforms/WatchOS.platform/Developer/SDKs/WatchOS27.0.sdk/System/Library/Frameworks/UIKit.framework/Headers/UICollectionViewCell.h:65:12: note: 'UICollectionViewCell' has been explicitly marked unavailable here
63 |
64 | UIKIT_EXTERN API_AVAILABLE(ios(6.0)) API_UNAVAILABLE(watchos) NS_SWIFT_UI_ACTOR
65 | @interface UICollectionViewCell : UICollectionReusableView
| `- note: 'UICollectionViewCell' has been explicitly marked unavailable here
66 |
67 | /// Returns the current configuration state for the cell.
/Users/admin/builder/spi-builder-workspace/.dependencies/checkouts/DTModelStorage/Sources/DTModelStorage/ViewModelMapping.swift:105:55: error: 'UITableView' is unavailable in watchOS
103 | func dequeueConfiguredReusableCell(for collectionView: UICollectionView, model: Any, indexPath: IndexPath) -> UICollectionViewCell?
104 |
105 | func dequeueConfiguredReusableCell(for tableView: UITableView, model: Any, indexPath: IndexPath) -> UITableViewCell?
| `- error: 'UITableView' is unavailable in watchOS
106 | }
107 |
/Applications/Xcode-27.0.0-Release.Candidate.app/Contents/Developer/Platforms/WatchOS.platform/Developer/SDKs/WatchOS27.0.sdk/System/Library/Frameworks/UIKit.framework/Headers/UITableView.h:347:12: note: 'UITableView' has been explicitly marked unavailable here
345 |
346 | UIKIT_EXTERN API_AVAILABLE(ios(2.0)) API_UNAVAILABLE(watchos) NS_SWIFT_UI_ACTOR
347 | @interface UITableView : UIScrollView <NSCoding, UIDataSourceTranslating>
| `- note: 'UITableView' has been explicitly marked unavailable here
348 |
349 | - (instancetype)initWithFrame:(CGRect)frame style:(UITableViewStyle)style NS_DESIGNATED_INITIALIZER; // must specify style at creation. -initWithFrame: calls this with UITableViewStylePlain
/Users/admin/builder/spi-builder-workspace/.dependencies/checkouts/DTModelStorage/Sources/DTModelStorage/ViewModelMapping.swift:105:105: error: 'UITableViewCell' is unavailable in watchOS
103 | func dequeueConfiguredReusableCell(for collectionView: UICollectionView, model: Any, indexPath: IndexPath) -> UICollectionViewCell?
104 |
105 | func dequeueConfiguredReusableCell(for tableView: UITableView, model: Any, indexPath: IndexPath) -> UITableViewCell?
| `- error: 'UITableViewCell' is unavailable in watchOS
106 | }
107 |
/Applications/Xcode-27.0.0-Release.Candidate.app/Contents/Developer/Platforms/WatchOS.platform/Developer/SDKs/WatchOS27.0.sdk/System/Library/Frameworks/UIKit.framework/Headers/UITableViewCell.h:81:12: note: 'UITableViewCell' has been explicitly marked unavailable here
79 |
80 | UIKIT_EXTERN API_AVAILABLE(ios(2.0)) API_UNAVAILABLE(watchos) NS_SWIFT_UI_ACTOR
81 | @interface UITableViewCell : UIView <NSCoding, UIGestureRecognizerDelegate>
| `- note: 'UITableViewCell' has been explicitly marked unavailable here
82 |
83 | // Designated initializer. If the cell can be reused, you must pass in a reuse identifier. You should use the same reuse identifier for all cells of the same form.
/Users/admin/builder/spi-builder-workspace/.dependencies/checkouts/DTModelStorage/Sources/DTModelStorage/ViewModelMapping.swift:116:73: error: 'UICollectionView' is unavailable in watchOS
114 | /// Extension of `ViewModelMappingProtocol` for working with UITableView headers/footers and UICollectionView reusable views.
115 | public protocol SupplementaryViewModelMappingProtocol: ViewModelMappingProtocol {
116 | func dequeueConfiguredReusableSupplementaryView(for collectionView: UICollectionView, kind: String, model: Any, indexPath: IndexPath) -> UICollectionReusableView?
| `- error: 'UICollectionView' is unavailable in watchOS
117 | func dequeueConfiguredReusableSupplementaryView(for tableView: UITableView, kind: String, model: Any, indexPath: IndexPath) -> UIView?
118 | }
/Applications/Xcode-27.0.0-Release.Candidate.app/Contents/Developer/Platforms/WatchOS.platform/Developer/SDKs/WatchOS27.0.sdk/System/Library/Frameworks/UIKit.framework/Headers/UICollectionView.h:362:12: note: 'UICollectionView' has been explicitly marked unavailable here
360 |
361 | UIKIT_EXTERN API_AVAILABLE(ios(6.0)) API_UNAVAILABLE(watchos) NS_SWIFT_UI_ACTOR
362 | @interface UICollectionView : UIScrollView <UIDataSourceTranslating>
| `- note: 'UICollectionView' has been explicitly marked unavailable here
363 |
364 | - (instancetype)initWithFrame:(CGRect)frame collectionViewLayout:(UICollectionViewLayout *)layout NS_DESIGNATED_INITIALIZER;
/Users/admin/builder/spi-builder-workspace/.dependencies/checkouts/DTModelStorage/Sources/DTModelStorage/ViewModelMapping.swift:116:142: error: 'UICollectionReusableView' is unavailable in watchOS
114 | /// Extension of `ViewModelMappingProtocol` for working with UITableView headers/footers and UICollectionView reusable views.
115 | public protocol SupplementaryViewModelMappingProtocol: ViewModelMappingProtocol {
116 | func dequeueConfiguredReusableSupplementaryView(for collectionView: UICollectionView, kind: String, model: Any, indexPath: IndexPath) -> UICollectionReusableView?
| `- error: 'UICollectionReusableView' is unavailable in watchOS
117 | func dequeueConfiguredReusableSupplementaryView(for tableView: UITableView, kind: String, model: Any, indexPath: IndexPath) -> UIView?
118 | }
/Applications/Xcode-27.0.0-Release.Candidate.app/Contents/Developer/Platforms/WatchOS.platform/Developer/SDKs/WatchOS27.0.sdk/System/Library/Frameworks/UIKit.framework/Headers/UICollectionViewCell.h:38:12: note: 'UICollectionReusableView' has been explicitly marked unavailable here
36 |
37 | UIKIT_EXTERN API_AVAILABLE(ios(6.0)) API_UNAVAILABLE(watchos) NS_SWIFT_UI_ACTOR
38 | @interface UICollectionReusableView : UIView
| `- note: 'UICollectionReusableView' has been explicitly marked unavailable here
39 |
40 | @property (nonatomic, readonly, copy, nullable) NSString *reuseIdentifier;
/Users/admin/builder/spi-builder-workspace/.dependencies/checkouts/DTModelStorage/Sources/DTModelStorage/ViewModelMapping.swift:117:68: error: 'UITableView' is unavailable in watchOS
115 | public protocol SupplementaryViewModelMappingProtocol: ViewModelMappingProtocol {
116 | func dequeueConfiguredReusableSupplementaryView(for collectionView: UICollectionView, kind: String, model: Any, indexPath: IndexPath) -> UICollectionReusableView?
117 | func dequeueConfiguredReusableSupplementaryView(for tableView: UITableView, kind: String, model: Any, indexPath: IndexPath) -> UIView?
| `- error: 'UITableView' is unavailable in watchOS
118 | }
119 |
/Applications/Xcode-27.0.0-Release.Candidate.app/Contents/Developer/Platforms/WatchOS.platform/Developer/SDKs/WatchOS27.0.sdk/System/Library/Frameworks/UIKit.framework/Headers/UITableView.h:347:12: note: 'UITableView' has been explicitly marked unavailable here
345 |
346 | UIKIT_EXTERN API_AVAILABLE(ios(2.0)) API_UNAVAILABLE(watchos) NS_SWIFT_UI_ACTOR
347 | @interface UITableView : UIScrollView <NSCoding, UIDataSourceTranslating>
| `- note: 'UITableView' has been explicitly marked unavailable here
348 |
349 | - (instancetype)initWithFrame:(CGRect)frame style:(UITableViewStyle)style NS_DESIGNATED_INITIALIZER; // must specify style at creation. -initWithFrame: calls this with UITableViewStylePlain
/Users/admin/builder/spi-builder-workspace/.dependencies/checkouts/DTModelStorage/Sources/DTModelStorage/ViewModelMapping.swift:117:132: error: 'UIView' is unavailable in watchOS
115 | public protocol SupplementaryViewModelMappingProtocol: ViewModelMappingProtocol {
116 | func dequeueConfiguredReusableSupplementaryView(for collectionView: UICollectionView, kind: String, model: Any, indexPath: IndexPath) -> UICollectionReusableView?
117 | func dequeueConfiguredReusableSupplementaryView(for tableView: UITableView, kind: String, model: Any, indexPath: IndexPath) -> UIView?
| `- error: 'UIView' is unavailable in watchOS
118 | }
119 |
/Applications/Xcode-27.0.0-Release.Candidate.app/Contents/Developer/Platforms/WatchOS.platform/Developer/SDKs/WatchOS27.0.sdk/System/Library/Frameworks/UIKit.framework/Headers/UIView.h:152:12: note: 'UIView' has been explicitly marked unavailable here
150 |
151 | UIKIT_EXTERN API_AVAILABLE(ios(2.0)) API_UNAVAILABLE(watchos) NS_SWIFT_UI_ACTOR
152 | @interface UIView : UIResponder <NSCoding, UIAppearance, UIAppearanceContainer, UIDynamicItem, UITraitEnvironment, UICoordinateSpace, UIFocusItem, UIFocusItemContainer, CALayerDelegate>
| `- note: 'UIView' has been explicitly marked unavailable here
153 |
154 | @property(class, nonatomic, readonly) Class layerClass; // default is [CALayer class]. Used when creating the underlying layer for the view.
/Users/admin/builder/spi-builder-workspace/.dependencies/checkouts/DTModelStorage/Sources/DTModelStorage/ViewModelMapping.swift:135:65: error: 'UICollectionView' is unavailable in watchOS
133 |
134 | /// Base method for dequeuing reusable cells. Must be overridden in subclasses.
135 | open func dequeueConfiguredReusableCell(for collectionView: UICollectionView, model: Any, indexPath: IndexPath) -> UICollectionViewCell? {
| `- error: 'UICollectionView' is unavailable in watchOS
136 | assertionFailure("Subclasses of CellViewModelMapping must override this method")
137 | return nil
/Applications/Xcode-27.0.0-Release.Candidate.app/Contents/Developer/Platforms/WatchOS.platform/Developer/SDKs/WatchOS27.0.sdk/System/Library/Frameworks/UIKit.framework/Headers/UICollectionView.h:362:12: note: 'UICollectionView' has been explicitly marked unavailable here
360 |
361 | UIKIT_EXTERN API_AVAILABLE(ios(6.0)) API_UNAVAILABLE(watchos) NS_SWIFT_UI_ACTOR
362 | @interface UICollectionView : UIScrollView <UIDataSourceTranslating>
| `- note: 'UICollectionView' has been explicitly marked unavailable here
363 |
364 | - (instancetype)initWithFrame:(CGRect)frame collectionViewLayout:(UICollectionViewLayout *)layout NS_DESIGNATED_INITIALIZER;
/Users/admin/builder/spi-builder-workspace/.dependencies/checkouts/DTModelStorage/Sources/DTModelStorage/ViewModelMapping.swift:135:120: error: 'UICollectionViewCell' is unavailable in watchOS
133 |
134 | /// Base method for dequeuing reusable cells. Must be overridden in subclasses.
135 | open func dequeueConfiguredReusableCell(for collectionView: UICollectionView, model: Any, indexPath: IndexPath) -> UICollectionViewCell? {
| `- error: 'UICollectionViewCell' is unavailable in watchOS
136 | assertionFailure("Subclasses of CellViewModelMapping must override this method")
137 | return nil
/Applications/Xcode-27.0.0-Release.Candidate.app/Contents/Developer/Platforms/WatchOS.platform/Developer/SDKs/WatchOS27.0.sdk/System/Library/Frameworks/UIKit.framework/Headers/UICollectionViewCell.h:65:12: note: 'UICollectionViewCell' has been explicitly marked unavailable here
63 |
64 | UIKIT_EXTERN API_AVAILABLE(ios(6.0)) API_UNAVAILABLE(watchos) NS_SWIFT_UI_ACTOR
65 | @interface UICollectionViewCell : UICollectionReusableView
| `- note: 'UICollectionViewCell' has been explicitly marked unavailable here
66 |
67 | /// Returns the current configuration state for the cell.
/Users/admin/builder/spi-builder-workspace/.dependencies/checkouts/DTModelStorage/Sources/DTModelStorage/ViewModelMapping.swift:141:60: error: 'UITableView' is unavailable in watchOS
139 |
140 | /// Base method for dequeuing reusable cells. Must be overridden in subclasses.
141 | open func dequeueConfiguredReusableCell(for tableView: UITableView, model: Any, indexPath: IndexPath) -> UITableViewCell? {
| `- error: 'UITableView' is unavailable in watchOS
142 | assertionFailure("Subclasses of CellViewModelMapping must override this method")
143 | return nil
/Applications/Xcode-27.0.0-Release.Candidate.app/Contents/Developer/Platforms/WatchOS.platform/Developer/SDKs/WatchOS27.0.sdk/System/Library/Frameworks/UIKit.framework/Headers/UITableView.h:347:12: note: 'UITableView' has been explicitly marked unavailable here
345 |
346 | UIKIT_EXTERN API_AVAILABLE(ios(2.0)) API_UNAVAILABLE(watchos) NS_SWIFT_UI_ACTOR
347 | @interface UITableView : UIScrollView <NSCoding, UIDataSourceTranslating>
| `- note: 'UITableView' has been explicitly marked unavailable here
348 |
349 | - (instancetype)initWithFrame:(CGRect)frame style:(UITableViewStyle)style NS_DESIGNATED_INITIALIZER; // must specify style at creation. -initWithFrame: calls this with UITableViewStylePlain
/Users/admin/builder/spi-builder-workspace/.dependencies/checkouts/DTModelStorage/Sources/DTModelStorage/ViewModelMapping.swift:141:110: error: 'UITableViewCell' is unavailable in watchOS
139 |
140 | /// Base method for dequeuing reusable cells. Must be overridden in subclasses.
141 | open func dequeueConfiguredReusableCell(for tableView: UITableView, model: Any, indexPath: IndexPath) -> UITableViewCell? {
| `- error: 'UITableViewCell' is unavailable in watchOS
142 | assertionFailure("Subclasses of CellViewModelMapping must override this method")
143 | return nil
/Applications/Xcode-27.0.0-Release.Candidate.app/Contents/Developer/Platforms/WatchOS.platform/Developer/SDKs/WatchOS27.0.sdk/System/Library/Frameworks/UIKit.framework/Headers/UITableViewCell.h:81:12: note: 'UITableViewCell' has been explicitly marked unavailable here
79 |
80 | UIKIT_EXTERN API_AVAILABLE(ios(2.0)) API_UNAVAILABLE(watchos) NS_SWIFT_UI_ACTOR
81 | @interface UITableViewCell : UIView <NSCoding, UIGestureRecognizerDelegate>
| `- note: 'UITableViewCell' has been explicitly marked unavailable here
82 |
83 | // Designated initializer. If the cell can be reused, you must pass in a reuse identifier. You should use the same reuse identifier for all cells of the same form.
/Users/admin/builder/spi-builder-workspace/.dependencies/checkouts/DTModelStorage/Sources/DTModelStorage/ViewModelMapping.swift:187:78: error: 'UICollectionView' is unavailable in watchOS
185 |
186 | /// Base method for dequeuing supplementary views. Must be overridden in subclasses.
187 | open func dequeueConfiguredReusableSupplementaryView(for collectionView: UICollectionView, kind: String, model: Any, indexPath: IndexPath) -> UICollectionReusableView? {
| `- error: 'UICollectionView' is unavailable in watchOS
188 | assertionFailure("Subclasses of SupplementaryViewModelMapping must override this method")
189 | return nil
/Applications/Xcode-27.0.0-Release.Candidate.app/Contents/Developer/Platforms/WatchOS.platform/Developer/SDKs/WatchOS27.0.sdk/System/Library/Frameworks/UIKit.framework/Headers/UICollectionView.h:362:12: note: 'UICollectionView' has been explicitly marked unavailable here
360 |
361 | UIKIT_EXTERN API_AVAILABLE(ios(6.0)) API_UNAVAILABLE(watchos) NS_SWIFT_UI_ACTOR
362 | @interface UICollectionView : UIScrollView <UIDataSourceTranslating>
| `- note: 'UICollectionView' has been explicitly marked unavailable here
363 |
364 | - (instancetype)initWithFrame:(CGRect)frame collectionViewLayout:(UICollectionViewLayout *)layout NS_DESIGNATED_INITIALIZER;
/Users/admin/builder/spi-builder-workspace/.dependencies/checkouts/DTModelStorage/Sources/DTModelStorage/ViewModelMapping.swift:187:147: error: 'UICollectionReusableView' is unavailable in watchOS
185 |
186 | /// Base method for dequeuing supplementary views. Must be overridden in subclasses.
187 | open func dequeueConfiguredReusableSupplementaryView(for collectionView: UICollectionView, kind: String, model: Any, indexPath: IndexPath) -> UICollectionReusableView? {
| `- error: 'UICollectionReusableView' is unavailable in watchOS
188 | assertionFailure("Subclasses of SupplementaryViewModelMapping must override this method")
189 | return nil
/Applications/Xcode-27.0.0-Release.Candidate.app/Contents/Developer/Platforms/WatchOS.platform/Developer/SDKs/WatchOS27.0.sdk/System/Library/Frameworks/UIKit.framework/Headers/UICollectionViewCell.h:38:12: note: 'UICollectionReusableView' has been explicitly marked unavailable here
36 |
37 | UIKIT_EXTERN API_AVAILABLE(ios(6.0)) API_UNAVAILABLE(watchos) NS_SWIFT_UI_ACTOR
38 | @interface UICollectionReusableView : UIView
| `- note: 'UICollectionReusableView' has been explicitly marked unavailable here
39 |
40 | @property (nonatomic, readonly, copy, nullable) NSString *reuseIdentifier;
/Users/admin/builder/spi-builder-workspace/.dependencies/checkouts/DTModelStorage/Sources/DTModelStorage/ViewModelMapping.swift:193:73: error: 'UITableView' is unavailable in watchOS
191 |
192 | /// Base method for dequeuing header/footer views. Must be overridden in subclasses.
193 | open func dequeueConfiguredReusableSupplementaryView(for tableView: UITableView, kind: String, model: Any, indexPath: IndexPath) -> UIView? {
| `- error: 'UITableView' is unavailable in watchOS
194 | assertionFailure("Subclasses of SupplementaryViewModelMapping must override this method")
195 | return nil
/Applications/Xcode-27.0.0-Release.Candidate.app/Contents/Developer/Platforms/WatchOS.platform/Developer/SDKs/WatchOS27.0.sdk/System/Library/Frameworks/UIKit.framework/Headers/UITableView.h:347:12: note: 'UITableView' has been explicitly marked unavailable here
345 |
346 | UIKIT_EXTERN API_AVAILABLE(ios(2.0)) API_UNAVAILABLE(watchos) NS_SWIFT_UI_ACTOR
347 | @interface UITableView : UIScrollView <NSCoding, UIDataSourceTranslating>
| `- note: 'UITableView' has been explicitly marked unavailable here
348 |
349 | - (instancetype)initWithFrame:(CGRect)frame style:(UITableViewStyle)style NS_DESIGNATED_INITIALIZER; // must specify style at creation. -initWithFrame: calls this with UITableViewStylePlain
SwiftCompile normal arm64 /Users/admin/builder/spi-builder-workspace/.dependencies/checkouts/DTModelStorage/Sources/DTModelStorage/ViewModelMapping.swift (in target 'DTModelStorage' from project 'DTModelStorage')
cd /Users/admin/builder/spi-builder-workspace/.swiftpm/xcode
builtin-SwiftPerFileCompile ViewModelMapping.swift
SwiftCompile normal arm64 Compiling\ CoreDataStorage.swift,\ EventReactions.swift /Users/admin/builder/spi-builder-workspace/.dependencies/checkouts/DTModelStorage/Sources/DTModelStorage/CoreDataStorage.swift /Users/admin/builder/spi-builder-workspace/.dependencies/checkouts/DTModelStorage/Sources/DTModelStorage/EventReactions.swift (in target 'DTModelStorage' from project 'DTModelStorage')
/Users/admin/builder/spi-builder-workspace/.dependencies/checkouts/DTModelStorage/Sources/DTModelStorage/EventReactions.swift:295:32: error: 'UIView' is unavailable in watchOS
293 | forModel model: Any,
294 | at indexPath: IndexPath,
295 | view: UIView?,
| `- error: 'UIView' is unavailable in watchOS
296 | supplementaryKind: String? = nil) -> EventReaction? {
297 | guard let unwrappedModel = RuntimeHelper.recursivelyUnwrapAnyValue(model) else { return nil }
/Applications/Xcode-27.0.0-Release.Candidate.app/Contents/Developer/Platforms/WatchOS.platform/Developer/SDKs/WatchOS27.0.sdk/System/Library/Frameworks/UIKit.framework/Headers/UIView.h:152:12: note: 'UIView' has been explicitly marked unavailable here
150 |
151 | UIKIT_EXTERN API_AVAILABLE(ios(2.0)) API_UNAVAILABLE(watchos) NS_SWIFT_UI_ACTOR
152 | @interface UIView : UIResponder <NSCoding, UIAppearance, UIAppearanceContainer, UIDynamicItem, UITraitEnvironment, UICoordinateSpace, UIFocusItem, UIFocusItemContainer, CALayerDelegate>
| `- note: 'UIView' has been explicitly marked unavailable here
153 |
154 | @property(class, nonatomic, readonly) Class layerClass; // default is [CALayer class]. Used when creating the underlying layer for the view.
/Users/admin/builder/spi-builder-workspace/.dependencies/checkouts/DTModelStorage/Sources/DTModelStorage/EventReactions.swift:310:123: error: 'UIView' is unavailable in watchOS
308 | /// Performs reaction of `type`, `signature`, with `view`, `model` in `location`.
309 | static func performReaction(from mappings: [ViewModelMappingProtocol], signature: String, view: Any?, model: Any, location: IndexPath, supplementaryKind: String? = nil) -> Any {
310 | guard let reaction = reaction(from: mappings, signature: signature, forModel: model, at: location, view: view as? UIView, supplementaryKind: supplementaryKind) else {
| `- error: 'UIView' is unavailable in watchOS
311 | return 0
312 | }
/Applications/Xcode-27.0.0-Release.Candidate.app/Contents/Developer/Platforms/WatchOS.platform/Developer/SDKs/WatchOS27.0.sdk/System/Library/Frameworks/UIKit.framework/Headers/UIView.h:152:12: note: 'UIView' has been explicitly marked unavailable here
150 |
151 | UIKIT_EXTERN API_AVAILABLE(ios(2.0)) API_UNAVAILABLE(watchos) NS_SWIFT_UI_ACTOR
152 | @interface UIView : UIResponder <NSCoding, UIAppearance, UIAppearanceContainer, UIDynamicItem, UITraitEnvironment, UICoordinateSpace, UIFocusItem, UIFocusItemContainer, CALayerDelegate>
| `- note: 'UIView' has been explicitly marked unavailable here
153 |
154 | @property(class, nonatomic, readonly) Class layerClass; // default is [CALayer class]. Used when creating the underlying layer for the view.
/Users/admin/builder/spi-builder-workspace/.dependencies/checkouts/DTModelStorage/Sources/DTModelStorage/EventReactions.swift:319:123: error: 'UIView' is unavailable in watchOS
317 | /// Performs reaction of `type`, `signature`, with `argument`, `view`, `model` in `location`.
318 | static func perform4ArgumentsReaction(from mappings: [ViewModelMappingProtocol], signature: String, argument: Any, view: Any?, model: Any, location: IndexPath) -> Any {
319 | guard let reaction = reaction(from: mappings, signature: signature, forModel: model, at: location, view: view as? UIView) as? FourArgumentsEventReaction else { return 0 }
| `- error: 'UIView' is unavailable in watchOS
320 | return reaction.performWithArguments((argument, view ?? 0, model, location))
321 | }
/Applications/Xcode-27.0.0-Release.Candidate.app/Contents/Developer/Platforms/WatchOS.platform/Developer/SDKs/WatchOS27.0.sdk/System/Library/Frameworks/UIKit.framework/Headers/UIView.h:152:12: note: 'UIView' has been explicitly marked unavailable here
150 |
151 | UIKIT_EXTERN API_AVAILABLE(ios(2.0)) API_UNAVAILABLE(watchos) NS_SWIFT_UI_ACTOR
152 | @interface UIView : UIResponder <NSCoding, UIAppearance, UIAppearanceContainer, UIDynamicItem, UITraitEnvironment, UICoordinateSpace, UIFocusItem, UIFocusItemContainer, CALayerDelegate>
| `- note: 'UIView' has been explicitly marked unavailable here
153 |
154 | @property(class, nonatomic, readonly) Class layerClass; // default is [CALayer class]. Used when creating the underlying layer for the view.
SwiftCompile normal arm64 /Users/admin/builder/spi-builder-workspace/.dependencies/checkouts/DTModelStorage/Sources/DTModelStorage/CoreDataStorage.swift (in target 'DTModelStorage' from project 'DTModelStorage')
cd /Users/admin/builder/spi-builder-workspace/.swiftpm/xcode
builtin-SwiftPerFileCompile CoreDataStorage.swift
SwiftCompile normal arm64 /Users/admin/builder/spi-builder-workspace/.dependencies/checkouts/DTModelStorage/Sources/DTModelStorage/EventReactions.swift (in target 'DTModelStorage' from project 'DTModelStorage')
cd /Users/admin/builder/spi-builder-workspace/.swiftpm/xcode
builtin-SwiftPerFileCompile EventReactions.swift
SwiftCompile normal arm64 Compiling\ StorageUpdate.swift,\ UINib+Existance.swift /Users/admin/builder/spi-builder-workspace/.dependencies/checkouts/DTModelStorage/Sources/DTModelStorage/StorageUpdate.swift /Users/admin/builder/spi-builder-workspace/.dependencies/checkouts/DTModelStorage/Sources/DTModelStorage/UINib+Existance.swift (in target 'DTModelStorage' from project 'DTModelStorage')
SwiftCompile normal arm64 /Users/admin/builder/spi-builder-workspace/.dependencies/checkouts/DTModelStorage/Sources/DTModelStorage/StorageUpdate.swift (in target 'DTModelStorage' from project 'DTModelStorage')
cd /Users/admin/builder/spi-builder-workspace/.swiftpm/xcode
builtin-SwiftPerFileCompile StorageUpdate.swift
SwiftCompile normal arm64 /Users/admin/builder/spi-builder-workspace/.dependencies/checkouts/DTModelStorage/Sources/DTModelStorage/UINib+Existance.swift (in target 'DTModelStorage' from project 'DTModelStorage')
cd /Users/admin/builder/spi-builder-workspace/.swiftpm/xcode
builtin-SwiftPerFileCompile UINib+Existance.swift
SwiftCompile normal arm64 Compiling\ MemoryStorage+UpdateWithoutAnimations.swift,\ MemoryStorage.swift /Users/admin/builder/spi-builder-workspace/.dependencies/checkouts/DTModelStorage/Sources/DTModelStorage/MemoryStorage+UpdateWithoutAnimations.swift /Users/admin/builder/spi-builder-workspace/.dependencies/checkouts/DTModelStorage/Sources/DTModelStorage/MemoryStorage.swift (in target 'DTModelStorage' from project 'DTModelStorage')
SwiftCompile normal arm64 /Users/admin/builder/spi-builder-workspace/.dependencies/checkouts/DTModelStorage/Sources/DTModelStorage/MemoryStorage+UpdateWithoutAnimations.swift (in target 'DTModelStorage' from project 'DTModelStorage')
cd /Users/admin/builder/spi-builder-workspace/.swiftpm/xcode
builtin-SwiftPerFileCompile MemoryStorage+UpdateWithoutAnimations.swift
SwiftCompile normal arm64 /Users/admin/builder/spi-builder-workspace/.dependencies/checkouts/DTModelStorage/Sources/DTModelStorage/MemoryStorage.swift (in target 'DTModelStorage' from project 'DTModelStorage')
cd /Users/admin/builder/spi-builder-workspace/.swiftpm/xcode
builtin-SwiftPerFileCompile MemoryStorage.swift
SwiftCompile normal arm64 Compiling\ SectionProtocols.swift,\ SingleSectionDiffing.swift /Users/admin/builder/spi-builder-workspace/.dependencies/checkouts/DTModelStorage/Sources/DTModelStorage/SectionProtocols.swift /Users/admin/builder/spi-builder-workspace/.dependencies/checkouts/DTModelStorage/Sources/DTModelStorage/SingleSectionDiffing.swift (in target 'DTModelStorage' from project 'DTModelStorage')
SwiftCompile normal arm64 /Users/admin/builder/spi-builder-workspace/.dependencies/checkouts/DTModelStorage/Sources/DTModelStorage/SectionProtocols.swift (in target 'DTModelStorage' from project 'DTModelStorage')
cd /Users/admin/builder/spi-builder-workspace/.swiftpm/xcode
builtin-SwiftPerFileCompile SectionProtocols.swift
SwiftCompile normal arm64 /Users/admin/builder/spi-builder-workspace/.dependencies/checkouts/DTModelStorage/Sources/DTModelStorage/SingleSectionDiffing.swift (in target 'DTModelStorage' from project 'DTModelStorage')
cd /Users/admin/builder/spi-builder-workspace/.swiftpm/xcode
builtin-SwiftPerFileCompile SingleSectionDiffing.swift
SwiftEmitModule normal arm64_32 Emitting\ module\ for\ DTModelStorage (in target 'DTModelStorage' from project 'DTModelStorage')
SwiftCompile normal arm64_32 (in target 'DTModelStorage' from project 'DTModelStorage')
cd /Users/admin/builder/spi-builder-workspace/.swiftpm/xcode
PruneExplicitPrecompiledModules /Users/admin/builder/spi-builder-workspace/.derivedData/Build/Intermediates.noindex/ExplicitPrecompiledModules
PruneExplicitPrecompiledModules /Users/admin/builder/spi-builder-workspace/.derivedData/Build/Intermediates.noindex/SwiftExplicitPrecompiledModules
PruneExplicitPrecompiledModules /Users/admin/builder/spi-builder-workspace/.derivedData/SDKExplicitPrecompiledModules
2026-09-18 13:46:09.640 xcodebuild[716:4489] [MT] IDERunDestination: Supported platforms for the buildables in the current scheme is empty.
** BUILD FAILED **
The following build commands failed:
SwiftEmitModule normal arm64 Emitting\ module\ for\ DTModelStorage (in target 'DTModelStorage' from project 'DTModelStorage')
SwiftCompile normal arm64 (in target 'DTModelStorage' from project 'DTModelStorage')
Building workspace DTCollectionViewManager with scheme DTCollectionViewManager
(3 failures)
Command line invocation:
/Applications/Xcode-27.0.0-Release.Candidate.app/Contents/Developer/usr/bin/xcodebuild -IDEClonedSourcePackagesDirPathOverride=/Users/admin/builder/spi-builder-workspace/.dependencies -resolvePackageDependencies
Resolve Package Graph
Resolved source packages:
DTModelStorage: https://github.com/DenTelezhkin/DTModelStorage @ 11.0.2
DTCollectionViewManager: /Users/admin/builder/spi-builder-workspace
resolved source packages: DTModelStorage, DTCollectionViewManager
2026-09-18 13:46:16.266 xcodebuild[853:5037] [MT] IDERunDestination: Supported platforms for the buildables in the current scheme is empty.
{
"dependencies" : [
{
"identity" : "dtmodelstorage",
"requirement" : {
"range" : [
{
"lower_bound" : "11.0.0",
"upper_bound" : "12.0.0"
}
]
},
"type" : "sourceControl",
"url" : "https://github.com/DenTelezhkin/DTModelStorage"
}
],
"manifest_display_name" : "DTCollectionViewManager",
"name" : "DTCollectionViewManager",
"path" : "/Users/admin/builder/spi-builder-workspace",
"platforms" : [
{
"name" : "ios",
"version" : "11.0"
},
{
"name" : "tvos",
"version" : "11.0"
}
],
"products" : [
{
"name" : "DTCollectionViewManager",
"targets" : [
"DTCollectionViewManager"
],
"type" : {
"library" : [
"automatic"
]
}
}
],
"swift_languages_versions" : [
"5"
],
"targets" : [
{
"c99name" : "DTCollectionViewManager",
"module_type" : "SwiftTarget",
"name" : "DTCollectionViewManager",
"path" : "Sources/DTCollectionViewManager",
"product_dependencies" : [
"DTModelStorage"
],
"product_memberships" : [
"DTCollectionViewManager"
],
"sources" : [
"CollectionSupplementaryViewModelMapping.swift",
"CollectionViewCellModelMapping.swift",
"CollectionViewFactory.swift",
"CollectionViewUpdater.swift",
"DTCollectionViewDataSource.swift",
"DTCollectionViewDelegate.swift",
"DTCollectionViewDelegateWrapper.swift",
"DTCollectionViewDiffableDataSource.swift",
"DTCollectionViewDragDelegate.swift",
"DTCollectionViewDropDelegate.swift",
"DTCollectionViewDropPlaceholderContext.swift",
"DTCollectionViewManager+DataSource.swift",
"DTCollectionViewManager+Delegate.swift",
"DTCollectionViewManager+Deprecated.swift",
"DTCollectionViewManager+Drag.swift",
"DTCollectionViewManager+Drop.swift",
"DTCollectionViewManager+Prefetch.swift",
"DTCollectionViewManager+Registration.swift",
"DTCollectionViewManager+SwiftUIRegistration.swift",
"DTCollectionViewManager.swift",
"DTCollectionViewManagerAnomalyHandler.swift",
"DTCollectionViewPrefetchDataSource.swift",
"Exports.swift",
"HostingCollectionViewCell.swift",
"HostingCollectionViewCellModelMapping.swift",
"HostingConfigurationViewModelMapping.swift"
],
"type" : "library"
}
],
"tools_version" : "5.5"
}
{
"workspace" : {
"name" : "DTCollectionViewManager",
"schemes" : [
"DTCollectionViewManager"
]
}
}
2026-09-18 13:46:17.519 xcodebuild[861:5104] [MT] IDERunDestination: Supported platforms for the buildables in the current scheme is empty.
Running build ...
env DEVELOPER_DIR=/Applications/Xcode-27.0.0-Release.Candidate.app xcrun xcodebuild -IDEClonedSourcePackagesDirPathOverride=$PWD/.dependencies -skipMacroValidation -skipPackagePluginValidation -derivedDataPath $PWD/.derivedData build -scheme DTCollectionViewManager -destination generic/platform=watchOS
Command line invocation:
/Applications/Xcode-27.0.0-Release.Candidate.app/Contents/Developer/usr/bin/xcodebuild -IDEClonedSourcePackagesDirPathOverride=/Users/admin/builder/spi-builder-workspace/.dependencies -skipMacroValidation -skipPackagePluginValidation -derivedDataPath /Users/admin/builder/spi-builder-workspace/.derivedData build -scheme DTCollectionViewManager -destination generic/platform=watchOS
Resolve Package Graph
Resolved source packages:
DTCollectionViewManager: /Users/admin/builder/spi-builder-workspace
DTModelStorage: https://github.com/DenTelezhkin/DTModelStorage @ 11.0.2
ComputePackagePrebuildTargetDependencyGraph
Prepare packages
CreateBuildRequest
SendProjectDescription
CreateBuildOperation
ComputeTargetDependencyGraph
note: Building targets in dependency order
note: Target dependency graph (4 targets)
Target 'DTCollectionViewManager-product' in project 'DTCollectionViewManager'
➜ Explicit dependency on target 'DTCollectionViewManager' in project 'DTCollectionViewManager'
➜ Explicit dependency on target 'DTModelStorage-product' in project 'DTModelStorage'
Target 'DTCollectionViewManager' in project 'DTCollectionViewManager'
➜ Explicit dependency on target 'DTModelStorage-product' in project 'DTModelStorage'
Target 'DTModelStorage-product' in project 'DTModelStorage'
➜ Explicit dependency on target 'DTModelStorage' in project 'DTModelStorage'
Target 'DTModelStorage' in project 'DTModelStorage' (no dependencies)
GatherProvisioningInputs
CreateBuildDescription
ClangStatCache /Applications/Xcode-27.0.0-Release.Candidate.app/Contents/Developer/Toolchains/XcodeDefault.xctoolchain/usr/bin/clang-stat-cache /Applications/Xcode-27.0.0-Release.Candidate.app/Contents/Developer/Platforms/WatchOS.platform/Developer/SDKs/WatchOS27.0.sdk /Users/admin/builder/spi-builder-workspace/.derivedData/SDKStatCaches.noindex/watchos27.0-24R360-e829b21a6f8c9b70876ba0858053c04477534ef55a1706bf4c1112bbb242f0a2.sdkstatcache
cd /Users/admin/builder/spi-builder-workspace/.swiftpm/xcode
/Applications/Xcode-27.0.0-Release.Candidate.app/Contents/Developer/Toolchains/XcodeDefault.xctoolchain/usr/bin/clang-stat-cache /Applications/Xcode-27.0.0-Release.Candidate.app/Contents/Developer/Platforms/WatchOS.platform/Developer/SDKs/WatchOS27.0.sdk -o /Users/admin/builder/spi-builder-workspace/.derivedData/SDKStatCaches.noindex/watchos27.0-24R360-e829b21a6f8c9b70876ba0858053c04477534ef55a1706bf4c1112bbb242f0a2.sdkstatcache
SwiftDriver DTModelStorage normal arm64 com.apple.xcode.tools.swift.compiler (in target 'DTModelStorage' from project 'DTModelStorage')
cd /Users/admin/builder/spi-builder-workspace/.swiftpm/xcode
builtin-SwiftDriver -- /Applications/Xcode-27.0.0-Release.Candidate.app/Contents/Developer/Toolchains/XcodeDefault.xctoolchain/usr/bin/swiftc -parse-as-library -module-name DTModelStorage -Onone @/Users/admin/builder/spi-builder-workspace/.derivedData/Build/Intermediates.noindex/DTModelStorage.build/Debug-watchos/DTModelStorage-t.build/Objects-normal/arm64/DTModelStorage.SwiftFileList -DSWIFT_PACKAGE -DDEBUG -DSWIFT_MODULE_RESOURCE_BUNDLE_UNAVAILABLE -DXcode -plugin-path /Applications/Xcode-27.0.0-Release.Candidate.app/Contents/Developer/Toolchains/XcodeDefault.xctoolchain/usr/lib/swift/host/plugins/testing -enable-experimental-feature DebugDescriptionMacro -sdk /Applications/Xcode-27.0.0-Release.Candidate.app/Contents/Developer/Platforms/WatchOS.platform/Developer/SDKs/WatchOS27.0.sdk -target arm64-apple-watchos9.0 -g -module-cache-path /Users/admin/builder/spi-builder-workspace/.derivedData/ModuleCache.noindex -Xfrontend -serialize-debugging-options -enable-testing -suppress-warnings -index-store-path /Users/admin/builder/spi-builder-workspace/.derivedData/Index.noindex/DataStore -Xcc -D_LIBCPP_HARDENING_MODE\=_LIBCPP_HARDENING_MODE_DEBUG -swift-version 5 -I /Users/admin/builder/spi-builder-workspace/.derivedData/Build/Products/Debug-watchos -Isystem /Applications/Xcode-27.0.0-Release.Candidate.app/Contents/Developer/Platforms/WatchOS.platform/Developer/usr/lib -F /Users/admin/builder/spi-builder-workspace/.derivedData/Build/Products/Debug-watchos -F /Applications/Xcode-27.0.0-Release.Candidate.app/Contents/Developer/Platforms/WatchOS.platform/Developer/Library/Frameworks -F /Applications/Xcode-27.0.0-Release.Candidate.app/Contents/Developer/Platforms/WatchOS.platform/Developer/SDKs/WatchOS27.0.sdk/Developer/Library/Frameworks -c -j10 -enable-batch-mode -incremental -Xcc -ivfsstatcache -Xcc /Users/admin/builder/spi-builder-workspace/.derivedData/SDKStatCaches.noindex/watchos27.0-24R360-e829b21a6f8c9b70876ba0858053c04477534ef55a1706bf4c1112bbb242f0a2.sdkstatcache -output-file-map /Users/admin/builder/spi-builder-workspace/.derivedData/Build/Intermediates.noindex/DTModelStorage.build/Debug-watchos/DTModelStorage-t.build/Objects-normal/arm64/DTModelStorage-OutputFileMap.json -save-temps -no-color-diagnostics -explicit-module-build -module-cache-path /Users/admin/builder/spi-builder-workspace/.derivedData/Build/Intermediates.noindex/SwiftExplicitPrecompiledModules -clang-scanner-module-cache-path /Users/admin/builder/spi-builder-workspace/.derivedData/ModuleCache.noindex -sdk-module-cache-path /Users/admin/builder/spi-builder-workspace/.derivedData/SDKExplicitPrecompiledModules -emit-dependencies -emit-module -emit-module-path /Users/admin/builder/spi-builder-workspace/.derivedData/Build/Intermediates.noindex/DTModelStorage.build/Debug-watchos/DTModelStorage-t.build/Objects-normal/arm64/DTModelStorage.swiftmodule -serialize-diagnostics -dependency-scan-serialize-diagnostics-path /Users/admin/builder/spi-builder-workspace/.derivedData/Build/Intermediates.noindex/DTModelStorage.build/Debug-watchos/DTModelStorage-t.build/Objects-normal/arm64/DTModelStorage-dependency-scan.dia -validate-clang-modules-once -clang-build-session-file /Users/admin/builder/spi-builder-workspace/.derivedData/ModuleCache.noindex/Session.modulevalidation -Xcc -fmodules-prune-interval\=86400 -Xcc -fmodules-prune-after\=345600 -emit-const-values -const-gather-protocols-list /Users/admin/builder/spi-builder-workspace/.derivedData/Build/Intermediates.noindex/DTModelStorage.build/Debug-watchos/DTModelStorage-t.build/Objects-normal/arm64/DTModelStorage_const_extract_protocols.json -Xcc -I/Users/admin/builder/spi-builder-workspace/.derivedData/Build/Products/Debug-watchos/include -Xcc -I/Users/admin/builder/spi-builder-workspace/.derivedData/Build/Intermediates.noindex/DTModelStorage.build/Debug-watchos/DTModelStorage-t.build/DerivedSources-normal/arm64 -Xcc -I/Users/admin/builder/spi-builder-workspace/.derivedData/Build/Intermediates.noindex/DTModelStorage.build/Debug-watchos/DTModelStorage-t.build/DerivedSources/arm64 -Xcc -I/Users/admin/builder/spi-builder-workspace/.derivedData/Build/Intermediates.noindex/DTModelStorage.build/Debug-watchos/DTModelStorage-t.build/DerivedSources -Xcc -DSWIFT_PACKAGE -Xcc -DDEBUG\=1 -emit-objc-header -emit-objc-header-path /Users/admin/builder/spi-builder-workspace/.derivedData/Build/Intermediates.noindex/DTModelStorage.build/Debug-watchos/DTModelStorage-t.build/Objects-normal/arm64/DTModelStorage-Swift.h -working-directory /Users/admin/builder/spi-builder-workspace/.swiftpm/xcode -experimental-emit-module-separately -disable-cmo
SwiftDriver DTModelStorage normal arm64_32 com.apple.xcode.tools.swift.compiler (in target 'DTModelStorage' from project 'DTModelStorage')
cd /Users/admin/builder/spi-builder-workspace/.swiftpm/xcode
builtin-SwiftDriver -- /Applications/Xcode-27.0.0-Release.Candidate.app/Contents/Developer/Toolchains/XcodeDefault.xctoolchain/usr/bin/swiftc -parse-as-library -module-name DTModelStorage -Onone @/Users/admin/builder/spi-builder-workspace/.derivedData/Build/Intermediates.noindex/DTModelStorage.build/Debug-watchos/DTModelStorage-t.build/Objects-normal/arm64_32/DTModelStorage.SwiftFileList -DSWIFT_PACKAGE -DDEBUG -DSWIFT_MODULE_RESOURCE_BUNDLE_UNAVAILABLE -DXcode -plugin-path /Applications/Xcode-27.0.0-Release.Candidate.app/Contents/Developer/Toolchains/XcodeDefault.xctoolchain/usr/lib/swift/host/plugins/testing -enable-experimental-feature DebugDescriptionMacro -sdk /Applications/Xcode-27.0.0-Release.Candidate.app/Contents/Developer/Platforms/WatchOS.platform/Developer/SDKs/WatchOS27.0.sdk -target arm64_32-apple-watchos9.0 -g -module-cache-path /Users/admin/builder/spi-builder-workspace/.derivedData/ModuleCache.noindex -Xfrontend -serialize-debugging-options -enable-testing -suppress-warnings -index-store-path /Users/admin/builder/spi-builder-workspace/.derivedData/Index.noindex/DataStore -Xcc -D_LIBCPP_HARDENING_MODE\=_LIBCPP_HARDENING_MODE_DEBUG -swift-version 5 -I /Users/admin/builder/spi-builder-workspace/.derivedData/Build/Products/Debug-watchos -Isystem /Applications/Xcode-27.0.0-Release.Candidate.app/Contents/Developer/Platforms/WatchOS.platform/Developer/usr/lib -F /Users/admin/builder/spi-builder-workspace/.derivedData/Build/Products/Debug-watchos -F /Applications/Xcode-27.0.0-Release.Candidate.app/Contents/Developer/Platforms/WatchOS.platform/Developer/Library/Frameworks -F /Applications/Xcode-27.0.0-Release.Candidate.app/Contents/Developer/Platforms/WatchOS.platform/Developer/SDKs/WatchOS27.0.sdk/Developer/Library/Frameworks -c -j10 -enable-batch-mode -incremental -Xcc -ivfsstatcache -Xcc /Users/admin/builder/spi-builder-workspace/.derivedData/SDKStatCaches.noindex/watchos27.0-24R360-e829b21a6f8c9b70876ba0858053c04477534ef55a1706bf4c1112bbb242f0a2.sdkstatcache -output-file-map /Users/admin/builder/spi-builder-workspace/.derivedData/Build/Intermediates.noindex/DTModelStorage.build/Debug-watchos/DTModelStorage-t.build/Objects-normal/arm64_32/DTModelStorage-OutputFileMap.json -save-temps -no-color-diagnostics -explicit-module-build -module-cache-path /Users/admin/builder/spi-builder-workspace/.derivedData/Build/Intermediates.noindex/SwiftExplicitPrecompiledModules -clang-scanner-module-cache-path /Users/admin/builder/spi-builder-workspace/.derivedData/ModuleCache.noindex -sdk-module-cache-path /Users/admin/builder/spi-builder-workspace/.derivedData/SDKExplicitPrecompiledModules -emit-dependencies -emit-module -emit-module-path /Users/admin/builder/spi-builder-workspace/.derivedData/Build/Intermediates.noindex/DTModelStorage.build/Debug-watchos/DTModelStorage-t.build/Objects-normal/arm64_32/DTModelStorage.swiftmodule -serialize-diagnostics -dependency-scan-serialize-diagnostics-path /Users/admin/builder/spi-builder-workspace/.derivedData/Build/Intermediates.noindex/DTModelStorage.build/Debug-watchos/DTModelStorage-t.build/Objects-normal/arm64_32/DTModelStorage-dependency-scan.dia -validate-clang-modules-once -clang-build-session-file /Users/admin/builder/spi-builder-workspace/.derivedData/ModuleCache.noindex/Session.modulevalidation -Xcc -fmodules-prune-interval\=86400 -Xcc -fmodules-prune-after\=345600 -emit-const-values -const-gather-protocols-list /Users/admin/builder/spi-builder-workspace/.derivedData/Build/Intermediates.noindex/DTModelStorage.build/Debug-watchos/DTModelStorage-t.build/Objects-normal/arm64_32/DTModelStorage_const_extract_protocols.json -Xcc -I/Users/admin/builder/spi-builder-workspace/.derivedData/Build/Products/Debug-watchos/include -Xcc -I/Users/admin/builder/spi-builder-workspace/.derivedData/Build/Intermediates.noindex/DTModelStorage.build/Debug-watchos/DTModelStorage-t.build/DerivedSources-normal/arm64_32 -Xcc -I/Users/admin/builder/spi-builder-workspace/.derivedData/Build/Intermediates.noindex/DTModelStorage.build/Debug-watchos/DTModelStorage-t.build/DerivedSources/arm64_32 -Xcc -I/Users/admin/builder/spi-builder-workspace/.derivedData/Build/Intermediates.noindex/DTModelStorage.build/Debug-watchos/DTModelStorage-t.build/DerivedSources -Xcc -DSWIFT_PACKAGE -Xcc -DDEBUG\=1 -emit-objc-header -emit-objc-header-path /Users/admin/builder/spi-builder-workspace/.derivedData/Build/Intermediates.noindex/DTModelStorage.build/Debug-watchos/DTModelStorage-t.build/Objects-normal/arm64_32/DTModelStorage-Swift.h -working-directory /Users/admin/builder/spi-builder-workspace/.swiftpm/xcode -experimental-emit-module-separately -disable-cmo
SwiftCompile normal arm64 Compiling\ AccumulationStrategy.swift,\ AnomalyHandler.swift /Users/admin/builder/spi-builder-workspace/.dependencies/checkouts/DTModelStorage/Sources/DTModelStorage/AccumulationStrategy.swift /Users/admin/builder/spi-builder-workspace/.dependencies/checkouts/DTModelStorage/Sources/DTModelStorage/AnomalyHandler.swift (in target 'DTModelStorage' from project 'DTModelStorage')
SwiftCompile normal arm64 /Users/admin/builder/spi-builder-workspace/.dependencies/checkouts/DTModelStorage/Sources/DTModelStorage/AccumulationStrategy.swift (in target 'DTModelStorage' from project 'DTModelStorage')
cd /Users/admin/builder/spi-builder-workspace/.swiftpm/xcode
builtin-SwiftPerFileCompile AccumulationStrategy.swift
SwiftCompile normal arm64 /Users/admin/builder/spi-builder-workspace/.dependencies/checkouts/DTModelStorage/Sources/DTModelStorage/AnomalyHandler.swift (in target 'DTModelStorage' from project 'DTModelStorage')
cd /Users/admin/builder/spi-builder-workspace/.swiftpm/xcode
builtin-SwiftPerFileCompile AnomalyHandler.swift
SwiftCompile normal arm64 Compiling\ MemoryStorage+UpdateWithoutAnimations.swift,\ MemoryStorage.swift /Users/admin/builder/spi-builder-workspace/.dependencies/checkouts/DTModelStorage/Sources/DTModelStorage/MemoryStorage+UpdateWithoutAnimations.swift /Users/admin/builder/spi-builder-workspace/.dependencies/checkouts/DTModelStorage/Sources/DTModelStorage/MemoryStorage.swift (in target 'DTModelStorage' from project 'DTModelStorage')
SwiftCompile normal arm64 /Users/admin/builder/spi-builder-workspace/.dependencies/checkouts/DTModelStorage/Sources/DTModelStorage/MemoryStorage+UpdateWithoutAnimations.swift (in target 'DTModelStorage' from project 'DTModelStorage')
cd /Users/admin/builder/spi-builder-workspace/.swiftpm/xcode
builtin-SwiftPerFileCompile MemoryStorage+UpdateWithoutAnimations.swift
SwiftCompile normal arm64 /Users/admin/builder/spi-builder-workspace/.dependencies/checkouts/DTModelStorage/Sources/DTModelStorage/MemoryStorage.swift (in target 'DTModelStorage' from project 'DTModelStorage')
cd /Users/admin/builder/spi-builder-workspace/.swiftpm/xcode
builtin-SwiftPerFileCompile MemoryStorage.swift
SwiftCompile normal arm64 Compiling\ SectionProtocols.swift,\ SingleSectionDiffing.swift /Users/admin/builder/spi-builder-workspace/.dependencies/checkouts/DTModelStorage/Sources/DTModelStorage/SectionProtocols.swift /Users/admin/builder/spi-builder-workspace/.dependencies/checkouts/DTModelStorage/Sources/DTModelStorage/SingleSectionDiffing.swift (in target 'DTModelStorage' from project 'DTModelStorage')
SwiftCompile normal arm64 /Users/admin/builder/spi-builder-workspace/.dependencies/checkouts/DTModelStorage/Sources/DTModelStorage/SectionProtocols.swift (in target 'DTModelStorage' from project 'DTModelStorage')
cd /Users/admin/builder/spi-builder-workspace/.swiftpm/xcode
builtin-SwiftPerFileCompile SectionProtocols.swift
SwiftCompile normal arm64 /Users/admin/builder/spi-builder-workspace/.dependencies/checkouts/DTModelStorage/Sources/DTModelStorage/SingleSectionDiffing.swift (in target 'DTModelStorage' from project 'DTModelStorage')
cd /Users/admin/builder/spi-builder-workspace/.swiftpm/xcode
builtin-SwiftPerFileCompile SingleSectionDiffing.swift
SwiftCompile normal arm64 Compiling\ StorageUpdate.swift,\ UINib+Existance.swift /Users/admin/builder/spi-builder-workspace/.dependencies/checkouts/DTModelStorage/Sources/DTModelStorage/StorageUpdate.swift /Users/admin/builder/spi-builder-workspace/.dependencies/checkouts/DTModelStorage/Sources/DTModelStorage/UINib+Existance.swift (in target 'DTModelStorage' from project 'DTModelStorage')
SwiftCompile normal arm64 /Users/admin/builder/spi-builder-workspace/.dependencies/checkouts/DTModelStorage/Sources/DTModelStorage/StorageUpdate.swift (in target 'DTModelStorage' from project 'DTModelStorage')
cd /Users/admin/builder/spi-builder-workspace/.swiftpm/xcode
builtin-SwiftPerFileCompile StorageUpdate.swift
SwiftCompile normal arm64 /Users/admin/builder/spi-builder-workspace/.dependencies/checkouts/DTModelStorage/Sources/DTModelStorage/UINib+Existance.swift (in target 'DTModelStorage' from project 'DTModelStorage')
cd /Users/admin/builder/spi-builder-workspace/.swiftpm/xcode
builtin-SwiftPerFileCompile UINib+Existance.swift
SwiftEmitModule normal arm64 Emitting\ module\ for\ DTModelStorage (in target 'DTModelStorage' from project 'DTModelStorage')
/Users/admin/builder/spi-builder-workspace/.dependencies/checkouts/DTModelStorage/Sources/DTModelStorage/EventReactions.swift:295:32: error: 'UIView' is unavailable in watchOS
293 | forModel model: Any,
294 | at indexPath: IndexPath,
295 | view: UIView?,
| `- error: 'UIView' is unavailable in watchOS
296 | supplementaryKind: String? = nil) -> EventReaction? {
297 | guard let unwrappedModel = RuntimeHelper.recursivelyUnwrapAnyValue(model) else { return nil }
/Applications/Xcode-27.0.0-Release.Candidate.app/Contents/Developer/Platforms/WatchOS.platform/Developer/SDKs/WatchOS27.0.sdk/System/Library/Frameworks/UIKit.framework/Headers/UIView.h:152:12: note: 'UIView' has been explicitly marked unavailable here
150 |
151 | UIKIT_EXTERN API_AVAILABLE(ios(2.0)) API_UNAVAILABLE(watchos) NS_SWIFT_UI_ACTOR
152 | @interface UIView : UIResponder <NSCoding, UIAppearance, UIAppearanceContainer, UIDynamicItem, UITraitEnvironment, UICoordinateSpace, UIFocusItem, UIFocusItemContainer, CALayerDelegate>
| `- note: 'UIView' has been explicitly marked unavailable here
153 |
154 | @property(class, nonatomic, readonly) Class layerClass; // default is [CALayer class]. Used when creating the underlying layer for the view.
/Users/admin/builder/spi-builder-workspace/.dependencies/checkouts/DTModelStorage/Sources/DTModelStorage/UINib+Existance.swift:29:11: error: 'UINib' is unavailable in watchOS
27 | import UIKit
28 |
29 | extension UINib {
| `- error: 'UINib' is unavailable in watchOS
30 | /// Returns true, if nib file with `nibName` exists in `bundle`.
31 | public class func nibExists(withNibName nibName: String,
/Applications/Xcode-27.0.0-Release.Candidate.app/Contents/Developer/Platforms/WatchOS.platform/Developer/SDKs/WatchOS27.0.sdk/System/Library/Frameworks/UIKit.framework/Headers/UINib.h:16:12: note: 'UINib' has been explicitly marked unavailable here
14 |
15 | UIKIT_EXTERN API_AVAILABLE(ios(4.0)) API_UNAVAILABLE(watchos) NS_SWIFT_UI_ACTOR API_DEPRECATED("Loading Interface Builder products will not be supported in a future version of visionOS.", visionos(1.0, 1.0))
16 | @interface UINib : NSObject
| `- note: 'UINib' has been explicitly marked unavailable here
17 |
18 | // If the bundle parameter is nil, the main bundle is used.
/Users/admin/builder/spi-builder-workspace/.dependencies/checkouts/DTModelStorage/Sources/DTModelStorage/ViewModelMapping.swift:103:60: error: 'UICollectionView' is unavailable in watchOS
101 | func updateCell(cell: Any, at indexPath: IndexPath, with model: Any)
102 |
103 | func dequeueConfiguredReusableCell(for collectionView: UICollectionView, model: Any, indexPath: IndexPath) -> UICollectionViewCell?
| `- error: 'UICollectionView' is unavailable in watchOS
104 |
105 | func dequeueConfiguredReusableCell(for tableView: UITableView, model: Any, indexPath: IndexPath) -> UITableViewCell?
/Applications/Xcode-27.0.0-Release.Candidate.app/Contents/Developer/Platforms/WatchOS.platform/Developer/SDKs/WatchOS27.0.sdk/System/Library/Frameworks/UIKit.framework/Headers/UICollectionView.h:362:12: note: 'UICollectionView' has been explicitly marked unavailable here
360 |
361 | UIKIT_EXTERN API_AVAILABLE(ios(6.0)) API_UNAVAILABLE(watchos) NS_SWIFT_UI_ACTOR
362 | @interface UICollectionView : UIScrollView <UIDataSourceTranslating>
| `- note: 'UICollectionView' has been explicitly marked unavailable here
363 |
364 | - (instancetype)initWithFrame:(CGRect)frame collectionViewLayout:(UICollectionViewLayout *)layout NS_DESIGNATED_INITIALIZER;
/Users/admin/builder/spi-builder-workspace/.dependencies/checkouts/DTModelStorage/Sources/DTModelStorage/ViewModelMapping.swift:103:115: error: 'UICollectionViewCell' is unavailable in watchOS
101 | func updateCell(cell: Any, at indexPath: IndexPath, with model: Any)
102 |
103 | func dequeueConfiguredReusableCell(for collectionView: UICollectionView, model: Any, indexPath: IndexPath) -> UICollectionViewCell?
| `- error: 'UICollectionViewCell' is unavailable in watchOS
104 |
105 | func dequeueConfiguredReusableCell(for tableView: UITableView, model: Any, indexPath: IndexPath) -> UITableViewCell?
/Applications/Xcode-27.0.0-Release.Candidate.app/Contents/Developer/Platforms/WatchOS.platform/Developer/SDKs/WatchOS27.0.sdk/System/Library/Frameworks/UIKit.framework/Headers/UICollectionViewCell.h:65:12: note: 'UICollectionViewCell' has been explicitly marked unavailable here
63 |
64 | UIKIT_EXTERN API_AVAILABLE(ios(6.0)) API_UNAVAILABLE(watchos) NS_SWIFT_UI_ACTOR
65 | @interface UICollectionViewCell : UICollectionReusableView
| `- note: 'UICollectionViewCell' has been explicitly marked unavailable here
66 |
67 | /// Returns the current configuration state for the cell.
/Users/admin/builder/spi-builder-workspace/.dependencies/checkouts/DTModelStorage/Sources/DTModelStorage/ViewModelMapping.swift:105:55: error: 'UITableView' is unavailable in watchOS
103 | func dequeueConfiguredReusableCell(for collectionView: UICollectionView, model: Any, indexPath: IndexPath) -> UICollectionViewCell?
104 |
105 | func dequeueConfiguredReusableCell(for tableView: UITableView, model: Any, indexPath: IndexPath) -> UITableViewCell?
| `- error: 'UITableView' is unavailable in watchOS
106 | }
107 |
/Applications/Xcode-27.0.0-Release.Candidate.app/Contents/Developer/Platforms/WatchOS.platform/Developer/SDKs/WatchOS27.0.sdk/System/Library/Frameworks/UIKit.framework/Headers/UITableView.h:347:12: note: 'UITableView' has been explicitly marked unavailable here
345 |
346 | UIKIT_EXTERN API_AVAILABLE(ios(2.0)) API_UNAVAILABLE(watchos) NS_SWIFT_UI_ACTOR
347 | @interface UITableView : UIScrollView <NSCoding, UIDataSourceTranslating>
| `- note: 'UITableView' has been explicitly marked unavailable here
348 |
349 | - (instancetype)initWithFrame:(CGRect)frame style:(UITableViewStyle)style NS_DESIGNATED_INITIALIZER; // must specify style at creation. -initWithFrame: calls this with UITableViewStylePlain
/Users/admin/builder/spi-builder-workspace/.dependencies/checkouts/DTModelStorage/Sources/DTModelStorage/ViewModelMapping.swift:105:105: error: 'UITableViewCell' is unavailable in watchOS
103 | func dequeueConfiguredReusableCell(for collectionView: UICollectionView, model: Any, indexPath: IndexPath) -> UICollectionViewCell?
104 |
105 | func dequeueConfiguredReusableCell(for tableView: UITableView, model: Any, indexPath: IndexPath) -> UITableViewCell?
| `- error: 'UITableViewCell' is unavailable in watchOS
106 | }
107 |
/Applications/Xcode-27.0.0-Release.Candidate.app/Contents/Developer/Platforms/WatchOS.platform/Developer/SDKs/WatchOS27.0.sdk/System/Library/Frameworks/UIKit.framework/Headers/UITableViewCell.h:81:12: note: 'UITableViewCell' has been explicitly marked unavailable here
79 |
80 | UIKIT_EXTERN API_AVAILABLE(ios(2.0)) API_UNAVAILABLE(watchos) NS_SWIFT_UI_ACTOR
81 | @interface UITableViewCell : UIView <NSCoding, UIGestureRecognizerDelegate>
| `- note: 'UITableViewCell' has been explicitly marked unavailable here
82 |
83 | // Designated initializer. If the cell can be reused, you must pass in a reuse identifier. You should use the same reuse identifier for all cells of the same form.
/Users/admin/builder/spi-builder-workspace/.dependencies/checkouts/DTModelStorage/Sources/DTModelStorage/ViewModelMapping.swift:116:73: error: 'UICollectionView' is unavailable in watchOS
114 | /// Extension of `ViewModelMappingProtocol` for working with UITableView headers/footers and UICollectionView reusable views.
115 | public protocol SupplementaryViewModelMappingProtocol: ViewModelMappingProtocol {
116 | func dequeueConfiguredReusableSupplementaryView(for collectionView: UICollectionView, kind: String, model: Any, indexPath: IndexPath) -> UICollectionReusableView?
| `- error: 'UICollectionView' is unavailable in watchOS
117 | func dequeueConfiguredReusableSupplementaryView(for tableView: UITableView, kind: String, model: Any, indexPath: IndexPath) -> UIView?
118 | }
/Applications/Xcode-27.0.0-Release.Candidate.app/Contents/Developer/Platforms/WatchOS.platform/Developer/SDKs/WatchOS27.0.sdk/System/Library/Frameworks/UIKit.framework/Headers/UICollectionView.h:362:12: note: 'UICollectionView' has been explicitly marked unavailable here
360 |
361 | UIKIT_EXTERN API_AVAILABLE(ios(6.0)) API_UNAVAILABLE(watchos) NS_SWIFT_UI_ACTOR
362 | @interface UICollectionView : UIScrollView <UIDataSourceTranslating>
| `- note: 'UICollectionView' has been explicitly marked unavailable here
363 |
364 | - (instancetype)initWithFrame:(CGRect)frame collectionViewLayout:(UICollectionViewLayout *)layout NS_DESIGNATED_INITIALIZER;
/Users/admin/builder/spi-builder-workspace/.dependencies/checkouts/DTModelStorage/Sources/DTModelStorage/ViewModelMapping.swift:116:142: error: 'UICollectionReusableView' is unavailable in watchOS
114 | /// Extension of `ViewModelMappingProtocol` for working with UITableView headers/footers and UICollectionView reusable views.
115 | public protocol SupplementaryViewModelMappingProtocol: ViewModelMappingProtocol {
116 | func dequeueConfiguredReusableSupplementaryView(for collectionView: UICollectionView, kind: String, model: Any, indexPath: IndexPath) -> UICollectionReusableView?
| `- error: 'UICollectionReusableView' is unavailable in watchOS
117 | func dequeueConfiguredReusableSupplementaryView(for tableView: UITableView, kind: String, model: Any, indexPath: IndexPath) -> UIView?
118 | }
/Applications/Xcode-27.0.0-Release.Candidate.app/Contents/Developer/Platforms/WatchOS.platform/Developer/SDKs/WatchOS27.0.sdk/System/Library/Frameworks/UIKit.framework/Headers/UICollectionViewCell.h:38:12: note: 'UICollectionReusableView' has been explicitly marked unavailable here
36 |
37 | UIKIT_EXTERN API_AVAILABLE(ios(6.0)) API_UNAVAILABLE(watchos) NS_SWIFT_UI_ACTOR
38 | @interface UICollectionReusableView : UIView
| `- note: 'UICollectionReusableView' has been explicitly marked unavailable here
39 |
40 | @property (nonatomic, readonly, copy, nullable) NSString *reuseIdentifier;
/Users/admin/builder/spi-builder-workspace/.dependencies/checkouts/DTModelStorage/Sources/DTModelStorage/ViewModelMapping.swift:117:68: error: 'UITableView' is unavailable in watchOS
115 | public protocol SupplementaryViewModelMappingProtocol: ViewModelMappingProtocol {
116 | func dequeueConfiguredReusableSupplementaryView(for collectionView: UICollectionView, kind: String, model: Any, indexPath: IndexPath) -> UICollectionReusableView?
117 | func dequeueConfiguredReusableSupplementaryView(for tableView: UITableView, kind: String, model: Any, indexPath: IndexPath) -> UIView?
| `- error: 'UITableView' is unavailable in watchOS
118 | }
119 |
/Applications/Xcode-27.0.0-Release.Candidate.app/Contents/Developer/Platforms/WatchOS.platform/Developer/SDKs/WatchOS27.0.sdk/System/Library/Frameworks/UIKit.framework/Headers/UITableView.h:347:12: note: 'UITableView' has been explicitly marked unavailable here
345 |
346 | UIKIT_EXTERN API_AVAILABLE(ios(2.0)) API_UNAVAILABLE(watchos) NS_SWIFT_UI_ACTOR
347 | @interface UITableView : UIScrollView <NSCoding, UIDataSourceTranslating>
| `- note: 'UITableView' has been explicitly marked unavailable here
348 |
349 | - (instancetype)initWithFrame:(CGRect)frame style:(UITableViewStyle)style NS_DESIGNATED_INITIALIZER; // must specify style at creation. -initWithFrame: calls this with UITableViewStylePlain
/Users/admin/builder/spi-builder-workspace/.dependencies/checkouts/DTModelStorage/Sources/DTModelStorage/ViewModelMapping.swift:117:132: error: 'UIView' is unavailable in watchOS
115 | public protocol SupplementaryViewModelMappingProtocol: ViewModelMappingProtocol {
116 | func dequeueConfiguredReusableSupplementaryView(for collectionView: UICollectionView, kind: String, model: Any, indexPath: IndexPath) -> UICollectionReusableView?
117 | func dequeueConfiguredReusableSupplementaryView(for tableView: UITableView, kind: String, model: Any, indexPath: IndexPath) -> UIView?
| `- error: 'UIView' is unavailable in watchOS
118 | }
119 |
/Applications/Xcode-27.0.0-Release.Candidate.app/Contents/Developer/Platforms/WatchOS.platform/Developer/SDKs/WatchOS27.0.sdk/System/Library/Frameworks/UIKit.framework/Headers/UIView.h:152:12: note: 'UIView' has been explicitly marked unavailable here
150 |
151 | UIKIT_EXTERN API_AVAILABLE(ios(2.0)) API_UNAVAILABLE(watchos) NS_SWIFT_UI_ACTOR
152 | @interface UIView : UIResponder <NSCoding, UIAppearance, UIAppearanceContainer, UIDynamicItem, UITraitEnvironment, UICoordinateSpace, UIFocusItem, UIFocusItemContainer, CALayerDelegate>
| `- note: 'UIView' has been explicitly marked unavailable here
153 |
154 | @property(class, nonatomic, readonly) Class layerClass; // default is [CALayer class]. Used when creating the underlying layer for the view.
/Users/admin/builder/spi-builder-workspace/.dependencies/checkouts/DTModelStorage/Sources/DTModelStorage/ViewModelMapping.swift:135:65: error: 'UICollectionView' is unavailable in watchOS
133 |
134 | /// Base method for dequeuing reusable cells. Must be overridden in subclasses.
135 | open func dequeueConfiguredReusableCell(for collectionView: UICollectionView, model: Any, indexPath: IndexPath) -> UICollectionViewCell? {
| `- error: 'UICollectionView' is unavailable in watchOS
136 | assertionFailure("Subclasses of CellViewModelMapping must override this method")
137 | return nil
/Applications/Xcode-27.0.0-Release.Candidate.app/Contents/Developer/Platforms/WatchOS.platform/Developer/SDKs/WatchOS27.0.sdk/System/Library/Frameworks/UIKit.framework/Headers/UICollectionView.h:362:12: note: 'UICollectionView' has been explicitly marked unavailable here
360 |
361 | UIKIT_EXTERN API_AVAILABLE(ios(6.0)) API_UNAVAILABLE(watchos) NS_SWIFT_UI_ACTOR
362 | @interface UICollectionView : UIScrollView <UIDataSourceTranslating>
| `- note: 'UICollectionView' has been explicitly marked unavailable here
363 |
364 | - (instancetype)initWithFrame:(CGRect)frame collectionViewLayout:(UICollectionViewLayout *)layout NS_DESIGNATED_INITIALIZER;
/Users/admin/builder/spi-builder-workspace/.dependencies/checkouts/DTModelStorage/Sources/DTModelStorage/ViewModelMapping.swift:135:120: error: 'UICollectionViewCell' is unavailable in watchOS
133 |
134 | /// Base method for dequeuing reusable cells. Must be overridden in subclasses.
135 | open func dequeueConfiguredReusableCell(for collectionView: UICollectionView, model: Any, indexPath: IndexPath) -> UICollectionViewCell? {
| `- error: 'UICollectionViewCell' is unavailable in watchOS
136 | assertionFailure("Subclasses of CellViewModelMapping must override this method")
137 | return nil
/Applications/Xcode-27.0.0-Release.Candidate.app/Contents/Developer/Platforms/WatchOS.platform/Developer/SDKs/WatchOS27.0.sdk/System/Library/Frameworks/UIKit.framework/Headers/UICollectionViewCell.h:65:12: note: 'UICollectionViewCell' has been explicitly marked unavailable here
63 |
64 | UIKIT_EXTERN API_AVAILABLE(ios(6.0)) API_UNAVAILABLE(watchos) NS_SWIFT_UI_ACTOR
65 | @interface UICollectionViewCell : UICollectionReusableView
| `- note: 'UICollectionViewCell' has been explicitly marked unavailable here
66 |
67 | /// Returns the current configuration state for the cell.
/Users/admin/builder/spi-builder-workspace/.dependencies/checkouts/DTModelStorage/Sources/DTModelStorage/ViewModelMapping.swift:141:60: error: 'UITableView' is unavailable in watchOS
139 |
140 | /// Base method for dequeuing reusable cells. Must be overridden in subclasses.
141 | open func dequeueConfiguredReusableCell(for tableView: UITableView, model: Any, indexPath: IndexPath) -> UITableViewCell? {
| `- error: 'UITableView' is unavailable in watchOS
142 | assertionFailure("Subclasses of CellViewModelMapping must override this method")
143 | return nil
/Applications/Xcode-27.0.0-Release.Candidate.app/Contents/Developer/Platforms/WatchOS.platform/Developer/SDKs/WatchOS27.0.sdk/System/Library/Frameworks/UIKit.framework/Headers/UITableView.h:347:12: note: 'UITableView' has been explicitly marked unavailable here
345 |
346 | UIKIT_EXTERN API_AVAILABLE(ios(2.0)) API_UNAVAILABLE(watchos) NS_SWIFT_UI_ACTOR
347 | @interface UITableView : UIScrollView <NSCoding, UIDataSourceTranslating>
| `- note: 'UITableView' has been explicitly marked unavailable here
348 |
349 | - (instancetype)initWithFrame:(CGRect)frame style:(UITableViewStyle)style NS_DESIGNATED_INITIALIZER; // must specify style at creation. -initWithFrame: calls this with UITableViewStylePlain
/Users/admin/builder/spi-builder-workspace/.dependencies/checkouts/DTModelStorage/Sources/DTModelStorage/ViewModelMapping.swift:141:110: error: 'UITableViewCell' is unavailable in watchOS
139 |
140 | /// Base method for dequeuing reusable cells. Must be overridden in subclasses.
141 | open func dequeueConfiguredReusableCell(for tableView: UITableView, model: Any, indexPath: IndexPath) -> UITableViewCell? {
| `- error: 'UITableViewCell' is unavailable in watchOS
142 | assertionFailure("Subclasses of CellViewModelMapping must override this method")
143 | return nil
/Applications/Xcode-27.0.0-Release.Candidate.app/Contents/Developer/Platforms/WatchOS.platform/Developer/SDKs/WatchOS27.0.sdk/System/Library/Frameworks/UIKit.framework/Headers/UITableViewCell.h:81:12: note: 'UITableViewCell' has been explicitly marked unavailable here
79 |
80 | UIKIT_EXTERN API_AVAILABLE(ios(2.0)) API_UNAVAILABLE(watchos) NS_SWIFT_UI_ACTOR
81 | @interface UITableViewCell : UIView <NSCoding, UIGestureRecognizerDelegate>
| `- note: 'UITableViewCell' has been explicitly marked unavailable here
82 |
83 | // Designated initializer. If the cell can be reused, you must pass in a reuse identifier. You should use the same reuse identifier for all cells of the same form.
/Users/admin/builder/spi-builder-workspace/.dependencies/checkouts/DTModelStorage/Sources/DTModelStorage/ViewModelMapping.swift:187:78: error: 'UICollectionView' is unavailable in watchOS
185 |
186 | /// Base method for dequeuing supplementary views. Must be overridden in subclasses.
187 | open func dequeueConfiguredReusableSupplementaryView(for collectionView: UICollectionView, kind: String, model: Any, indexPath: IndexPath) -> UICollectionReusableView? {
| `- error: 'UICollectionView' is unavailable in watchOS
188 | assertionFailure("Subclasses of SupplementaryViewModelMapping must override this method")
189 | return nil
/Applications/Xcode-27.0.0-Release.Candidate.app/Contents/Developer/Platforms/WatchOS.platform/Developer/SDKs/WatchOS27.0.sdk/System/Library/Frameworks/UIKit.framework/Headers/UICollectionView.h:362:12: note: 'UICollectionView' has been explicitly marked unavailable here
360 |
361 | UIKIT_EXTERN API_AVAILABLE(ios(6.0)) API_UNAVAILABLE(watchos) NS_SWIFT_UI_ACTOR
362 | @interface UICollectionView : UIScrollView <UIDataSourceTranslating>
| `- note: 'UICollectionView' has been explicitly marked unavailable here
363 |
364 | - (instancetype)initWithFrame:(CGRect)frame collectionViewLayout:(UICollectionViewLayout *)layout NS_DESIGNATED_INITIALIZER;
/Users/admin/builder/spi-builder-workspace/.dependencies/checkouts/DTModelStorage/Sources/DTModelStorage/ViewModelMapping.swift:187:147: error: 'UICollectionReusableView' is unavailable in watchOS
185 |
186 | /// Base method for dequeuing supplementary views. Must be overridden in subclasses.
187 | open func dequeueConfiguredReusableSupplementaryView(for collectionView: UICollectionView, kind: String, model: Any, indexPath: IndexPath) -> UICollectionReusableView? {
| `- error: 'UICollectionReusableView' is unavailable in watchOS
188 | assertionFailure("Subclasses of SupplementaryViewModelMapping must override this method")
189 | return nil
/Applications/Xcode-27.0.0-Release.Candidate.app/Contents/Developer/Platforms/WatchOS.platform/Developer/SDKs/WatchOS27.0.sdk/System/Library/Frameworks/UIKit.framework/Headers/UICollectionViewCell.h:38:12: note: 'UICollectionReusableView' has been explicitly marked unavailable here
36 |
37 | UIKIT_EXTERN API_AVAILABLE(ios(6.0)) API_UNAVAILABLE(watchos) NS_SWIFT_UI_ACTOR
38 | @interface UICollectionReusableView : UIView
| `- note: 'UICollectionReusableView' has been explicitly marked unavailable here
39 |
40 | @property (nonatomic, readonly, copy, nullable) NSString *reuseIdentifier;
/Users/admin/builder/spi-builder-workspace/.dependencies/checkouts/DTModelStorage/Sources/DTModelStorage/ViewModelMapping.swift:193:73: error: 'UITableView' is unavailable in watchOS
191 |
192 | /// Base method for dequeuing header/footer views. Must be overridden in subclasses.
193 | open func dequeueConfiguredReusableSupplementaryView(for tableView: UITableView, kind: String, model: Any, indexPath: IndexPath) -> UIView? {
| `- error: 'UITableView' is unavailable in watchOS
194 | assertionFailure("Subclasses of SupplementaryViewModelMapping must override this method")
195 | return nil
/Applications/Xcode-27.0.0-Release.Candidate.app/Contents/Developer/Platforms/WatchOS.platform/Developer/SDKs/WatchOS27.0.sdk/System/Library/Frameworks/UIKit.framework/Headers/UITableView.h:347:12: note: 'UITableView' has been explicitly marked unavailable here
345 |
346 | UIKIT_EXTERN API_AVAILABLE(ios(2.0)) API_UNAVAILABLE(watchos) NS_SWIFT_UI_ACTOR
347 | @interface UITableView : UIScrollView <NSCoding, UIDataSourceTranslating>
| `- note: 'UITableView' has been explicitly marked unavailable here
348 |
349 | - (instancetype)initWithFrame:(CGRect)frame style:(UITableViewStyle)style NS_DESIGNATED_INITIALIZER; // must specify style at creation. -initWithFrame: calls this with UITableViewStylePlain
/Users/admin/builder/spi-builder-workspace/.dependencies/checkouts/DTModelStorage/Sources/DTModelStorage/ViewModelMapping.swift:193:137: error: 'UIView' is unavailable in watchOS
191 |
192 | /// Base method for dequeuing header/footer views. Must be overridden in subclasses.
193 | open func dequeueConfiguredReusableSupplementaryView(for tableView: UITableView, kind: String, model: Any, indexPath: IndexPath) -> UIView? {
| `- error: 'UIView' is unavailable in watchOS
194 | assertionFailure("Subclasses of SupplementaryViewModelMapping must override this method")
195 | return nil
/Applications/Xcode-27.0.0-Release.Candidate.app/Contents/Developer/Platforms/WatchOS.platform/Developer/SDKs/WatchOS27.0.sdk/System/Library/Frameworks/UIKit.framework/Headers/UIView.h:152:12: note: 'UIView' has been explicitly marked unavailable here
150 |
151 | UIKIT_EXTERN API_AVAILABLE(ios(2.0)) API_UNAVAILABLE(watchos) NS_SWIFT_UI_ACTOR
152 | @interface UIView : UIResponder <NSCoding, UIAppearance, UIAppearanceContainer, UIDynamicItem, UITraitEnvironment, UICoordinateSpace, UIFocusItem, UIFocusItemContainer, CALayerDelegate>
| `- note: 'UIView' has been explicitly marked unavailable here
153 |
154 | @property(class, nonatomic, readonly) Class layerClass; // default is [CALayer class]. Used when creating the underlying layer for the view.
Failed frontend command:
/Applications/Xcode-27.0.0-Release.Candidate.app/Contents/Developer/Toolchains/XcodeDefault.xctoolchain/usr/bin/swift-frontend -frontend -emit-module -experimental-skip-non-inlinable-function-bodies-without-types /Users/admin/builder/spi-builder-workspace/.dependencies/checkouts/DTModelStorage/Sources/DTModelStorage/AccumulationStrategy.swift /Users/admin/builder/spi-builder-workspace/.dependencies/checkouts/DTModelStorage/Sources/DTModelStorage/AnomalyHandler.swift /Users/admin/builder/spi-builder-workspace/.dependencies/checkouts/DTModelStorage/Sources/DTModelStorage/BackwardsCompatibility.swift /Users/admin/builder/spi-builder-workspace/.dependencies/checkouts/DTModelStorage/Sources/DTModelStorage/BaseStorage.swift /Users/admin/builder/spi-builder-workspace/.dependencies/checkouts/DTModelStorage/Sources/DTModelStorage/CoreDataStorage.swift /Users/admin/builder/spi-builder-workspace/.dependencies/checkouts/DTModelStorage/Sources/DTModelStorage/EventReactions.swift /Users/admin/builder/spi-builder-workspace/.dependencies/checkouts/DTModelStorage/Sources/DTModelStorage/MemoryStorage+UpdateWithoutAnimations.swift /Users/admin/builder/spi-builder-workspace/.dependencies/checkouts/DTModelStorage/Sources/DTModelStorage/MemoryStorage.swift /Users/admin/builder/spi-builder-workspace/.dependencies/checkouts/DTModelStorage/Sources/DTModelStorage/ModelTransfer.swift /Users/admin/builder/spi-builder-workspace/.dependencies/checkouts/DTModelStorage/Sources/DTModelStorage/RuntimeHelper.swift /Users/admin/builder/spi-builder-workspace/.dependencies/checkouts/DTModelStorage/Sources/DTModelStorage/Section.swift /Users/admin/builder/spi-builder-workspace/.dependencies/checkouts/DTModelStorage/Sources/DTModelStorage/SectionModel.swift /Users/admin/builder/spi-builder-workspace/.dependencies/checkouts/DTModelStorage/Sources/DTModelStorage/SectionProtocols.swift /Users/admin/builder/spi-builder-workspace/.dependencies/checkouts/DTModelStorage/Sources/DTModelStorage/SingleSectionDiffing.swift /Users/admin/builder/spi-builder-workspace/.dependencies/checkouts/DTModelStorage/Sources/DTModelStorage/SingleSectionStorage.swift /Users/admin/builder/spi-builder-workspace/.dependencies/checkouts/DTModelStorage/Sources/DTModelStorage/StorageProtocols.swift /Users/admin/builder/spi-builder-workspace/.dependencies/checkouts/DTModelStorage/Sources/DTModelStorage/StorageUpdate.swift /Users/admin/builder/spi-builder-workspace/.dependencies/checkouts/DTModelStorage/Sources/DTModelStorage/UINib+Existance.swift /Users/admin/builder/spi-builder-workspace/.dependencies/checkouts/DTModelStorage/Sources/DTModelStorage/ViewModelMapping.swift -target arm64-apple-watchos9.0 -disable-cross-import-overlay-search -swift-module-cross-import CoreData /Applications/Xcode-27.0.0-Release.Candidate.app/Contents/Developer/Platforms/WatchOS.platform/Developer/SDKs/WatchOS.sdk/System/Library/Frameworks/CoreData.framework/Modules/CoreData.swiftcrossimport/CloudKit.swiftoverlay -swift-module-cross-import CoreData /Applications/Xcode-27.0.0-Release.Candidate.app/Contents/Developer/Platforms/WatchOS.platform/Developer/SDKs/WatchOS27.0.sdk/System/Library/Frameworks/CoreData.framework/Modules/CoreData.swiftcrossimport/CloudKit.swiftoverlay -load-resolved-plugin /Applications/Xcode-27.0.0-Release.Candidate.app/Contents/Developer/Platforms/WatchOS.platform/Developer/usr/lib/swift/host/plugins/libFoundationMacros.dylib\#/Applications/Xcode-27.0.0-Release.Candidate.app/Contents/Developer/Platforms/WatchOS.platform/Developer/usr/bin/swift-plugin-server\#FoundationMacros -load-resolved-plugin /Applications/Xcode-27.0.0-Release.Candidate.app/Contents/Developer/Platforms/WatchOS.platform/Developer/usr/lib/swift/host/plugins/libObservationMacros.dylib\#/Applications/Xcode-27.0.0-Release.Candidate.app/Contents/Developer/Platforms/WatchOS.platform/Developer/usr/bin/swift-plugin-server\#ObservationMacros -load-resolved-plugin /Applications/Xcode-27.0.0-Release.Candidate.app/Contents/Developer/Platforms/WatchOS.platform/Developer/usr/lib/swift/host/plugins/libSwiftMacros.dylib\#/Applications/Xcode-27.0.0-Release.Candidate.app/Contents/Developer/Platforms/WatchOS.platform/Developer/usr/bin/swift-plugin-server\#SwiftMacros -load-resolved-plugin /Applications/Xcode-27.0.0-Release.Candidate.app/Contents/Developer/Platforms/WatchOS.platform/Developer/usr/lib/swift/host/plugins/libSwiftUIMacros.dylib\#/Applications/Xcode-27.0.0-Release.Candidate.app/Contents/Developer/Platforms/WatchOS.platform/Developer/usr/bin/swift-plugin-server\#SwiftUIMacros -disable-implicit-swift-modules -Xcc -fno-implicit-modules -Xcc -fno-implicit-module-maps -explicit-swift-module-map-file /Users/admin/builder/spi-builder-workspace/.derivedData/Build/Intermediates.noindex/DTModelStorage.build/Debug-watchos/DTModelStorage-t.build/Objects-normal/arm64/DTModelStorage-dependencies-1.json -Xllvm -aarch64-use-tbi -enable-objc-interop -stack-check -sdk /Applications/Xcode-27.0.0-Release.Candidate.app/Contents/Developer/Platforms/WatchOS.platform/Developer/SDKs/WatchOS27.0.sdk -I /Users/admin/builder/spi-builder-workspace/.derivedData/Build/Products/Debug-watchos -Isystem /Applications/Xcode-27.0.0-Release.Candidate.app/Contents/Developer/Platforms/WatchOS.platform/Developer/usr/lib -F /Users/admin/builder/spi-builder-workspace/.derivedData/Build/Products/Debug-watchos -F /Applications/Xcode-27.0.0-Release.Candidate.app/Contents/Developer/Platforms/WatchOS.platform/Developer/Library/Frameworks -F /Applications/Xcode-27.0.0-Release.Candidate.app/Contents/Developer/Platforms/WatchOS.platform/Developer/SDKs/WatchOS27.0.sdk/Developer/Library/Frameworks -module-cache-path /Users/admin/builder/spi-builder-workspace/.derivedData/Build/Intermediates.noindex/SwiftExplicitPrecompiledModules -no-color-diagnostics -Xcc -fno-color-diagnostics -enable-testing -g -debug-info-format\=dwarf -dwarf-version\=4 -suppress-warnings -swift-version 5 -Onone -D SWIFT_PACKAGE -D DEBUG -D SWIFT_MODULE_RESOURCE_BUNDLE_UNAVAILABLE -D Xcode -serialize-debugging-options -enable-experimental-feature DebugDescriptionMacro -empty-abi-descriptor -validate-clang-modules-once -clang-build-session-file /Users/admin/builder/spi-builder-workspace/.derivedData/ModuleCache.noindex/Session.modulevalidation -Xcc -working-directory -Xcc /Users/admin/builder/spi-builder-workspace/.swiftpm/xcode -enable-anonymous-context-mangled-names -file-compilation-dir /Users/admin/builder/spi-builder-workspace/.swiftpm/xcode -Xcc -D_LIBCPP_HARDENING_MODE\=_LIBCPP_HARDENING_MODE_DEBUG -Xcc -ivfsstatcache -Xcc /Users/admin/builder/spi-builder-workspace/.derivedData/SDKStatCaches.noindex/watchos27.0-24R360-e829b21a6f8c9b70876ba0858053c04477534ef55a1706bf4c1112bbb242f0a2.sdkstatcache -Xcc -fmodules-prune-interval\=86400 -Xcc -fmodules-prune-after\=345600 -Xcc -I/Users/admin/builder/spi-builder-workspace/.derivedData/Build/Products/Debug-watchos/include -Xcc -I/Users/admin/builder/spi-builder-workspace/.derivedData/Build/Intermediates.noindex/DTModelStorage.build/Debug-watchos/DTModelStorage-t.build/DerivedSources-normal/arm64 -Xcc -I/Users/admin/builder/spi-builder-workspace/.derivedData/Build/Intermediates.noindex/DTModelStorage.build/Debug-watchos/DTModelStorage-t.build/DerivedSources/arm64 -Xcc -I/Users/admin/builder/spi-builder-workspace/.derivedData/Build/Intermediates.noindex/DTModelStorage.build/Debug-watchos/DTModelStorage-t.build/DerivedSources -Xcc -DSWIFT_PACKAGE -Xcc -DDEBUG\=1 -no-auto-bridging-header-chaining -module-name DTModelStorage -const-gather-protocols-file /Users/admin/builder/spi-builder-workspace/.derivedData/Build/Intermediates.noindex/DTModelStorage.build/Debug-watchos/DTModelStorage-t.build/Objects-normal/arm64/DTModelStorage_const_extract_protocols.json -disable-clang-spi -clang-target arm64-apple-watchos27.0 -target-sdk-version 27.0 -target-sdk-name watchos27.0 -in-process-plugin-server-path /Applications/Xcode-27.0.0-Release.Candidate.app/Contents/Developer/Toolchains/XcodeDefault.xctoolchain/usr/lib/swift/host/libSwiftInProcPluginServer.dylib -emit-module-doc-path /Users/admin/builder/spi-builder-workspace/.derivedData/Build/Intermediates.noindex/DTModelStorage.build/Debug-watchos/DTModelStorage-t.build/Objects-normal/arm64/DTModelStorage.swiftdoc -emit-module-source-info-path /Users/admin/builder/spi-builder-workspace/.derivedData/Build/Intermediates.noindex/DTModelStorage.build/Debug-watchos/DTModelStorage-t.build/Objects-normal/arm64/DTModelStorage.swiftsourceinfo -emit-objc-header-path /Users/admin/builder/spi-builder-workspace/.derivedData/Build/Intermediates.noindex/DTModelStorage.build/Debug-watchos/DTModelStorage-t.build/Objects-normal/arm64/DTModelStorage-Swift.h -serialize-diagnostics-path /Users/admin/builder/spi-builder-workspace/.derivedData/Build/Intermediates.noindex/DTModelStorage.build/Debug-watchos/DTModelStorage-t.build/Objects-normal/arm64/DTModelStorage-primary-emit-module.dia -emit-dependencies-path /Users/admin/builder/spi-builder-workspace/.derivedData/Build/Intermediates.noindex/DTModelStorage.build/Debug-watchos/DTModelStorage-t.build/Objects-normal/arm64/DTModelStorage-primary-emit-module.d -parse-as-library -o /Users/admin/builder/spi-builder-workspace/.derivedData/Build/Intermediates.noindex/DTModelStorage.build/Debug-watchos/DTModelStorage-t.build/Objects-normal/arm64/DTModelStorage.swiftmodule -emit-abi-descriptor-path /Users/admin/builder/spi-builder-workspace/.derivedData/Build/Intermediates.noindex/DTModelStorage.build/Debug-watchos/DTModelStorage-t.build/Objects-normal/arm64/DTModelStorage.abi.json
SwiftCompile normal arm64 (in target 'DTModelStorage' from project 'DTModelStorage')
cd /Users/admin/builder/spi-builder-workspace/.swiftpm/xcode
SwiftCompile normal arm64 Compiling\ CoreDataStorage.swift,\ EventReactions.swift /Users/admin/builder/spi-builder-workspace/.dependencies/checkouts/DTModelStorage/Sources/DTModelStorage/CoreDataStorage.swift /Users/admin/builder/spi-builder-workspace/.dependencies/checkouts/DTModelStorage/Sources/DTModelStorage/EventReactions.swift (in target 'DTModelStorage' from project 'DTModelStorage')
/Users/admin/builder/spi-builder-workspace/.dependencies/checkouts/DTModelStorage/Sources/DTModelStorage/EventReactions.swift:295:32: error: 'UIView' is unavailable in watchOS
293 | forModel model: Any,
294 | at indexPath: IndexPath,
295 | view: UIView?,
| `- error: 'UIView' is unavailable in watchOS
296 | supplementaryKind: String? = nil) -> EventReaction? {
297 | guard let unwrappedModel = RuntimeHelper.recursivelyUnwrapAnyValue(model) else { return nil }
/Applications/Xcode-27.0.0-Release.Candidate.app/Contents/Developer/Platforms/WatchOS.platform/Developer/SDKs/WatchOS27.0.sdk/System/Library/Frameworks/UIKit.framework/Headers/UIView.h:152:12: note: 'UIView' has been explicitly marked unavailable here
150 |
151 | UIKIT_EXTERN API_AVAILABLE(ios(2.0)) API_UNAVAILABLE(watchos) NS_SWIFT_UI_ACTOR
152 | @interface UIView : UIResponder <NSCoding, UIAppearance, UIAppearanceContainer, UIDynamicItem, UITraitEnvironment, UICoordinateSpace, UIFocusItem, UIFocusItemContainer, CALayerDelegate>
| `- note: 'UIView' has been explicitly marked unavailable here
153 |
154 | @property(class, nonatomic, readonly) Class layerClass; // default is [CALayer class]. Used when creating the underlying layer for the view.
/Users/admin/builder/spi-builder-workspace/.dependencies/checkouts/DTModelStorage/Sources/DTModelStorage/EventReactions.swift:310:123: error: 'UIView' is unavailable in watchOS
308 | /// Performs reaction of `type`, `signature`, with `view`, `model` in `location`.
309 | static func performReaction(from mappings: [ViewModelMappingProtocol], signature: String, view: Any?, model: Any, location: IndexPath, supplementaryKind: String? = nil) -> Any {
310 | guard let reaction = reaction(from: mappings, signature: signature, forModel: model, at: location, view: view as? UIView, supplementaryKind: supplementaryKind) else {
| `- error: 'UIView' is unavailable in watchOS
311 | return 0
312 | }
/Applications/Xcode-27.0.0-Release.Candidate.app/Contents/Developer/Platforms/WatchOS.platform/Developer/SDKs/WatchOS27.0.sdk/System/Library/Frameworks/UIKit.framework/Headers/UIView.h:152:12: note: 'UIView' has been explicitly marked unavailable here
150 |
151 | UIKIT_EXTERN API_AVAILABLE(ios(2.0)) API_UNAVAILABLE(watchos) NS_SWIFT_UI_ACTOR
152 | @interface UIView : UIResponder <NSCoding, UIAppearance, UIAppearanceContainer, UIDynamicItem, UITraitEnvironment, UICoordinateSpace, UIFocusItem, UIFocusItemContainer, CALayerDelegate>
| `- note: 'UIView' has been explicitly marked unavailable here
153 |
154 | @property(class, nonatomic, readonly) Class layerClass; // default is [CALayer class]. Used when creating the underlying layer for the view.
/Users/admin/builder/spi-builder-workspace/.dependencies/checkouts/DTModelStorage/Sources/DTModelStorage/EventReactions.swift:319:123: error: 'UIView' is unavailable in watchOS
317 | /// Performs reaction of `type`, `signature`, with `argument`, `view`, `model` in `location`.
318 | static func perform4ArgumentsReaction(from mappings: [ViewModelMappingProtocol], signature: String, argument: Any, view: Any?, model: Any, location: IndexPath) -> Any {
319 | guard let reaction = reaction(from: mappings, signature: signature, forModel: model, at: location, view: view as? UIView) as? FourArgumentsEventReaction else { return 0 }
| `- error: 'UIView' is unavailable in watchOS
320 | return reaction.performWithArguments((argument, view ?? 0, model, location))
321 | }
/Applications/Xcode-27.0.0-Release.Candidate.app/Contents/Developer/Platforms/WatchOS.platform/Developer/SDKs/WatchOS27.0.sdk/System/Library/Frameworks/UIKit.framework/Headers/UIView.h:152:12: note: 'UIView' has been explicitly marked unavailable here
150 |
151 | UIKIT_EXTERN API_AVAILABLE(ios(2.0)) API_UNAVAILABLE(watchos) NS_SWIFT_UI_ACTOR
152 | @interface UIView : UIResponder <NSCoding, UIAppearance, UIAppearanceContainer, UIDynamicItem, UITraitEnvironment, UICoordinateSpace, UIFocusItem, UIFocusItemContainer, CALayerDelegate>
| `- note: 'UIView' has been explicitly marked unavailable here
153 |
154 | @property(class, nonatomic, readonly) Class layerClass; // default is [CALayer class]. Used when creating the underlying layer for the view.
SwiftCompile normal arm64 /Users/admin/builder/spi-builder-workspace/.dependencies/checkouts/DTModelStorage/Sources/DTModelStorage/CoreDataStorage.swift (in target 'DTModelStorage' from project 'DTModelStorage')
cd /Users/admin/builder/spi-builder-workspace/.swiftpm/xcode
builtin-SwiftPerFileCompile CoreDataStorage.swift
SwiftCompile normal arm64 /Users/admin/builder/spi-builder-workspace/.dependencies/checkouts/DTModelStorage/Sources/DTModelStorage/EventReactions.swift (in target 'DTModelStorage' from project 'DTModelStorage')
cd /Users/admin/builder/spi-builder-workspace/.swiftpm/xcode
builtin-SwiftPerFileCompile EventReactions.swift
SwiftCompile normal arm64 Compiling\ ViewModelMapping.swift /Users/admin/builder/spi-builder-workspace/.dependencies/checkouts/DTModelStorage/Sources/DTModelStorage/ViewModelMapping.swift (in target 'DTModelStorage' from project 'DTModelStorage')
/Users/admin/builder/spi-builder-workspace/.dependencies/checkouts/DTModelStorage/Sources/DTModelStorage/ViewModelMapping.swift:103:60: error: 'UICollectionView' is unavailable in watchOS
101 | func updateCell(cell: Any, at indexPath: IndexPath, with model: Any)
102 |
103 | func dequeueConfiguredReusableCell(for collectionView: UICollectionView, model: Any, indexPath: IndexPath) -> UICollectionViewCell?
| `- error: 'UICollectionView' is unavailable in watchOS
104 |
105 | func dequeueConfiguredReusableCell(for tableView: UITableView, model: Any, indexPath: IndexPath) -> UITableViewCell?
/Applications/Xcode-27.0.0-Release.Candidate.app/Contents/Developer/Platforms/WatchOS.platform/Developer/SDKs/WatchOS27.0.sdk/System/Library/Frameworks/UIKit.framework/Headers/UICollectionView.h:362:12: note: 'UICollectionView' has been explicitly marked unavailable here
360 |
361 | UIKIT_EXTERN API_AVAILABLE(ios(6.0)) API_UNAVAILABLE(watchos) NS_SWIFT_UI_ACTOR
362 | @interface UICollectionView : UIScrollView <UIDataSourceTranslating>
| `- note: 'UICollectionView' has been explicitly marked unavailable here
363 |
364 | - (instancetype)initWithFrame:(CGRect)frame collectionViewLayout:(UICollectionViewLayout *)layout NS_DESIGNATED_INITIALIZER;
/Users/admin/builder/spi-builder-workspace/.dependencies/checkouts/DTModelStorage/Sources/DTModelStorage/ViewModelMapping.swift:103:115: error: 'UICollectionViewCell' is unavailable in watchOS
101 | func updateCell(cell: Any, at indexPath: IndexPath, with model: Any)
102 |
103 | func dequeueConfiguredReusableCell(for collectionView: UICollectionView, model: Any, indexPath: IndexPath) -> UICollectionViewCell?
| `- error: 'UICollectionViewCell' is unavailable in watchOS
104 |
105 | func dequeueConfiguredReusableCell(for tableView: UITableView, model: Any, indexPath: IndexPath) -> UITableViewCell?
/Applications/Xcode-27.0.0-Release.Candidate.app/Contents/Developer/Platforms/WatchOS.platform/Developer/SDKs/WatchOS27.0.sdk/System/Library/Frameworks/UIKit.framework/Headers/UICollectionViewCell.h:65:12: note: 'UICollectionViewCell' has been explicitly marked unavailable here
63 |
64 | UIKIT_EXTERN API_AVAILABLE(ios(6.0)) API_UNAVAILABLE(watchos) NS_SWIFT_UI_ACTOR
65 | @interface UICollectionViewCell : UICollectionReusableView
| `- note: 'UICollectionViewCell' has been explicitly marked unavailable here
66 |
67 | /// Returns the current configuration state for the cell.
/Users/admin/builder/spi-builder-workspace/.dependencies/checkouts/DTModelStorage/Sources/DTModelStorage/ViewModelMapping.swift:105:55: error: 'UITableView' is unavailable in watchOS
103 | func dequeueConfiguredReusableCell(for collectionView: UICollectionView, model: Any, indexPath: IndexPath) -> UICollectionViewCell?
104 |
105 | func dequeueConfiguredReusableCell(for tableView: UITableView, model: Any, indexPath: IndexPath) -> UITableViewCell?
| `- error: 'UITableView' is unavailable in watchOS
106 | }
107 |
/Applications/Xcode-27.0.0-Release.Candidate.app/Contents/Developer/Platforms/WatchOS.platform/Developer/SDKs/WatchOS27.0.sdk/System/Library/Frameworks/UIKit.framework/Headers/UITableView.h:347:12: note: 'UITableView' has been explicitly marked unavailable here
345 |
346 | UIKIT_EXTERN API_AVAILABLE(ios(2.0)) API_UNAVAILABLE(watchos) NS_SWIFT_UI_ACTOR
347 | @interface UITableView : UIScrollView <NSCoding, UIDataSourceTranslating>
| `- note: 'UITableView' has been explicitly marked unavailable here
348 |
349 | - (instancetype)initWithFrame:(CGRect)frame style:(UITableViewStyle)style NS_DESIGNATED_INITIALIZER; // must specify style at creation. -initWithFrame: calls this with UITableViewStylePlain
/Users/admin/builder/spi-builder-workspace/.dependencies/checkouts/DTModelStorage/Sources/DTModelStorage/ViewModelMapping.swift:105:105: error: 'UITableViewCell' is unavailable in watchOS
103 | func dequeueConfiguredReusableCell(for collectionView: UICollectionView, model: Any, indexPath: IndexPath) -> UICollectionViewCell?
104 |
105 | func dequeueConfiguredReusableCell(for tableView: UITableView, model: Any, indexPath: IndexPath) -> UITableViewCell?
| `- error: 'UITableViewCell' is unavailable in watchOS
106 | }
107 |
/Applications/Xcode-27.0.0-Release.Candidate.app/Contents/Developer/Platforms/WatchOS.platform/Developer/SDKs/WatchOS27.0.sdk/System/Library/Frameworks/UIKit.framework/Headers/UITableViewCell.h:81:12: note: 'UITableViewCell' has been explicitly marked unavailable here
79 |
80 | UIKIT_EXTERN API_AVAILABLE(ios(2.0)) API_UNAVAILABLE(watchos) NS_SWIFT_UI_ACTOR
81 | @interface UITableViewCell : UIView <NSCoding, UIGestureRecognizerDelegate>
| `- note: 'UITableViewCell' has been explicitly marked unavailable here
82 |
83 | // Designated initializer. If the cell can be reused, you must pass in a reuse identifier. You should use the same reuse identifier for all cells of the same form.
/Users/admin/builder/spi-builder-workspace/.dependencies/checkouts/DTModelStorage/Sources/DTModelStorage/ViewModelMapping.swift:116:73: error: 'UICollectionView' is unavailable in watchOS
114 | /// Extension of `ViewModelMappingProtocol` for working with UITableView headers/footers and UICollectionView reusable views.
115 | public protocol SupplementaryViewModelMappingProtocol: ViewModelMappingProtocol {
116 | func dequeueConfiguredReusableSupplementaryView(for collectionView: UICollectionView, kind: String, model: Any, indexPath: IndexPath) -> UICollectionReusableView?
| `- error: 'UICollectionView' is unavailable in watchOS
117 | func dequeueConfiguredReusableSupplementaryView(for tableView: UITableView, kind: String, model: Any, indexPath: IndexPath) -> UIView?
118 | }
/Applications/Xcode-27.0.0-Release.Candidate.app/Contents/Developer/Platforms/WatchOS.platform/Developer/SDKs/WatchOS27.0.sdk/System/Library/Frameworks/UIKit.framework/Headers/UICollectionView.h:362:12: note: 'UICollectionView' has been explicitly marked unavailable here
360 |
361 | UIKIT_EXTERN API_AVAILABLE(ios(6.0)) API_UNAVAILABLE(watchos) NS_SWIFT_UI_ACTOR
362 | @interface UICollectionView : UIScrollView <UIDataSourceTranslating>
| `- note: 'UICollectionView' has been explicitly marked unavailable here
363 |
364 | - (instancetype)initWithFrame:(CGRect)frame collectionViewLayout:(UICollectionViewLayout *)layout NS_DESIGNATED_INITIALIZER;
/Users/admin/builder/spi-builder-workspace/.dependencies/checkouts/DTModelStorage/Sources/DTModelStorage/ViewModelMapping.swift:116:142: error: 'UICollectionReusableView' is unavailable in watchOS
114 | /// Extension of `ViewModelMappingProtocol` for working with UITableView headers/footers and UICollectionView reusable views.
115 | public protocol SupplementaryViewModelMappingProtocol: ViewModelMappingProtocol {
116 | func dequeueConfiguredReusableSupplementaryView(for collectionView: UICollectionView, kind: String, model: Any, indexPath: IndexPath) -> UICollectionReusableView?
| `- error: 'UICollectionReusableView' is unavailable in watchOS
117 | func dequeueConfiguredReusableSupplementaryView(for tableView: UITableView, kind: String, model: Any, indexPath: IndexPath) -> UIView?
118 | }
/Applications/Xcode-27.0.0-Release.Candidate.app/Contents/Developer/Platforms/WatchOS.platform/Developer/SDKs/WatchOS27.0.sdk/System/Library/Frameworks/UIKit.framework/Headers/UICollectionViewCell.h:38:12: note: 'UICollectionReusableView' has been explicitly marked unavailable here
36 |
37 | UIKIT_EXTERN API_AVAILABLE(ios(6.0)) API_UNAVAILABLE(watchos) NS_SWIFT_UI_ACTOR
38 | @interface UICollectionReusableView : UIView
| `- note: 'UICollectionReusableView' has been explicitly marked unavailable here
39 |
40 | @property (nonatomic, readonly, copy, nullable) NSString *reuseIdentifier;
/Users/admin/builder/spi-builder-workspace/.dependencies/checkouts/DTModelStorage/Sources/DTModelStorage/ViewModelMapping.swift:117:68: error: 'UITableView' is unavailable in watchOS
115 | public protocol SupplementaryViewModelMappingProtocol: ViewModelMappingProtocol {
116 | func dequeueConfiguredReusableSupplementaryView(for collectionView: UICollectionView, kind: String, model: Any, indexPath: IndexPath) -> UICollectionReusableView?
117 | func dequeueConfiguredReusableSupplementaryView(for tableView: UITableView, kind: String, model: Any, indexPath: IndexPath) -> UIView?
| `- error: 'UITableView' is unavailable in watchOS
118 | }
119 |
/Applications/Xcode-27.0.0-Release.Candidate.app/Contents/Developer/Platforms/WatchOS.platform/Developer/SDKs/WatchOS27.0.sdk/System/Library/Frameworks/UIKit.framework/Headers/UITableView.h:347:12: note: 'UITableView' has been explicitly marked unavailable here
345 |
346 | UIKIT_EXTERN API_AVAILABLE(ios(2.0)) API_UNAVAILABLE(watchos) NS_SWIFT_UI_ACTOR
347 | @interface UITableView : UIScrollView <NSCoding, UIDataSourceTranslating>
| `- note: 'UITableView' has been explicitly marked unavailable here
348 |
349 | - (instancetype)initWithFrame:(CGRect)frame style:(UITableViewStyle)style NS_DESIGNATED_INITIALIZER; // must specify style at creation. -initWithFrame: calls this with UITableViewStylePlain
/Users/admin/builder/spi-builder-workspace/.dependencies/checkouts/DTModelStorage/Sources/DTModelStorage/ViewModelMapping.swift:117:132: error: 'UIView' is unavailable in watchOS
115 | public protocol SupplementaryViewModelMappingProtocol: ViewModelMappingProtocol {
116 | func dequeueConfiguredReusableSupplementaryView(for collectionView: UICollectionView, kind: String, model: Any, indexPath: IndexPath) -> UICollectionReusableView?
117 | func dequeueConfiguredReusableSupplementaryView(for tableView: UITableView, kind: String, model: Any, indexPath: IndexPath) -> UIView?
| `- error: 'UIView' is unavailable in watchOS
118 | }
119 |
/Applications/Xcode-27.0.0-Release.Candidate.app/Contents/Developer/Platforms/WatchOS.platform/Developer/SDKs/WatchOS27.0.sdk/System/Library/Frameworks/UIKit.framework/Headers/UIView.h:152:12: note: 'UIView' has been explicitly marked unavailable here
150 |
151 | UIKIT_EXTERN API_AVAILABLE(ios(2.0)) API_UNAVAILABLE(watchos) NS_SWIFT_UI_ACTOR
152 | @interface UIView : UIResponder <NSCoding, UIAppearance, UIAppearanceContainer, UIDynamicItem, UITraitEnvironment, UICoordinateSpace, UIFocusItem, UIFocusItemContainer, CALayerDelegate>
| `- note: 'UIView' has been explicitly marked unavailable here
153 |
154 | @property(class, nonatomic, readonly) Class layerClass; // default is [CALayer class]. Used when creating the underlying layer for the view.
/Users/admin/builder/spi-builder-workspace/.dependencies/checkouts/DTModelStorage/Sources/DTModelStorage/ViewModelMapping.swift:135:65: error: 'UICollectionView' is unavailable in watchOS
133 |
134 | /// Base method for dequeuing reusable cells. Must be overridden in subclasses.
135 | open func dequeueConfiguredReusableCell(for collectionView: UICollectionView, model: Any, indexPath: IndexPath) -> UICollectionViewCell? {
| `- error: 'UICollectionView' is unavailable in watchOS
136 | assertionFailure("Subclasses of CellViewModelMapping must override this method")
137 | return nil
/Applications/Xcode-27.0.0-Release.Candidate.app/Contents/Developer/Platforms/WatchOS.platform/Developer/SDKs/WatchOS27.0.sdk/System/Library/Frameworks/UIKit.framework/Headers/UICollectionView.h:362:12: note: 'UICollectionView' has been explicitly marked unavailable here
360 |
361 | UIKIT_EXTERN API_AVAILABLE(ios(6.0)) API_UNAVAILABLE(watchos) NS_SWIFT_UI_ACTOR
362 | @interface UICollectionView : UIScrollView <UIDataSourceTranslating>
| `- note: 'UICollectionView' has been explicitly marked unavailable here
363 |
364 | - (instancetype)initWithFrame:(CGRect)frame collectionViewLayout:(UICollectionViewLayout *)layout NS_DESIGNATED_INITIALIZER;
/Users/admin/builder/spi-builder-workspace/.dependencies/checkouts/DTModelStorage/Sources/DTModelStorage/ViewModelMapping.swift:135:120: error: 'UICollectionViewCell' is unavailable in watchOS
133 |
134 | /// Base method for dequeuing reusable cells. Must be overridden in subclasses.
135 | open func dequeueConfiguredReusableCell(for collectionView: UICollectionView, model: Any, indexPath: IndexPath) -> UICollectionViewCell? {
| `- error: 'UICollectionViewCell' is unavailable in watchOS
136 | assertionFailure("Subclasses of CellViewModelMapping must override this method")
137 | return nil
/Applications/Xcode-27.0.0-Release.Candidate.app/Contents/Developer/Platforms/WatchOS.platform/Developer/SDKs/WatchOS27.0.sdk/System/Library/Frameworks/UIKit.framework/Headers/UICollectionViewCell.h:65:12: note: 'UICollectionViewCell' has been explicitly marked unavailable here
63 |
64 | UIKIT_EXTERN API_AVAILABLE(ios(6.0)) API_UNAVAILABLE(watchos) NS_SWIFT_UI_ACTOR
65 | @interface UICollectionViewCell : UICollectionReusableView
| `- note: 'UICollectionViewCell' has been explicitly marked unavailable here
66 |
67 | /// Returns the current configuration state for the cell.
/Users/admin/builder/spi-builder-workspace/.dependencies/checkouts/DTModelStorage/Sources/DTModelStorage/ViewModelMapping.swift:141:60: error: 'UITableView' is unavailable in watchOS
139 |
140 | /// Base method for dequeuing reusable cells. Must be overridden in subclasses.
141 | open func dequeueConfiguredReusableCell(for tableView: UITableView, model: Any, indexPath: IndexPath) -> UITableViewCell? {
| `- error: 'UITableView' is unavailable in watchOS
142 | assertionFailure("Subclasses of CellViewModelMapping must override this method")
143 | return nil
/Applications/Xcode-27.0.0-Release.Candidate.app/Contents/Developer/Platforms/WatchOS.platform/Developer/SDKs/WatchOS27.0.sdk/System/Library/Frameworks/UIKit.framework/Headers/UITableView.h:347:12: note: 'UITableView' has been explicitly marked unavailable here
345 |
346 | UIKIT_EXTERN API_AVAILABLE(ios(2.0)) API_UNAVAILABLE(watchos) NS_SWIFT_UI_ACTOR
347 | @interface UITableView : UIScrollView <NSCoding, UIDataSourceTranslating>
| `- note: 'UITableView' has been explicitly marked unavailable here
348 |
349 | - (instancetype)initWithFrame:(CGRect)frame style:(UITableViewStyle)style NS_DESIGNATED_INITIALIZER; // must specify style at creation. -initWithFrame: calls this with UITableViewStylePlain
/Users/admin/builder/spi-builder-workspace/.dependencies/checkouts/DTModelStorage/Sources/DTModelStorage/ViewModelMapping.swift:141:110: error: 'UITableViewCell' is unavailable in watchOS
139 |
140 | /// Base method for dequeuing reusable cells. Must be overridden in subclasses.
141 | open func dequeueConfiguredReusableCell(for tableView: UITableView, model: Any, indexPath: IndexPath) -> UITableViewCell? {
| `- error: 'UITableViewCell' is unavailable in watchOS
142 | assertionFailure("Subclasses of CellViewModelMapping must override this method")
143 | return nil
/Applications/Xcode-27.0.0-Release.Candidate.app/Contents/Developer/Platforms/WatchOS.platform/Developer/SDKs/WatchOS27.0.sdk/System/Library/Frameworks/UIKit.framework/Headers/UITableViewCell.h:81:12: note: 'UITableViewCell' has been explicitly marked unavailable here
79 |
80 | UIKIT_EXTERN API_AVAILABLE(ios(2.0)) API_UNAVAILABLE(watchos) NS_SWIFT_UI_ACTOR
81 | @interface UITableViewCell : UIView <NSCoding, UIGestureRecognizerDelegate>
| `- note: 'UITableViewCell' has been explicitly marked unavailable here
82 |
83 | // Designated initializer. If the cell can be reused, you must pass in a reuse identifier. You should use the same reuse identifier for all cells of the same form.
/Users/admin/builder/spi-builder-workspace/.dependencies/checkouts/DTModelStorage/Sources/DTModelStorage/ViewModelMapping.swift:187:78: error: 'UICollectionView' is unavailable in watchOS
185 |
186 | /// Base method for dequeuing supplementary views. Must be overridden in subclasses.
187 | open func dequeueConfiguredReusableSupplementaryView(for collectionView: UICollectionView, kind: String, model: Any, indexPath: IndexPath) -> UICollectionReusableView? {
| `- error: 'UICollectionView' is unavailable in watchOS
188 | assertionFailure("Subclasses of SupplementaryViewModelMapping must override this method")
189 | return nil
/Applications/Xcode-27.0.0-Release.Candidate.app/Contents/Developer/Platforms/WatchOS.platform/Developer/SDKs/WatchOS27.0.sdk/System/Library/Frameworks/UIKit.framework/Headers/UICollectionView.h:362:12: note: 'UICollectionView' has been explicitly marked unavailable here
360 |
361 | UIKIT_EXTERN API_AVAILABLE(ios(6.0)) API_UNAVAILABLE(watchos) NS_SWIFT_UI_ACTOR
362 | @interface UICollectionView : UIScrollView <UIDataSourceTranslating>
| `- note: 'UICollectionView' has been explicitly marked unavailable here
363 |
364 | - (instancetype)initWithFrame:(CGRect)frame collectionViewLayout:(UICollectionViewLayout *)layout NS_DESIGNATED_INITIALIZER;
/Users/admin/builder/spi-builder-workspace/.dependencies/checkouts/DTModelStorage/Sources/DTModelStorage/ViewModelMapping.swift:187:147: error: 'UICollectionReusableView' is unavailable in watchOS
185 |
186 | /// Base method for dequeuing supplementary views. Must be overridden in subclasses.
187 | open func dequeueConfiguredReusableSupplementaryView(for collectionView: UICollectionView, kind: String, model: Any, indexPath: IndexPath) -> UICollectionReusableView? {
| `- error: 'UICollectionReusableView' is unavailable in watchOS
188 | assertionFailure("Subclasses of SupplementaryViewModelMapping must override this method")
189 | return nil
/Applications/Xcode-27.0.0-Release.Candidate.app/Contents/Developer/Platforms/WatchOS.platform/Developer/SDKs/WatchOS27.0.sdk/System/Library/Frameworks/UIKit.framework/Headers/UICollectionViewCell.h:38:12: note: 'UICollectionReusableView' has been explicitly marked unavailable here
36 |
37 | UIKIT_EXTERN API_AVAILABLE(ios(6.0)) API_UNAVAILABLE(watchos) NS_SWIFT_UI_ACTOR
38 | @interface UICollectionReusableView : UIView
| `- note: 'UICollectionReusableView' has been explicitly marked unavailable here
39 |
40 | @property (nonatomic, readonly, copy, nullable) NSString *reuseIdentifier;
/Users/admin/builder/spi-builder-workspace/.dependencies/checkouts/DTModelStorage/Sources/DTModelStorage/ViewModelMapping.swift:193:73: error: 'UITableView' is unavailable in watchOS
191 |
192 | /// Base method for dequeuing header/footer views. Must be overridden in subclasses.
193 | open func dequeueConfiguredReusableSupplementaryView(for tableView: UITableView, kind: String, model: Any, indexPath: IndexPath) -> UIView? {
| `- error: 'UITableView' is unavailable in watchOS
194 | assertionFailure("Subclasses of SupplementaryViewModelMapping must override this method")
195 | return nil
/Applications/Xcode-27.0.0-Release.Candidate.app/Contents/Developer/Platforms/WatchOS.platform/Developer/SDKs/WatchOS27.0.sdk/System/Library/Frameworks/UIKit.framework/Headers/UITableView.h:347:12: note: 'UITableView' has been explicitly marked unavailable here
345 |
346 | UIKIT_EXTERN API_AVAILABLE(ios(2.0)) API_UNAVAILABLE(watchos) NS_SWIFT_UI_ACTOR
347 | @interface UITableView : UIScrollView <NSCoding, UIDataSourceTranslating>
| `- note: 'UITableView' has been explicitly marked unavailable here
348 |
349 | - (instancetype)initWithFrame:(CGRect)frame style:(UITableViewStyle)style NS_DESIGNATED_INITIALIZER; // must specify style at creation. -initWithFrame: calls this with UITableViewStylePlain
SwiftCompile normal arm64 /Users/admin/builder/spi-builder-workspace/.dependencies/checkouts/DTModelStorage/Sources/DTModelStorage/ViewModelMapping.swift (in target 'DTModelStorage' from project 'DTModelStorage')
cd /Users/admin/builder/spi-builder-workspace/.swiftpm/xcode
builtin-SwiftPerFileCompile ViewModelMapping.swift
SwiftCompile normal arm64 Compiling\ SingleSectionStorage.swift,\ StorageProtocols.swift /Users/admin/builder/spi-builder-workspace/.dependencies/checkouts/DTModelStorage/Sources/DTModelStorage/SingleSectionStorage.swift /Users/admin/builder/spi-builder-workspace/.dependencies/checkouts/DTModelStorage/Sources/DTModelStorage/StorageProtocols.swift (in target 'DTModelStorage' from project 'DTModelStorage')
/Users/admin/builder/spi-builder-workspace/.dependencies/checkouts/DTModelStorage/Sources/DTModelStorage/StorageProtocols.swift:72:35: error: 'UICollectionView' is unavailable in watchOS
70 | public func configureForCollectionViewFlowLayoutUsage()
71 | {
72 | supplementaryHeaderKind = UICollectionView.elementKindSectionHeader
| `- error: 'UICollectionView' is unavailable in watchOS
73 | supplementaryFooterKind = UICollectionView.elementKindSectionFooter
74 | }
/Applications/Xcode-27.0.0-Release.Candidate.app/Contents/Developer/Platforms/WatchOS.platform/Developer/SDKs/WatchOS27.0.sdk/System/Library/Frameworks/UIKit.framework/Headers/UICollectionView.h:362:12: note: 'UICollectionView' has been explicitly marked unavailable here
360 |
361 | UIKIT_EXTERN API_AVAILABLE(ios(6.0)) API_UNAVAILABLE(watchos) NS_SWIFT_UI_ACTOR
362 | @interface UICollectionView : UIScrollView <UIDataSourceTranslating>
| `- note: 'UICollectionView' has been explicitly marked unavailable here
363 |
364 | - (instancetype)initWithFrame:(CGRect)frame collectionViewLayout:(UICollectionViewLayout *)layout NS_DESIGNATED_INITIALIZER;
/Users/admin/builder/spi-builder-workspace/.dependencies/checkouts/DTModelStorage/Sources/DTModelStorage/StorageProtocols.swift:72:52: error: 'elementKindSectionHeader' is unavailable in watchOS
70 | public func configureForCollectionViewFlowLayoutUsage()
71 | {
72 | supplementaryHeaderKind = UICollectionView.elementKindSectionHeader
| `- error: 'elementKindSectionHeader' is unavailable in watchOS
73 | supplementaryFooterKind = UICollectionView.elementKindSectionFooter
74 | }
/Applications/Xcode-27.0.0-Release.Candidate.app/Contents/Developer/Platforms/WatchOS.platform/Developer/SDKs/WatchOS27.0.sdk/System/Library/Frameworks/UIKit.framework/Headers/UICollectionViewLayout.h:24:30: note: 'elementKindSectionHeader' has been explicitly marked unavailable here
22 | UIKIT_EXTERN const CGFloat UICollectionViewLayoutAutomaticDimension API_AVAILABLE(ios(15.0), tvos(15.0)) API_UNAVAILABLE(watchos);
23 |
24 | UIKIT_EXTERN NSString *const UICollectionElementKindSectionHeader API_AVAILABLE(ios(6.0)) API_UNAVAILABLE(watchos);
| `- note: 'elementKindSectionHeader' has been explicitly marked unavailable here
25 | UIKIT_EXTERN NSString *const UICollectionElementKindSectionFooter API_AVAILABLE(ios(6.0)) API_UNAVAILABLE(watchos);
26 |
/Users/admin/builder/spi-builder-workspace/.dependencies/checkouts/DTModelStorage/Sources/DTModelStorage/StorageProtocols.swift:73:35: error: 'UICollectionView' is unavailable in watchOS
71 | {
72 | supplementaryHeaderKind = UICollectionView.elementKindSectionHeader
73 | supplementaryFooterKind = UICollectionView.elementKindSectionFooter
| `- error: 'UICollectionView' is unavailable in watchOS
74 | }
75 |
/Applications/Xcode-27.0.0-Release.Candidate.app/Contents/Developer/Platforms/WatchOS.platform/Developer/SDKs/WatchOS27.0.sdk/System/Library/Frameworks/UIKit.framework/Headers/UICollectionView.h:362:12: note: 'UICollectionView' has been explicitly marked unavailable here
360 |
361 | UIKIT_EXTERN API_AVAILABLE(ios(6.0)) API_UNAVAILABLE(watchos) NS_SWIFT_UI_ACTOR
362 | @interface UICollectionView : UIScrollView <UIDataSourceTranslating>
| `- note: 'UICollectionView' has been explicitly marked unavailable here
363 |
364 | - (instancetype)initWithFrame:(CGRect)frame collectionViewLayout:(UICollectionViewLayout *)layout NS_DESIGNATED_INITIALIZER;
SwiftCompile normal arm64 /Users/admin/builder/spi-builder-workspace/.dependencies/checkouts/DTModelStorage/Sources/DTModelStorage/SingleSectionStorage.swift (in target 'DTModelStorage' from project 'DTModelStorage')
cd /Users/admin/builder/spi-builder-workspace/.swiftpm/xcode
builtin-SwiftPerFileCompile SingleSectionStorage.swift
SwiftCompile normal arm64 /Users/admin/builder/spi-builder-workspace/.dependencies/checkouts/DTModelStorage/Sources/DTModelStorage/StorageProtocols.swift (in target 'DTModelStorage' from project 'DTModelStorage')
cd /Users/admin/builder/spi-builder-workspace/.swiftpm/xcode
builtin-SwiftPerFileCompile StorageProtocols.swift
SwiftCompile normal arm64 Compiling\ BackwardsCompatibility.swift,\ BaseStorage.swift /Users/admin/builder/spi-builder-workspace/.dependencies/checkouts/DTModelStorage/Sources/DTModelStorage/BackwardsCompatibility.swift /Users/admin/builder/spi-builder-workspace/.dependencies/checkouts/DTModelStorage/Sources/DTModelStorage/BaseStorage.swift (in target 'DTModelStorage' from project 'DTModelStorage')
SwiftCompile normal arm64 /Users/admin/builder/spi-builder-workspace/.dependencies/checkouts/DTModelStorage/Sources/DTModelStorage/BackwardsCompatibility.swift (in target 'DTModelStorage' from project 'DTModelStorage')
cd /Users/admin/builder/spi-builder-workspace/.swiftpm/xcode
builtin-SwiftPerFileCompile BackwardsCompatibility.swift
SwiftCompile normal arm64 /Users/admin/builder/spi-builder-workspace/.dependencies/checkouts/DTModelStorage/Sources/DTModelStorage/BaseStorage.swift (in target 'DTModelStorage' from project 'DTModelStorage')
cd /Users/admin/builder/spi-builder-workspace/.swiftpm/xcode
builtin-SwiftPerFileCompile BaseStorage.swift
SwiftCompile normal arm64 Compiling\ Section.swift,\ SectionModel.swift /Users/admin/builder/spi-builder-workspace/.dependencies/checkouts/DTModelStorage/Sources/DTModelStorage/Section.swift /Users/admin/builder/spi-builder-workspace/.dependencies/checkouts/DTModelStorage/Sources/DTModelStorage/SectionModel.swift (in target 'DTModelStorage' from project 'DTModelStorage')
SwiftCompile normal arm64 /Users/admin/builder/spi-builder-workspace/.dependencies/checkouts/DTModelStorage/Sources/DTModelStorage/Section.swift (in target 'DTModelStorage' from project 'DTModelStorage')
cd /Users/admin/builder/spi-builder-workspace/.swiftpm/xcode
builtin-SwiftPerFileCompile Section.swift
SwiftCompile normal arm64 /Users/admin/builder/spi-builder-workspace/.dependencies/checkouts/DTModelStorage/Sources/DTModelStorage/SectionModel.swift (in target 'DTModelStorage' from project 'DTModelStorage')
cd /Users/admin/builder/spi-builder-workspace/.swiftpm/xcode
builtin-SwiftPerFileCompile SectionModel.swift
SwiftEmitModule normal arm64_32 Emitting\ module\ for\ DTModelStorage (in target 'DTModelStorage' from project 'DTModelStorage')
SwiftCompile normal arm64_32 (in target 'DTModelStorage' from project 'DTModelStorage')
cd /Users/admin/builder/spi-builder-workspace/.swiftpm/xcode
PruneExplicitPrecompiledModules /Users/admin/builder/spi-builder-workspace/.derivedData/Build/Intermediates.noindex/ExplicitPrecompiledModules
PruneExplicitPrecompiledModules /Users/admin/builder/spi-builder-workspace/.derivedData/SDKExplicitPrecompiledModules
PruneExplicitPrecompiledModules /Users/admin/builder/spi-builder-workspace/.derivedData/Build/Intermediates.noindex/SwiftExplicitPrecompiledModules
2026-09-18 13:46:18.488 xcodebuild[862:5133] [MT] IDERunDestination: Supported platforms for the buildables in the current scheme is empty.
** BUILD FAILED **
The following build commands failed:
SwiftEmitModule normal arm64 Emitting\ module\ for\ DTModelStorage (in target 'DTModelStorage' from project 'DTModelStorage')
SwiftCompile normal arm64 (in target 'DTModelStorage' from project 'DTModelStorage')
Building workspace DTCollectionViewManager with scheme DTCollectionViewManager
(3 failures)
BUILD FAILURE 6.4 watchOS