The Swift Package Index logo.Swift Package Index

Build Information

Failed to build Scintillate, reference 1.1.0 (a54d8a), with Swift 6.4 for tvOS using Xcode 27.0 on 18 Sep 2026 06:33:23 UTC.

Build Command

env DEVELOPER_DIR=/Applications/Xcode-27.0.0-Release.Candidate.app xcrun xcodebuild -IDEClonedSourcePackagesDirPathOverride=$PWD/.dependencies -skipMacroValidation -skipPackagePluginValidation -derivedDataPath $PWD/.derivedData build -scheme Scintillate -destination generic/platform=tvOS

Build Log

========================================
RunAll
========================================
Builder version: 5.1.0
Interrupt handler set up.
========================================
Checkout
========================================
Clone URL: https://github.com/alexslee/Scintillate.git
Reference: 1.1.0
Initialized empty Git repository in /Users/admin/builder/spi-builder-workspace/.git/
From https://github.com/alexslee/Scintillate
 * tag               1.1.0      -> FETCH_HEAD
HEAD is now at a54d8a4 more explicit gradient support, and refinement of default colors
Cloned https://github.com/alexslee/Scintillate.git
Revision (git rev-parse @):
a54d8a4e721261b9c2bed50b80b66b04803a597c
SUCCESS checkout https://github.com/alexslee/Scintillate.git at 1.1.0
========================================
Build
========================================
Selected platform:         tvOS
Swift version:             6.4
Building package at path:  $PWD
https://github.com/alexslee/Scintillate.git
Command line invocation:
    /Applications/Xcode-27.0.0-Release.Candidate.app/Contents/Developer/usr/bin/xcodebuild -IDEClonedSourcePackagesDirPathOverride=/Users/admin/builder/spi-builder-workspace/.dependencies -resolvePackageDependencies
Resolve Package Graph
Resolve Package Graph
Resolved source packages:
  Scintillate: /Users/admin/builder/spi-builder-workspace
resolved source packages: Scintillate
{
  "dependencies" : [
  ],
  "manifest_display_name" : "Scintillate",
  "name" : "Scintillate",
  "path" : "/Users/admin/builder/spi-builder-workspace",
  "platforms" : [
    {
      "name" : "ios",
      "version" : "12.0"
    },
    {
      "name" : "macos",
      "version" : "11.0"
    }
  ],
  "products" : [
    {
      "name" : "Scintillate",
      "targets" : [
        "Scintillate"
      ],
      "type" : {
        "library" : [
          "automatic"
        ]
      }
    }
  ],
  "targets" : [
    {
      "c99name" : "ScintillateTests",
      "module_type" : "SwiftTarget",
      "name" : "ScintillateTests",
      "path" : "Tests/ScintillateTests",
      "sources" : [
        "ScintillateTests.swift"
      ],
      "target_dependencies" : [
        "Scintillate"
      ],
      "type" : "test"
    },
    {
      "c99name" : "Scintillate",
      "module_type" : "SwiftTarget",
      "name" : "Scintillate",
      "path" : "Sources/Scintillate",
      "product_memberships" : [
        "Scintillate"
      ],
      "sources" : [
        "Janky Vars/NSView+JankyVars.swift",
        "Janky Vars/UIView+JankyVars.swift",
        "Scintillatables/NSView+Scintillatable.swift",
        "Scintillatables/Scintillatable.swift",
        "Scintillatables/UIView+Scintillatable.swift",
        "Scintillate.swift",
        "ScintillateSettings.swift",
        "ScintillateShinyLayer.swift",
        "ScintillateSwizzlerKebab/NSView+ScintillateSwizzlerKebab.swift",
        "ScintillateSwizzlerKebab/ScintillateSwizzlerKebab.swift",
        "ScintillateSwizzlerKebab/UIView+ScintillateSwizzlerKebab.swift",
        "Utility Extensions/NSColor+ColorAssets.swift",
        "Utility Extensions/UIColor+ColorAssets.swift"
      ],
      "type" : "library"
    }
  ],
  "tools_version" : "5.5"
}
{
  "workspace" : {
    "name" : "Scintillate",
    "schemes" : [
      "Scintillate",
      "ScintillateExample (iOS)",
      "ScintillateExample (macOS)"
    ]
  }
}
{
  "workspace" : {
    "name" : "Scintillate",
    "schemes" : [
      "Scintillate"
    ]
  }
}
2026-09-18 02:33:07.921 xcodebuild[651:4192] [MT] IDERunDestination: Supported platforms for the buildables in the current scheme is empty.
Running build ...
env DEVELOPER_DIR=/Applications/Xcode-27.0.0-Release.Candidate.app xcrun xcodebuild -IDEClonedSourcePackagesDirPathOverride=$PWD/.dependencies -skipMacroValidation -skipPackagePluginValidation -derivedDataPath $PWD/.derivedData build -scheme Scintillate -destination generic/platform=tvOS
Command line invocation:
    /Applications/Xcode-27.0.0-Release.Candidate.app/Contents/Developer/usr/bin/xcodebuild -IDEClonedSourcePackagesDirPathOverride=/Users/admin/builder/spi-builder-workspace/.dependencies -skipMacroValidation -skipPackagePluginValidation -derivedDataPath /Users/admin/builder/spi-builder-workspace/.derivedData build -scheme Scintillate -destination generic/platform=tvOS
Resolve Package Graph
Resolved source packages:
  Scintillate: /Users/admin/builder/spi-builder-workspace
ComputePackagePrebuildTargetDependencyGraph
Prepare packages
CreateBuildRequest
SendProjectDescription
CreateBuildOperation
ComputeTargetDependencyGraph
note: Building targets in dependency order
note: Target dependency graph (3 targets)
    Target 'Scintillate-product' in project 'Scintillate'
        ➜ Explicit dependency on target 'Scintillate' in project 'Scintillate'
        ➜ Explicit dependency on target 'Scintillate_Scintillate' in project 'Scintillate'
    Target 'Scintillate' in project 'Scintillate'
        ➜ Explicit dependency on target 'Scintillate_Scintillate' in project 'Scintillate'
    Target 'Scintillate_Scintillate' in project 'Scintillate' (no dependencies)
GatherProvisioningInputs
CreateBuildDescription
ExecuteExternalTool /Applications/Xcode-27.0.0-Release.Candidate.app/Contents/Developer/Toolchains/XcodeDefault.xctoolchain/usr/bin/clang -v -E -dM -isysroot /Applications/Xcode-27.0.0-Release.Candidate.app/Contents/Developer/Platforms/AppleTVOS.platform/Developer/SDKs/AppleTVOS27.0.sdk -x c -c /dev/null
ExecuteExternalTool /Applications/Xcode-27.0.0-Release.Candidate.app/Contents/Developer/usr/bin/actool --version --output-format xml1
ExecuteExternalTool /Applications/Xcode-27.0.0-Release.Candidate.app/Contents/Developer/Toolchains/XcodeDefault.xctoolchain/usr/bin/swiftc --version
ExecuteExternalTool /Applications/Xcode-27.0.0-Release.Candidate.app/Contents/Developer/Toolchains/XcodeDefault.xctoolchain/usr/bin/ld -version_details
ReadFileContents /Applications/Xcode-27.0.0-Release.Candidate.app/Contents/Developer/Toolchains/XcodeDefault.xctoolchain/usr/share/docc/features.json
Build description signature: 01010e794a2e42d9003923ba5cd3641e
Build description path: /Users/admin/builder/spi-builder-workspace/.derivedData/Build/Intermediates.noindex/XCBuildData/01010e794a2e42d9003923ba5cd3641e.xcbuilddata
CreateBuildDirectory /Users/admin/builder/spi-builder-workspace/.derivedData/SDKExplicitPrecompiledModules
    cd /Users/admin/builder/spi-builder-workspace/.swiftpm/xcode
    builtin-create-build-directory /Users/admin/builder/spi-builder-workspace/.derivedData/SDKExplicitPrecompiledModules
CreateBuildDirectory /Users/admin/builder/spi-builder-workspace/.derivedData/ModuleCache.noindex
    cd /Users/admin/builder/spi-builder-workspace/.swiftpm/xcode
    builtin-create-build-directory /Users/admin/builder/spi-builder-workspace/.derivedData/ModuleCache.noindex
CreateBuildDirectory /Users/admin/builder/spi-builder-workspace/.derivedData/CompilationCache.noindex
    cd /Users/admin/builder/spi-builder-workspace/.swiftpm/xcode
    builtin-create-build-directory /Users/admin/builder/spi-builder-workspace/.derivedData/CompilationCache.noindex
CreateBuildDirectory /Users/admin/builder/spi-builder-workspace/.derivedData/Build/Products
    cd /Users/admin/builder/spi-builder-workspace/.swiftpm/xcode
    builtin-create-build-directory /Users/admin/builder/spi-builder-workspace/.derivedData/Build/Products
CreateBuildDirectory /Users/admin/builder/spi-builder-workspace/.derivedData/Build/Intermediates.noindex
    cd /Users/admin/builder/spi-builder-workspace/.swiftpm/xcode
    builtin-create-build-directory /Users/admin/builder/spi-builder-workspace/.derivedData/Build/Intermediates.noindex
ClangStatCache /Applications/Xcode-27.0.0-Release.Candidate.app/Contents/Developer/Toolchains/XcodeDefault.xctoolchain/usr/bin/clang-stat-cache /Applications/Xcode-27.0.0-Release.Candidate.app/Contents/Developer/Platforms/AppleTVOS.platform/Developer/SDKs/AppleTVOS27.0.sdk /Users/admin/builder/spi-builder-workspace/.derivedData/SDKStatCaches.noindex/appletvos27.0-24J360-e829b21a6f8c9b70876ba0858053c044b32bfd8d43560033f8d89884cdb90028.sdkstatcache
    cd /Users/admin/builder/spi-builder-workspace/.swiftpm/xcode
    /Applications/Xcode-27.0.0-Release.Candidate.app/Contents/Developer/Toolchains/XcodeDefault.xctoolchain/usr/bin/clang-stat-cache /Applications/Xcode-27.0.0-Release.Candidate.app/Contents/Developer/Platforms/AppleTVOS.platform/Developer/SDKs/AppleTVOS27.0.sdk -o /Users/admin/builder/spi-builder-workspace/.derivedData/SDKStatCaches.noindex/appletvos27.0-24J360-e829b21a6f8c9b70876ba0858053c044b32bfd8d43560033f8d89884cdb90028.sdkstatcache
CreateBuildDirectory /Users/admin/builder/spi-builder-workspace/.derivedData/Build/Intermediates.noindex/SwiftExplicitPrecompiledModules
    cd /Users/admin/builder/spi-builder-workspace/.swiftpm/xcode
    builtin-create-build-directory /Users/admin/builder/spi-builder-workspace/.derivedData/Build/Intermediates.noindex/SwiftExplicitPrecompiledModules
CreateBuildDirectory /Users/admin/builder/spi-builder-workspace/.derivedData/Build/Intermediates.noindex/PrecompiledHeaders
    cd /Users/admin/builder/spi-builder-workspace/.swiftpm/xcode
    builtin-create-build-directory /Users/admin/builder/spi-builder-workspace/.derivedData/Build/Intermediates.noindex/PrecompiledHeaders
CreateBuildDirectory /Users/admin/builder/spi-builder-workspace/.derivedData/Build/Intermediates.noindex/ExplicitPrecompiledModules
    cd /Users/admin/builder/spi-builder-workspace/.swiftpm/xcode
    builtin-create-build-directory /Users/admin/builder/spi-builder-workspace/.derivedData/Build/Intermediates.noindex/ExplicitPrecompiledModules
CreateBuildDirectory /Users/admin/builder/spi-builder-workspace/.derivedData/Build/Intermediates.noindex/EagerLinkingTBDs/Debug-appletvos
    cd /Users/admin/builder/spi-builder-workspace/.swiftpm/xcode
    builtin-create-build-directory /Users/admin/builder/spi-builder-workspace/.derivedData/Build/Intermediates.noindex/EagerLinkingTBDs/Debug-appletvos
CreateBuildDirectory /Users/admin/builder/spi-builder-workspace/.derivedData/Build/Products/Debug-appletvos
    cd /Users/admin/builder/spi-builder-workspace/.swiftpm/xcode
    builtin-create-build-directory /Users/admin/builder/spi-builder-workspace/.derivedData/Build/Products/Debug-appletvos
CreateBuildDirectory /Users/admin/builder/spi-builder-workspace/.derivedData/Build/Products/Debug-appletvos/PackageFrameworks
    cd /Users/admin/builder/spi-builder-workspace/.swiftpm/xcode
    builtin-create-build-directory /Users/admin/builder/spi-builder-workspace/.derivedData/Build/Products/Debug-appletvos/PackageFrameworks
MkDir /Users/admin/builder/spi-builder-workspace/.derivedData/Build/Products/Debug-appletvos/Scintillate_Scintillate.bundle (in target 'Scintillate_Scintillate' from project 'Scintillate')
    cd /Users/admin/builder/spi-builder-workspace
    /bin/mkdir -p /Users/admin/builder/spi-builder-workspace/.derivedData/Build/Products/Debug-appletvos/Scintillate_Scintillate.bundle
WriteAuxiliaryFile /Users/admin/builder/spi-builder-workspace/.derivedData/Build/Intermediates.noindex/Scintillate.build/Debug-appletvos/Scintillate_Scintillate-b.build/empty-Scintillate_Scintillate.plist (in target 'Scintillate_Scintillate' from project 'Scintillate')
    cd /Users/admin/builder/spi-builder-workspace
    write-file /Users/admin/builder/spi-builder-workspace/.derivedData/Build/Intermediates.noindex/Scintillate.build/Debug-appletvos/Scintillate_Scintillate-b.build/empty-Scintillate_Scintillate.plist
WriteAuxiliaryFile /Users/admin/builder/spi-builder-workspace/.derivedData/Build/Intermediates.noindex/Scintillate.build/Debug-appletvos/Scintillate_Scintillate-b.build/Scintillate_Scintillate.DependencyMetadataFileList (in target 'Scintillate_Scintillate' from project 'Scintillate')
    cd /Users/admin/builder/spi-builder-workspace
    write-file /Users/admin/builder/spi-builder-workspace/.derivedData/Build/Intermediates.noindex/Scintillate.build/Debug-appletvos/Scintillate_Scintillate-b.build/Scintillate_Scintillate.DependencyMetadataFileList
WriteAuxiliaryFile /Users/admin/builder/spi-builder-workspace/.derivedData/Build/Intermediates.noindex/Scintillate.build/Debug-appletvos/Scintillate_Scintillate-b.build/Scintillate_Scintillate.DependencyStaticMetadataFileList (in target 'Scintillate_Scintillate' from project 'Scintillate')
    cd /Users/admin/builder/spi-builder-workspace
    write-file /Users/admin/builder/spi-builder-workspace/.derivedData/Build/Intermediates.noindex/Scintillate.build/Debug-appletvos/Scintillate_Scintillate-b.build/Scintillate_Scintillate.DependencyStaticMetadataFileList
WriteAuxiliaryFile /Users/admin/builder/spi-builder-workspace/.derivedData/Build/Intermediates.noindex/Scintillate.build/Debug-appletvos/Scintillate-t.build/Scintillate.modulemap (in target 'Scintillate' from project 'Scintillate')
    cd /Users/admin/builder/spi-builder-workspace
    write-file /Users/admin/builder/spi-builder-workspace/.derivedData/Build/Intermediates.noindex/Scintillate.build/Debug-appletvos/Scintillate-t.build/Scintillate.modulemap
WriteAuxiliaryFile /Users/admin/builder/spi-builder-workspace/.derivedData/Build/Intermediates.noindex/Scintillate.build/Debug-appletvos/Scintillate-t.build/Scintillate.DependencyStaticMetadataFileList (in target 'Scintillate' from project 'Scintillate')
    cd /Users/admin/builder/spi-builder-workspace
    write-file /Users/admin/builder/spi-builder-workspace/.derivedData/Build/Intermediates.noindex/Scintillate.build/Debug-appletvos/Scintillate-t.build/Scintillate.DependencyStaticMetadataFileList
WriteAuxiliaryFile /Users/admin/builder/spi-builder-workspace/.derivedData/Build/Intermediates.noindex/Scintillate.build/Debug-appletvos/Scintillate-t.build/Scintillate.DependencyMetadataFileList (in target 'Scintillate' from project 'Scintillate')
    cd /Users/admin/builder/spi-builder-workspace
    write-file /Users/admin/builder/spi-builder-workspace/.derivedData/Build/Intermediates.noindex/Scintillate.build/Debug-appletvos/Scintillate-t.build/Scintillate.DependencyMetadataFileList
WriteAuxiliaryFile /Users/admin/builder/spi-builder-workspace/.derivedData/Build/Intermediates.noindex/Scintillate.build/Debug-appletvos/Scintillate-t.build/Objects-normal/arm64/Scintillate_const_extract_protocols.json (in target 'Scintillate' from project 'Scintillate')
    cd /Users/admin/builder/spi-builder-workspace
    write-file /Users/admin/builder/spi-builder-workspace/.derivedData/Build/Intermediates.noindex/Scintillate.build/Debug-appletvos/Scintillate-t.build/Objects-normal/arm64/Scintillate_const_extract_protocols.json
WriteAuxiliaryFile /Users/admin/builder/spi-builder-workspace/.derivedData/Build/Intermediates.noindex/Scintillate.build/Debug-appletvos/Scintillate-t.build/Objects-normal/arm64/Scintillate.SwiftFileList (in target 'Scintillate' from project 'Scintillate')
    cd /Users/admin/builder/spi-builder-workspace
    write-file /Users/admin/builder/spi-builder-workspace/.derivedData/Build/Intermediates.noindex/Scintillate.build/Debug-appletvos/Scintillate-t.build/Objects-normal/arm64/Scintillate.SwiftFileList
WriteAuxiliaryFile /Users/admin/builder/spi-builder-workspace/.derivedData/Build/Intermediates.noindex/Scintillate.build/Debug-appletvos/Scintillate-t.build/Objects-normal/arm64/Scintillate.SwiftConstValuesFileList (in target 'Scintillate' from project 'Scintillate')
    cd /Users/admin/builder/spi-builder-workspace
    write-file /Users/admin/builder/spi-builder-workspace/.derivedData/Build/Intermediates.noindex/Scintillate.build/Debug-appletvos/Scintillate-t.build/Objects-normal/arm64/Scintillate.SwiftConstValuesFileList
WriteAuxiliaryFile /Users/admin/builder/spi-builder-workspace/.derivedData/Build/Intermediates.noindex/Scintillate.build/Debug-appletvos/Scintillate-t.build/Objects-normal/arm64/Scintillate.LinkFileList (in target 'Scintillate' from project 'Scintillate')
    cd /Users/admin/builder/spi-builder-workspace
    write-file /Users/admin/builder/spi-builder-workspace/.derivedData/Build/Intermediates.noindex/Scintillate.build/Debug-appletvos/Scintillate-t.build/Objects-normal/arm64/Scintillate.LinkFileList
WriteAuxiliaryFile /Users/admin/builder/spi-builder-workspace/.derivedData/Build/Intermediates.noindex/Scintillate.build/Debug-appletvos/Scintillate-t.build/Objects-normal/arm64/Scintillate-OutputFileMap.json (in target 'Scintillate' from project 'Scintillate')
    cd /Users/admin/builder/spi-builder-workspace
    write-file /Users/admin/builder/spi-builder-workspace/.derivedData/Build/Intermediates.noindex/Scintillate.build/Debug-appletvos/Scintillate-t.build/Objects-normal/arm64/Scintillate-OutputFileMap.json
WriteAuxiliaryFile /Users/admin/builder/spi-builder-workspace/.derivedData/Build/Intermediates.noindex/Scintillate.build/Debug-appletvos/Scintillate-t.build/DerivedSources/resource_bundle_accessor.swift (in target 'Scintillate' from project 'Scintillate')
    cd /Users/admin/builder/spi-builder-workspace
    write-file /Users/admin/builder/spi-builder-workspace/.derivedData/Build/Intermediates.noindex/Scintillate.build/Debug-appletvos/Scintillate-t.build/DerivedSources/resource_bundle_accessor.swift
Copy /Users/admin/builder/spi-builder-workspace/.derivedData/Build/Intermediates.noindex/GeneratedModuleMaps-appletvos/Scintillate.modulemap /Users/admin/builder/spi-builder-workspace/.derivedData/Build/Intermediates.noindex/Scintillate.build/Debug-appletvos/Scintillate-t.build/Scintillate.modulemap (in target 'Scintillate' from project 'Scintillate')
    cd /Users/admin/builder/spi-builder-workspace
    builtin-copy -exclude .DS_Store -exclude CVS -exclude .svn -exclude .git -exclude .hg -resolve-src-symlinks /Users/admin/builder/spi-builder-workspace/.derivedData/Build/Intermediates.noindex/Scintillate.build/Debug-appletvos/Scintillate-t.build/Scintillate.modulemap /Users/admin/builder/spi-builder-workspace/.derivedData/Build/Intermediates.noindex/GeneratedModuleMaps-appletvos
MkDir /Users/admin/builder/spi-builder-workspace/.derivedData/Build/Intermediates.noindex/Scintillate.build/Debug-appletvos/Scintillate_Scintillate-b.build/assetcatalog_output/unthinned (in target 'Scintillate_Scintillate' from project 'Scintillate')
    cd /Users/admin/builder/spi-builder-workspace
    /bin/mkdir -p /Users/admin/builder/spi-builder-workspace/.derivedData/Build/Intermediates.noindex/Scintillate.build/Debug-appletvos/Scintillate_Scintillate-b.build/assetcatalog_output/unthinned
MkDir /Users/admin/builder/spi-builder-workspace/.derivedData/Build/Intermediates.noindex/Scintillate.build/Debug-appletvos/Scintillate_Scintillate-b.build/assetcatalog_output/thinned (in target 'Scintillate_Scintillate' from project 'Scintillate')
    cd /Users/admin/builder/spi-builder-workspace
    /bin/mkdir -p /Users/admin/builder/spi-builder-workspace/.derivedData/Build/Intermediates.noindex/Scintillate.build/Debug-appletvos/Scintillate_Scintillate-b.build/assetcatalog_output/thinned
GenerateAssetSymbols /Users/admin/builder/spi-builder-workspace/Sources/Scintillate/Colors.xcassets (in target 'Scintillate' from project 'Scintillate')
    cd /Users/admin/builder/spi-builder-workspace
    /Applications/Xcode-27.0.0-Release.Candidate.app/Contents/Developer/usr/bin/actool /Users/admin/builder/spi-builder-workspace/Sources/Scintillate/Colors.xcassets --compile /Users/admin/builder/spi-builder-workspace/.derivedData/Build/Products/Debug-appletvos --output-format human-readable-text --notices --warnings --export-dependency-info /Users/admin/builder/spi-builder-workspace/.derivedData/Build/Intermediates.noindex/Scintillate.build/Debug-appletvos/Scintillate-t.build/assetcatalog_dependencies --output-partial-info-plist /Users/admin/builder/spi-builder-workspace/.derivedData/Build/Intermediates.noindex/Scintillate.build/Debug-appletvos/Scintillate-t.build/assetcatalog_generated_info.plist --compress-pngs --enable-on-demand-resources NO --development-region en --leaderboard-identifier-prefix Scintillate.game-center.leaderboard. --leaderboard-set-identifier-prefix Scintillate.game-center.leaderboard-set. --target-device tv --minimum-deployment-target 15.0 --platform appletvos --bundle-identifier spi-builder-workspace.Scintillate --generate-swift-asset-symbol-extensions NO --generate-swift-asset-symbols /Users/admin/builder/spi-builder-workspace/.derivedData/Build/Intermediates.noindex/Scintillate.build/Debug-appletvos/Scintillate-t.build/DerivedSources/GeneratedAssetSymbols.swift --generate-objc-asset-symbols /Users/admin/builder/spi-builder-workspace/.derivedData/Build/Intermediates.noindex/Scintillate.build/Debug-appletvos/Scintillate-t.build/DerivedSources/GeneratedAssetSymbols.h --generate-asset-symbol-index /Users/admin/builder/spi-builder-workspace/.derivedData/Build/Intermediates.noindex/Scintillate.build/Debug-appletvos/Scintillate-t.build/DerivedSources/GeneratedAssetSymbols-Index.plist
/* com.apple.actool.compilation-results */
/Users/admin/builder/spi-builder-workspace/.derivedData/Build/Intermediates.noindex/Scintillate.build/Debug-appletvos/Scintillate-t.build/DerivedSources/GeneratedAssetSymbols-Index.plist
/Users/admin/builder/spi-builder-workspace/.derivedData/Build/Intermediates.noindex/Scintillate.build/Debug-appletvos/Scintillate-t.build/DerivedSources/GeneratedAssetSymbols.h
/Users/admin/builder/spi-builder-workspace/.derivedData/Build/Intermediates.noindex/Scintillate.build/Debug-appletvos/Scintillate-t.build/DerivedSources/GeneratedAssetSymbols.swift
CompileAssetCatalogVariant thinned /Users/admin/builder/spi-builder-workspace/.derivedData/Build/Products/Debug-appletvos/Scintillate_Scintillate.bundle /Users/admin/builder/spi-builder-workspace/Sources/Scintillate/Colors.xcassets (in target 'Scintillate_Scintillate' from project 'Scintillate')
    cd /Users/admin/builder/spi-builder-workspace
    /Applications/Xcode-27.0.0-Release.Candidate.app/Contents/Developer/usr/bin/actool /Users/admin/builder/spi-builder-workspace/Sources/Scintillate/Colors.xcassets --compile /Users/admin/builder/spi-builder-workspace/.derivedData/Build/Intermediates.noindex/Scintillate.build/Debug-appletvos/Scintillate_Scintillate-b.build/assetcatalog_output/thinned --output-format human-readable-text --notices --warnings --export-dependency-info /Users/admin/builder/spi-builder-workspace/.derivedData/Build/Intermediates.noindex/Scintillate.build/Debug-appletvos/Scintillate_Scintillate-b.build/assetcatalog_dependencies_thinned --output-partial-info-plist /Users/admin/builder/spi-builder-workspace/.derivedData/Build/Intermediates.noindex/Scintillate.build/Debug-appletvos/Scintillate_Scintillate-b.build/assetcatalog_generated_info.plist_thinned --compress-pngs --enable-on-demand-resources NO --development-region en --leaderboard-identifier-prefix Scintillate_Scintillate.game-center.leaderboard. --leaderboard-set-identifier-prefix Scintillate_Scintillate.game-center.leaderboard-set. --target-device tv --minimum-deployment-target 15.0 --platform appletvos
/* com.apple.actool.compilation-results */
/Users/admin/builder/spi-builder-workspace/.derivedData/Build/Intermediates.noindex/Scintillate.build/Debug-appletvos/Scintillate_Scintillate-b.build/assetcatalog_generated_info.plist_thinned
/Users/admin/builder/spi-builder-workspace/.derivedData/Build/Intermediates.noindex/Scintillate.build/Debug-appletvos/Scintillate_Scintillate-b.build/assetcatalog_output/thinned/Assets.car
SwiftDriver Scintillate normal arm64 com.apple.xcode.tools.swift.compiler (in target 'Scintillate' from project 'Scintillate')
    cd /Users/admin/builder/spi-builder-workspace/.swiftpm/xcode
    builtin-SwiftDriver -- /Applications/Xcode-27.0.0-Release.Candidate.app/Contents/Developer/Toolchains/XcodeDefault.xctoolchain/usr/bin/swiftc -parse-as-library -module-name Scintillate -Onone @/Users/admin/builder/spi-builder-workspace/.derivedData/Build/Intermediates.noindex/Scintillate.build/Debug-appletvos/Scintillate-t.build/Objects-normal/arm64/Scintillate.SwiftFileList -DSWIFT_PACKAGE -DDEBUG -DSWIFT_MODULE_RESOURCE_BUNDLE_AVAILABLE -DXcode -plugin-path /Applications/Xcode-27.0.0-Release.Candidate.app/Contents/Developer/Toolchains/XcodeDefault.xctoolchain/usr/lib/swift/host/plugins/testing -enable-experimental-feature DebugDescriptionMacro -sdk /Applications/Xcode-27.0.0-Release.Candidate.app/Contents/Developer/Platforms/AppleTVOS.platform/Developer/SDKs/AppleTVOS27.0.sdk -target arm64-apple-tvos15.0 -g -module-cache-path /Users/admin/builder/spi-builder-workspace/.derivedData/ModuleCache.noindex -Xfrontend -serialize-debugging-options -profile-coverage-mapping -profile-generate -enable-testing -index-store-path /Users/admin/builder/spi-builder-workspace/.derivedData/Index.noindex/DataStore -Xcc -D_LIBCPP_HARDENING_MODE\=_LIBCPP_HARDENING_MODE_DEBUG -swift-version 5 -I /Users/admin/builder/spi-builder-workspace/.derivedData/Build/Products/Debug-appletvos -Isystem /Applications/Xcode-27.0.0-Release.Candidate.app/Contents/Developer/Platforms/AppleTVOS.platform/Developer/usr/lib -F /Users/admin/builder/spi-builder-workspace/.derivedData/Build/Products/Debug-appletvos -F /Applications/Xcode-27.0.0-Release.Candidate.app/Contents/Developer/Platforms/AppleTVOS.platform/Developer/Library/Frameworks -F /Applications/Xcode-27.0.0-Release.Candidate.app/Contents/Developer/Platforms/AppleTVOS.platform/Developer/SDKs/AppleTVOS27.0.sdk/Developer/Library/Frameworks -c -j10 -enable-batch-mode -incremental -Xcc -ivfsstatcache -Xcc /Users/admin/builder/spi-builder-workspace/.derivedData/SDKStatCaches.noindex/appletvos27.0-24J360-e829b21a6f8c9b70876ba0858053c044b32bfd8d43560033f8d89884cdb90028.sdkstatcache -output-file-map /Users/admin/builder/spi-builder-workspace/.derivedData/Build/Intermediates.noindex/Scintillate.build/Debug-appletvos/Scintillate-t.build/Objects-normal/arm64/Scintillate-OutputFileMap.json -save-temps -no-color-diagnostics -explicit-module-build -module-cache-path /Users/admin/builder/spi-builder-workspace/.derivedData/Build/Intermediates.noindex/SwiftExplicitPrecompiledModules -clang-scanner-module-cache-path /Users/admin/builder/spi-builder-workspace/.derivedData/ModuleCache.noindex -sdk-module-cache-path /Users/admin/builder/spi-builder-workspace/.derivedData/SDKExplicitPrecompiledModules -emit-dependencies -emit-module -emit-module-path /Users/admin/builder/spi-builder-workspace/.derivedData/Build/Intermediates.noindex/Scintillate.build/Debug-appletvos/Scintillate-t.build/Objects-normal/arm64/Scintillate.swiftmodule -serialize-diagnostics -dependency-scan-serialize-diagnostics-path /Users/admin/builder/spi-builder-workspace/.derivedData/Build/Intermediates.noindex/Scintillate.build/Debug-appletvos/Scintillate-t.build/Objects-normal/arm64/Scintillate-dependency-scan.dia -validate-clang-modules-once -clang-build-session-file /Users/admin/builder/spi-builder-workspace/.derivedData/ModuleCache.noindex/Session.modulevalidation -Xcc -fmodules-prune-interval\=86400 -Xcc -fmodules-prune-after\=345600 -emit-const-values -const-gather-protocols-list /Users/admin/builder/spi-builder-workspace/.derivedData/Build/Intermediates.noindex/Scintillate.build/Debug-appletvos/Scintillate-t.build/Objects-normal/arm64/Scintillate_const_extract_protocols.json -Xcc -I/Users/admin/builder/spi-builder-workspace/.derivedData/Build/Products/Debug-appletvos/include -Xcc -I/Users/admin/builder/spi-builder-workspace/.derivedData/Build/Intermediates.noindex/Scintillate.build/Debug-appletvos/Scintillate-t.build/DerivedSources-normal/arm64 -Xcc -I/Users/admin/builder/spi-builder-workspace/.derivedData/Build/Intermediates.noindex/Scintillate.build/Debug-appletvos/Scintillate-t.build/DerivedSources/arm64 -Xcc -I/Users/admin/builder/spi-builder-workspace/.derivedData/Build/Intermediates.noindex/Scintillate.build/Debug-appletvos/Scintillate-t.build/DerivedSources -Xcc -DSWIFT_PACKAGE -Xcc -DDEBUG\=1 -emit-objc-header -emit-objc-header-path /Users/admin/builder/spi-builder-workspace/.derivedData/Build/Intermediates.noindex/Scintillate.build/Debug-appletvos/Scintillate-t.build/Objects-normal/arm64/Scintillate-Swift.h -working-directory /Users/admin/builder/spi-builder-workspace/.swiftpm/xcode -experimental-emit-module-separately -disable-cmo
LinkAssetCatalog /Users/admin/builder/spi-builder-workspace/Sources/Scintillate/Colors.xcassets (in target 'Scintillate_Scintillate' from project 'Scintillate')
    cd /Users/admin/builder/spi-builder-workspace
    builtin-linkAssetCatalog --thinned /Users/admin/builder/spi-builder-workspace/.derivedData/Build/Intermediates.noindex/Scintillate.build/Debug-appletvos/Scintillate_Scintillate-b.build/assetcatalog_output/thinned --thinned-dependencies /Users/admin/builder/spi-builder-workspace/.derivedData/Build/Intermediates.noindex/Scintillate.build/Debug-appletvos/Scintillate_Scintillate-b.build/assetcatalog_dependencies_thinned --thinned-info-plist-content /Users/admin/builder/spi-builder-workspace/.derivedData/Build/Intermediates.noindex/Scintillate.build/Debug-appletvos/Scintillate_Scintillate-b.build/assetcatalog_generated_info.plist_thinned --unthinned /Users/admin/builder/spi-builder-workspace/.derivedData/Build/Intermediates.noindex/Scintillate.build/Debug-appletvos/Scintillate_Scintillate-b.build/assetcatalog_output/unthinned --unthinned-dependencies /Users/admin/builder/spi-builder-workspace/.derivedData/Build/Intermediates.noindex/Scintillate.build/Debug-appletvos/Scintillate_Scintillate-b.build/assetcatalog_dependencies_unthinned --unthinned-info-plist-content /Users/admin/builder/spi-builder-workspace/.derivedData/Build/Intermediates.noindex/Scintillate.build/Debug-appletvos/Scintillate_Scintillate-b.build/assetcatalog_generated_info.plist_unthinned --output /Users/admin/builder/spi-builder-workspace/.derivedData/Build/Products/Debug-appletvos/Scintillate_Scintillate.bundle --plist-output /Users/admin/builder/spi-builder-workspace/.derivedData/Build/Intermediates.noindex/Scintillate.build/Debug-appletvos/Scintillate_Scintillate-b.build/assetcatalog_generated_info.plist
note: Emplaced /Users/admin/builder/spi-builder-workspace/.derivedData/Build/Products/Debug-appletvos/Scintillate_Scintillate.bundle/Assets.car (in target 'Scintillate_Scintillate' from project 'Scintillate')
ProcessInfoPlistFile /Users/admin/builder/spi-builder-workspace/.derivedData/Build/Products/Debug-appletvos/Scintillate_Scintillate.bundle/Info.plist /Users/admin/builder/spi-builder-workspace/.derivedData/Build/Intermediates.noindex/Scintillate.build/Debug-appletvos/Scintillate_Scintillate-b.build/empty-Scintillate_Scintillate.plist (in target 'Scintillate_Scintillate' from project 'Scintillate')
    cd /Users/admin/builder/spi-builder-workspace
    builtin-infoPlistUtility /Users/admin/builder/spi-builder-workspace/.derivedData/Build/Intermediates.noindex/Scintillate.build/Debug-appletvos/Scintillate_Scintillate-b.build/empty-Scintillate_Scintillate.plist -producttype com.apple.product-type.bundle -expandbuildsettings -format binary -platform appletvos -additionalcontentfile /Users/admin/builder/spi-builder-workspace/.derivedData/Build/Intermediates.noindex/Scintillate.build/Debug-appletvos/Scintillate_Scintillate-b.build/assetcatalog_generated_info.plist -o /Users/admin/builder/spi-builder-workspace/.derivedData/Build/Products/Debug-appletvos/Scintillate_Scintillate.bundle/Info.plist
RegisterExecutionPolicyException /Users/admin/builder/spi-builder-workspace/.derivedData/Build/Products/Debug-appletvos/Scintillate_Scintillate.bundle (in target 'Scintillate_Scintillate' from project 'Scintillate')
    cd /Users/admin/builder/spi-builder-workspace
    builtin-RegisterExecutionPolicyException /Users/admin/builder/spi-builder-workspace/.derivedData/Build/Products/Debug-appletvos/Scintillate_Scintillate.bundle
Touch /Users/admin/builder/spi-builder-workspace/.derivedData/Build/Products/Debug-appletvos/Scintillate_Scintillate.bundle (in target 'Scintillate_Scintillate' from project 'Scintillate')
    cd /Users/admin/builder/spi-builder-workspace
    /usr/bin/touch -c /Users/admin/builder/spi-builder-workspace/.derivedData/Build/Products/Debug-appletvos/Scintillate_Scintillate.bundle
SwiftExplicitDependencyGeneratePcm arm64 /Users/admin/builder/spi-builder-workspace/.derivedData/SDKExplicitPrecompiledModules/_Builtin_stdarg-BO2OCAUYVAXDRVQWQ8ISKGNUQ.pcm
SwiftExplicitDependencyGeneratePcm arm64 /Users/admin/builder/spi-builder-workspace/.derivedData/SDKExplicitPrecompiledModules/_AvailabilityInternal-BV2EDDP0MI5QJDDPEEV4D9D3V.pcm
SwiftExplicitDependencyGeneratePcm arm64 /Users/admin/builder/spi-builder-workspace/.derivedData/SDKExplicitPrecompiledModules/ptrauth-8X2KEPL7CTRPS40TUB9APHPK6.pcm
SwiftExplicitDependencyGeneratePcm arm64 /Users/admin/builder/spi-builder-workspace/.derivedData/SDKExplicitPrecompiledModules/_Builtin_float-8ZJAYZ85YBOAOP52Y9H6IUNP3.pcm
SwiftExplicitDependencyGeneratePcm arm64 /Users/admin/builder/spi-builder-workspace/.derivedData/SDKExplicitPrecompiledModules/_Builtin_stdbool-AHRDH5EKLY6D04C5E42F3VCQI.pcm
SwiftExplicitDependencyGeneratePcm arm64 /Users/admin/builder/spi-builder-workspace/.derivedData/SDKExplicitPrecompiledModules/_Builtin_stddef-9ZJZ6FDEZNKTZU8YLPMFT9RAQ.pcm
SwiftExplicitDependencyGeneratePcm arm64 /Users/admin/builder/spi-builder-workspace/.derivedData/SDKExplicitPrecompiledModules/_SwiftConcurrencyShims-BY5PD8KF1L5KF6F4Q69HE3TJ4.pcm
SwiftExplicitDependencyGeneratePcm arm64 /Users/admin/builder/spi-builder-workspace/.derivedData/SDKExplicitPrecompiledModules/ptrcheck-2AZ6B5IBYD3RRRTFWN2ONASY3.pcm
SwiftExplicitDependencyGeneratePcm arm64 /Users/admin/builder/spi-builder-workspace/.derivedData/SDKExplicitPrecompiledModules/DeveloperToolsSupport-B1X8RI63V48AJRTH2RK6JAARV.pcm
SwiftExplicitDependencyGeneratePcm arm64 /Users/admin/builder/spi-builder-workspace/.derivedData/SDKExplicitPrecompiledModules/SwiftShims-8N4EXJ4RUJTR8K9OO3CMOH1EP.pcm
SwiftExplicitDependencyGeneratePcm arm64 /Users/admin/builder/spi-builder-workspace/.derivedData/SDKExplicitPrecompiledModules/_DarwinFoundation1-JOTYMOA1YZCIJ2NON6FQ848O.pcm
SwiftExplicitDependencyGeneratePcm arm64 /Users/admin/builder/spi-builder-workspace/.derivedData/SDKExplicitPrecompiledModules/_DarwinFoundation2-AOGAN1O02NKXRJN5V73AV3V3M.pcm
SwiftExplicitDependencyGeneratePcm arm64 /Users/admin/builder/spi-builder-workspace/.derivedData/SDKExplicitPrecompiledModules/_Builtin_limits-7JU2HP127LIT1X9E2V3D8WZ1.pcm
SwiftExplicitDependencyGeneratePcm arm64 /Users/admin/builder/spi-builder-workspace/.derivedData/SDKExplicitPrecompiledModules/_Builtin_stdint-6NFTB6IBKS143IVPGT1EKB7HO.pcm
SwiftExplicitDependencyGeneratePcm arm64 /Users/admin/builder/spi-builder-workspace/.derivedData/SDKExplicitPrecompiledModules/_Builtin_tgmath-7ULT1EUHDHW4OZPSTT33H6QGE.pcm
SwiftExplicitDependencyGeneratePcm arm64 /Users/admin/builder/spi-builder-workspace/.derivedData/SDKExplicitPrecompiledModules/sys_types-8GCAV1YMG5UUGHUID3CA20TCH.pcm
SwiftExplicitDependencyGeneratePcm arm64 /Users/admin/builder/spi-builder-workspace/.derivedData/SDKExplicitPrecompiledModules/string_h-6EVHP7A717OUS5DMC78F79HWO.pcm
SwiftExplicitDependencyGeneratePcm arm64 /Users/admin/builder/spi-builder-workspace/.derivedData/SDKExplicitPrecompiledModules/_DarwinFoundation3-8SR3855WDFHQPR6G9GHOI2C07.pcm
SwiftExplicitDependencyGeneratePcm arm64 /Users/admin/builder/spi-builder-workspace/.derivedData/SDKExplicitPrecompiledModules/_Builtin_intrinsics-437O2R2NID4WAQVENR63GR82C.pcm
SwiftExplicitDependencyGeneratePcm arm64 /Users/admin/builder/spi-builder-workspace/.derivedData/SDKExplicitPrecompiledModules/_Builtin_stdatomic-3YXHN678NGYM3NL9POJ2HVEIF.pcm
SwiftExplicitDependencyGeneratePcm arm64 /Users/admin/builder/spi-builder-workspace/.derivedData/SDKExplicitPrecompiledModules/_Builtin_inttypes-6X1IQ3QK9KEVKXOK9Y79EW7J3.pcm
SwiftExplicitDependencyGeneratePcm arm64 /Users/admin/builder/spi-builder-workspace/.derivedData/SDKExplicitPrecompiledModules/Darwin-DBSQAVBBPC3D2OMU5ZI2RXMST.pcm
SwiftExplicitDependencyGeneratePcm arm64 /Users/admin/builder/spi-builder-workspace/.derivedData/SDKExplicitPrecompiledModules/simd-117QUXEUT3Z7UQCUYWV2UA228.pcm
SwiftExplicitDependencyGeneratePcm arm64 /Users/admin/builder/spi-builder-workspace/.derivedData/SDKExplicitPrecompiledModules/ObjectiveC-5250FDCE56N8508OR6XUYDKZM.pcm
SwiftExplicitDependencyGeneratePcm arm64 /Users/admin/builder/spi-builder-workspace/.derivedData/SDKExplicitPrecompiledModules/MachO-EH3F5PJCIZG05NO51CEFSZYPW.pcm
SwiftExplicitDependencyGeneratePcm arm64 /Users/admin/builder/spi-builder-workspace/.derivedData/SDKExplicitPrecompiledModules/os_object-E2DGZ0SX0TULQHULZRPO6OKNW.pcm
SwiftExplicitDependencyGeneratePcm arm64 /Users/admin/builder/spi-builder-workspace/.derivedData/SDKExplicitPrecompiledModules/os_workgroup-DBUFF7811DKMX7VPBOJPGGF1U.pcm
SwiftExplicitDependencyGeneratePcm arm64 /Users/admin/builder/spi-builder-workspace/.derivedData/SDKExplicitPrecompiledModules/Dispatch-1QL58A0V50C39KVAIC6C38SHL.pcm
SwiftExplicitDependencyGeneratePcm arm64 /Users/admin/builder/spi-builder-workspace/.derivedData/SDKExplicitPrecompiledModules/Spatial-7U8NLEFXSB8BR7PJQGVMF5A4Q.pcm
SwiftExplicitDependencyGeneratePcm arm64 /Users/admin/builder/spi-builder-workspace/.derivedData/SDKExplicitPrecompiledModules/XPC-6O2DJFT3QUJ7QKTD3SNUB6PCR.pcm
SwiftExplicitDependencyGeneratePcm arm64 /Users/admin/builder/spi-builder-workspace/.derivedData/SDKExplicitPrecompiledModules/CoreFoundation-7TPJ7ENDC4L1A1ESHYI9TXS0D.pcm
SwiftExplicitDependencyGeneratePcm arm64 /Users/admin/builder/spi-builder-workspace/.derivedData/SDKExplicitPrecompiledModules/os-3GJI8H0BNAEZPQPQ1V0VVY3FY.pcm
SwiftExplicitDependencyGeneratePcm arm64 /Users/admin/builder/spi-builder-workspace/.derivedData/SDKExplicitPrecompiledModules/Security-8VMXEKVDA3MHUH9AOTP905DID.pcm
SwiftExplicitDependencyGeneratePcm arm64 /Users/admin/builder/spi-builder-workspace/.derivedData/SDKExplicitPrecompiledModules/CFNetwork-2CUR2VK9S3S3WPFXPNXNUWYGN.pcm
SwiftExplicitDependencyGeneratePcm arm64 /Users/admin/builder/spi-builder-workspace/.derivedData/SDKExplicitPrecompiledModules/CoreGraphics-CWSP3J98S2658BYCVL6RP99T3.pcm
SwiftExplicitDependencyGeneratePcm arm64 /Users/admin/builder/spi-builder-workspace/.derivedData/SDKExplicitPrecompiledModules/CoreAudioTypes-E7EH96HAL3G83QSWLT7VWYIP4.pcm
SwiftExplicitDependencyGeneratePcm arm64 /Users/admin/builder/spi-builder-workspace/.derivedData/SDKExplicitPrecompiledModules/CoreAudio-6IR1XRM0Q9YQZMFW89F3H4V3X.pcm
SwiftExplicitDependencyGeneratePcm arm64 /Users/admin/builder/spi-builder-workspace/.derivedData/SDKExplicitPrecompiledModules/Foundation-BSSIP64DIGUKMAYJOG1WPQ78X.pcm
SwiftExplicitDependencyGeneratePcm arm64 /Users/admin/builder/spi-builder-workspace/.derivedData/SDKExplicitPrecompiledModules/ImageIO-88D4CLEBD4CLWQKT78PZ6H1O8.pcm
SwiftExplicitDependencyGeneratePcm arm64 /Users/admin/builder/spi-builder-workspace/.derivedData/SDKExplicitPrecompiledModules/CoreText-59NY7PABM0I4V978161FOC04A.pcm
SwiftExplicitDependencyGeneratePcm arm64 /Users/admin/builder/spi-builder-workspace/.derivedData/SDKExplicitPrecompiledModules/Symbols-B5AU9VM9Y7NU79RLMH13Z4IFM.pcm
SwiftExplicitDependencyGeneratePcm arm64 /Users/admin/builder/spi-builder-workspace/.derivedData/SDKExplicitPrecompiledModules/UniformTypeIdentifiers-95CC8U42ZA9STP5K6GP9ZVJS5.pcm
SwiftExplicitDependencyGeneratePcm arm64 /Users/admin/builder/spi-builder-workspace/.derivedData/SDKExplicitPrecompiledModules/CoreTransferable-7V4O8DATEQ9F7SDNTCW8YWLG3.pcm
SwiftExplicitDependencyGeneratePcm arm64 /Users/admin/builder/spi-builder-workspace/.derivedData/SDKExplicitPrecompiledModules/UserNotifications-E9ZW5TH066WIJWH9080RC5NG4.pcm
SwiftExplicitDependencyGeneratePcm arm64 /Users/admin/builder/spi-builder-workspace/.derivedData/SDKExplicitPrecompiledModules/DataDetection-37JIYZ2GWDA1L166PP1D9JKAF.pcm
SwiftExplicitDependencyGeneratePcm arm64 /Users/admin/builder/spi-builder-workspace/.derivedData/SDKExplicitPrecompiledModules/Accessibility-B6BODGZ4MQQTY0PBC4SHRP009.pcm
SwiftExplicitDependencyGeneratePcm arm64 /Users/admin/builder/spi-builder-workspace/.derivedData/SDKExplicitPrecompiledModules/UIUtilities-6ZFJ1AK4H8IBGEBMYQBWGBYLK.pcm
SwiftExplicitDependencyGeneratePcm arm64 /Users/admin/builder/spi-builder-workspace/.derivedData/SDKExplicitPrecompiledModules/OSLog-7OT6HHTMY0ZFEQJ095LJZ6NLC.pcm
SwiftExplicitDependencyGeneratePcm arm64 /Users/admin/builder/spi-builder-workspace/.derivedData/SDKExplicitPrecompiledModules/IOSurface-38FJ1CKX9FV2RD97O64Z7QB17.pcm
SwiftExplicitDependencyGeneratePcm arm64 /Users/admin/builder/spi-builder-workspace/.derivedData/SDKExplicitPrecompiledModules/_LocationEssentials-ETSJ65FELPWR8WH8G49R1DF2E.pcm
SwiftExplicitDependencyGeneratePcm arm64 /Users/admin/builder/spi-builder-workspace/.derivedData/SDKExplicitPrecompiledModules/CoreData-DYMPHH3PH8AX9I1FHA4VFJ675.pcm
SwiftExplicitDependencyGeneratePcm arm64 /Users/admin/builder/spi-builder-workspace/.derivedData/SDKExplicitPrecompiledModules/CoreLocation-YVXXAOMVX0JH2KO1XTTKTY51.pcm
SwiftExplicitDependencyGeneratePcm arm64 /Users/admin/builder/spi-builder-workspace/.derivedData/SDKExplicitPrecompiledModules/OpenGLES-4NY99CNDU9WUNUYEIXSS1QFGE.pcm
SwiftExplicitDependencyGeneratePcm arm64 /Users/admin/builder/spi-builder-workspace/.derivedData/SDKExplicitPrecompiledModules/Metal-2KYBS7IML1SD788M91YV7Q0CC.pcm
SwiftExplicitDependencyGeneratePcm arm64 /Users/admin/builder/spi-builder-workspace/.derivedData/SDKExplicitPrecompiledModules/CoreVideo-DPU0PB5X0XLSVA2ETRGI6FJBM.pcm
SwiftExplicitDependencyGeneratePcm arm64 /Users/admin/builder/spi-builder-workspace/.derivedData/SDKExplicitPrecompiledModules/QuartzCore-DJSYAWKXFGVSAK5CQMOB3JSR.pcm
SwiftExplicitDependencyGeneratePcm arm64 /Users/admin/builder/spi-builder-workspace/.derivedData/SDKExplicitPrecompiledModules/CoreMedia-4OUKVT03LV547KZJDPPJRJ4F8.pcm
SwiftExplicitDependencyGeneratePcm arm64 /Users/admin/builder/spi-builder-workspace/.derivedData/SDKExplicitPrecompiledModules/CoreImage-7S2AFJ8EIY3DUFYLEAX1JR1QV.pcm
SwiftExplicitDependencyGeneratePcm arm64 /Users/admin/builder/spi-builder-workspace/.derivedData/SDKExplicitPrecompiledModules/SwiftUICore-543QU5V2NHKUFCYFJDKUJ7NYG.pcm
SwiftExplicitDependencyGeneratePcm arm64 /Users/admin/builder/spi-builder-workspace/.derivedData/SDKExplicitPrecompiledModules/UIKit-1TKWN7VC2X6N3ITMRVA2G0EB2.pcm
SwiftExplicitDependencyGeneratePcm arm64 /Users/admin/builder/spi-builder-workspace/.derivedData/SDKExplicitPrecompiledModules/SwiftUI-7BV1YDT6IZWW6B8OC6ENV0Y0F.pcm
SwiftEmitModule normal arm64 Emitting\ module\ for\ Scintillate (in target 'Scintillate' from project 'Scintillate')
SwiftCompile normal arm64 (in target 'Scintillate' from project 'Scintillate')
    cd /Users/admin/builder/spi-builder-workspace/.swiftpm/xcode

SwiftCompile normal arm64 Compiling\ GeneratedAssetSymbols.swift /Users/admin/builder/spi-builder-workspace/.derivedData/Build/Intermediates.noindex/Scintillate.build/Debug-appletvos/Scintillate-t.build/DerivedSources/GeneratedAssetSymbols.swift (in target 'Scintillate' from project 'Scintillate')
SwiftCompile normal arm64 /Users/admin/builder/spi-builder-workspace/.derivedData/Build/Intermediates.noindex/Scintillate.build/Debug-appletvos/Scintillate-t.build/DerivedSources/GeneratedAssetSymbols.swift (in target 'Scintillate' from project 'Scintillate')
    cd /Users/admin/builder/spi-builder-workspace/.swiftpm/xcode
    builtin-SwiftPerFileCompile GeneratedAssetSymbols.swift
SwiftCompile normal arm64 Compiling\ NSColor+ColorAssets.swift /Users/admin/builder/spi-builder-workspace/Sources/Scintillate/Utility\ Extensions/NSColor+ColorAssets.swift (in target 'Scintillate' from project 'Scintillate')
SwiftCompile normal arm64 /Users/admin/builder/spi-builder-workspace/Sources/Scintillate/Utility\ Extensions/NSColor+ColorAssets.swift (in target 'Scintillate' from project 'Scintillate')
    cd /Users/admin/builder/spi-builder-workspace/.swiftpm/xcode
    builtin-SwiftPerFileCompile NSColor+ColorAssets.swift
SwiftCompile normal arm64 Compiling\ UIView+ScintillateSwizzlerKebab.swift /Users/admin/builder/spi-builder-workspace/Sources/Scintillate/ScintillateSwizzlerKebab/UIView+ScintillateSwizzlerKebab.swift (in target 'Scintillate' from project 'Scintillate')
SwiftCompile normal arm64 /Users/admin/builder/spi-builder-workspace/Sources/Scintillate/ScintillateSwizzlerKebab/UIView+ScintillateSwizzlerKebab.swift (in target 'Scintillate' from project 'Scintillate')
    cd /Users/admin/builder/spi-builder-workspace/.swiftpm/xcode
    builtin-SwiftPerFileCompile UIView+ScintillateSwizzlerKebab.swift
/Users/admin/builder/spi-builder-workspace/Sources/Scintillate/ScintillateSwizzlerKebab/UIView+ScintillateSwizzlerKebab.swift:18:34: error: value of type 'ScintillateShinyLayer' has no member 'updateLayout'
16 |     Scintillate.parse(self, apply: {
17 |       guard let current = $0 as? UIView else { return }
18 |       current.currentShinyLayer?.updateLayout()
   |                                  `- error: value of type 'ScintillateShinyLayer' has no member 'updateLayout'
19 |     })
20 |   }
SwiftCompile normal arm64 Compiling\ ScintillateSwizzlerKebab.swift /Users/admin/builder/spi-builder-workspace/Sources/Scintillate/ScintillateSwizzlerKebab/ScintillateSwizzlerKebab.swift (in target 'Scintillate' from project 'Scintillate')
SwiftCompile normal arm64 /Users/admin/builder/spi-builder-workspace/Sources/Scintillate/ScintillateSwizzlerKebab/ScintillateSwizzlerKebab.swift (in target 'Scintillate' from project 'Scintillate')
    cd /Users/admin/builder/spi-builder-workspace/.swiftpm/xcode
    builtin-SwiftPerFileCompile ScintillateSwizzlerKebab.swift
SwiftCompile normal arm64 Compiling\ Scintillate.swift,\ ScintillateSettings.swift /Users/admin/builder/spi-builder-workspace/Sources/Scintillate/Scintillate.swift /Users/admin/builder/spi-builder-workspace/Sources/Scintillate/ScintillateSettings.swift (in target 'Scintillate' from project 'Scintillate')
SwiftCompile normal arm64 /Users/admin/builder/spi-builder-workspace/Sources/Scintillate/Scintillate.swift (in target 'Scintillate' from project 'Scintillate')
    cd /Users/admin/builder/spi-builder-workspace/.swiftpm/xcode
    builtin-SwiftPerFileCompile Scintillate.swift
SwiftCompile normal arm64 /Users/admin/builder/spi-builder-workspace/Sources/Scintillate/ScintillateSettings.swift (in target 'Scintillate' from project 'Scintillate')
    cd /Users/admin/builder/spi-builder-workspace/.swiftpm/xcode
    builtin-SwiftPerFileCompile ScintillateSettings.swift
SwiftCompile normal arm64 Compiling\ UIView+JankyVars.swift,\ NSView+Scintillatable.swift /Users/admin/builder/spi-builder-workspace/Sources/Scintillate/Janky\ Vars/UIView+JankyVars.swift /Users/admin/builder/spi-builder-workspace/Sources/Scintillate/Scintillatables/NSView+Scintillatable.swift (in target 'Scintillate' from project 'Scintillate')
SwiftCompile normal arm64 /Users/admin/builder/spi-builder-workspace/Sources/Scintillate/Janky\ Vars/UIView+JankyVars.swift (in target 'Scintillate' from project 'Scintillate')
    cd /Users/admin/builder/spi-builder-workspace/.swiftpm/xcode
    builtin-SwiftPerFileCompile UIView+JankyVars.swift
SwiftCompile normal arm64 /Users/admin/builder/spi-builder-workspace/Sources/Scintillate/Scintillatables/NSView+Scintillatable.swift (in target 'Scintillate' from project 'Scintillate')
    cd /Users/admin/builder/spi-builder-workspace/.swiftpm/xcode
    builtin-SwiftPerFileCompile NSView+Scintillatable.swift
/Users/admin/builder/spi-builder-workspace/Sources/Scintillate/Janky Vars/UIView+JankyVars.swift:20:38: warning: forming 'UnsafeRawPointer' to an inout variable of type String exposes the internal representation rather than the string contents.
18 |   var currentShinyLayer: ScintillateShinyLayer? {
19 |     get {
20 |       objc_getAssociatedObject(self, &Constants.currentShinyLayer) as? ScintillateShinyLayer
   |                                      `- warning: forming 'UnsafeRawPointer' to an inout variable of type String exposes the internal representation rather than the string contents.
21 |     }
22 |     set {
/Users/admin/builder/spi-builder-workspace/Sources/Scintillate/Janky Vars/UIView+JankyVars.swift:23:38: warning: forming 'UnsafeRawPointer' to an inout variable of type String exposes the internal representation rather than the string contents.
21 |     }
22 |     set {
23 |       objc_setAssociatedObject(self, &Constants.currentShinyLayer, newValue, .OBJC_ASSOCIATION_RETAIN_NONATOMIC)
   |                                      `- warning: forming 'UnsafeRawPointer' to an inout variable of type String exposes the internal representation rather than the string contents.
24 |     }
25 |   }
/Users/admin/builder/spi-builder-workspace/Sources/Scintillate/Janky Vars/UIView+JankyVars.swift:29:38: warning: forming 'UnsafeRawPointer' to an inout variable of type String exposes the internal representation rather than the string contents.
27 |   var currentSettings: ScintillateSettings? {
28 |     get {
29 |       objc_getAssociatedObject(self, &Constants.currentSettings) as? ScintillateSettings
   |                                      `- warning: forming 'UnsafeRawPointer' to an inout variable of type String exposes the internal representation rather than the string contents.
30 |     }
31 |     set {
/Users/admin/builder/spi-builder-workspace/Sources/Scintillate/Janky Vars/UIView+JankyVars.swift:32:38: warning: forming 'UnsafeRawPointer' to an inout variable of type String exposes the internal representation rather than the string contents.
30 |     }
31 |     set {
32 |       objc_setAssociatedObject(self, &Constants.currentSettings, newValue, .OBJC_ASSOCIATION_RETAIN_NONATOMIC)
   |                                      `- warning: forming 'UnsafeRawPointer' to an inout variable of type String exposes the internal representation rather than the string contents.
33 |     }
34 |   }
SwiftCompile normal arm64 Compiling\ resource_bundle_accessor.swift,\ NSView+JankyVars.swift /Users/admin/builder/spi-builder-workspace/.derivedData/Build/Intermediates.noindex/Scintillate.build/Debug-appletvos/Scintillate-t.build/DerivedSources/resource_bundle_accessor.swift /Users/admin/builder/spi-builder-workspace/Sources/Scintillate/Janky\ Vars/NSView+JankyVars.swift (in target 'Scintillate' from project 'Scintillate')
SwiftCompile normal arm64 /Users/admin/builder/spi-builder-workspace/.derivedData/Build/Intermediates.noindex/Scintillate.build/Debug-appletvos/Scintillate-t.build/DerivedSources/resource_bundle_accessor.swift (in target 'Scintillate' from project 'Scintillate')
    cd /Users/admin/builder/spi-builder-workspace/.swiftpm/xcode
    builtin-SwiftPerFileCompile resource_bundle_accessor.swift
SwiftCompile normal arm64 /Users/admin/builder/spi-builder-workspace/Sources/Scintillate/Janky\ Vars/NSView+JankyVars.swift (in target 'Scintillate' from project 'Scintillate')
    cd /Users/admin/builder/spi-builder-workspace/.swiftpm/xcode
    builtin-SwiftPerFileCompile NSView+JankyVars.swift
SwiftCompile normal arm64 Compiling\ ScintillateShinyLayer.swift,\ NSView+ScintillateSwizzlerKebab.swift /Users/admin/builder/spi-builder-workspace/Sources/Scintillate/ScintillateShinyLayer.swift /Users/admin/builder/spi-builder-workspace/Sources/Scintillate/ScintillateSwizzlerKebab/NSView+ScintillateSwizzlerKebab.swift (in target 'Scintillate' from project 'Scintillate')
SwiftCompile normal arm64 /Users/admin/builder/spi-builder-workspace/Sources/Scintillate/ScintillateShinyLayer.swift (in target 'Scintillate' from project 'Scintillate')
    cd /Users/admin/builder/spi-builder-workspace/.swiftpm/xcode
    builtin-SwiftPerFileCompile ScintillateShinyLayer.swift
SwiftCompile normal arm64 /Users/admin/builder/spi-builder-workspace/Sources/Scintillate/ScintillateSwizzlerKebab/NSView+ScintillateSwizzlerKebab.swift (in target 'Scintillate' from project 'Scintillate')
    cd /Users/admin/builder/spi-builder-workspace/.swiftpm/xcode
    builtin-SwiftPerFileCompile NSView+ScintillateSwizzlerKebab.swift
SwiftCompile normal arm64 Compiling\ UIColor+ColorAssets.swift /Users/admin/builder/spi-builder-workspace/Sources/Scintillate/Utility\ Extensions/UIColor+ColorAssets.swift (in target 'Scintillate' from project 'Scintillate')
SwiftCompile normal arm64 /Users/admin/builder/spi-builder-workspace/Sources/Scintillate/Utility\ Extensions/UIColor+ColorAssets.swift (in target 'Scintillate' from project 'Scintillate')
    cd /Users/admin/builder/spi-builder-workspace/.swiftpm/xcode
    builtin-SwiftPerFileCompile UIColor+ColorAssets.swift
SwiftCompile normal arm64 Compiling\ Scintillatable.swift,\ UIView+Scintillatable.swift /Users/admin/builder/spi-builder-workspace/Sources/Scintillate/Scintillatables/Scintillatable.swift /Users/admin/builder/spi-builder-workspace/Sources/Scintillate/Scintillatables/UIView+Scintillatable.swift (in target 'Scintillate' from project 'Scintillate')
/Users/admin/builder/spi-builder-workspace/Sources/Scintillate/Scintillatables/UIView+Scintillatable.swift:59:46: error: extra arguments at positions #1, #2 in call
 57 |
 58 |   public func theShining(with settings: ScintillateSettings) {
 59 |     let newShinyLayer = ScintillateShinyLayer(owner: self, settings: settings)
    |                                              `- error: extra arguments at positions #1, #2 in call
 60 |     currentShinyLayer = newShinyLayer
 61 |
/Users/admin/builder/spi-builder-workspace/Sources/Scintillate/ScintillateShinyLayer.swift:20:8: note: 'init(theMask:)' declared here
18 |  Platform-agnostic wrapper to allow for a common interface for views to add/remove `CALayer`.
19 |  */
20 | struct ScintillateShinyLayer {
   |        `- note: 'init(theMask:)' declared here
21 |   static let animationKey = "jimCarrey"
22 |   static let animationDuration: CGFloat = 0.75
/Users/admin/builder/spi-builder-workspace/Sources/Scintillate/Scintillatables/UIView+Scintillatable.swift:59:47: error: missing argument for parameter 'theMask' in call
 57 |
 58 |   public func theShining(with settings: ScintillateSettings) {
 59 |     let newShinyLayer = ScintillateShinyLayer(owner: self, settings: settings)
    |                                               `- error: missing argument for parameter 'theMask' in call
 60 |     currentShinyLayer = newShinyLayer
 61 |
/Users/admin/builder/spi-builder-workspace/Sources/Scintillate/ScintillateShinyLayer.swift:20:8: note: 'init(theMask:)' declared here
18 |  Platform-agnostic wrapper to allow for a common interface for views to add/remove `CALayer`.
19 |  */
20 | struct ScintillateShinyLayer {
   |        `- note: 'init(theMask:)' declared here
21 |   static let animationKey = "jimCarrey"
22 |   static let animationDuration: CGFloat = 0.75
Failed frontend command:
/Applications/Xcode-27.0.0-Release.Candidate.app/Contents/Developer/Toolchains/XcodeDefault.xctoolchain/usr/bin/swift-frontend -frontend -c /Users/admin/builder/spi-builder-workspace/.derivedData/Build/Intermediates.noindex/Scintillate.build/Debug-appletvos/Scintillate-t.build/DerivedSources/resource_bundle_accessor.swift /Users/admin/builder/spi-builder-workspace/Sources/Scintillate/Janky\ Vars/NSView+JankyVars.swift /Users/admin/builder/spi-builder-workspace/Sources/Scintillate/Janky\ Vars/UIView+JankyVars.swift /Users/admin/builder/spi-builder-workspace/Sources/Scintillate/Scintillatables/NSView+Scintillatable.swift -primary-file /Users/admin/builder/spi-builder-workspace/Sources/Scintillate/Scintillatables/Scintillatable.swift -primary-file /Users/admin/builder/spi-builder-workspace/Sources/Scintillate/Scintillatables/UIView+Scintillatable.swift /Users/admin/builder/spi-builder-workspace/Sources/Scintillate/Scintillate.swift /Users/admin/builder/spi-builder-workspace/Sources/Scintillate/ScintillateSettings.swift /Users/admin/builder/spi-builder-workspace/Sources/Scintillate/ScintillateShinyLayer.swift /Users/admin/builder/spi-builder-workspace/Sources/Scintillate/ScintillateSwizzlerKebab/NSView+ScintillateSwizzlerKebab.swift /Users/admin/builder/spi-builder-workspace/Sources/Scintillate/ScintillateSwizzlerKebab/ScintillateSwizzlerKebab.swift /Users/admin/builder/spi-builder-workspace/Sources/Scintillate/ScintillateSwizzlerKebab/UIView+ScintillateSwizzlerKebab.swift /Users/admin/builder/spi-builder-workspace/Sources/Scintillate/Utility\ Extensions/NSColor+ColorAssets.swift /Users/admin/builder/spi-builder-workspace/Sources/Scintillate/Utility\ Extensions/UIColor+ColorAssets.swift /Users/admin/builder/spi-builder-workspace/.derivedData/Build/Intermediates.noindex/Scintillate.build/Debug-appletvos/Scintillate-t.build/DerivedSources/GeneratedAssetSymbols.swift -emit-dependencies-path /Users/admin/builder/spi-builder-workspace/.derivedData/Build/Intermediates.noindex/Scintillate.build/Debug-appletvos/Scintillate-t.build/Objects-normal/arm64/Scintillatable.d -emit-const-values-path /Users/admin/builder/spi-builder-workspace/.derivedData/Build/Intermediates.noindex/Scintillate.build/Debug-appletvos/Scintillate-t.build/Objects-normal/arm64/Scintillatable.swiftconstvalues -emit-reference-dependencies-path /Users/admin/builder/spi-builder-workspace/.derivedData/Build/Intermediates.noindex/Scintillate.build/Debug-appletvos/Scintillate-t.build/Objects-normal/arm64/Scintillatable.swiftdeps -serialize-diagnostics-path /Users/admin/builder/spi-builder-workspace/.derivedData/Build/Intermediates.noindex/Scintillate.build/Debug-appletvos/Scintillate-t.build/Objects-normal/arm64/Scintillatable.dia -emit-dependencies-path /Users/admin/builder/spi-builder-workspace/.derivedData/Build/Intermediates.noindex/Scintillate.build/Debug-appletvos/Scintillate-t.build/Objects-normal/arm64/UIView+Scintillatable.d -emit-const-values-path /Users/admin/builder/spi-builder-workspace/.derivedData/Build/Intermediates.noindex/Scintillate.build/Debug-appletvos/Scintillate-t.build/Objects-normal/arm64/UIView+Scintillatable.swiftconstvalues -emit-reference-dependencies-path /Users/admin/builder/spi-builder-workspace/.derivedData/Build/Intermediates.noindex/Scintillate.build/Debug-appletvos/Scintillate-t.build/Objects-normal/arm64/UIView+Scintillatable.swiftdeps -serialize-diagnostics-path /Users/admin/builder/spi-builder-workspace/.derivedData/Build/Intermediates.noindex/Scintillate.build/Debug-appletvos/Scintillate-t.build/Objects-normal/arm64/UIView+Scintillatable.dia -target arm64-apple-tvos15.0 -module-can-import-version DeveloperToolsSupport 24.0.24 24.0.24 -module-can-import-version SwiftUI 8.0.84 8.0.84 -module-can-import-version UIKit 9127.0.84.1 9127.0.84 -disable-cross-import-overlay-search -load-resolved-plugin /Applications/Xcode-27.0.0-Release.Candidate.app/Contents/Developer/Platforms/AppleTVOS.platform/Developer/usr/lib/swift/host/plugins/libFoundationMacros.dylib\#/Applications/Xcode-27.0.0-Release.Candidate.app/Contents/Developer/Platforms/AppleTVOS.platform/Developer/usr/bin/swift-plugin-server\#FoundationMacros -load-resolved-plugin /Applications/Xcode-27.0.0-Release.Candidate.app/Contents/Developer/Platforms/AppleTVOS.platform/Developer/usr/lib/swift/host/plugins/libObservationMacros.dylib\#/Applications/Xcode-27.0.0-Release.Candidate.app/Contents/Developer/Platforms/AppleTVOS.platform/Developer/usr/bin/swift-plugin-server\#ObservationMacros -load-resolved-plugin /Applications/Xcode-27.0.0-Release.Candidate.app/Contents/Developer/Platforms/AppleTVOS.platform/Developer/usr/lib/swift/host/plugins/libPreviewsMacros.dylib\#/Applications/Xcode-27.0.0-Release.Candidate.app/Contents/Developer/Platforms/AppleTVOS.platform/Developer/usr/bin/swift-plugin-server\#PreviewsMacros -load-resolved-plugin /Applications/Xcode-27.0.0-Release.Candidate.app/Contents/Developer/Platforms/AppleTVOS.platform/Developer/usr/lib/swift/host/plugins/libSwiftMacros.dylib\#/Applications/Xcode-27.0.0-Release.Candidate.app/Contents/Developer/Platforms/AppleTVOS.platform/Developer/usr/bin/swift-plugin-server\#SwiftMacros -load-resolved-plugin /Applications/Xcode-27.0.0-Release.Candidate.app/Contents/Developer/Platforms/AppleTVOS.platform/Developer/usr/lib/swift/host/plugins/libSwiftUIMacros.dylib\#/Applications/Xcode-27.0.0-Release.Candidate.app/Contents/Developer/Platforms/AppleTVOS.platform/Developer/usr/bin/swift-plugin-server\#SwiftUIMacros -disable-implicit-swift-modules -Xcc -fno-implicit-modules -Xcc -fno-implicit-module-maps -explicit-swift-module-map-file /Users/admin/builder/spi-builder-workspace/.derivedData/Build/Intermediates.noindex/Scintillate.build/Debug-appletvos/Scintillate-t.build/Objects-normal/arm64/Scintillate-dependencies-1.json -Xllvm -aarch64-use-tbi -enable-objc-interop -stack-check -sdk /Applications/Xcode-27.0.0-Release.Candidate.app/Contents/Developer/Platforms/AppleTVOS.platform/Developer/SDKs/AppleTVOS27.0.sdk -I /Users/admin/builder/spi-builder-workspace/.derivedData/Build/Products/Debug-appletvos -Isystem /Applications/Xcode-27.0.0-Release.Candidate.app/Contents/Developer/Platforms/AppleTVOS.platform/Developer/usr/lib -F /Users/admin/builder/spi-builder-workspace/.derivedData/Build/Products/Debug-appletvos -F /Applications/Xcode-27.0.0-Release.Candidate.app/Contents/Developer/Platforms/AppleTVOS.platform/Developer/Library/Frameworks -F /Applications/Xcode-27.0.0-Release.Candidate.app/Contents/Developer/Platforms/AppleTVOS.platform/Developer/SDKs/AppleTVOS27.0.sdk/Developer/Library/Frameworks -module-cache-path /Users/admin/builder/spi-builder-workspace/.derivedData/Build/Intermediates.noindex/SwiftExplicitPrecompiledModules -no-color-diagnostics -Xcc -fno-color-diagnostics -enable-testing -g -debug-info-format\=dwarf -dwarf-version\=4 -profile-generate -profile-coverage-mapping -swift-version 5 -Onone -D SWIFT_PACKAGE -D DEBUG -D SWIFT_MODULE_RESOURCE_BUNDLE_AVAILABLE -D Xcode -serialize-debugging-options -enable-experimental-feature DebugDescriptionMacro -empty-abi-descriptor -validate-clang-modules-once -clang-build-session-file /Users/admin/builder/spi-builder-workspace/.derivedData/ModuleCache.noindex/Session.modulevalidation -Xcc -working-directory -Xcc /Users/admin/builder/spi-builder-workspace/.swiftpm/xcode -enable-anonymous-context-mangled-names -file-compilation-dir /Users/admin/builder/spi-builder-workspace/.swiftpm/xcode -Xcc -D_LIBCPP_HARDENING_MODE\=_LIBCPP_HARDENING_MODE_DEBUG -Xcc -ivfsstatcache -Xcc /Users/admin/builder/spi-builder-workspace/.derivedData/SDKStatCaches.noindex/appletvos27.0-24J360-e829b21a6f8c9b70876ba0858053c044b32bfd8d43560033f8d89884cdb90028.sdkstatcache -Xcc -fmodules-prune-interval\=86400 -Xcc -fmodules-prune-after\=345600 -Xcc -I/Users/admin/builder/spi-builder-workspace/.derivedData/Build/Products/Debug-appletvos/include -Xcc -I/Users/admin/builder/spi-builder-workspace/.derivedData/Build/Intermediates.noindex/Scintillate.build/Debug-appletvos/Scintillate-t.build/DerivedSources-normal/arm64 -Xcc -I/Users/admin/builder/spi-builder-workspace/.derivedData/Build/Intermediates.noindex/Scintillate.build/Debug-appletvos/Scintillate-t.build/DerivedSources/arm64 -Xcc -I/Users/admin/builder/spi-builder-workspace/.derivedData/Build/Intermediates.noindex/Scintillate.build/Debug-appletvos/Scintillate-t.build/DerivedSources -Xcc -DSWIFT_PACKAGE -Xcc -DDEBUG\=1 -no-auto-bridging-header-chaining -module-name Scintillate -const-gather-protocols-file /Users/admin/builder/spi-builder-workspace/.derivedData/Build/Intermediates.noindex/Scintillate.build/Debug-appletvos/Scintillate-t.build/Objects-normal/arm64/Scintillate_const_extract_protocols.json -disable-clang-spi -clang-target arm64-apple-tvos27.0 -target-sdk-version 27.0 -target-sdk-name appletvos27.0 -in-process-plugin-server-path /Applications/Xcode-27.0.0-Release.Candidate.app/Contents/Developer/Toolchains/XcodeDefault.xctoolchain/usr/lib/swift/host/libSwiftInProcPluginServer.dylib -parse-as-library -o /Users/admin/builder/spi-builder-workspace/.derivedData/Build/Intermediates.noindex/Scintillate.build/Debug-appletvos/Scintillate-t.build/Objects-normal/arm64/Scintillatable.o -o /Users/admin/builder/spi-builder-workspace/.derivedData/Build/Intermediates.noindex/Scintillate.build/Debug-appletvos/Scintillate-t.build/Objects-normal/arm64/UIView+Scintillatable.o -debug-module-path /Users/admin/builder/spi-builder-workspace/.derivedData/Build/Intermediates.noindex/Scintillate.build/Debug-appletvos/Scintillate-t.build/Objects-normal/arm64/Scintillate.swiftmodule -index-unit-output-path /Scintillate.build/Debug-appletvos/Scintillate-t.build/Objects-normal/arm64/Scintillatable.o -index-unit-output-path /Scintillate.build/Debug-appletvos/Scintillate-t.build/Objects-normal/arm64/UIView+Scintillatable.o -index-store-path /Users/admin/builder/spi-builder-workspace/.derivedData/Index.noindex/DataStore -index-system-modules
SwiftCompile normal arm64 /Users/admin/builder/spi-builder-workspace/Sources/Scintillate/Scintillatables/Scintillatable.swift (in target 'Scintillate' from project 'Scintillate')
    cd /Users/admin/builder/spi-builder-workspace/.swiftpm/xcode
    builtin-SwiftPerFileCompile Scintillatable.swift
SwiftCompile normal arm64 /Users/admin/builder/spi-builder-workspace/Sources/Scintillate/Scintillatables/UIView+Scintillatable.swift (in target 'Scintillate' from project 'Scintillate')
    cd /Users/admin/builder/spi-builder-workspace/.swiftpm/xcode
    builtin-SwiftPerFileCompile UIView+Scintillatable.swift
SwiftDriverJobDiscovery normal arm64 Emitting module for Scintillate (in target 'Scintillate' from project 'Scintillate')
SwiftDriver\ Compilation\ Requirements Scintillate normal arm64 com.apple.xcode.tools.swift.compiler (in target 'Scintillate' from project 'Scintillate')
    cd /Users/admin/builder/spi-builder-workspace/.swiftpm/xcode
    builtin-Swift-Compilation-Requirements -- /Applications/Xcode-27.0.0-Release.Candidate.app/Contents/Developer/Toolchains/XcodeDefault.xctoolchain/usr/bin/swiftc -parse-as-library -module-name Scintillate -Onone @/Users/admin/builder/spi-builder-workspace/.derivedData/Build/Intermediates.noindex/Scintillate.build/Debug-appletvos/Scintillate-t.build/Objects-normal/arm64/Scintillate.SwiftFileList -DSWIFT_PACKAGE -DDEBUG -DSWIFT_MODULE_RESOURCE_BUNDLE_AVAILABLE -DXcode -plugin-path /Applications/Xcode-27.0.0-Release.Candidate.app/Contents/Developer/Toolchains/XcodeDefault.xctoolchain/usr/lib/swift/host/plugins/testing -enable-experimental-feature DebugDescriptionMacro -sdk /Applications/Xcode-27.0.0-Release.Candidate.app/Contents/Developer/Platforms/AppleTVOS.platform/Developer/SDKs/AppleTVOS27.0.sdk -target arm64-apple-tvos15.0 -g -module-cache-path /Users/admin/builder/spi-builder-workspace/.derivedData/ModuleCache.noindex -Xfrontend -serialize-debugging-options -profile-coverage-mapping -profile-generate -enable-testing -index-store-path /Users/admin/builder/spi-builder-workspace/.derivedData/Index.noindex/DataStore -Xcc -D_LIBCPP_HARDENING_MODE\=_LIBCPP_HARDENING_MODE_DEBUG -swift-version 5 -I /Users/admin/builder/spi-builder-workspace/.derivedData/Build/Products/Debug-appletvos -Isystem /Applications/Xcode-27.0.0-Release.Candidate.app/Contents/Developer/Platforms/AppleTVOS.platform/Developer/usr/lib -F /Users/admin/builder/spi-builder-workspace/.derivedData/Build/Products/Debug-appletvos -F /Applications/Xcode-27.0.0-Release.Candidate.app/Contents/Developer/Platforms/AppleTVOS.platform/Developer/Library/Frameworks -F /Applications/Xcode-27.0.0-Release.Candidate.app/Contents/Developer/Platforms/AppleTVOS.platform/Developer/SDKs/AppleTVOS27.0.sdk/Developer/Library/Frameworks -c -j10 -enable-batch-mode -incremental -Xcc -ivfsstatcache -Xcc /Users/admin/builder/spi-builder-workspace/.derivedData/SDKStatCaches.noindex/appletvos27.0-24J360-e829b21a6f8c9b70876ba0858053c044b32bfd8d43560033f8d89884cdb90028.sdkstatcache -output-file-map /Users/admin/builder/spi-builder-workspace/.derivedData/Build/Intermediates.noindex/Scintillate.build/Debug-appletvos/Scintillate-t.build/Objects-normal/arm64/Scintillate-OutputFileMap.json -save-temps -no-color-diagnostics -explicit-module-build -module-cache-path /Users/admin/builder/spi-builder-workspace/.derivedData/Build/Intermediates.noindex/SwiftExplicitPrecompiledModules -clang-scanner-module-cache-path /Users/admin/builder/spi-builder-workspace/.derivedData/ModuleCache.noindex -sdk-module-cache-path /Users/admin/builder/spi-builder-workspace/.derivedData/SDKExplicitPrecompiledModules -emit-dependencies -emit-module -emit-module-path /Users/admin/builder/spi-builder-workspace/.derivedData/Build/Intermediates.noindex/Scintillate.build/Debug-appletvos/Scintillate-t.build/Objects-normal/arm64/Scintillate.swiftmodule -serialize-diagnostics -dependency-scan-serialize-diagnostics-path /Users/admin/builder/spi-builder-workspace/.derivedData/Build/Intermediates.noindex/Scintillate.build/Debug-appletvos/Scintillate-t.build/Objects-normal/arm64/Scintillate-dependency-scan.dia -validate-clang-modules-once -clang-build-session-file /Users/admin/builder/spi-builder-workspace/.derivedData/ModuleCache.noindex/Session.modulevalidation -Xcc -fmodules-prune-interval\=86400 -Xcc -fmodules-prune-after\=345600 -emit-const-values -const-gather-protocols-list /Users/admin/builder/spi-builder-workspace/.derivedData/Build/Intermediates.noindex/Scintillate.build/Debug-appletvos/Scintillate-t.build/Objects-normal/arm64/Scintillate_const_extract_protocols.json -Xcc -I/Users/admin/builder/spi-builder-workspace/.derivedData/Build/Products/Debug-appletvos/include -Xcc -I/Users/admin/builder/spi-builder-workspace/.derivedData/Build/Intermediates.noindex/Scintillate.build/Debug-appletvos/Scintillate-t.build/DerivedSources-normal/arm64 -Xcc -I/Users/admin/builder/spi-builder-workspace/.derivedData/Build/Intermediates.noindex/Scintillate.build/Debug-appletvos/Scintillate-t.build/DerivedSources/arm64 -Xcc -I/Users/admin/builder/spi-builder-workspace/.derivedData/Build/Intermediates.noindex/Scintillate.build/Debug-appletvos/Scintillate-t.build/DerivedSources -Xcc -DSWIFT_PACKAGE -Xcc -DDEBUG\=1 -emit-objc-header -emit-objc-header-path /Users/admin/builder/spi-builder-workspace/.derivedData/Build/Intermediates.noindex/Scintillate.build/Debug-appletvos/Scintillate-t.build/Objects-normal/arm64/Scintillate-Swift.h -working-directory /Users/admin/builder/spi-builder-workspace/.swiftpm/xcode -experimental-emit-module-separately -disable-cmo
SwiftDriverJobDiscovery normal arm64 Compiling NSColor+ColorAssets.swift (in target 'Scintillate' from project 'Scintillate')
SwiftMergeGeneratedHeaders /Users/admin/builder/spi-builder-workspace/.derivedData/Build/Intermediates.noindex/GeneratedModuleMaps-appletvos/Scintillate-Swift.h /Users/admin/builder/spi-builder-workspace/.derivedData/Build/Intermediates.noindex/Scintillate.build/Debug-appletvos/Scintillate-t.build/Objects-normal/arm64/Scintillate-Swift.h (in target 'Scintillate' from project 'Scintillate')
    cd /Users/admin/builder/spi-builder-workspace
    builtin-swiftHeaderTool -arch arm64 /Users/admin/builder/spi-builder-workspace/.derivedData/Build/Intermediates.noindex/Scintillate.build/Debug-appletvos/Scintillate-t.build/Objects-normal/arm64/Scintillate-Swift.h -o /Users/admin/builder/spi-builder-workspace/.derivedData/Build/Intermediates.noindex/GeneratedModuleMaps-appletvos/Scintillate-Swift.h
Copy /Users/admin/builder/spi-builder-workspace/.derivedData/Build/Products/Debug-appletvos/Scintillate.swiftmodule/arm64-apple-tvos.swiftmodule /Users/admin/builder/spi-builder-workspace/.derivedData/Build/Intermediates.noindex/Scintillate.build/Debug-appletvos/Scintillate-t.build/Objects-normal/arm64/Scintillate.swiftmodule (in target 'Scintillate' from project 'Scintillate')
    cd /Users/admin/builder/spi-builder-workspace
    builtin-copy -exclude .DS_Store -exclude CVS -exclude .svn -exclude .git -exclude .hg -resolve-src-symlinks -rename /Users/admin/builder/spi-builder-workspace/.derivedData/Build/Intermediates.noindex/Scintillate.build/Debug-appletvos/Scintillate-t.build/Objects-normal/arm64/Scintillate.swiftmodule /Users/admin/builder/spi-builder-workspace/.derivedData/Build/Products/Debug-appletvos/Scintillate.swiftmodule/arm64-apple-tvos.swiftmodule
Copy /Users/admin/builder/spi-builder-workspace/.derivedData/Build/Products/Debug-appletvos/Scintillate.swiftmodule/arm64-apple-tvos.swiftdoc /Users/admin/builder/spi-builder-workspace/.derivedData/Build/Intermediates.noindex/Scintillate.build/Debug-appletvos/Scintillate-t.build/Objects-normal/arm64/Scintillate.swiftdoc (in target 'Scintillate' from project 'Scintillate')
    cd /Users/admin/builder/spi-builder-workspace
    builtin-copy -exclude .DS_Store -exclude CVS -exclude .svn -exclude .git -exclude .hg -resolve-src-symlinks -rename /Users/admin/builder/spi-builder-workspace/.derivedData/Build/Intermediates.noindex/Scintillate.build/Debug-appletvos/Scintillate-t.build/Objects-normal/arm64/Scintillate.swiftdoc /Users/admin/builder/spi-builder-workspace/.derivedData/Build/Products/Debug-appletvos/Scintillate.swiftmodule/arm64-apple-tvos.swiftdoc
Copy /Users/admin/builder/spi-builder-workspace/.derivedData/Build/Products/Debug-appletvos/Scintillate.swiftmodule/arm64-apple-tvos.abi.json /Users/admin/builder/spi-builder-workspace/.derivedData/Build/Intermediates.noindex/Scintillate.build/Debug-appletvos/Scintillate-t.build/Objects-normal/arm64/Scintillate.abi.json (in target 'Scintillate' from project 'Scintillate')
    cd /Users/admin/builder/spi-builder-workspace
    builtin-copy -exclude .DS_Store -exclude CVS -exclude .svn -exclude .git -exclude .hg -resolve-src-symlinks -rename /Users/admin/builder/spi-builder-workspace/.derivedData/Build/Intermediates.noindex/Scintillate.build/Debug-appletvos/Scintillate-t.build/Objects-normal/arm64/Scintillate.abi.json /Users/admin/builder/spi-builder-workspace/.derivedData/Build/Products/Debug-appletvos/Scintillate.swiftmodule/arm64-apple-tvos.abi.json
Copy /Users/admin/builder/spi-builder-workspace/.derivedData/Build/Products/Debug-appletvos/Scintillate.swiftmodule/Project/arm64-apple-tvos.swiftsourceinfo /Users/admin/builder/spi-builder-workspace/.derivedData/Build/Intermediates.noindex/Scintillate.build/Debug-appletvos/Scintillate-t.build/Objects-normal/arm64/Scintillate.swiftsourceinfo (in target 'Scintillate' from project 'Scintillate')
    cd /Users/admin/builder/spi-builder-workspace
    builtin-copy -exclude .DS_Store -exclude CVS -exclude .svn -exclude .git -exclude .hg -resolve-src-symlinks -rename /Users/admin/builder/spi-builder-workspace/.derivedData/Build/Intermediates.noindex/Scintillate.build/Debug-appletvos/Scintillate-t.build/Objects-normal/arm64/Scintillate.swiftsourceinfo /Users/admin/builder/spi-builder-workspace/.derivedData/Build/Products/Debug-appletvos/Scintillate.swiftmodule/Project/arm64-apple-tvos.swiftsourceinfo
SwiftDriverJobDiscovery normal arm64 Compiling resource_bundle_accessor.swift, NSView+JankyVars.swift (in target 'Scintillate' from project 'Scintillate')
SwiftDriverJobDiscovery normal arm64 Compiling ScintillateSwizzlerKebab.swift (in target 'Scintillate' from project 'Scintillate')
PruneExplicitPrecompiledModules /Users/admin/builder/spi-builder-workspace/.derivedData/SDKExplicitPrecompiledModules
PruneExplicitPrecompiledModules /Users/admin/builder/spi-builder-workspace/.derivedData/Build/Intermediates.noindex/SwiftExplicitPrecompiledModules
PruneExplicitPrecompiledModules /Users/admin/builder/spi-builder-workspace/.derivedData/Build/Intermediates.noindex/ExplicitPrecompiledModules
2026-09-18 02:33:09.528 xcodebuild[652:4216] [MT] IDERunDestination: Supported platforms for the buildables in the current scheme is empty.
** BUILD FAILED **
The following build commands failed:
	SwiftCompile normal arm64 Compiling\ Scintillatable.swift,\ UIView+Scintillatable.swift /Users/admin/builder/spi-builder-workspace/Sources/Scintillate/Scintillatables/Scintillatable.swift /Users/admin/builder/spi-builder-workspace/Sources/Scintillate/Scintillatables/UIView+Scintillatable.swift (in target 'Scintillate' from project 'Scintillate')
	SwiftCompile normal arm64 /Users/admin/builder/spi-builder-workspace/Sources/Scintillate/Scintillatables/UIView+Scintillatable.swift (in target 'Scintillate' from project 'Scintillate')
	Building workspace Scintillate with scheme Scintillate
(3 failures)
Command line invocation:
    /Applications/Xcode-27.0.0-Release.Candidate.app/Contents/Developer/usr/bin/xcodebuild -IDEClonedSourcePackagesDirPathOverride=/Users/admin/builder/spi-builder-workspace/.dependencies -resolvePackageDependencies
Resolve Package Graph
Resolved source packages:
  Scintillate: /Users/admin/builder/spi-builder-workspace
resolved source packages: Scintillate
2026-09-18 02:33:20.462 xcodebuild[747:4656] [MT] IDERunDestination: Supported platforms for the buildables in the current scheme is empty.
{
  "dependencies" : [
  ],
  "manifest_display_name" : "Scintillate",
  "name" : "Scintillate",
  "path" : "/Users/admin/builder/spi-builder-workspace",
  "platforms" : [
    {
      "name" : "ios",
      "version" : "12.0"
    },
    {
      "name" : "macos",
      "version" : "11.0"
    }
  ],
  "products" : [
    {
      "name" : "Scintillate",
      "targets" : [
        "Scintillate"
      ],
      "type" : {
        "library" : [
          "automatic"
        ]
      }
    }
  ],
  "targets" : [
    {
      "c99name" : "ScintillateTests",
      "module_type" : "SwiftTarget",
      "name" : "ScintillateTests",
      "path" : "Tests/ScintillateTests",
      "sources" : [
        "ScintillateTests.swift"
      ],
      "target_dependencies" : [
        "Scintillate"
      ],
      "type" : "test"
    },
    {
      "c99name" : "Scintillate",
      "module_type" : "SwiftTarget",
      "name" : "Scintillate",
      "path" : "Sources/Scintillate",
      "product_memberships" : [
        "Scintillate"
      ],
      "sources" : [
        "Janky Vars/NSView+JankyVars.swift",
        "Janky Vars/UIView+JankyVars.swift",
        "Scintillatables/NSView+Scintillatable.swift",
        "Scintillatables/Scintillatable.swift",
        "Scintillatables/UIView+Scintillatable.swift",
        "Scintillate.swift",
        "ScintillateSettings.swift",
        "ScintillateShinyLayer.swift",
        "ScintillateSwizzlerKebab/NSView+ScintillateSwizzlerKebab.swift",
        "ScintillateSwizzlerKebab/ScintillateSwizzlerKebab.swift",
        "ScintillateSwizzlerKebab/UIView+ScintillateSwizzlerKebab.swift",
        "Utility Extensions/NSColor+ColorAssets.swift",
        "Utility Extensions/UIColor+ColorAssets.swift"
      ],
      "type" : "library"
    }
  ],
  "tools_version" : "5.5"
}
{
  "workspace" : {
    "name" : "Scintillate",
    "schemes" : [
      "Scintillate"
    ]
  }
}
2026-09-18 02:33:21.673 xcodebuild[755:4726] [MT] IDERunDestination: Supported platforms for the buildables in the current scheme is empty.
Running build ...
env DEVELOPER_DIR=/Applications/Xcode-27.0.0-Release.Candidate.app xcrun xcodebuild -IDEClonedSourcePackagesDirPathOverride=$PWD/.dependencies -skipMacroValidation -skipPackagePluginValidation -derivedDataPath $PWD/.derivedData build -scheme Scintillate -destination generic/platform=tvOS
Command line invocation:
    /Applications/Xcode-27.0.0-Release.Candidate.app/Contents/Developer/usr/bin/xcodebuild -IDEClonedSourcePackagesDirPathOverride=/Users/admin/builder/spi-builder-workspace/.dependencies -skipMacroValidation -skipPackagePluginValidation -derivedDataPath /Users/admin/builder/spi-builder-workspace/.derivedData build -scheme Scintillate -destination generic/platform=tvOS
Resolve Package Graph
Resolved source packages:
  Scintillate: /Users/admin/builder/spi-builder-workspace
ComputePackagePrebuildTargetDependencyGraph
Prepare packages
CreateBuildRequest
SendProjectDescription
CreateBuildOperation
ComputeTargetDependencyGraph
note: Building targets in dependency order
note: Target dependency graph (3 targets)
    Target 'Scintillate-product' in project 'Scintillate'
        ➜ Explicit dependency on target 'Scintillate' in project 'Scintillate'
        ➜ Explicit dependency on target 'Scintillate_Scintillate' in project 'Scintillate'
    Target 'Scintillate' in project 'Scintillate'
        ➜ Explicit dependency on target 'Scintillate_Scintillate' in project 'Scintillate'
    Target 'Scintillate_Scintillate' in project 'Scintillate' (no dependencies)
GatherProvisioningInputs
CreateBuildDescription
ClangStatCache /Applications/Xcode-27.0.0-Release.Candidate.app/Contents/Developer/Toolchains/XcodeDefault.xctoolchain/usr/bin/clang-stat-cache /Applications/Xcode-27.0.0-Release.Candidate.app/Contents/Developer/Platforms/AppleTVOS.platform/Developer/SDKs/AppleTVOS27.0.sdk /Users/admin/builder/spi-builder-workspace/.derivedData/SDKStatCaches.noindex/appletvos27.0-24J360-e829b21a6f8c9b70876ba0858053c044b32bfd8d43560033f8d89884cdb90028.sdkstatcache
    cd /Users/admin/builder/spi-builder-workspace/.swiftpm/xcode
    /Applications/Xcode-27.0.0-Release.Candidate.app/Contents/Developer/Toolchains/XcodeDefault.xctoolchain/usr/bin/clang-stat-cache /Applications/Xcode-27.0.0-Release.Candidate.app/Contents/Developer/Platforms/AppleTVOS.platform/Developer/SDKs/AppleTVOS27.0.sdk -o /Users/admin/builder/spi-builder-workspace/.derivedData/SDKStatCaches.noindex/appletvos27.0-24J360-e829b21a6f8c9b70876ba0858053c044b32bfd8d43560033f8d89884cdb90028.sdkstatcache
SwiftDriver Scintillate normal arm64 com.apple.xcode.tools.swift.compiler (in target 'Scintillate' from project 'Scintillate')
    cd /Users/admin/builder/spi-builder-workspace/.swiftpm/xcode
    builtin-SwiftDriver -- /Applications/Xcode-27.0.0-Release.Candidate.app/Contents/Developer/Toolchains/XcodeDefault.xctoolchain/usr/bin/swiftc -parse-as-library -module-name Scintillate -Onone @/Users/admin/builder/spi-builder-workspace/.derivedData/Build/Intermediates.noindex/Scintillate.build/Debug-appletvos/Scintillate-t.build/Objects-normal/arm64/Scintillate.SwiftFileList -DSWIFT_PACKAGE -DDEBUG -DSWIFT_MODULE_RESOURCE_BUNDLE_AVAILABLE -DXcode -plugin-path /Applications/Xcode-27.0.0-Release.Candidate.app/Contents/Developer/Toolchains/XcodeDefault.xctoolchain/usr/lib/swift/host/plugins/testing -enable-experimental-feature DebugDescriptionMacro -sdk /Applications/Xcode-27.0.0-Release.Candidate.app/Contents/Developer/Platforms/AppleTVOS.platform/Developer/SDKs/AppleTVOS27.0.sdk -target arm64-apple-tvos15.0 -g -module-cache-path /Users/admin/builder/spi-builder-workspace/.derivedData/ModuleCache.noindex -Xfrontend -serialize-debugging-options -profile-coverage-mapping -profile-generate -enable-testing -index-store-path /Users/admin/builder/spi-builder-workspace/.derivedData/Index.noindex/DataStore -Xcc -D_LIBCPP_HARDENING_MODE\=_LIBCPP_HARDENING_MODE_DEBUG -swift-version 5 -I /Users/admin/builder/spi-builder-workspace/.derivedData/Build/Products/Debug-appletvos -Isystem /Applications/Xcode-27.0.0-Release.Candidate.app/Contents/Developer/Platforms/AppleTVOS.platform/Developer/usr/lib -F /Users/admin/builder/spi-builder-workspace/.derivedData/Build/Products/Debug-appletvos -F /Applications/Xcode-27.0.0-Release.Candidate.app/Contents/Developer/Platforms/AppleTVOS.platform/Developer/Library/Frameworks -F /Applications/Xcode-27.0.0-Release.Candidate.app/Contents/Developer/Platforms/AppleTVOS.platform/Developer/SDKs/AppleTVOS27.0.sdk/Developer/Library/Frameworks -c -j10 -enable-batch-mode -incremental -Xcc -ivfsstatcache -Xcc /Users/admin/builder/spi-builder-workspace/.derivedData/SDKStatCaches.noindex/appletvos27.0-24J360-e829b21a6f8c9b70876ba0858053c044b32bfd8d43560033f8d89884cdb90028.sdkstatcache -output-file-map /Users/admin/builder/spi-builder-workspace/.derivedData/Build/Intermediates.noindex/Scintillate.build/Debug-appletvos/Scintillate-t.build/Objects-normal/arm64/Scintillate-OutputFileMap.json -save-temps -no-color-diagnostics -explicit-module-build -module-cache-path /Users/admin/builder/spi-builder-workspace/.derivedData/Build/Intermediates.noindex/SwiftExplicitPrecompiledModules -clang-scanner-module-cache-path /Users/admin/builder/spi-builder-workspace/.derivedData/ModuleCache.noindex -sdk-module-cache-path /Users/admin/builder/spi-builder-workspace/.derivedData/SDKExplicitPrecompiledModules -emit-dependencies -emit-module -emit-module-path /Users/admin/builder/spi-builder-workspace/.derivedData/Build/Intermediates.noindex/Scintillate.build/Debug-appletvos/Scintillate-t.build/Objects-normal/arm64/Scintillate.swiftmodule -serialize-diagnostics -dependency-scan-serialize-diagnostics-path /Users/admin/builder/spi-builder-workspace/.derivedData/Build/Intermediates.noindex/Scintillate.build/Debug-appletvos/Scintillate-t.build/Objects-normal/arm64/Scintillate-dependency-scan.dia -validate-clang-modules-once -clang-build-session-file /Users/admin/builder/spi-builder-workspace/.derivedData/ModuleCache.noindex/Session.modulevalidation -Xcc -fmodules-prune-interval\=86400 -Xcc -fmodules-prune-after\=345600 -emit-const-values -const-gather-protocols-list /Users/admin/builder/spi-builder-workspace/.derivedData/Build/Intermediates.noindex/Scintillate.build/Debug-appletvos/Scintillate-t.build/Objects-normal/arm64/Scintillate_const_extract_protocols.json -Xcc -I/Users/admin/builder/spi-builder-workspace/.derivedData/Build/Products/Debug-appletvos/include -Xcc -I/Users/admin/builder/spi-builder-workspace/.derivedData/Build/Intermediates.noindex/Scintillate.build/Debug-appletvos/Scintillate-t.build/DerivedSources-normal/arm64 -Xcc -I/Users/admin/builder/spi-builder-workspace/.derivedData/Build/Intermediates.noindex/Scintillate.build/Debug-appletvos/Scintillate-t.build/DerivedSources/arm64 -Xcc -I/Users/admin/builder/spi-builder-workspace/.derivedData/Build/Intermediates.noindex/Scintillate.build/Debug-appletvos/Scintillate-t.build/DerivedSources -Xcc -DSWIFT_PACKAGE -Xcc -DDEBUG\=1 -emit-objc-header -emit-objc-header-path /Users/admin/builder/spi-builder-workspace/.derivedData/Build/Intermediates.noindex/Scintillate.build/Debug-appletvos/Scintillate-t.build/Objects-normal/arm64/Scintillate-Swift.h -working-directory /Users/admin/builder/spi-builder-workspace/.swiftpm/xcode -experimental-emit-module-separately -disable-cmo
SwiftCompile normal arm64 Compiling\ UIView+JankyVars.swift,\ NSView+Scintillatable.swift /Users/admin/builder/spi-builder-workspace/Sources/Scintillate/Janky\ Vars/UIView+JankyVars.swift /Users/admin/builder/spi-builder-workspace/Sources/Scintillate/Scintillatables/NSView+Scintillatable.swift (in target 'Scintillate' from project 'Scintillate')
SwiftCompile normal arm64 /Users/admin/builder/spi-builder-workspace/Sources/Scintillate/Janky\ Vars/UIView+JankyVars.swift (in target 'Scintillate' from project 'Scintillate')
    cd /Users/admin/builder/spi-builder-workspace/.swiftpm/xcode
    builtin-SwiftPerFileCompile UIView+JankyVars.swift
SwiftCompile normal arm64 /Users/admin/builder/spi-builder-workspace/Sources/Scintillate/Scintillatables/NSView+Scintillatable.swift (in target 'Scintillate' from project 'Scintillate')
    cd /Users/admin/builder/spi-builder-workspace/.swiftpm/xcode
    builtin-SwiftPerFileCompile NSView+Scintillatable.swift
/Users/admin/builder/spi-builder-workspace/Sources/Scintillate/Janky Vars/UIView+JankyVars.swift:20:38: warning: forming 'UnsafeRawPointer' to an inout variable of type String exposes the internal representation rather than the string contents.
18 |   var currentShinyLayer: ScintillateShinyLayer? {
19 |     get {
20 |       objc_getAssociatedObject(self, &Constants.currentShinyLayer) as? ScintillateShinyLayer
   |                                      `- warning: forming 'UnsafeRawPointer' to an inout variable of type String exposes the internal representation rather than the string contents.
21 |     }
22 |     set {
/Users/admin/builder/spi-builder-workspace/Sources/Scintillate/Janky Vars/UIView+JankyVars.swift:23:38: warning: forming 'UnsafeRawPointer' to an inout variable of type String exposes the internal representation rather than the string contents.
21 |     }
22 |     set {
23 |       objc_setAssociatedObject(self, &Constants.currentShinyLayer, newValue, .OBJC_ASSOCIATION_RETAIN_NONATOMIC)
   |                                      `- warning: forming 'UnsafeRawPointer' to an inout variable of type String exposes the internal representation rather than the string contents.
24 |     }
25 |   }
/Users/admin/builder/spi-builder-workspace/Sources/Scintillate/Janky Vars/UIView+JankyVars.swift:29:38: warning: forming 'UnsafeRawPointer' to an inout variable of type String exposes the internal representation rather than the string contents.
27 |   var currentSettings: ScintillateSettings? {
28 |     get {
29 |       objc_getAssociatedObject(self, &Constants.currentSettings) as? ScintillateSettings
   |                                      `- warning: forming 'UnsafeRawPointer' to an inout variable of type String exposes the internal representation rather than the string contents.
30 |     }
31 |     set {
/Users/admin/builder/spi-builder-workspace/Sources/Scintillate/Janky Vars/UIView+JankyVars.swift:32:38: warning: forming 'UnsafeRawPointer' to an inout variable of type String exposes the internal representation rather than the string contents.
30 |     }
31 |     set {
32 |       objc_setAssociatedObject(self, &Constants.currentSettings, newValue, .OBJC_ASSOCIATION_RETAIN_NONATOMIC)
   |                                      `- warning: forming 'UnsafeRawPointer' to an inout variable of type String exposes the internal representation rather than the string contents.
33 |     }
34 |   }
SwiftCompile normal arm64 Compiling\ ScintillateSettings.swift /Users/admin/builder/spi-builder-workspace/Sources/Scintillate/ScintillateSettings.swift (in target 'Scintillate' from project 'Scintillate')
SwiftCompile normal arm64 /Users/admin/builder/spi-builder-workspace/Sources/Scintillate/ScintillateSettings.swift (in target 'Scintillate' from project 'Scintillate')
    cd /Users/admin/builder/spi-builder-workspace/.swiftpm/xcode
    builtin-SwiftPerFileCompile ScintillateSettings.swift
SwiftCompile normal arm64 Compiling\ Scintillate.swift /Users/admin/builder/spi-builder-workspace/Sources/Scintillate/Scintillate.swift (in target 'Scintillate' from project 'Scintillate')
SwiftCompile normal arm64 /Users/admin/builder/spi-builder-workspace/Sources/Scintillate/Scintillate.swift (in target 'Scintillate' from project 'Scintillate')
    cd /Users/admin/builder/spi-builder-workspace/.swiftpm/xcode
    builtin-SwiftPerFileCompile Scintillate.swift
SwiftCompile normal arm64 Compiling\ NSView+ScintillateSwizzlerKebab.swift /Users/admin/builder/spi-builder-workspace/Sources/Scintillate/ScintillateSwizzlerKebab/NSView+ScintillateSwizzlerKebab.swift (in target 'Scintillate' from project 'Scintillate')
SwiftCompile normal arm64 /Users/admin/builder/spi-builder-workspace/Sources/Scintillate/ScintillateSwizzlerKebab/NSView+ScintillateSwizzlerKebab.swift (in target 'Scintillate' from project 'Scintillate')
    cd /Users/admin/builder/spi-builder-workspace/.swiftpm/xcode
    builtin-SwiftPerFileCompile NSView+ScintillateSwizzlerKebab.swift
SwiftCompile normal arm64 Compiling\ UIColor+ColorAssets.swift /Users/admin/builder/spi-builder-workspace/Sources/Scintillate/Utility\ Extensions/UIColor+ColorAssets.swift (in target 'Scintillate' from project 'Scintillate')
SwiftCompile normal arm64 /Users/admin/builder/spi-builder-workspace/Sources/Scintillate/Utility\ Extensions/UIColor+ColorAssets.swift (in target 'Scintillate' from project 'Scintillate')
    cd /Users/admin/builder/spi-builder-workspace/.swiftpm/xcode
    builtin-SwiftPerFileCompile UIColor+ColorAssets.swift
SwiftCompile normal arm64 Compiling\ GeneratedAssetSymbols.swift /Users/admin/builder/spi-builder-workspace/.derivedData/Build/Intermediates.noindex/Scintillate.build/Debug-appletvos/Scintillate-t.build/DerivedSources/GeneratedAssetSymbols.swift (in target 'Scintillate' from project 'Scintillate')
SwiftCompile normal arm64 /Users/admin/builder/spi-builder-workspace/.derivedData/Build/Intermediates.noindex/Scintillate.build/Debug-appletvos/Scintillate-t.build/DerivedSources/GeneratedAssetSymbols.swift (in target 'Scintillate' from project 'Scintillate')
    cd /Users/admin/builder/spi-builder-workspace/.swiftpm/xcode
    builtin-SwiftPerFileCompile GeneratedAssetSymbols.swift
SwiftCompile normal arm64 Compiling\ Scintillatable.swift /Users/admin/builder/spi-builder-workspace/Sources/Scintillate/Scintillatables/Scintillatable.swift (in target 'Scintillate' from project 'Scintillate')
SwiftCompile normal arm64 /Users/admin/builder/spi-builder-workspace/Sources/Scintillate/Scintillatables/Scintillatable.swift (in target 'Scintillate' from project 'Scintillate')
    cd /Users/admin/builder/spi-builder-workspace/.swiftpm/xcode
    builtin-SwiftPerFileCompile Scintillatable.swift
SwiftCompile normal arm64 Compiling\ ScintillateShinyLayer.swift /Users/admin/builder/spi-builder-workspace/Sources/Scintillate/ScintillateShinyLayer.swift (in target 'Scintillate' from project 'Scintillate')
SwiftCompile normal arm64 /Users/admin/builder/spi-builder-workspace/Sources/Scintillate/ScintillateShinyLayer.swift (in target 'Scintillate' from project 'Scintillate')
    cd /Users/admin/builder/spi-builder-workspace/.swiftpm/xcode
    builtin-SwiftPerFileCompile ScintillateShinyLayer.swift
SwiftCompile normal arm64 Compiling\ UIView+ScintillateSwizzlerKebab.swift /Users/admin/builder/spi-builder-workspace/Sources/Scintillate/ScintillateSwizzlerKebab/UIView+ScintillateSwizzlerKebab.swift (in target 'Scintillate' from project 'Scintillate')
/Users/admin/builder/spi-builder-workspace/Sources/Scintillate/ScintillateSwizzlerKebab/UIView+ScintillateSwizzlerKebab.swift:18:34: error: value of type 'ScintillateShinyLayer' has no member 'updateLayout'
16 |     Scintillate.parse(self, apply: {
17 |       guard let current = $0 as? UIView else { return }
18 |       current.currentShinyLayer?.updateLayout()
   |                                  `- error: value of type 'ScintillateShinyLayer' has no member 'updateLayout'
19 |     })
20 |   }
Failed frontend command:
/Applications/Xcode-27.0.0-Release.Candidate.app/Contents/Developer/Toolchains/XcodeDefault.xctoolchain/usr/bin/swift-frontend -frontend -c /Users/admin/builder/spi-builder-workspace/.derivedData/Build/Intermediates.noindex/Scintillate.build/Debug-appletvos/Scintillate-t.build/DerivedSources/resource_bundle_accessor.swift /Users/admin/builder/spi-builder-workspace/Sources/Scintillate/Janky\ Vars/NSView+JankyVars.swift /Users/admin/builder/spi-builder-workspace/Sources/Scintillate/Janky\ Vars/UIView+JankyVars.swift /Users/admin/builder/spi-builder-workspace/Sources/Scintillate/Scintillatables/NSView+Scintillatable.swift /Users/admin/builder/spi-builder-workspace/Sources/Scintillate/Scintillatables/Scintillatable.swift /Users/admin/builder/spi-builder-workspace/Sources/Scintillate/Scintillatables/UIView+Scintillatable.swift /Users/admin/builder/spi-builder-workspace/Sources/Scintillate/Scintillate.swift /Users/admin/builder/spi-builder-workspace/Sources/Scintillate/ScintillateSettings.swift /Users/admin/builder/spi-builder-workspace/Sources/Scintillate/ScintillateShinyLayer.swift /Users/admin/builder/spi-builder-workspace/Sources/Scintillate/ScintillateSwizzlerKebab/NSView+ScintillateSwizzlerKebab.swift /Users/admin/builder/spi-builder-workspace/Sources/Scintillate/ScintillateSwizzlerKebab/ScintillateSwizzlerKebab.swift -primary-file /Users/admin/builder/spi-builder-workspace/Sources/Scintillate/ScintillateSwizzlerKebab/UIView+ScintillateSwizzlerKebab.swift /Users/admin/builder/spi-builder-workspace/Sources/Scintillate/Utility\ Extensions/NSColor+ColorAssets.swift /Users/admin/builder/spi-builder-workspace/Sources/Scintillate/Utility\ Extensions/UIColor+ColorAssets.swift /Users/admin/builder/spi-builder-workspace/.derivedData/Build/Intermediates.noindex/Scintillate.build/Debug-appletvos/Scintillate-t.build/DerivedSources/GeneratedAssetSymbols.swift -emit-dependencies-path /Users/admin/builder/spi-builder-workspace/.derivedData/Build/Intermediates.noindex/Scintillate.build/Debug-appletvos/Scintillate-t.build/Objects-normal/arm64/UIView+ScintillateSwizzlerKebab.d -emit-const-values-path /Users/admin/builder/spi-builder-workspace/.derivedData/Build/Intermediates.noindex/Scintillate.build/Debug-appletvos/Scintillate-t.build/Objects-normal/arm64/UIView+ScintillateSwizzlerKebab.swiftconstvalues -emit-reference-dependencies-path /Users/admin/builder/spi-builder-workspace/.derivedData/Build/Intermediates.noindex/Scintillate.build/Debug-appletvos/Scintillate-t.build/Objects-normal/arm64/UIView+ScintillateSwizzlerKebab.swiftdeps -serialize-diagnostics-path /Users/admin/builder/spi-builder-workspace/.derivedData/Build/Intermediates.noindex/Scintillate.build/Debug-appletvos/Scintillate-t.build/Objects-normal/arm64/UIView+ScintillateSwizzlerKebab.dia -target arm64-apple-tvos15.0 -module-can-import-version DeveloperToolsSupport 24.0.24 24.0.24 -module-can-import-version SwiftUI 8.0.84 8.0.84 -module-can-import-version UIKit 9127.0.84.1 9127.0.84 -disable-cross-import-overlay-search -load-resolved-plugin /Applications/Xcode-27.0.0-Release.Candidate.app/Contents/Developer/Platforms/AppleTVOS.platform/Developer/usr/lib/swift/host/plugins/libFoundationMacros.dylib\#/Applications/Xcode-27.0.0-Release.Candidate.app/Contents/Developer/Platforms/AppleTVOS.platform/Developer/usr/bin/swift-plugin-server\#FoundationMacros -load-resolved-plugin /Applications/Xcode-27.0.0-Release.Candidate.app/Contents/Developer/Platforms/AppleTVOS.platform/Developer/usr/lib/swift/host/plugins/libObservationMacros.dylib\#/Applications/Xcode-27.0.0-Release.Candidate.app/Contents/Developer/Platforms/AppleTVOS.platform/Developer/usr/bin/swift-plugin-server\#ObservationMacros -load-resolved-plugin /Applications/Xcode-27.0.0-Release.Candidate.app/Contents/Developer/Platforms/AppleTVOS.platform/Developer/usr/lib/swift/host/plugins/libPreviewsMacros.dylib\#/Applications/Xcode-27.0.0-Release.Candidate.app/Contents/Developer/Platforms/AppleTVOS.platform/Developer/usr/bin/swift-plugin-server\#PreviewsMacros -load-resolved-plugin /Applications/Xcode-27.0.0-Release.Candidate.app/Contents/Developer/Platforms/AppleTVOS.platform/Developer/usr/lib/swift/host/plugins/libSwiftMacros.dylib\#/Applications/Xcode-27.0.0-Release.Candidate.app/Contents/Developer/Platforms/AppleTVOS.platform/Developer/usr/bin/swift-plugin-server\#SwiftMacros -load-resolved-plugin /Applications/Xcode-27.0.0-Release.Candidate.app/Contents/Developer/Platforms/AppleTVOS.platform/Developer/usr/lib/swift/host/plugins/libSwiftUIMacros.dylib\#/Applications/Xcode-27.0.0-Release.Candidate.app/Contents/Developer/Platforms/AppleTVOS.platform/Developer/usr/bin/swift-plugin-server\#SwiftUIMacros -disable-implicit-swift-modules -Xcc -fno-implicit-modules -Xcc -fno-implicit-module-maps -explicit-swift-module-map-file /Users/admin/builder/spi-builder-workspace/.derivedData/Build/Intermediates.noindex/Scintillate.build/Debug-appletvos/Scintillate-t.build/Objects-normal/arm64/Scintillate-dependencies-1.json -Xllvm -aarch64-use-tbi -enable-objc-interop -stack-check -sdk /Applications/Xcode-27.0.0-Release.Candidate.app/Contents/Developer/Platforms/AppleTVOS.platform/Developer/SDKs/AppleTVOS27.0.sdk -I /Users/admin/builder/spi-builder-workspace/.derivedData/Build/Products/Debug-appletvos -Isystem /Applications/Xcode-27.0.0-Release.Candidate.app/Contents/Developer/Platforms/AppleTVOS.platform/Developer/usr/lib -F /Users/admin/builder/spi-builder-workspace/.derivedData/Build/Products/Debug-appletvos -F /Applications/Xcode-27.0.0-Release.Candidate.app/Contents/Developer/Platforms/AppleTVOS.platform/Developer/Library/Frameworks -F /Applications/Xcode-27.0.0-Release.Candidate.app/Contents/Developer/Platforms/AppleTVOS.platform/Developer/SDKs/AppleTVOS27.0.sdk/Developer/Library/Frameworks -module-cache-path /Users/admin/builder/spi-builder-workspace/.derivedData/Build/Intermediates.noindex/SwiftExplicitPrecompiledModules -no-color-diagnostics -Xcc -fno-color-diagnostics -enable-testing -g -debug-info-format\=dwarf -dwarf-version\=4 -profile-generate -profile-coverage-mapping -swift-version 5 -Onone -D SWIFT_PACKAGE -D DEBUG -D SWIFT_MODULE_RESOURCE_BUNDLE_AVAILABLE -D Xcode -serialize-debugging-options -enable-experimental-feature DebugDescriptionMacro -empty-abi-descriptor -validate-clang-modules-once -clang-build-session-file /Users/admin/builder/spi-builder-workspace/.derivedData/ModuleCache.noindex/Session.modulevalidation -Xcc -working-directory -Xcc /Users/admin/builder/spi-builder-workspace/.swiftpm/xcode -enable-anonymous-context-mangled-names -file-compilation-dir /Users/admin/builder/spi-builder-workspace/.swiftpm/xcode -Xcc -D_LIBCPP_HARDENING_MODE\=_LIBCPP_HARDENING_MODE_DEBUG -Xcc -ivfsstatcache -Xcc /Users/admin/builder/spi-builder-workspace/.derivedData/SDKStatCaches.noindex/appletvos27.0-24J360-e829b21a6f8c9b70876ba0858053c044b32bfd8d43560033f8d89884cdb90028.sdkstatcache -Xcc -fmodules-prune-interval\=86400 -Xcc -fmodules-prune-after\=345600 -Xcc -I/Users/admin/builder/spi-builder-workspace/.derivedData/Build/Products/Debug-appletvos/include -Xcc -I/Users/admin/builder/spi-builder-workspace/.derivedData/Build/Intermediates.noindex/Scintillate.build/Debug-appletvos/Scintillate-t.build/DerivedSources-normal/arm64 -Xcc -I/Users/admin/builder/spi-builder-workspace/.derivedData/Build/Intermediates.noindex/Scintillate.build/Debug-appletvos/Scintillate-t.build/DerivedSources/arm64 -Xcc -I/Users/admin/builder/spi-builder-workspace/.derivedData/Build/Intermediates.noindex/Scintillate.build/Debug-appletvos/Scintillate-t.build/DerivedSources -Xcc -DSWIFT_PACKAGE -Xcc -DDEBUG\=1 -no-auto-bridging-header-chaining -module-name Scintillate -const-gather-protocols-file /Users/admin/builder/spi-builder-workspace/.derivedData/Build/Intermediates.noindex/Scintillate.build/Debug-appletvos/Scintillate-t.build/Objects-normal/arm64/Scintillate_const_extract_protocols.json -disable-clang-spi -clang-target arm64-apple-tvos27.0 -target-sdk-version 27.0 -target-sdk-name appletvos27.0 -in-process-plugin-server-path /Applications/Xcode-27.0.0-Release.Candidate.app/Contents/Developer/Toolchains/XcodeDefault.xctoolchain/usr/lib/swift/host/libSwiftInProcPluginServer.dylib -parse-as-library -o /Users/admin/builder/spi-builder-workspace/.derivedData/Build/Intermediates.noindex/Scintillate.build/Debug-appletvos/Scintillate-t.build/Objects-normal/arm64/UIView+ScintillateSwizzlerKebab.o -debug-module-path /Users/admin/builder/spi-builder-workspace/.derivedData/Build/Intermediates.noindex/Scintillate.build/Debug-appletvos/Scintillate-t.build/Objects-normal/arm64/Scintillate.swiftmodule -index-unit-output-path /Scintillate.build/Debug-appletvos/Scintillate-t.build/Objects-normal/arm64/UIView+ScintillateSwizzlerKebab.o -index-store-path /Users/admin/builder/spi-builder-workspace/.derivedData/Index.noindex/DataStore -index-system-modules
SwiftCompile normal arm64 /Users/admin/builder/spi-builder-workspace/Sources/Scintillate/ScintillateSwizzlerKebab/UIView+ScintillateSwizzlerKebab.swift (in target 'Scintillate' from project 'Scintillate')
    cd /Users/admin/builder/spi-builder-workspace/.swiftpm/xcode
    builtin-SwiftPerFileCompile UIView+ScintillateSwizzlerKebab.swift
SwiftCompile normal arm64 Compiling\ UIView+Scintillatable.swift /Users/admin/builder/spi-builder-workspace/Sources/Scintillate/Scintillatables/UIView+Scintillatable.swift (in target 'Scintillate' from project 'Scintillate')
SwiftCompile normal arm64 /Users/admin/builder/spi-builder-workspace/Sources/Scintillate/Scintillatables/UIView+Scintillatable.swift (in target 'Scintillate' from project 'Scintillate')
    cd /Users/admin/builder/spi-builder-workspace/.swiftpm/xcode
    builtin-SwiftPerFileCompile UIView+Scintillatable.swift
SwiftEmitModule normal arm64 Emitting\ module\ for\ Scintillate (in target 'Scintillate' from project 'Scintillate')
SwiftCompile normal arm64 (in target 'Scintillate' from project 'Scintillate')
    cd /Users/admin/builder/spi-builder-workspace/.swiftpm/xcode

SwiftDriverJobDiscovery normal arm64 Compiling NSView+ScintillateSwizzlerKebab.swift (in target 'Scintillate' from project 'Scintillate')
SwiftDriverJobDiscovery normal arm64 Compiling Scintillatable.swift (in target 'Scintillate' from project 'Scintillate')
SwiftDriverJobDiscovery normal arm64 Compiling ScintillateShinyLayer.swift (in target 'Scintillate' from project 'Scintillate')
PruneExplicitPrecompiledModules /Users/admin/builder/spi-builder-workspace/.derivedData/SDKExplicitPrecompiledModules
PruneExplicitPrecompiledModules /Users/admin/builder/spi-builder-workspace/.derivedData/Build/Intermediates.noindex/ExplicitPrecompiledModules
PruneExplicitPrecompiledModules /Users/admin/builder/spi-builder-workspace/.derivedData/Build/Intermediates.noindex/SwiftExplicitPrecompiledModules
2026-09-18 02:33:22.622 xcodebuild[756:4750] [MT] IDERunDestination: Supported platforms for the buildables in the current scheme is empty.
** BUILD FAILED **
The following build commands failed:
	SwiftCompile normal arm64 Compiling\ UIView+ScintillateSwizzlerKebab.swift /Users/admin/builder/spi-builder-workspace/Sources/Scintillate/ScintillateSwizzlerKebab/UIView+ScintillateSwizzlerKebab.swift (in target 'Scintillate' from project 'Scintillate')
	SwiftCompile normal arm64 /Users/admin/builder/spi-builder-workspace/Sources/Scintillate/ScintillateSwizzlerKebab/UIView+ScintillateSwizzlerKebab.swift (in target 'Scintillate' from project 'Scintillate')
	Building workspace Scintillate with scheme Scintillate
(3 failures)
BUILD FAILURE 6.4 tvOS