The Swift Package Index logo.Swift Package Index

Track the adoption of Swift 6 strict concurrency checks for data race safety. How many packages are Ready for Swift 6?

Build Information

Failed to build RSTabBar with Swift 5.8 for watchOS using Xcode 14.3 at v1.1.1.

Build Command

env DEVELOPER_DIR=/Applications/Xcode-14.3.1.app xcrun xcodebuild -IDEClonedSourcePackagesDirPathOverride=$workDir/.dependencies -skipPackagePluginValidation -derivedDataPath $workDir/.derivedData build -scheme RSTabBar -destination generic/platform=watchos

Build Log

    IDEPackageSupportUseBuiltinSCM = YES
Resolve Package Graph
Resolved source packages:
  RSTabBar: /Users/admin/builds/vMd7uqzK/1/finestructure/swiftpackageindex-builder/spi-builder-workspace
Prepare packages
Computing target dependency graph and provisioning inputs
Create build description
Build description signature: 1effbeba708b1f45962d60ab2acf144a
Build description path: /Users/admin/builds/vMd7uqzK/1/finestructure/swiftpackageindex-builder/spi-builder-workspace/.derivedData/Build/Intermediates.noindex/XCBuildData/1effbeba708b1f45962d60ab2acf144a.xcbuilddata
note: Building targets in dependency order
CreateBuildDirectory /Users/admin/builds/vMd7uqzK/1/finestructure/swiftpackageindex-builder/spi-builder-workspace/.derivedData/Build/Intermediates.noindex
    cd /Users/admin/builds/vMd7uqzK/1/finestructure/swiftpackageindex-builder/spi-builder-workspace/.swiftpm/xcode
    builtin-create-build-directory /Users/admin/builds/vMd7uqzK/1/finestructure/swiftpackageindex-builder/spi-builder-workspace/.derivedData/Build/Intermediates.noindex
CreateBuildDirectory /Users/admin/builds/vMd7uqzK/1/finestructure/swiftpackageindex-builder/spi-builder-workspace/.derivedData/Build/Products
    cd /Users/admin/builds/vMd7uqzK/1/finestructure/swiftpackageindex-builder/spi-builder-workspace/.swiftpm/xcode
    builtin-create-build-directory /Users/admin/builds/vMd7uqzK/1/finestructure/swiftpackageindex-builder/spi-builder-workspace/.derivedData/Build/Products
ClangStatCache /Applications/Xcode-14.3.1.app/Contents/Developer/Toolchains/XcodeDefault.xctoolchain/usr/bin/clang-stat-cache /Applications/Xcode-14.3.1.app/Contents/Developer/Platforms/WatchOS.platform/Developer/SDKs/WatchOS9.4.sdk /Users/admin/builds/vMd7uqzK/1/finestructure/swiftpackageindex-builder/spi-builder-workspace/.derivedData/SDKStatCaches.noindex/watchos9.4-20T248-.sdkstatcache
    cd /Users/admin/builds/vMd7uqzK/1/finestructure/swiftpackageindex-builder/spi-builder-workspace/.swiftpm/xcode
    /Applications/Xcode-14.3.1.app/Contents/Developer/Toolchains/XcodeDefault.xctoolchain/usr/bin/clang-stat-cache /Applications/Xcode-14.3.1.app/Contents/Developer/Platforms/WatchOS.platform/Developer/SDKs/WatchOS9.4.sdk -o /Users/admin/builds/vMd7uqzK/1/finestructure/swiftpackageindex-builder/spi-builder-workspace/.derivedData/SDKStatCaches.noindex/watchos9.4-20T248-.sdkstatcache
CreateBuildDirectory /Users/admin/builds/vMd7uqzK/1/finestructure/swiftpackageindex-builder/spi-builder-workspace/.derivedData/Build/Products/Debug-watchos
    cd /Users/admin/builds/vMd7uqzK/1/finestructure/swiftpackageindex-builder/spi-builder-workspace/.swiftpm/xcode
    builtin-create-build-directory /Users/admin/builds/vMd7uqzK/1/finestructure/swiftpackageindex-builder/spi-builder-workspace/.derivedData/Build/Products/Debug-watchos
CreateBuildDirectory /Users/admin/builds/vMd7uqzK/1/finestructure/swiftpackageindex-builder/spi-builder-workspace/.derivedData/Build/Intermediates.noindex/EagerLinkingTBDs/Debug-watchos
    cd /Users/admin/builds/vMd7uqzK/1/finestructure/swiftpackageindex-builder/spi-builder-workspace/.swiftpm/xcode
    builtin-create-build-directory /Users/admin/builds/vMd7uqzK/1/finestructure/swiftpackageindex-builder/spi-builder-workspace/.derivedData/Build/Intermediates.noindex/EagerLinkingTBDs/Debug-watchos
CreateBuildDirectory /Users/admin/builds/vMd7uqzK/1/finestructure/swiftpackageindex-builder/spi-builder-workspace/.derivedData/Build/Products/Debug-watchos/PackageFrameworks
    cd /Users/admin/builds/vMd7uqzK/1/finestructure/swiftpackageindex-builder/spi-builder-workspace/.swiftpm/xcode
    builtin-create-build-directory /Users/admin/builds/vMd7uqzK/1/finestructure/swiftpackageindex-builder/spi-builder-workspace/.derivedData/Build/Products/Debug-watchos/PackageFrameworks
WriteAuxiliaryFile /Users/admin/builds/vMd7uqzK/1/finestructure/swiftpackageindex-builder/spi-builder-workspace/.derivedData/Build/Intermediates.noindex/RSTabBar.build/Debug-watchos/RSTabBar.build/RSTabBar.modulemap (in target 'RSTabBar' from project 'RSTabBar')
    cd /Users/admin/builds/vMd7uqzK/1/finestructure/swiftpackageindex-builder/spi-builder-workspace
    write-file /Users/admin/builds/vMd7uqzK/1/finestructure/swiftpackageindex-builder/spi-builder-workspace/.derivedData/Build/Intermediates.noindex/RSTabBar.build/Debug-watchos/RSTabBar.build/RSTabBar.modulemap
Copy /Users/admin/builds/vMd7uqzK/1/finestructure/swiftpackageindex-builder/spi-builder-workspace/.derivedData/Build/Intermediates.noindex/GeneratedModuleMaps-watchos/RSTabBar.modulemap /Users/admin/builds/vMd7uqzK/1/finestructure/swiftpackageindex-builder/spi-builder-workspace/.derivedData/Build/Intermediates.noindex/RSTabBar.build/Debug-watchos/RSTabBar.build/RSTabBar.modulemap (in target 'RSTabBar' from project 'RSTabBar')
    cd /Users/admin/builds/vMd7uqzK/1/finestructure/swiftpackageindex-builder/spi-builder-workspace
    builtin-copy -exclude .DS_Store -exclude CVS -exclude .svn -exclude .git -exclude .hg -resolve-src-symlinks /Users/admin/builds/vMd7uqzK/1/finestructure/swiftpackageindex-builder/spi-builder-workspace/.derivedData/Build/Intermediates.noindex/RSTabBar.build/Debug-watchos/RSTabBar.build/RSTabBar.modulemap /Users/admin/builds/vMd7uqzK/1/finestructure/swiftpackageindex-builder/spi-builder-workspace/.derivedData/Build/Intermediates.noindex/GeneratedModuleMaps-watchos
WriteAuxiliaryFile /Users/admin/builds/vMd7uqzK/1/finestructure/swiftpackageindex-builder/spi-builder-workspace/.derivedData/Build/Intermediates.noindex/RSTabBar.build/Debug-watchos/RSTabBar.build/Objects-normal/armv7k/RSTabBar.LinkFileList (in target 'RSTabBar' from project 'RSTabBar')
    cd /Users/admin/builds/vMd7uqzK/1/finestructure/swiftpackageindex-builder/spi-builder-workspace
    write-file /Users/admin/builds/vMd7uqzK/1/finestructure/swiftpackageindex-builder/spi-builder-workspace/.derivedData/Build/Intermediates.noindex/RSTabBar.build/Debug-watchos/RSTabBar.build/Objects-normal/armv7k/RSTabBar.LinkFileList
WriteAuxiliaryFile /Users/admin/builds/vMd7uqzK/1/finestructure/swiftpackageindex-builder/spi-builder-workspace/.derivedData/Build/Intermediates.noindex/RSTabBar.build/Debug-watchos/RSTabBar.build/Objects-normal/arm64_32/RSTabBar.LinkFileList (in target 'RSTabBar' from project 'RSTabBar')
    cd /Users/admin/builds/vMd7uqzK/1/finestructure/swiftpackageindex-builder/spi-builder-workspace
    write-file /Users/admin/builds/vMd7uqzK/1/finestructure/swiftpackageindex-builder/spi-builder-workspace/.derivedData/Build/Intermediates.noindex/RSTabBar.build/Debug-watchos/RSTabBar.build/Objects-normal/arm64_32/RSTabBar.LinkFileList
WriteAuxiliaryFile /Users/admin/builds/vMd7uqzK/1/finestructure/swiftpackageindex-builder/spi-builder-workspace/.derivedData/Build/Intermediates.noindex/RSTabBar.build/Debug-watchos/RSTabBar.build/Objects-normal/arm64/RSTabBar.LinkFileList (in target 'RSTabBar' from project 'RSTabBar')
    cd /Users/admin/builds/vMd7uqzK/1/finestructure/swiftpackageindex-builder/spi-builder-workspace
    write-file /Users/admin/builds/vMd7uqzK/1/finestructure/swiftpackageindex-builder/spi-builder-workspace/.derivedData/Build/Intermediates.noindex/RSTabBar.build/Debug-watchos/RSTabBar.build/Objects-normal/arm64/RSTabBar.LinkFileList
WriteAuxiliaryFile /Users/admin/builds/vMd7uqzK/1/finestructure/swiftpackageindex-builder/spi-builder-workspace/.derivedData/Build/Intermediates.noindex/RSTabBar.build/Debug-watchos/RSTabBar.build/Objects-normal/armv7k/RSTabBar.SwiftFileList (in target 'RSTabBar' from project 'RSTabBar')
    cd /Users/admin/builds/vMd7uqzK/1/finestructure/swiftpackageindex-builder/spi-builder-workspace
    write-file /Users/admin/builds/vMd7uqzK/1/finestructure/swiftpackageindex-builder/spi-builder-workspace/.derivedData/Build/Intermediates.noindex/RSTabBar.build/Debug-watchos/RSTabBar.build/Objects-normal/armv7k/RSTabBar.SwiftFileList
WriteAuxiliaryFile /Users/admin/builds/vMd7uqzK/1/finestructure/swiftpackageindex-builder/spi-builder-workspace/.derivedData/Build/Intermediates.noindex/RSTabBar.build/Debug-watchos/RSTabBar.build/Objects-normal/armv7k/RSTabBar-OutputFileMap.json (in target 'RSTabBar' from project 'RSTabBar')
    cd /Users/admin/builds/vMd7uqzK/1/finestructure/swiftpackageindex-builder/spi-builder-workspace
    write-file /Users/admin/builds/vMd7uqzK/1/finestructure/swiftpackageindex-builder/spi-builder-workspace/.derivedData/Build/Intermediates.noindex/RSTabBar.build/Debug-watchos/RSTabBar.build/Objects-normal/armv7k/RSTabBar-OutputFileMap.json
WriteAuxiliaryFile /Users/admin/builds/vMd7uqzK/1/finestructure/swiftpackageindex-builder/spi-builder-workspace/.derivedData/Build/Intermediates.noindex/RSTabBar.build/Debug-watchos/RSTabBar.build/Objects-normal/arm64_32/RSTabBar.SwiftFileList (in target 'RSTabBar' from project 'RSTabBar')
    cd /Users/admin/builds/vMd7uqzK/1/finestructure/swiftpackageindex-builder/spi-builder-workspace
    write-file /Users/admin/builds/vMd7uqzK/1/finestructure/swiftpackageindex-builder/spi-builder-workspace/.derivedData/Build/Intermediates.noindex/RSTabBar.build/Debug-watchos/RSTabBar.build/Objects-normal/arm64_32/RSTabBar.SwiftFileList
WriteAuxiliaryFile /Users/admin/builds/vMd7uqzK/1/finestructure/swiftpackageindex-builder/spi-builder-workspace/.derivedData/Build/Intermediates.noindex/RSTabBar.build/Debug-watchos/RSTabBar.build/Objects-normal/arm64_32/RSTabBar-OutputFileMap.json (in target 'RSTabBar' from project 'RSTabBar')
    cd /Users/admin/builds/vMd7uqzK/1/finestructure/swiftpackageindex-builder/spi-builder-workspace
    write-file /Users/admin/builds/vMd7uqzK/1/finestructure/swiftpackageindex-builder/spi-builder-workspace/.derivedData/Build/Intermediates.noindex/RSTabBar.build/Debug-watchos/RSTabBar.build/Objects-normal/arm64_32/RSTabBar-OutputFileMap.json
WriteAuxiliaryFile /Users/admin/builds/vMd7uqzK/1/finestructure/swiftpackageindex-builder/spi-builder-workspace/.derivedData/Build/Intermediates.noindex/RSTabBar.build/Debug-watchos/RSTabBar.build/Objects-normal/arm64/RSTabBar.SwiftFileList (in target 'RSTabBar' from project 'RSTabBar')
    cd /Users/admin/builds/vMd7uqzK/1/finestructure/swiftpackageindex-builder/spi-builder-workspace
    write-file /Users/admin/builds/vMd7uqzK/1/finestructure/swiftpackageindex-builder/spi-builder-workspace/.derivedData/Build/Intermediates.noindex/RSTabBar.build/Debug-watchos/RSTabBar.build/Objects-normal/arm64/RSTabBar.SwiftFileList
WriteAuxiliaryFile /Users/admin/builds/vMd7uqzK/1/finestructure/swiftpackageindex-builder/spi-builder-workspace/.derivedData/Build/Intermediates.noindex/RSTabBar.build/Debug-watchos/RSTabBar.build/Objects-normal/arm64/RSTabBar-OutputFileMap.json (in target 'RSTabBar' from project 'RSTabBar')
    cd /Users/admin/builds/vMd7uqzK/1/finestructure/swiftpackageindex-builder/spi-builder-workspace
    write-file /Users/admin/builds/vMd7uqzK/1/finestructure/swiftpackageindex-builder/spi-builder-workspace/.derivedData/Build/Intermediates.noindex/RSTabBar.build/Debug-watchos/RSTabBar.build/Objects-normal/arm64/RSTabBar-OutputFileMap.json
SwiftDriver RSTabBar normal arm64 com.apple.xcode.tools.swift.compiler (in target 'RSTabBar' from project 'RSTabBar')
    cd /Users/admin/builds/vMd7uqzK/1/finestructure/swiftpackageindex-builder/spi-builder-workspace
    builtin-SwiftDriver -- /Applications/Xcode-14.3.1.app/Contents/Developer/Toolchains/XcodeDefault.xctoolchain/usr/bin/swiftc -module-name RSTabBar -Onone -enforce-exclusivity\=checked @/Users/admin/builds/vMd7uqzK/1/finestructure/swiftpackageindex-builder/spi-builder-workspace/.derivedData/Build/Intermediates.noindex/RSTabBar.build/Debug-watchos/RSTabBar.build/Objects-normal/arm64/RSTabBar.SwiftFileList -DSWIFT_PACKAGE -DDEBUG -DXcode -sdk /Applications/Xcode-14.3.1.app/Contents/Developer/Platforms/WatchOS.platform/Developer/SDKs/WatchOS9.4.sdk -target arm64-apple-watchos8.0 -g -module-cache-path /Users/admin/builds/vMd7uqzK/1/finestructure/swiftpackageindex-builder/spi-builder-workspace/.derivedData/ModuleCache.noindex -Xfrontend -serialize-debugging-options -enable-testing -index-store-path /Users/admin/builds/vMd7uqzK/1/finestructure/swiftpackageindex-builder/spi-builder-workspace/.derivedData/Index.noindex/DataStore -swift-version 5 -I /Users/admin/builds/vMd7uqzK/1/finestructure/swiftpackageindex-builder/spi-builder-workspace/.derivedData/Build/Products/Debug-watchos -I /Applications/Xcode-14.3.1.app/Contents/Developer/Platforms/WatchOS.platform/Developer/usr/lib -F /Users/admin/builds/vMd7uqzK/1/finestructure/swiftpackageindex-builder/spi-builder-workspace/.derivedData/Build/Products/Debug-watchos -F /Applications/Xcode-14.3.1.app/Contents/Developer/Platforms/WatchOS.platform/Developer/Library/Frameworks -F /Applications/Xcode-14.3.1.app/Contents/Developer/Platforms/WatchOS.platform/Developer/SDKs/WatchOS9.4.sdk/Developer/Library/Frameworks -c -j4 -enable-batch-mode -incremental -Xcc -ivfsstatcache -Xcc /Users/admin/builds/vMd7uqzK/1/finestructure/swiftpackageindex-builder/spi-builder-workspace/.derivedData/SDKStatCaches.noindex/watchos9.4-20T248-.sdkstatcache -output-file-map /Users/admin/builds/vMd7uqzK/1/finestructure/swiftpackageindex-builder/spi-builder-workspace/.derivedData/Build/Intermediates.noindex/RSTabBar.build/Debug-watchos/RSTabBar.build/Objects-normal/arm64/RSTabBar-OutputFileMap.json -use-frontend-parseable-output -save-temps -no-color-diagnostics -serialize-diagnostics -emit-dependencies -emit-module -emit-module-path /Users/admin/builds/vMd7uqzK/1/finestructure/swiftpackageindex-builder/spi-builder-workspace/.derivedData/Build/Intermediates.noindex/RSTabBar.build/Debug-watchos/RSTabBar.build/Objects-normal/arm64/RSTabBar.swiftmodule -Xcc -I/Users/admin/builds/vMd7uqzK/1/finestructure/swiftpackageindex-builder/spi-builder-workspace/.derivedData/Build/Intermediates.noindex/RSTabBar.build/Debug-watchos/RSTabBar.build/swift-overrides.hmap -Xcc -I/Users/admin/builds/vMd7uqzK/1/finestructure/swiftpackageindex-builder/spi-builder-workspace/.derivedData/Build/Products/Debug-watchos/include -Xcc -I/Users/admin/builds/vMd7uqzK/1/finestructure/swiftpackageindex-builder/spi-builder-workspace/.derivedData/Build/Intermediates.noindex/RSTabBar.build/Debug-watchos/RSTabBar.build/DerivedSources-normal/arm64 -Xcc -I/Users/admin/builds/vMd7uqzK/1/finestructure/swiftpackageindex-builder/spi-builder-workspace/.derivedData/Build/Intermediates.noindex/RSTabBar.build/Debug-watchos/RSTabBar.build/DerivedSources/arm64 -Xcc -I/Users/admin/builds/vMd7uqzK/1/finestructure/swiftpackageindex-builder/spi-builder-workspace/.derivedData/Build/Intermediates.noindex/RSTabBar.build/Debug-watchos/RSTabBar.build/DerivedSources -Xcc -DSWIFT_PACKAGE -Xcc -DDEBUG\=1 -emit-objc-header -emit-objc-header-path /Users/admin/builds/vMd7uqzK/1/finestructure/swiftpackageindex-builder/spi-builder-workspace/.derivedData/Build/Intermediates.noindex/RSTabBar.build/Debug-watchos/RSTabBar.build/Objects-normal/arm64/RSTabBar-Swift.h -working-directory /Users/admin/builds/vMd7uqzK/1/finestructure/swiftpackageindex-builder/spi-builder-workspace -experimental-emit-module-separately -disable-cmo
SwiftDriver RSTabBar normal armv7k com.apple.xcode.tools.swift.compiler (in target 'RSTabBar' from project 'RSTabBar')
    cd /Users/admin/builds/vMd7uqzK/1/finestructure/swiftpackageindex-builder/spi-builder-workspace
    builtin-SwiftDriver -- /Applications/Xcode-14.3.1.app/Contents/Developer/Toolchains/XcodeDefault.xctoolchain/usr/bin/swiftc -module-name RSTabBar -Onone -enforce-exclusivity\=checked @/Users/admin/builds/vMd7uqzK/1/finestructure/swiftpackageindex-builder/spi-builder-workspace/.derivedData/Build/Intermediates.noindex/RSTabBar.build/Debug-watchos/RSTabBar.build/Objects-normal/armv7k/RSTabBar.SwiftFileList -DSWIFT_PACKAGE -DDEBUG -DXcode -sdk /Applications/Xcode-14.3.1.app/Contents/Developer/Platforms/WatchOS.platform/Developer/SDKs/WatchOS9.4.sdk -target armv7k-apple-watchos8.0 -g -module-cache-path /Users/admin/builds/vMd7uqzK/1/finestructure/swiftpackageindex-builder/spi-builder-workspace/.derivedData/ModuleCache.noindex -Xfrontend -serialize-debugging-options -enable-testing -index-store-path /Users/admin/builds/vMd7uqzK/1/finestructure/swiftpackageindex-builder/spi-builder-workspace/.derivedData/Index.noindex/DataStore -swift-version 5 -I /Users/admin/builds/vMd7uqzK/1/finestructure/swiftpackageindex-builder/spi-builder-workspace/.derivedData/Build/Products/Debug-watchos -I /Applications/Xcode-14.3.1.app/Contents/Developer/Platforms/WatchOS.platform/Developer/usr/lib -F /Users/admin/builds/vMd7uqzK/1/finestructure/swiftpackageindex-builder/spi-builder-workspace/.derivedData/Build/Products/Debug-watchos -F /Applications/Xcode-14.3.1.app/Contents/Developer/Platforms/WatchOS.platform/Developer/Library/Frameworks -F /Applications/Xcode-14.3.1.app/Contents/Developer/Platforms/WatchOS.platform/Developer/SDKs/WatchOS9.4.sdk/Developer/Library/Frameworks -c -j4 -enable-batch-mode -incremental -Xcc -ivfsstatcache -Xcc /Users/admin/builds/vMd7uqzK/1/finestructure/swiftpackageindex-builder/spi-builder-workspace/.derivedData/SDKStatCaches.noindex/watchos9.4-20T248-.sdkstatcache -output-file-map /Users/admin/builds/vMd7uqzK/1/finestructure/swiftpackageindex-builder/spi-builder-workspace/.derivedData/Build/Intermediates.noindex/RSTabBar.build/Debug-watchos/RSTabBar.build/Objects-normal/armv7k/RSTabBar-OutputFileMap.json -use-frontend-parseable-output -save-temps -no-color-diagnostics -serialize-diagnostics -emit-dependencies -emit-module -emit-module-path /Users/admin/builds/vMd7uqzK/1/finestructure/swiftpackageindex-builder/spi-builder-workspace/.derivedData/Build/Intermediates.noindex/RSTabBar.build/Debug-watchos/RSTabBar.build/Objects-normal/armv7k/RSTabBar.swiftmodule -Xcc -I/Users/admin/builds/vMd7uqzK/1/finestructure/swiftpackageindex-builder/spi-builder-workspace/.derivedData/Build/Intermediates.noindex/RSTabBar.build/Debug-watchos/RSTabBar.build/swift-overrides.hmap -Xcc -I/Users/admin/builds/vMd7uqzK/1/finestructure/swiftpackageindex-builder/spi-builder-workspace/.derivedData/Build/Products/Debug-watchos/include -Xcc -I/Users/admin/builds/vMd7uqzK/1/finestructure/swiftpackageindex-builder/spi-builder-workspace/.derivedData/Build/Intermediates.noindex/RSTabBar.build/Debug-watchos/RSTabBar.build/DerivedSources-normal/armv7k -Xcc -I/Users/admin/builds/vMd7uqzK/1/finestructure/swiftpackageindex-builder/spi-builder-workspace/.derivedData/Build/Intermediates.noindex/RSTabBar.build/Debug-watchos/RSTabBar.build/DerivedSources/armv7k -Xcc -I/Users/admin/builds/vMd7uqzK/1/finestructure/swiftpackageindex-builder/spi-builder-workspace/.derivedData/Build/Intermediates.noindex/RSTabBar.build/Debug-watchos/RSTabBar.build/DerivedSources -Xcc -DSWIFT_PACKAGE -Xcc -DDEBUG\=1 -emit-objc-header -emit-objc-header-path /Users/admin/builds/vMd7uqzK/1/finestructure/swiftpackageindex-builder/spi-builder-workspace/.derivedData/Build/Intermediates.noindex/RSTabBar.build/Debug-watchos/RSTabBar.build/Objects-normal/armv7k/RSTabBar-Swift.h -working-directory /Users/admin/builds/vMd7uqzK/1/finestructure/swiftpackageindex-builder/spi-builder-workspace -experimental-emit-module-separately -disable-cmo
SwiftDriver RSTabBar normal arm64_32 com.apple.xcode.tools.swift.compiler (in target 'RSTabBar' from project 'RSTabBar')
    cd /Users/admin/builds/vMd7uqzK/1/finestructure/swiftpackageindex-builder/spi-builder-workspace
    builtin-SwiftDriver -- /Applications/Xcode-14.3.1.app/Contents/Developer/Toolchains/XcodeDefault.xctoolchain/usr/bin/swiftc -module-name RSTabBar -Onone -enforce-exclusivity\=checked @/Users/admin/builds/vMd7uqzK/1/finestructure/swiftpackageindex-builder/spi-builder-workspace/.derivedData/Build/Intermediates.noindex/RSTabBar.build/Debug-watchos/RSTabBar.build/Objects-normal/arm64_32/RSTabBar.SwiftFileList -DSWIFT_PACKAGE -DDEBUG -DXcode -sdk /Applications/Xcode-14.3.1.app/Contents/Developer/Platforms/WatchOS.platform/Developer/SDKs/WatchOS9.4.sdk -target arm64_32-apple-watchos8.0 -g -module-cache-path /Users/admin/builds/vMd7uqzK/1/finestructure/swiftpackageindex-builder/spi-builder-workspace/.derivedData/ModuleCache.noindex -Xfrontend -serialize-debugging-options -enable-testing -index-store-path /Users/admin/builds/vMd7uqzK/1/finestructure/swiftpackageindex-builder/spi-builder-workspace/.derivedData/Index.noindex/DataStore -swift-version 5 -I /Users/admin/builds/vMd7uqzK/1/finestructure/swiftpackageindex-builder/spi-builder-workspace/.derivedData/Build/Products/Debug-watchos -I /Applications/Xcode-14.3.1.app/Contents/Developer/Platforms/WatchOS.platform/Developer/usr/lib -F /Users/admin/builds/vMd7uqzK/1/finestructure/swiftpackageindex-builder/spi-builder-workspace/.derivedData/Build/Products/Debug-watchos -F /Applications/Xcode-14.3.1.app/Contents/Developer/Platforms/WatchOS.platform/Developer/Library/Frameworks -F /Applications/Xcode-14.3.1.app/Contents/Developer/Platforms/WatchOS.platform/Developer/SDKs/WatchOS9.4.sdk/Developer/Library/Frameworks -c -j4 -enable-batch-mode -incremental -Xcc -ivfsstatcache -Xcc /Users/admin/builds/vMd7uqzK/1/finestructure/swiftpackageindex-builder/spi-builder-workspace/.derivedData/SDKStatCaches.noindex/watchos9.4-20T248-.sdkstatcache -output-file-map /Users/admin/builds/vMd7uqzK/1/finestructure/swiftpackageindex-builder/spi-builder-workspace/.derivedData/Build/Intermediates.noindex/RSTabBar.build/Debug-watchos/RSTabBar.build/Objects-normal/arm64_32/RSTabBar-OutputFileMap.json -use-frontend-parseable-output -save-temps -no-color-diagnostics -serialize-diagnostics -emit-dependencies -emit-module -emit-module-path /Users/admin/builds/vMd7uqzK/1/finestructure/swiftpackageindex-builder/spi-builder-workspace/.derivedData/Build/Intermediates.noindex/RSTabBar.build/Debug-watchos/RSTabBar.build/Objects-normal/arm64_32/RSTabBar.swiftmodule -Xcc -I/Users/admin/builds/vMd7uqzK/1/finestructure/swiftpackageindex-builder/spi-builder-workspace/.derivedData/Build/Intermediates.noindex/RSTabBar.build/Debug-watchos/RSTabBar.build/swift-overrides.hmap -Xcc -I/Users/admin/builds/vMd7uqzK/1/finestructure/swiftpackageindex-builder/spi-builder-workspace/.derivedData/Build/Products/Debug-watchos/include -Xcc -I/Users/admin/builds/vMd7uqzK/1/finestructure/swiftpackageindex-builder/spi-builder-workspace/.derivedData/Build/Intermediates.noindex/RSTabBar.build/Debug-watchos/RSTabBar.build/DerivedSources-normal/arm64_32 -Xcc -I/Users/admin/builds/vMd7uqzK/1/finestructure/swiftpackageindex-builder/spi-builder-workspace/.derivedData/Build/Intermediates.noindex/RSTabBar.build/Debug-watchos/RSTabBar.build/DerivedSources/arm64_32 -Xcc -I/Users/admin/builds/vMd7uqzK/1/finestructure/swiftpackageindex-builder/spi-builder-workspace/.derivedData/Build/Intermediates.noindex/RSTabBar.build/Debug-watchos/RSTabBar.build/DerivedSources -Xcc -DSWIFT_PACKAGE -Xcc -DDEBUG\=1 -emit-objc-header -emit-objc-header-path /Users/admin/builds/vMd7uqzK/1/finestructure/swiftpackageindex-builder/spi-builder-workspace/.derivedData/Build/Intermediates.noindex/RSTabBar.build/Debug-watchos/RSTabBar.build/Objects-normal/arm64_32/RSTabBar-Swift.h -working-directory /Users/admin/builds/vMd7uqzK/1/finestructure/swiftpackageindex-builder/spi-builder-workspace -experimental-emit-module-separately -disable-cmo
SwiftEmitModule normal arm64 Emitting\ module\ for\ RSTabBar (in target 'RSTabBar' from project 'RSTabBar')
    cd /Users/admin/builds/vMd7uqzK/1/finestructure/swiftpackageindex-builder/spi-builder-workspace
    builtin-swiftTaskExecution -- /Applications/Xcode-14.3.1.app/Contents/Developer/Toolchains/XcodeDefault.xctoolchain/usr/bin/swift-frontend -frontend -emit-module -experimental-skip-non-inlinable-function-bodies-without-types /Users/admin/builds/vMd7uqzK/1/finestructure/swiftpackageindex-builder/spi-builder-workspace/Sources/RSTabBar.swift /Users/admin/builds/vMd7uqzK/1/finestructure/swiftpackageindex-builder/spi-builder-workspace/Sources/TabItem.swift /Users/admin/builds/vMd7uqzK/1/finestructure/swiftpackageindex-builder/spi-builder-workspace/Sources/TabItemView.swift -target arm64-apple-watchos8.0 -Xllvm -aarch64-use-tbi -enable-objc-interop -stack-check -sdk /Applications/Xcode-14.3.1.app/Contents/Developer/Platforms/WatchOS.platform/Developer/SDKs/WatchOS9.4.sdk -I /Users/admin/builds/vMd7uqzK/1/finestructure/swiftpackageindex-builder/spi-builder-workspace/.derivedData/Build/Products/Debug-watchos -I /Applications/Xcode-14.3.1.app/Contents/Developer/Platforms/WatchOS.platform/Developer/usr/lib -F /Users/admin/builds/vMd7uqzK/1/finestructure/swiftpackageindex-builder/spi-builder-workspace/.derivedData/Build/Products/Debug-watchos -F /Applications/Xcode-14.3.1.app/Contents/Developer/Platforms/WatchOS.platform/Developer/Library/Frameworks -F /Applications/Xcode-14.3.1.app/Contents/Developer/Platforms/WatchOS.platform/Developer/SDKs/WatchOS9.4.sdk/Developer/Library/Frameworks -no-color-diagnostics -enable-testing -g -module-cache-path /Users/admin/builds/vMd7uqzK/1/finestructure/swiftpackageindex-builder/spi-builder-workspace/.derivedData/ModuleCache.noindex -swift-version 5 -enforce-exclusivity\=checked -Onone -D SWIFT_PACKAGE -D DEBUG -D Xcode -serialize-debugging-options -empty-abi-descriptor -Xcc -working-directory -Xcc /Users/admin/builds/vMd7uqzK/1/finestructure/swiftpackageindex-builder/spi-builder-workspace -resource-dir /Applications/Xcode-14.3.1.app/Contents/Developer/Toolchains/XcodeDefault.xctoolchain/usr/lib/swift -enable-anonymous-context-mangled-names -Xcc -ivfsstatcache -Xcc /Users/admin/builds/vMd7uqzK/1/finestructure/swiftpackageindex-builder/spi-builder-workspace/.derivedData/SDKStatCaches.noindex/watchos9.4-20T248-.sdkstatcache -Xcc -I/Users/admin/builds/vMd7uqzK/1/finestructure/swiftpackageindex-builder/spi-builder-workspace/.derivedData/Build/Intermediates.noindex/RSTabBar.build/Debug-watchos/RSTabBar.build/swift-overrides.hmap -Xcc -I/Users/admin/builds/vMd7uqzK/1/finestructure/swiftpackageindex-builder/spi-builder-workspace/.derivedData/Build/Products/Debug-watchos/include -Xcc -I/Users/admin/builds/vMd7uqzK/1/finestructure/swiftpackageindex-builder/spi-builder-workspace/.derivedData/Build/Intermediates.noindex/RSTabBar.build/Debug-watchos/RSTabBar.build/DerivedSources-normal/arm64 -Xcc -I/Users/admin/builds/vMd7uqzK/1/finestructure/swiftpackageindex-builder/spi-builder-workspace/.derivedData/Build/Intermediates.noindex/RSTabBar.build/Debug-watchos/RSTabBar.build/DerivedSources/arm64 -Xcc -I/Users/admin/builds/vMd7uqzK/1/finestructure/swiftpackageindex-builder/spi-builder-workspace/.derivedData/Build/Intermediates.noindex/RSTabBar.build/Debug-watchos/RSTabBar.build/DerivedSources -Xcc -DSWIFT_PACKAGE -Xcc -DDEBUG\=1 -module-name RSTabBar -disable-clang-spi -target-sdk-version 9.4 -target-sdk-name watchos9.4 -emit-module-doc-path /Users/admin/builds/vMd7uqzK/1/finestructure/swiftpackageindex-builder/spi-builder-workspace/.derivedData/Build/Intermediates.noindex/RSTabBar.build/Debug-watchos/RSTabBar.build/Objects-normal/arm64/RSTabBar.swiftdoc -emit-module-source-info-path /Users/admin/builds/vMd7uqzK/1/finestructure/swiftpackageindex-builder/spi-builder-workspace/.derivedData/Build/Intermediates.noindex/RSTabBar.build/Debug-watchos/RSTabBar.build/Objects-normal/arm64/RSTabBar.swiftsourceinfo -emit-objc-header-path /Users/admin/builds/vMd7uqzK/1/finestructure/swiftpackageindex-builder/spi-builder-workspace/.derivedData/Build/Intermediates.noindex/RSTabBar.build/Debug-watchos/RSTabBar.build/Objects-normal/arm64/RSTabBar-Swift.h -serialize-diagnostics-path /Users/admin/builds/vMd7uqzK/1/finestructure/swiftpackageindex-builder/spi-builder-workspace/.derivedData/Build/Intermediates.noindex/RSTabBar.build/Debug-watchos/RSTabBar.build/Objects-normal/arm64/RSTabBar-master-emit-module.dia -emit-dependencies-path /Users/admin/builds/vMd7uqzK/1/finestructure/swiftpackageindex-builder/spi-builder-workspace/.derivedData/Build/Intermediates.noindex/RSTabBar.build/Debug-watchos/RSTabBar.build/Objects-normal/arm64/RSTabBar-master-emit-module.d -o /Users/admin/builds/vMd7uqzK/1/finestructure/swiftpackageindex-builder/spi-builder-workspace/.derivedData/Build/Intermediates.noindex/RSTabBar.build/Debug-watchos/RSTabBar.build/Objects-normal/arm64/RSTabBar.swiftmodule -emit-abi-descriptor-path /Users/admin/builds/vMd7uqzK/1/finestructure/swiftpackageindex-builder/spi-builder-workspace/.derivedData/Build/Intermediates.noindex/RSTabBar.build/Debug-watchos/RSTabBar.build/Objects-normal/arm64/RSTabBar.abi.json
SwiftEmitModule normal arm64_32 Emitting\ module\ for\ RSTabBar (in target 'RSTabBar' from project 'RSTabBar')
    cd /Users/admin/builds/vMd7uqzK/1/finestructure/swiftpackageindex-builder/spi-builder-workspace
    builtin-swiftTaskExecution -- /Applications/Xcode-14.3.1.app/Contents/Developer/Toolchains/XcodeDefault.xctoolchain/usr/bin/swift-frontend -frontend -emit-module -experimental-skip-non-inlinable-function-bodies-without-types /Users/admin/builds/vMd7uqzK/1/finestructure/swiftpackageindex-builder/spi-builder-workspace/Sources/RSTabBar.swift /Users/admin/builds/vMd7uqzK/1/finestructure/swiftpackageindex-builder/spi-builder-workspace/Sources/TabItem.swift /Users/admin/builds/vMd7uqzK/1/finestructure/swiftpackageindex-builder/spi-builder-workspace/Sources/TabItemView.swift -target arm64_32-apple-watchos8.0 -enable-objc-interop -sdk /Applications/Xcode-14.3.1.app/Contents/Developer/Platforms/WatchOS.platform/Developer/SDKs/WatchOS9.4.sdk -I /Users/admin/builds/vMd7uqzK/1/finestructure/swiftpackageindex-builder/spi-builder-workspace/.derivedData/Build/Products/Debug-watchos -I /Applications/Xcode-14.3.1.app/Contents/Developer/Platforms/WatchOS.platform/Developer/usr/lib -F /Users/admin/builds/vMd7uqzK/1/finestructure/swiftpackageindex-builder/spi-builder-workspace/.derivedData/Build/Products/Debug-watchos -F /Applications/Xcode-14.3.1.app/Contents/Developer/Platforms/WatchOS.platform/Developer/Library/Frameworks -F /Applications/Xcode-14.3.1.app/Contents/Developer/Platforms/WatchOS.platform/Developer/SDKs/WatchOS9.4.sdk/Developer/Library/Frameworks -no-color-diagnostics -enable-testing -g -module-cache-path /Users/admin/builds/vMd7uqzK/1/finestructure/swiftpackageindex-builder/spi-builder-workspace/.derivedData/ModuleCache.noindex -swift-version 5 -enforce-exclusivity\=checked -Onone -D SWIFT_PACKAGE -D DEBUG -D Xcode -serialize-debugging-options -empty-abi-descriptor -Xcc -working-directory -Xcc /Users/admin/builds/vMd7uqzK/1/finestructure/swiftpackageindex-builder/spi-builder-workspace -resource-dir /Applications/Xcode-14.3.1.app/Contents/Developer/Toolchains/XcodeDefault.xctoolchain/usr/lib/swift -enable-anonymous-context-mangled-names -Xcc -ivfsstatcache -Xcc /Users/admin/builds/vMd7uqzK/1/finestructure/swiftpackageindex-builder/spi-builder-workspace/.derivedData/SDKStatCaches.noindex/watchos9.4-20T248-.sdkstatcache -Xcc -I/Users/admin/builds/vMd7uqzK/1/finestructure/swiftpackageindex-builder/spi-builder-workspace/.derivedData/Build/Intermediates.noindex/RSTabBar.build/Debug-watchos/RSTabBar.build/swift-overrides.hmap -Xcc -I/Users/admin/builds/vMd7uqzK/1/finestructure/swiftpackageindex-builder/spi-builder-workspace/.derivedData/Build/Products/Debug-watchos/include -Xcc -I/Users/admin/builds/vMd7uqzK/1/finestructure/swiftpackageindex-builder/spi-builder-workspace/.derivedData/Build/Intermediates.noindex/RSTabBar.build/Debug-watchos/RSTabBar.build/DerivedSources-normal/arm64_32 -Xcc -I/Users/admin/builds/vMd7uqzK/1/finestructure/swiftpackageindex-builder/spi-builder-workspace/.derivedData/Build/Intermediates.noindex/RSTabBar.build/Debug-watchos/RSTabBar.build/DerivedSources/arm64_32 -Xcc -I/Users/admin/builds/vMd7uqzK/1/finestructure/swiftpackageindex-builder/spi-builder-workspace/.derivedData/Build/Intermediates.noindex/RSTabBar.build/Debug-watchos/RSTabBar.build/DerivedSources -Xcc -DSWIFT_PACKAGE -Xcc -DDEBUG\=1 -module-name RSTabBar -disable-clang-spi -target-sdk-version 9.4 -target-sdk-name watchos9.4 -emit-module-doc-path /Users/admin/builds/vMd7uqzK/1/finestructure/swiftpackageindex-builder/spi-builder-workspace/.derivedData/Build/Intermediates.noindex/RSTabBar.build/Debug-watchos/RSTabBar.build/Objects-normal/arm64_32/RSTabBar.swiftdoc -emit-module-source-info-path /Users/admin/builds/vMd7uqzK/1/finestructure/swiftpackageindex-builder/spi-builder-workspace/.derivedData/Build/Intermediates.noindex/RSTabBar.build/Debug-watchos/RSTabBar.build/Objects-normal/arm64_32/RSTabBar.swiftsourceinfo -emit-objc-header-path /Users/admin/builds/vMd7uqzK/1/finestructure/swiftpackageindex-builder/spi-builder-workspace/.derivedData/Build/Intermediates.noindex/RSTabBar.build/Debug-watchos/RSTabBar.build/Objects-normal/arm64_32/RSTabBar-Swift.h -serialize-diagnostics-path /Users/admin/builds/vMd7uqzK/1/finestructure/swiftpackageindex-builder/spi-builder-workspace/.derivedData/Build/Intermediates.noindex/RSTabBar.build/Debug-watchos/RSTabBar.build/Objects-normal/arm64_32/RSTabBar-master-emit-module.dia -emit-dependencies-path /Users/admin/builds/vMd7uqzK/1/finestructure/swiftpackageindex-builder/spi-builder-workspace/.derivedData/Build/Intermediates.noindex/RSTabBar.build/Debug-watchos/RSTabBar.build/Objects-normal/arm64_32/RSTabBar-master-emit-module.d -o /Users/admin/builds/vMd7uqzK/1/finestructure/swiftpackageindex-builder/spi-builder-workspace/.derivedData/Build/Intermediates.noindex/RSTabBar.build/Debug-watchos/RSTabBar.build/Objects-normal/arm64_32/RSTabBar.swiftmodule -emit-abi-descriptor-path /Users/admin/builds/vMd7uqzK/1/finestructure/swiftpackageindex-builder/spi-builder-workspace/.derivedData/Build/Intermediates.noindex/RSTabBar.build/Debug-watchos/RSTabBar.build/Objects-normal/arm64_32/RSTabBar.abi.json
SwiftCompile normal arm64 Compiling\ TabItemView.swift /Users/admin/builds/vMd7uqzK/1/finestructure/swiftpackageindex-builder/spi-builder-workspace/Sources/TabItemView.swift (in target 'RSTabBar' from project 'RSTabBar')
    cd /Users/admin/builds/vMd7uqzK/1/finestructure/swiftpackageindex-builder/spi-builder-workspace
    builtin-swiftTaskExecution -- /Applications/Xcode-14.3.1.app/Contents/Developer/Toolchains/XcodeDefault.xctoolchain/usr/bin/swift-frontend -frontend -c /Users/admin/builds/vMd7uqzK/1/finestructure/swiftpackageindex-builder/spi-builder-workspace/Sources/RSTabBar.swift /Users/admin/builds/vMd7uqzK/1/finestructure/swiftpackageindex-builder/spi-builder-workspace/Sources/TabItem.swift -primary-file /Users/admin/builds/vMd7uqzK/1/finestructure/swiftpackageindex-builder/spi-builder-workspace/Sources/TabItemView.swift -emit-dependencies-path /Users/admin/builds/vMd7uqzK/1/finestructure/swiftpackageindex-builder/spi-builder-workspace/.derivedData/Build/Intermediates.noindex/RSTabBar.build/Debug-watchos/RSTabBar.build/Objects-normal/arm64/TabItemView.d -emit-reference-dependencies-path /Users/admin/builds/vMd7uqzK/1/finestructure/swiftpackageindex-builder/spi-builder-workspace/.derivedData/Build/Intermediates.noindex/RSTabBar.build/Debug-watchos/RSTabBar.build/Objects-normal/arm64/TabItemView.swiftdeps -serialize-diagnostics-path /Users/admin/builds/vMd7uqzK/1/finestructure/swiftpackageindex-builder/spi-builder-workspace/.derivedData/Build/Intermediates.noindex/RSTabBar.build/Debug-watchos/RSTabBar.build/Objects-normal/arm64/TabItemView.dia -target arm64-apple-watchos8.0 -Xllvm -aarch64-use-tbi -enable-objc-interop -stack-check -sdk /Applications/Xcode-14.3.1.app/Contents/Developer/Platforms/WatchOS.platform/Developer/SDKs/WatchOS9.4.sdk -I /Users/admin/builds/vMd7uqzK/1/finestructure/swiftpackageindex-builder/spi-builder-workspace/.derivedData/Build/Products/Debug-watchos -I /Applications/Xcode-14.3.1.app/Contents/Developer/Platforms/WatchOS.platform/Developer/usr/lib -F /Users/admin/builds/vMd7uqzK/1/finestructure/swiftpackageindex-builder/spi-builder-workspace/.derivedData/Build/Products/Debug-watchos -F /Applications/Xcode-14.3.1.app/Contents/Developer/Platforms/WatchOS.platform/Developer/Library/Frameworks -F /Applications/Xcode-14.3.1.app/Contents/Developer/Platforms/WatchOS.platform/Developer/SDKs/WatchOS9.4.sdk/Developer/Library/Frameworks -no-color-diagnostics -enable-testing -g -module-cache-path /Users/admin/builds/vMd7uqzK/1/finestructure/swiftpackageindex-builder/spi-builder-workspace/.derivedData/ModuleCache.noindex -swift-version 5 -enforce-exclusivity\=checked -Onone -D SWIFT_PACKAGE -D DEBUG -D Xcode -serialize-debugging-options -empty-abi-descriptor -Xcc -working-directory -Xcc /Users/admin/builds/vMd7uqzK/1/finestructure/swiftpackageindex-builder/spi-builder-workspace -resource-dir /Applications/Xcode-14.3.1.app/Contents/Developer/Toolchains/XcodeDefault.xctoolchain/usr/lib/swift -enable-anonymous-context-mangled-names -Xcc -ivfsstatcache -Xcc /Users/admin/builds/vMd7uqzK/1/finestructure/swiftpackageindex-builder/spi-builder-workspace/.derivedData/SDKStatCaches.noindex/watchos9.4-20T248-.sdkstatcache -Xcc -I/Users/admin/builds/vMd7uqzK/1/finestructure/swiftpackageindex-builder/spi-builder-workspace/.derivedData/Build/Intermediates.noindex/RSTabBar.build/Debug-watchos/RSTabBar.build/swift-overrides.hmap -Xcc -I/Users/admin/builds/vMd7uqzK/1/finestructure/swiftpackageindex-builder/spi-builder-workspace/.derivedData/Build/Products/Debug-watchos/include -Xcc -I/Users/admin/builds/vMd7uqzK/1/finestructure/swiftpackageindex-builder/spi-builder-workspace/.derivedData/Build/Intermediates.noindex/RSTabBar.build/Debug-watchos/RSTabBar.build/DerivedSources-normal/arm64 -Xcc -I/Users/admin/builds/vMd7uqzK/1/finestructure/swiftpackageindex-builder/spi-builder-workspace/.derivedData/Build/Intermediates.noindex/RSTabBar.build/Debug-watchos/RSTabBar.build/DerivedSources/arm64 -Xcc -I/Users/admin/builds/vMd7uqzK/1/finestructure/swiftpackageindex-builder/spi-builder-workspace/.derivedData/Build/Intermediates.noindex/RSTabBar.build/Debug-watchos/RSTabBar.build/DerivedSources -Xcc -DSWIFT_PACKAGE -Xcc -DDEBUG\=1 -module-name RSTabBar -frontend-parseable-output -disable-clang-spi -target-sdk-version 9.4 -target-sdk-name watchos9.4 -o /Users/admin/builds/vMd7uqzK/1/finestructure/swiftpackageindex-builder/spi-builder-workspace/.derivedData/Build/Intermediates.noindex/RSTabBar.build/Debug-watchos/RSTabBar.build/Objects-normal/arm64/TabItemView.o -index-unit-output-path /RSTabBar.build/Debug-watchos/RSTabBar.build/Objects-normal/arm64/TabItemView.o -index-store-path /Users/admin/builds/vMd7uqzK/1/finestructure/swiftpackageindex-builder/spi-builder-workspace/.derivedData/Index.noindex/DataStore -index-system-modules
SwiftCompile normal arm64 /Users/admin/builds/vMd7uqzK/1/finestructure/swiftpackageindex-builder/spi-builder-workspace/Sources/TabItemView.swift (in target 'RSTabBar' from project 'RSTabBar')
    cd /Users/admin/builds/vMd7uqzK/1/finestructure/swiftpackageindex-builder/spi-builder-workspace
    /Applications/Xcode-14.3.1.app/Contents/Developer/Toolchains/XcodeDefault.xctoolchain/usr/bin/swift-frontend -c /Users/admin/builds/vMd7uqzK/1/finestructure/swiftpackageindex-builder/spi-builder-workspace/Sources/RSTabBar.swift /Users/admin/builds/vMd7uqzK/1/finestructure/swiftpackageindex-builder/spi-builder-workspace/Sources/TabItem.swift -primary-file /Users/admin/builds/vMd7uqzK/1/finestructure/swiftpackageindex-builder/spi-builder-workspace/Sources/TabItemView.swift -emit-dependencies-path /Users/admin/builds/vMd7uqzK/1/finestructure/swiftpackageindex-builder/spi-builder-workspace/.derivedData/Build/Intermediates.noindex/RSTabBar.build/Debug-watchos/RSTabBar.build/Objects-normal/arm64/TabItemView.d -emit-reference-dependencies-path /Users/admin/builds/vMd7uqzK/1/finestructure/swiftpackageindex-builder/spi-builder-workspace/.derivedData/Build/Intermediates.noindex/RSTabBar.build/Debug-watchos/RSTabBar.build/Objects-normal/arm64/TabItemView.swiftdeps -serialize-diagnostics-path /Users/admin/builds/vMd7uqzK/1/finestructure/swiftpackageindex-builder/spi-builder-workspace/.derivedData/Build/Intermediates.noindex/RSTabBar.build/Debug-watchos/RSTabBar.build/Objects-normal/arm64/TabItemView.dia -target arm64-apple-watchos8.0 -Xllvm -aarch64-use-tbi -enable-objc-interop -stack-check -sdk /Applications/Xcode-14.3.1.app/Contents/Developer/Platforms/WatchOS.platform/Developer/SDKs/WatchOS9.4.sdk -I /Users/admin/builds/vMd7uqzK/1/finestructure/swiftpackageindex-builder/spi-builder-workspace/.derivedData/Build/Products/Debug-watchos -I /Applications/Xcode-14.3.1.app/Contents/Developer/Platforms/WatchOS.platform/Developer/usr/lib -F /Users/admin/builds/vMd7uqzK/1/finestructure/swiftpackageindex-builder/spi-builder-workspace/.derivedData/Build/Products/Debug-watchos -F /Applications/Xcode-14.3.1.app/Contents/Developer/Platforms/WatchOS.platform/Developer/Library/Frameworks -F /Applications/Xcode-14.3.1.app/Contents/Developer/Platforms/WatchOS.platform/Developer/SDKs/WatchOS9.4.sdk/Developer/Library/Frameworks -no-color-diagnostics -enable-testing -g -module-cache-path /Users/admin/builds/vMd7uqzK/1/finestructure/swiftpackageindex-builder/spi-builder-workspace/.derivedData/ModuleCache.noindex -swift-version 5 -enforce-exclusivity\=checked -Onone -D SWIFT_PACKAGE -D DEBUG -D Xcode -serialize-debugging-options -empty-abi-descriptor -Xcc -working-directory -Xcc /Users/admin/builds/vMd7uqzK/1/finestructure/swiftpackageindex-builder/spi-builder-workspace -resource-dir /Applications/Xcode-14.3.1.app/Contents/Developer/Toolchains/XcodeDefault.xctoolchain/usr/lib/swift -enable-anonymous-context-mangled-names -Xcc -ivfsstatcache -Xcc /Users/admin/builds/vMd7uqzK/1/finestructure/swiftpackageindex-builder/spi-builder-workspace/.derivedData/SDKStatCaches.noindex/watchos9.4-20T248-.sdkstatcache -Xcc -I/Users/admin/builds/vMd7uqzK/1/finestructure/swiftpackageindex-builder/spi-builder-workspace/.derivedData/Build/Intermediates.noindex/RSTabBar.build/Debug-watchos/RSTabBar.build/swift-overrides.hmap -Xcc -I/Users/admin/builds/vMd7uqzK/1/finestructure/swiftpackageindex-builder/spi-builder-workspace/.derivedData/Build/Products/Debug-watchos/include -Xcc -I/Users/admin/builds/vMd7uqzK/1/finestructure/swiftpackageindex-builder/spi-builder-workspace/.derivedData/Build/Intermediates.noindex/RSTabBar.build/Debug-watchos/RSTabBar.build/DerivedSources-normal/arm64 -Xcc -I/Users/admin/builds/vMd7uqzK/1/finestructure/swiftpackageindex-builder/spi-builder-workspace/.derivedData/Build/Intermediates.noindex/RSTabBar.build/Debug-watchos/RSTabBar.build/DerivedSources/arm64 -Xcc -I/Users/admin/builds/vMd7uqzK/1/finestructure/swiftpackageindex-builder/spi-builder-workspace/.derivedData/Build/Intermediates.noindex/RSTabBar.build/Debug-watchos/RSTabBar.build/DerivedSources -Xcc -DSWIFT_PACKAGE -Xcc -DDEBUG\=1 -module-name RSTabBar -frontend-parseable-output -disable-clang-spi -target-sdk-version 9.4 -target-sdk-name watchos9.4 -o /Users/admin/builds/vMd7uqzK/1/finestructure/swiftpackageindex-builder/spi-builder-workspace/.derivedData/Build/Intermediates.noindex/RSTabBar.build/Debug-watchos/RSTabBar.build/Objects-normal/arm64/TabItemView.o -index-unit-output-path /RSTabBar.build/Debug-watchos/RSTabBar.build/Objects-normal/arm64/TabItemView.o -index-store-path /Users/admin/builds/vMd7uqzK/1/finestructure/swiftpackageindex-builder/spi-builder-workspace/.derivedData/Index.noindex/DataStore -index-system-modules
SwiftCompile normal arm64 Compiling\ RSTabBar.swift /Users/admin/builds/vMd7uqzK/1/finestructure/swiftpackageindex-builder/spi-builder-workspace/Sources/RSTabBar.swift (in target 'RSTabBar' from project 'RSTabBar')
    cd /Users/admin/builds/vMd7uqzK/1/finestructure/swiftpackageindex-builder/spi-builder-workspace
    builtin-swiftTaskExecution -- /Applications/Xcode-14.3.1.app/Contents/Developer/Toolchains/XcodeDefault.xctoolchain/usr/bin/swift-frontend -frontend -c -primary-file /Users/admin/builds/vMd7uqzK/1/finestructure/swiftpackageindex-builder/spi-builder-workspace/Sources/RSTabBar.swift /Users/admin/builds/vMd7uqzK/1/finestructure/swiftpackageindex-builder/spi-builder-workspace/Sources/TabItem.swift /Users/admin/builds/vMd7uqzK/1/finestructure/swiftpackageindex-builder/spi-builder-workspace/Sources/TabItemView.swift -emit-dependencies-path /Users/admin/builds/vMd7uqzK/1/finestructure/swiftpackageindex-builder/spi-builder-workspace/.derivedData/Build/Intermediates.noindex/RSTabBar.build/Debug-watchos/RSTabBar.build/Objects-normal/arm64/RSTabBar.d -emit-reference-dependencies-path /Users/admin/builds/vMd7uqzK/1/finestructure/swiftpackageindex-builder/spi-builder-workspace/.derivedData/Build/Intermediates.noindex/RSTabBar.build/Debug-watchos/RSTabBar.build/Objects-normal/arm64/RSTabBar.swiftdeps -serialize-diagnostics-path /Users/admin/builds/vMd7uqzK/1/finestructure/swiftpackageindex-builder/spi-builder-workspace/.derivedData/Build/Intermediates.noindex/RSTabBar.build/Debug-watchos/RSTabBar.build/Objects-normal/arm64/RSTabBar.dia -target arm64-apple-watchos8.0 -Xllvm -aarch64-use-tbi -enable-objc-interop -stack-check -sdk /Applications/Xcode-14.3.1.app/Contents/Developer/Platforms/WatchOS.platform/Developer/SDKs/WatchOS9.4.sdk -I /Users/admin/builds/vMd7uqzK/1/finestructure/swiftpackageindex-builder/spi-builder-workspace/.derivedData/Build/Products/Debug-watchos -I /Applications/Xcode-14.3.1.app/Contents/Developer/Platforms/WatchOS.platform/Developer/usr/lib -F /Users/admin/builds/vMd7uqzK/1/finestructure/swiftpackageindex-builder/spi-builder-workspace/.derivedData/Build/Products/Debug-watchos -F /Applications/Xcode-14.3.1.app/Contents/Developer/Platforms/WatchOS.platform/Developer/Library/Frameworks -F /Applications/Xcode-14.3.1.app/Contents/Developer/Platforms/WatchOS.platform/Developer/SDKs/WatchOS9.4.sdk/Developer/Library/Frameworks -no-color-diagnostics -enable-testing -g -module-cache-path /Users/admin/builds/vMd7uqzK/1/finestructure/swiftpackageindex-builder/spi-builder-workspace/.derivedData/ModuleCache.noindex -swift-version 5 -enforce-exclusivity\=checked -Onone -D SWIFT_PACKAGE -D DEBUG -D Xcode -serialize-debugging-options -empty-abi-descriptor -Xcc -working-directory -Xcc /Users/admin/builds/vMd7uqzK/1/finestructure/swiftpackageindex-builder/spi-builder-workspace -resource-dir /Applications/Xcode-14.3.1.app/Contents/Developer/Toolchains/XcodeDefault.xctoolchain/usr/lib/swift -enable-anonymous-context-mangled-names -Xcc -ivfsstatcache -Xcc /Users/admin/builds/vMd7uqzK/1/finestructure/swiftpackageindex-builder/spi-builder-workspace/.derivedData/SDKStatCaches.noindex/watchos9.4-20T248-.sdkstatcache -Xcc -I/Users/admin/builds/vMd7uqzK/1/finestructure/swiftpackageindex-builder/spi-builder-workspace/.derivedData/Build/Intermediates.noindex/RSTabBar.build/Debug-watchos/RSTabBar.build/swift-overrides.hmap -Xcc -I/Users/admin/builds/vMd7uqzK/1/finestructure/swiftpackageindex-builder/spi-builder-workspace/.derivedData/Build/Products/Debug-watchos/include -Xcc -I/Users/admin/builds/vMd7uqzK/1/finestructure/swiftpackageindex-builder/spi-builder-workspace/.derivedData/Build/Intermediates.noindex/RSTabBar.build/Debug-watchos/RSTabBar.build/DerivedSources-normal/arm64 -Xcc -I/Users/admin/builds/vMd7uqzK/1/finestructure/swiftpackageindex-builder/spi-builder-workspace/.derivedData/Build/Intermediates.noindex/RSTabBar.build/Debug-watchos/RSTabBar.build/DerivedSources/arm64 -Xcc -I/Users/admin/builds/vMd7uqzK/1/finestructure/swiftpackageindex-builder/spi-builder-workspace/.derivedData/Build/Intermediates.noindex/RSTabBar.build/Debug-watchos/RSTabBar.build/DerivedSources -Xcc -DSWIFT_PACKAGE -Xcc -DDEBUG\=1 -module-name RSTabBar -frontend-parseable-output -disable-clang-spi -target-sdk-version 9.4 -target-sdk-name watchos9.4 -o /Users/admin/builds/vMd7uqzK/1/finestructure/swiftpackageindex-builder/spi-builder-workspace/.derivedData/Build/Intermediates.noindex/RSTabBar.build/Debug-watchos/RSTabBar.build/Objects-normal/arm64/RSTabBar.o -index-unit-output-path /RSTabBar.build/Debug-watchos/RSTabBar.build/Objects-normal/arm64/RSTabBar.o -index-store-path /Users/admin/builds/vMd7uqzK/1/finestructure/swiftpackageindex-builder/spi-builder-workspace/.derivedData/Index.noindex/DataStore -index-system-modules
SwiftCompile normal arm64 /Users/admin/builds/vMd7uqzK/1/finestructure/swiftpackageindex-builder/spi-builder-workspace/Sources/RSTabBar.swift (in target 'RSTabBar' from project 'RSTabBar')
    cd /Users/admin/builds/vMd7uqzK/1/finestructure/swiftpackageindex-builder/spi-builder-workspace
    /Applications/Xcode-14.3.1.app/Contents/Developer/Toolchains/XcodeDefault.xctoolchain/usr/bin/swift-frontend -c -primary-file /Users/admin/builds/vMd7uqzK/1/finestructure/swiftpackageindex-builder/spi-builder-workspace/Sources/RSTabBar.swift /Users/admin/builds/vMd7uqzK/1/finestructure/swiftpackageindex-builder/spi-builder-workspace/Sources/TabItem.swift /Users/admin/builds/vMd7uqzK/1/finestructure/swiftpackageindex-builder/spi-builder-workspace/Sources/TabItemView.swift -emit-dependencies-path /Users/admin/builds/vMd7uqzK/1/finestructure/swiftpackageindex-builder/spi-builder-workspace/.derivedData/Build/Intermediates.noindex/RSTabBar.build/Debug-watchos/RSTabBar.build/Objects-normal/arm64/RSTabBar.d -emit-reference-dependencies-path /Users/admin/builds/vMd7uqzK/1/finestructure/swiftpackageindex-builder/spi-builder-workspace/.derivedData/Build/Intermediates.noindex/RSTabBar.build/Debug-watchos/RSTabBar.build/Objects-normal/arm64/RSTabBar.swiftdeps -serialize-diagnostics-path /Users/admin/builds/vMd7uqzK/1/finestructure/swiftpackageindex-builder/spi-builder-workspace/.derivedData/Build/Intermediates.noindex/RSTabBar.build/Debug-watchos/RSTabBar.build/Objects-normal/arm64/RSTabBar.dia -target arm64-apple-watchos8.0 -Xllvm -aarch64-use-tbi -enable-objc-interop -stack-check -sdk /Applications/Xcode-14.3.1.app/Contents/Developer/Platforms/WatchOS.platform/Developer/SDKs/WatchOS9.4.sdk -I /Users/admin/builds/vMd7uqzK/1/finestructure/swiftpackageindex-builder/spi-builder-workspace/.derivedData/Build/Products/Debug-watchos -I /Applications/Xcode-14.3.1.app/Contents/Developer/Platforms/WatchOS.platform/Developer/usr/lib -F /Users/admin/builds/vMd7uqzK/1/finestructure/swiftpackageindex-builder/spi-builder-workspace/.derivedData/Build/Products/Debug-watchos -F /Applications/Xcode-14.3.1.app/Contents/Developer/Platforms/WatchOS.platform/Developer/Library/Frameworks -F /Applications/Xcode-14.3.1.app/Contents/Developer/Platforms/WatchOS.platform/Developer/SDKs/WatchOS9.4.sdk/Developer/Library/Frameworks -no-color-diagnostics -enable-testing -g -module-cache-path /Users/admin/builds/vMd7uqzK/1/finestructure/swiftpackageindex-builder/spi-builder-workspace/.derivedData/ModuleCache.noindex -swift-version 5 -enforce-exclusivity\=checked -Onone -D SWIFT_PACKAGE -D DEBUG -D Xcode -serialize-debugging-options -empty-abi-descriptor -Xcc -working-directory -Xcc /Users/admin/builds/vMd7uqzK/1/finestructure/swiftpackageindex-builder/spi-builder-workspace -resource-dir /Applications/Xcode-14.3.1.app/Contents/Developer/Toolchains/XcodeDefault.xctoolchain/usr/lib/swift -enable-anonymous-context-mangled-names -Xcc -ivfsstatcache -Xcc /Users/admin/builds/vMd7uqzK/1/finestructure/swiftpackageindex-builder/spi-builder-workspace/.derivedData/SDKStatCaches.noindex/watchos9.4-20T248-.sdkstatcache -Xcc -I/Users/admin/builds/vMd7uqzK/1/finestructure/swiftpackageindex-builder/spi-builder-workspace/.derivedData/Build/Intermediates.noindex/RSTabBar.build/Debug-watchos/RSTabBar.build/swift-overrides.hmap -Xcc -I/Users/admin/builds/vMd7uqzK/1/finestructure/swiftpackageindex-builder/spi-builder-workspace/.derivedData/Build/Products/Debug-watchos/include -Xcc -I/Users/admin/builds/vMd7uqzK/1/finestructure/swiftpackageindex-builder/spi-builder-workspace/.derivedData/Build/Intermediates.noindex/RSTabBar.build/Debug-watchos/RSTabBar.build/DerivedSources-normal/arm64 -Xcc -I/Users/admin/builds/vMd7uqzK/1/finestructure/swiftpackageindex-builder/spi-builder-workspace/.derivedData/Build/Intermediates.noindex/RSTabBar.build/Debug-watchos/RSTabBar.build/DerivedSources/arm64 -Xcc -I/Users/admin/builds/vMd7uqzK/1/finestructure/swiftpackageindex-builder/spi-builder-workspace/.derivedData/Build/Intermediates.noindex/RSTabBar.build/Debug-watchos/RSTabBar.build/DerivedSources -Xcc -DSWIFT_PACKAGE -Xcc -DDEBUG\=1 -module-name RSTabBar -frontend-parseable-output -disable-clang-spi -target-sdk-version 9.4 -target-sdk-name watchos9.4 -o /Users/admin/builds/vMd7uqzK/1/finestructure/swiftpackageindex-builder/spi-builder-workspace/.derivedData/Build/Intermediates.noindex/RSTabBar.build/Debug-watchos/RSTabBar.build/Objects-normal/arm64/RSTabBar.o -index-unit-output-path /RSTabBar.build/Debug-watchos/RSTabBar.build/Objects-normal/arm64/RSTabBar.o -index-store-path /Users/admin/builds/vMd7uqzK/1/finestructure/swiftpackageindex-builder/spi-builder-workspace/.derivedData/Index.noindex/DataStore -index-system-modules
/Users/admin/builds/vMd7uqzK/1/finestructure/swiftpackageindex-builder/spi-builder-workspace/Sources/RSTabBar.swift:33:23: error: cannot find 'UITabBarAppearance' in scope
                let tabAppearance = UITabBarAppearance()
                                    ^~~~~~~~~~~~~~~~~~
/Users/admin/builds/vMd7uqzK/1/finestructure/swiftpackageindex-builder/spi-builder-workspace/Sources/RSTabBar.swift:35:3: error: cannot find 'UITabBar' in scope
                UITabBar.appearance().standardAppearance = tabAppearance
                ^~~~~~~~
/Users/admin/builds/vMd7uqzK/1/finestructure/swiftpackageindex-builder/spi-builder-workspace/Sources/RSTabBar.swift:36:3: error: cannot find 'UITabBar' in scope
                UITabBar.appearance().scrollEdgeAppearance = tabAppearance
                ^~~~~~~~
SwiftEmitModule normal armv7k Emitting\ module\ for\ RSTabBar (in target 'RSTabBar' from project 'RSTabBar')
    cd /Users/admin/builds/vMd7uqzK/1/finestructure/swiftpackageindex-builder/spi-builder-workspace
    builtin-swiftTaskExecution -- /Applications/Xcode-14.3.1.app/Contents/Developer/Toolchains/XcodeDefault.xctoolchain/usr/bin/swift-frontend -frontend -emit-module -experimental-skip-non-inlinable-function-bodies-without-types /Users/admin/builds/vMd7uqzK/1/finestructure/swiftpackageindex-builder/spi-builder-workspace/Sources/RSTabBar.swift /Users/admin/builds/vMd7uqzK/1/finestructure/swiftpackageindex-builder/spi-builder-workspace/Sources/TabItem.swift /Users/admin/builds/vMd7uqzK/1/finestructure/swiftpackageindex-builder/spi-builder-workspace/Sources/TabItemView.swift -target armv7k-apple-watchos8.0 -enable-objc-interop -stack-check -sdk /Applications/Xcode-14.3.1.app/Contents/Developer/Platforms/WatchOS.platform/Developer/SDKs/WatchOS9.4.sdk -I /Users/admin/builds/vMd7uqzK/1/finestructure/swiftpackageindex-builder/spi-builder-workspace/.derivedData/Build/Products/Debug-watchos -I /Applications/Xcode-14.3.1.app/Contents/Developer/Platforms/WatchOS.platform/Developer/usr/lib -F /Users/admin/builds/vMd7uqzK/1/finestructure/swiftpackageindex-builder/spi-builder-workspace/.derivedData/Build/Products/Debug-watchos -F /Applications/Xcode-14.3.1.app/Contents/Developer/Platforms/WatchOS.platform/Developer/Library/Frameworks -F /Applications/Xcode-14.3.1.app/Contents/Developer/Platforms/WatchOS.platform/Developer/SDKs/WatchOS9.4.sdk/Developer/Library/Frameworks -no-color-diagnostics -enable-testing -g -module-cache-path /Users/admin/builds/vMd7uqzK/1/finestructure/swiftpackageindex-builder/spi-builder-workspace/.derivedData/ModuleCache.noindex -swift-version 5 -enforce-exclusivity\=checked -Onone -D SWIFT_PACKAGE -D DEBUG -D Xcode -serialize-debugging-options -empty-abi-descriptor -Xcc -working-directory -Xcc /Users/admin/builds/vMd7uqzK/1/finestructure/swiftpackageindex-builder/spi-builder-workspace -resource-dir /Applications/Xcode-14.3.1.app/Contents/Developer/Toolchains/XcodeDefault.xctoolchain/usr/lib/swift -enable-anonymous-context-mangled-names -Xcc -ivfsstatcache -Xcc /Users/admin/builds/vMd7uqzK/1/finestructure/swiftpackageindex-builder/spi-builder-workspace/.derivedData/SDKStatCaches.noindex/watchos9.4-20T248-.sdkstatcache -Xcc -I/Users/admin/builds/vMd7uqzK/1/finestructure/swiftpackageindex-builder/spi-builder-workspace/.derivedData/Build/Intermediates.noindex/RSTabBar.build/Debug-watchos/RSTabBar.build/swift-overrides.hmap -Xcc -I/Users/admin/builds/vMd7uqzK/1/finestructure/swiftpackageindex-builder/spi-builder-workspace/.derivedData/Build/Products/Debug-watchos/include -Xcc -I/Users/admin/builds/vMd7uqzK/1/finestructure/swiftpackageindex-builder/spi-builder-workspace/.derivedData/Build/Intermediates.noindex/RSTabBar.build/Debug-watchos/RSTabBar.build/DerivedSources-normal/armv7k -Xcc -I/Users/admin/builds/vMd7uqzK/1/finestructure/swiftpackageindex-builder/spi-builder-workspace/.derivedData/Build/Intermediates.noindex/RSTabBar.build/Debug-watchos/RSTabBar.build/DerivedSources/armv7k -Xcc -I/Users/admin/builds/vMd7uqzK/1/finestructure/swiftpackageindex-builder/spi-builder-workspace/.derivedData/Build/Intermediates.noindex/RSTabBar.build/Debug-watchos/RSTabBar.build/DerivedSources -Xcc -DSWIFT_PACKAGE -Xcc -DDEBUG\=1 -module-name RSTabBar -disable-clang-spi -target-sdk-version 9.4 -target-sdk-name watchos9.4 -emit-module-doc-path /Users/admin/builds/vMd7uqzK/1/finestructure/swiftpackageindex-builder/spi-builder-workspace/.derivedData/Build/Intermediates.noindex/RSTabBar.build/Debug-watchos/RSTabBar.build/Objects-normal/armv7k/RSTabBar.swiftdoc -emit-module-source-info-path /Users/admin/builds/vMd7uqzK/1/finestructure/swiftpackageindex-builder/spi-builder-workspace/.derivedData/Build/Intermediates.noindex/RSTabBar.build/Debug-watchos/RSTabBar.build/Objects-normal/armv7k/RSTabBar.swiftsourceinfo -emit-objc-header-path /Users/admin/builds/vMd7uqzK/1/finestructure/swiftpackageindex-builder/spi-builder-workspace/.derivedData/Build/Intermediates.noindex/RSTabBar.build/Debug-watchos/RSTabBar.build/Objects-normal/armv7k/RSTabBar-Swift.h -serialize-diagnostics-path /Users/admin/builds/vMd7uqzK/1/finestructure/swiftpackageindex-builder/spi-builder-workspace/.derivedData/Build/Intermediates.noindex/RSTabBar.build/Debug-watchos/RSTabBar.build/Objects-normal/armv7k/RSTabBar-master-emit-module.dia -emit-dependencies-path /Users/admin/builds/vMd7uqzK/1/finestructure/swiftpackageindex-builder/spi-builder-workspace/.derivedData/Build/Intermediates.noindex/RSTabBar.build/Debug-watchos/RSTabBar.build/Objects-normal/armv7k/RSTabBar-master-emit-module.d -o /Users/admin/builds/vMd7uqzK/1/finestructure/swiftpackageindex-builder/spi-builder-workspace/.derivedData/Build/Intermediates.noindex/RSTabBar.build/Debug-watchos/RSTabBar.build/Objects-normal/armv7k/RSTabBar.swiftmodule -emit-abi-descriptor-path /Users/admin/builds/vMd7uqzK/1/finestructure/swiftpackageindex-builder/spi-builder-workspace/.derivedData/Build/Intermediates.noindex/RSTabBar.build/Debug-watchos/RSTabBar.build/Objects-normal/armv7k/RSTabBar.abi.json
SwiftCompile normal armv7k Compiling\ TabItem.swift /Users/admin/builds/vMd7uqzK/1/finestructure/swiftpackageindex-builder/spi-builder-workspace/Sources/TabItem.swift (in target 'RSTabBar' from project 'RSTabBar')
    cd /Users/admin/builds/vMd7uqzK/1/finestructure/swiftpackageindex-builder/spi-builder-workspace
    builtin-swiftTaskExecution -- /Applications/Xcode-14.3.1.app/Contents/Developer/Toolchains/XcodeDefault.xctoolchain/usr/bin/swift-frontend -frontend -c /Users/admin/builds/vMd7uqzK/1/finestructure/swiftpackageindex-builder/spi-builder-workspace/Sources/RSTabBar.swift -primary-file /Users/admin/builds/vMd7uqzK/1/finestructure/swiftpackageindex-builder/spi-builder-workspace/Sources/TabItem.swift /Users/admin/builds/vMd7uqzK/1/finestructure/swiftpackageindex-builder/spi-builder-workspace/Sources/TabItemView.swift -emit-dependencies-path /Users/admin/builds/vMd7uqzK/1/finestructure/swiftpackageindex-builder/spi-builder-workspace/.derivedData/Build/Intermediates.noindex/RSTabBar.build/Debug-watchos/RSTabBar.build/Objects-normal/armv7k/TabItem.d -emit-reference-dependencies-path /Users/admin/builds/vMd7uqzK/1/finestructure/swiftpackageindex-builder/spi-builder-workspace/.derivedData/Build/Intermediates.noindex/RSTabBar.build/Debug-watchos/RSTabBar.build/Objects-normal/armv7k/TabItem.swiftdeps -serialize-diagnostics-path /Users/admin/builds/vMd7uqzK/1/finestructure/swiftpackageindex-builder/spi-builder-workspace/.derivedData/Build/Intermediates.noindex/RSTabBar.build/Debug-watchos/RSTabBar.build/Objects-normal/armv7k/TabItem.dia -target armv7k-apple-watchos8.0 -enable-objc-interop -stack-check -sdk /Applications/Xcode-14.3.1.app/Contents/Developer/Platforms/WatchOS.platform/Developer/SDKs/WatchOS9.4.sdk -I /Users/admin/builds/vMd7uqzK/1/finestructure/swiftpackageindex-builder/spi-builder-workspace/.derivedData/Build/Products/Debug-watchos -I /Applications/Xcode-14.3.1.app/Contents/Developer/Platforms/WatchOS.platform/Developer/usr/lib -F /Users/admin/builds/vMd7uqzK/1/finestructure/swiftpackageindex-builder/spi-builder-workspace/.derivedData/Build/Products/Debug-watchos -F /Applications/Xcode-14.3.1.app/Contents/Developer/Platforms/WatchOS.platform/Developer/Library/Frameworks -F /Applications/Xcode-14.3.1.app/Contents/Developer/Platforms/WatchOS.platform/Developer/SDKs/WatchOS9.4.sdk/Developer/Library/Frameworks -no-color-diagnostics -enable-testing -g -module-cache-path /Users/admin/builds/vMd7uqzK/1/finestructure/swiftpackageindex-builder/spi-builder-workspace/.derivedData/ModuleCache.noindex -swift-version 5 -enforce-exclusivity\=checked -Onone -D SWIFT_PACKAGE -D DEBUG -D Xcode -serialize-debugging-options -empty-abi-descriptor -Xcc -working-directory -Xcc /Users/admin/builds/vMd7uqzK/1/finestructure/swiftpackageindex-builder/spi-builder-workspace -resource-dir /Applications/Xcode-14.3.1.app/Contents/Developer/Toolchains/XcodeDefault.xctoolchain/usr/lib/swift -enable-anonymous-context-mangled-names -Xcc -ivfsstatcache -Xcc /Users/admin/builds/vMd7uqzK/1/finestructure/swiftpackageindex-builder/spi-builder-workspace/.derivedData/SDKStatCaches.noindex/watchos9.4-20T248-.sdkstatcache -Xcc -I/Users/admin/builds/vMd7uqzK/1/finestructure/swiftpackageindex-builder/spi-builder-workspace/.derivedData/Build/Intermediates.noindex/RSTabBar.build/Debug-watchos/RSTabBar.build/swift-overrides.hmap -Xcc -I/Users/admin/builds/vMd7uqzK/1/finestructure/swiftpackageindex-builder/spi-builder-workspace/.derivedData/Build/Products/Debug-watchos/include -Xcc -I/Users/admin/builds/vMd7uqzK/1/finestructure/swiftpackageindex-builder/spi-builder-workspace/.derivedData/Build/Intermediates.noindex/RSTabBar.build/Debug-watchos/RSTabBar.build/DerivedSources-normal/armv7k -Xcc -I/Users/admin/builds/vMd7uqzK/1/finestructure/swiftpackageindex-builder/spi-builder-workspace/.derivedData/Build/Intermediates.noindex/RSTabBar.build/Debug-watchos/RSTabBar.build/DerivedSources/armv7k -Xcc -I/Users/admin/builds/vMd7uqzK/1/finestructure/swiftpackageindex-builder/spi-builder-workspace/.derivedData/Build/Intermediates.noindex/RSTabBar.build/Debug-watchos/RSTabBar.build/DerivedSources -Xcc -DSWIFT_PACKAGE -Xcc -DDEBUG\=1 -module-name RSTabBar -frontend-parseable-output -disable-clang-spi -target-sdk-version 9.4 -target-sdk-name watchos9.4 -o /Users/admin/builds/vMd7uqzK/1/finestructure/swiftpackageindex-builder/spi-builder-workspace/.derivedData/Build/Intermediates.noindex/RSTabBar.build/Debug-watchos/RSTabBar.build/Objects-normal/armv7k/TabItem.o -index-unit-output-path /RSTabBar.build/Debug-watchos/RSTabBar.build/Objects-normal/armv7k/TabItem.o -index-store-path /Users/admin/builds/vMd7uqzK/1/finestructure/swiftpackageindex-builder/spi-builder-workspace/.derivedData/Index.noindex/DataStore -index-system-modules
SwiftCompile normal armv7k /Users/admin/builds/vMd7uqzK/1/finestructure/swiftpackageindex-builder/spi-builder-workspace/Sources/TabItem.swift (in target 'RSTabBar' from project 'RSTabBar')
    cd /Users/admin/builds/vMd7uqzK/1/finestructure/swiftpackageindex-builder/spi-builder-workspace
    /Applications/Xcode-14.3.1.app/Contents/Developer/Toolchains/XcodeDefault.xctoolchain/usr/bin/swift-frontend -c /Users/admin/builds/vMd7uqzK/1/finestructure/swiftpackageindex-builder/spi-builder-workspace/Sources/RSTabBar.swift -primary-file /Users/admin/builds/vMd7uqzK/1/finestructure/swiftpackageindex-builder/spi-builder-workspace/Sources/TabItem.swift /Users/admin/builds/vMd7uqzK/1/finestructure/swiftpackageindex-builder/spi-builder-workspace/Sources/TabItemView.swift -emit-dependencies-path /Users/admin/builds/vMd7uqzK/1/finestructure/swiftpackageindex-builder/spi-builder-workspace/.derivedData/Build/Intermediates.noindex/RSTabBar.build/Debug-watchos/RSTabBar.build/Objects-normal/armv7k/TabItem.d -emit-reference-dependencies-path /Users/admin/builds/vMd7uqzK/1/finestructure/swiftpackageindex-builder/spi-builder-workspace/.derivedData/Build/Intermediates.noindex/RSTabBar.build/Debug-watchos/RSTabBar.build/Objects-normal/armv7k/TabItem.swiftdeps -serialize-diagnostics-path /Users/admin/builds/vMd7uqzK/1/finestructure/swiftpackageindex-builder/spi-builder-workspace/.derivedData/Build/Intermediates.noindex/RSTabBar.build/Debug-watchos/RSTabBar.build/Objects-normal/armv7k/TabItem.dia -target armv7k-apple-watchos8.0 -enable-objc-interop -stack-check -sdk /Applications/Xcode-14.3.1.app/Contents/Developer/Platforms/WatchOS.platform/Developer/SDKs/WatchOS9.4.sdk -I /Users/admin/builds/vMd7uqzK/1/finestructure/swiftpackageindex-builder/spi-builder-workspace/.derivedData/Build/Products/Debug-watchos -I /Applications/Xcode-14.3.1.app/Contents/Developer/Platforms/WatchOS.platform/Developer/usr/lib -F /Users/admin/builds/vMd7uqzK/1/finestructure/swiftpackageindex-builder/spi-builder-workspace/.derivedData/Build/Products/Debug-watchos -F /Applications/Xcode-14.3.1.app/Contents/Developer/Platforms/WatchOS.platform/Developer/Library/Frameworks -F /Applications/Xcode-14.3.1.app/Contents/Developer/Platforms/WatchOS.platform/Developer/SDKs/WatchOS9.4.sdk/Developer/Library/Frameworks -no-color-diagnostics -enable-testing -g -module-cache-path /Users/admin/builds/vMd7uqzK/1/finestructure/swiftpackageindex-builder/spi-builder-workspace/.derivedData/ModuleCache.noindex -swift-version 5 -enforce-exclusivity\=checked -Onone -D SWIFT_PACKAGE -D DEBUG -D Xcode -serialize-debugging-options -empty-abi-descriptor -Xcc -working-directory -Xcc /Users/admin/builds/vMd7uqzK/1/finestructure/swiftpackageindex-builder/spi-builder-workspace -resource-dir /Applications/Xcode-14.3.1.app/Contents/Developer/Toolchains/XcodeDefault.xctoolchain/usr/lib/swift -enable-anonymous-context-mangled-names -Xcc -ivfsstatcache -Xcc /Users/admin/builds/vMd7uqzK/1/finestructure/swiftpackageindex-builder/spi-builder-workspace/.derivedData/SDKStatCaches.noindex/watchos9.4-20T248-.sdkstatcache -Xcc -I/Users/admin/builds/vMd7uqzK/1/finestructure/swiftpackageindex-builder/spi-builder-workspace/.derivedData/Build/Intermediates.noindex/RSTabBar.build/Debug-watchos/RSTabBar.build/swift-overrides.hmap -Xcc -I/Users/admin/builds/vMd7uqzK/1/finestructure/swiftpackageindex-builder/spi-builder-workspace/.derivedData/Build/Products/Debug-watchos/include -Xcc -I/Users/admin/builds/vMd7uqzK/1/finestructure/swiftpackageindex-builder/spi-builder-workspace/.derivedData/Build/Intermediates.noindex/RSTabBar.build/Debug-watchos/RSTabBar.build/DerivedSources-normal/armv7k -Xcc -I/Users/admin/builds/vMd7uqzK/1/finestructure/swiftpackageindex-builder/spi-builder-workspace/.derivedData/Build/Intermediates.noindex/RSTabBar.build/Debug-watchos/RSTabBar.build/DerivedSources/armv7k -Xcc -I/Users/admin/builds/vMd7uqzK/1/finestructure/swiftpackageindex-builder/spi-builder-workspace/.derivedData/Build/Intermediates.noindex/RSTabBar.build/Debug-watchos/RSTabBar.build/DerivedSources -Xcc -DSWIFT_PACKAGE -Xcc -DDEBUG\=1 -module-name RSTabBar -frontend-parseable-output -disable-clang-spi -target-sdk-version 9.4 -target-sdk-name watchos9.4 -o /Users/admin/builds/vMd7uqzK/1/finestructure/swiftpackageindex-builder/spi-builder-workspace/.derivedData/Build/Intermediates.noindex/RSTabBar.build/Debug-watchos/RSTabBar.build/Objects-normal/armv7k/TabItem.o -index-unit-output-path /RSTabBar.build/Debug-watchos/RSTabBar.build/Objects-normal/armv7k/TabItem.o -index-store-path /Users/admin/builds/vMd7uqzK/1/finestructure/swiftpackageindex-builder/spi-builder-workspace/.derivedData/Index.noindex/DataStore -index-system-modules
SwiftDriverJobDiscovery normal arm64_32 Emitting module for RSTabBar (in target 'RSTabBar' from project 'RSTabBar')
SwiftDriverJobDiscovery normal arm64 Emitting module for RSTabBar (in target 'RSTabBar' from project 'RSTabBar')
Resolve Package Graph
2024-05-01 08:36:55.091 xcodebuild[2555:2264605] DVTCoreDeviceEnabledState: DVTCoreDeviceEnabledState_Disabled set via user default (DVTEnableCoreDevice=disabled)
** BUILD FAILED **
The following build commands failed:
	SwiftCompile normal arm64 Compiling\ RSTabBar.swift /Users/admin/builds/vMd7uqzK/1/finestructure/swiftpackageindex-builder/spi-builder-workspace/Sources/RSTabBar.swift (in target 'RSTabBar' from project 'RSTabBar')
	SwiftCompile normal arm64 /Users/admin/builds/vMd7uqzK/1/finestructure/swiftpackageindex-builder/spi-builder-workspace/Sources/RSTabBar.swift (in target 'RSTabBar' from project 'RSTabBar')
(2 failures)
Command line invocation:
    /Applications/Xcode-14.3.1.app/Contents/Developer/usr/bin/xcodebuild -IDEClonedSourcePackagesDirPathOverride=/Users/admin/builds/vMd7uqzK/1/finestructure/swiftpackageindex-builder/spi-builder-workspace/.dependencies -skipPackagePluginValidation -derivedDataPath /Users/admin/builds/vMd7uqzK/1/finestructure/swiftpackageindex-builder/spi-builder-workspace/.derivedData build -scheme RSTabBar -destination generic/platform=watchos
User defaults from command line:
    IDEClonedSourcePackagesDirPathOverride = /Users/admin/builds/vMd7uqzK/1/finestructure/swiftpackageindex-builder/spi-builder-workspace/.dependencies
    IDEDerivedDataPathOverride = /Users/admin/builds/vMd7uqzK/1/finestructure/swiftpackageindex-builder/spi-builder-workspace/.derivedData
    IDEPackageSupportUseBuiltinSCM = YES
Resolve Package Graph
Resolved source packages:
  RSTabBar: /Users/admin/builds/vMd7uqzK/1/finestructure/swiftpackageindex-builder/spi-builder-workspace
Prepare packages
Computing target dependency graph and provisioning inputs
Create build description
note: Building targets in dependency order
ClangStatCache /Applications/Xcode-14.3.1.app/Contents/Developer/Toolchains/XcodeDefault.xctoolchain/usr/bin/clang-stat-cache /Applications/Xcode-14.3.1.app/Contents/Developer/Platforms/WatchOS.platform/Developer/SDKs/WatchOS9.4.sdk /Users/admin/builds/vMd7uqzK/1/finestructure/swiftpackageindex-builder/spi-builder-workspace/.derivedData/SDKStatCaches.noindex/watchos9.4-20T248-.sdkstatcache
    cd /Users/admin/builds/vMd7uqzK/1/finestructure/swiftpackageindex-builder/spi-builder-workspace/.swiftpm/xcode
    /Applications/Xcode-14.3.1.app/Contents/Developer/Toolchains/XcodeDefault.xctoolchain/usr/bin/clang-stat-cache /Applications/Xcode-14.3.1.app/Contents/Developer/Platforms/WatchOS.platform/Developer/SDKs/WatchOS9.4.sdk -o /Users/admin/builds/vMd7uqzK/1/finestructure/swiftpackageindex-builder/spi-builder-workspace/.derivedData/SDKStatCaches.noindex/watchos9.4-20T248-.sdkstatcache
SwiftDriver RSTabBar normal arm64 com.apple.xcode.tools.swift.compiler (in target 'RSTabBar' from project 'RSTabBar')
    cd /Users/admin/builds/vMd7uqzK/1/finestructure/swiftpackageindex-builder/spi-builder-workspace
    builtin-SwiftDriver -- /Applications/Xcode-14.3.1.app/Contents/Developer/Toolchains/XcodeDefault.xctoolchain/usr/bin/swiftc -module-name RSTabBar -Onone -enforce-exclusivity\=checked @/Users/admin/builds/vMd7uqzK/1/finestructure/swiftpackageindex-builder/spi-builder-workspace/.derivedData/Build/Intermediates.noindex/RSTabBar.build/Debug-watchos/RSTabBar.build/Objects-normal/arm64/RSTabBar.SwiftFileList -DSWIFT_PACKAGE -DDEBUG -DXcode -sdk /Applications/Xcode-14.3.1.app/Contents/Developer/Platforms/WatchOS.platform/Developer/SDKs/WatchOS9.4.sdk -target arm64-apple-watchos8.0 -g -module-cache-path /Users/admin/builds/vMd7uqzK/1/finestructure/swiftpackageindex-builder/spi-builder-workspace/.derivedData/ModuleCache.noindex -Xfrontend -serialize-debugging-options -enable-testing -index-store-path /Users/admin/builds/vMd7uqzK/1/finestructure/swiftpackageindex-builder/spi-builder-workspace/.derivedData/Index.noindex/DataStore -swift-version 5 -I /Users/admin/builds/vMd7uqzK/1/finestructure/swiftpackageindex-builder/spi-builder-workspace/.derivedData/Build/Products/Debug-watchos -I /Applications/Xcode-14.3.1.app/Contents/Developer/Platforms/WatchOS.platform/Developer/usr/lib -F /Users/admin/builds/vMd7uqzK/1/finestructure/swiftpackageindex-builder/spi-builder-workspace/.derivedData/Build/Products/Debug-watchos -F /Applications/Xcode-14.3.1.app/Contents/Developer/Platforms/WatchOS.platform/Developer/Library/Frameworks -F /Applications/Xcode-14.3.1.app/Contents/Developer/Platforms/WatchOS.platform/Developer/SDKs/WatchOS9.4.sdk/Developer/Library/Frameworks -c -j4 -enable-batch-mode -incremental -Xcc -ivfsstatcache -Xcc /Users/admin/builds/vMd7uqzK/1/finestructure/swiftpackageindex-builder/spi-builder-workspace/.derivedData/SDKStatCaches.noindex/watchos9.4-20T248-.sdkstatcache -output-file-map /Users/admin/builds/vMd7uqzK/1/finestructure/swiftpackageindex-builder/spi-builder-workspace/.derivedData/Build/Intermediates.noindex/RSTabBar.build/Debug-watchos/RSTabBar.build/Objects-normal/arm64/RSTabBar-OutputFileMap.json -use-frontend-parseable-output -save-temps -no-color-diagnostics -serialize-diagnostics -emit-dependencies -emit-module -emit-module-path /Users/admin/builds/vMd7uqzK/1/finestructure/swiftpackageindex-builder/spi-builder-workspace/.derivedData/Build/Intermediates.noindex/RSTabBar.build/Debug-watchos/RSTabBar.build/Objects-normal/arm64/RSTabBar.swiftmodule -Xcc -I/Users/admin/builds/vMd7uqzK/1/finestructure/swiftpackageindex-builder/spi-builder-workspace/.derivedData/Build/Intermediates.noindex/RSTabBar.build/Debug-watchos/RSTabBar.build/swift-overrides.hmap -Xcc -I/Users/admin/builds/vMd7uqzK/1/finestructure/swiftpackageindex-builder/spi-builder-workspace/.derivedData/Build/Products/Debug-watchos/include -Xcc -I/Users/admin/builds/vMd7uqzK/1/finestructure/swiftpackageindex-builder/spi-builder-workspace/.derivedData/Build/Intermediates.noindex/RSTabBar.build/Debug-watchos/RSTabBar.build/DerivedSources-normal/arm64 -Xcc -I/Users/admin/builds/vMd7uqzK/1/finestructure/swiftpackageindex-builder/spi-builder-workspace/.derivedData/Build/Intermediates.noindex/RSTabBar.build/Debug-watchos/RSTabBar.build/DerivedSources/arm64 -Xcc -I/Users/admin/builds/vMd7uqzK/1/finestructure/swiftpackageindex-builder/spi-builder-workspace/.derivedData/Build/Intermediates.noindex/RSTabBar.build/Debug-watchos/RSTabBar.build/DerivedSources -Xcc -DSWIFT_PACKAGE -Xcc -DDEBUG\=1 -emit-objc-header -emit-objc-header-path /Users/admin/builds/vMd7uqzK/1/finestructure/swiftpackageindex-builder/spi-builder-workspace/.derivedData/Build/Intermediates.noindex/RSTabBar.build/Debug-watchos/RSTabBar.build/Objects-normal/arm64/RSTabBar-Swift.h -working-directory /Users/admin/builds/vMd7uqzK/1/finestructure/swiftpackageindex-builder/spi-builder-workspace -experimental-emit-module-separately -disable-cmo
SwiftDriver RSTabBar normal arm64_32 com.apple.xcode.tools.swift.compiler (in target 'RSTabBar' from project 'RSTabBar')
    cd /Users/admin/builds/vMd7uqzK/1/finestructure/swiftpackageindex-builder/spi-builder-workspace
    builtin-SwiftDriver -- /Applications/Xcode-14.3.1.app/Contents/Developer/Toolchains/XcodeDefault.xctoolchain/usr/bin/swiftc -module-name RSTabBar -Onone -enforce-exclusivity\=checked @/Users/admin/builds/vMd7uqzK/1/finestructure/swiftpackageindex-builder/spi-builder-workspace/.derivedData/Build/Intermediates.noindex/RSTabBar.build/Debug-watchos/RSTabBar.build/Objects-normal/arm64_32/RSTabBar.SwiftFileList -DSWIFT_PACKAGE -DDEBUG -DXcode -sdk /Applications/Xcode-14.3.1.app/Contents/Developer/Platforms/WatchOS.platform/Developer/SDKs/WatchOS9.4.sdk -target arm64_32-apple-watchos8.0 -g -module-cache-path /Users/admin/builds/vMd7uqzK/1/finestructure/swiftpackageindex-builder/spi-builder-workspace/.derivedData/ModuleCache.noindex -Xfrontend -serialize-debugging-options -enable-testing -index-store-path /Users/admin/builds/vMd7uqzK/1/finestructure/swiftpackageindex-builder/spi-builder-workspace/.derivedData/Index.noindex/DataStore -swift-version 5 -I /Users/admin/builds/vMd7uqzK/1/finestructure/swiftpackageindex-builder/spi-builder-workspace/.derivedData/Build/Products/Debug-watchos -I /Applications/Xcode-14.3.1.app/Contents/Developer/Platforms/WatchOS.platform/Developer/usr/lib -F /Users/admin/builds/vMd7uqzK/1/finestructure/swiftpackageindex-builder/spi-builder-workspace/.derivedData/Build/Products/Debug-watchos -F /Applications/Xcode-14.3.1.app/Contents/Developer/Platforms/WatchOS.platform/Developer/Library/Frameworks -F /Applications/Xcode-14.3.1.app/Contents/Developer/Platforms/WatchOS.platform/Developer/SDKs/WatchOS9.4.sdk/Developer/Library/Frameworks -c -j4 -enable-batch-mode -incremental -Xcc -ivfsstatcache -Xcc /Users/admin/builds/vMd7uqzK/1/finestructure/swiftpackageindex-builder/spi-builder-workspace/.derivedData/SDKStatCaches.noindex/watchos9.4-20T248-.sdkstatcache -output-file-map /Users/admin/builds/vMd7uqzK/1/finestructure/swiftpackageindex-builder/spi-builder-workspace/.derivedData/Build/Intermediates.noindex/RSTabBar.build/Debug-watchos/RSTabBar.build/Objects-normal/arm64_32/RSTabBar-OutputFileMap.json -use-frontend-parseable-output -save-temps -no-color-diagnostics -serialize-diagnostics -emit-dependencies -emit-module -emit-module-path /Users/admin/builds/vMd7uqzK/1/finestructure/swiftpackageindex-builder/spi-builder-workspace/.derivedData/Build/Intermediates.noindex/RSTabBar.build/Debug-watchos/RSTabBar.build/Objects-normal/arm64_32/RSTabBar.swiftmodule -Xcc -I/Users/admin/builds/vMd7uqzK/1/finestructure/swiftpackageindex-builder/spi-builder-workspace/.derivedData/Build/Intermediates.noindex/RSTabBar.build/Debug-watchos/RSTabBar.build/swift-overrides.hmap -Xcc -I/Users/admin/builds/vMd7uqzK/1/finestructure/swiftpackageindex-builder/spi-builder-workspace/.derivedData/Build/Products/Debug-watchos/include -Xcc -I/Users/admin/builds/vMd7uqzK/1/finestructure/swiftpackageindex-builder/spi-builder-workspace/.derivedData/Build/Intermediates.noindex/RSTabBar.build/Debug-watchos/RSTabBar.build/DerivedSources-normal/arm64_32 -Xcc -I/Users/admin/builds/vMd7uqzK/1/finestructure/swiftpackageindex-builder/spi-builder-workspace/.derivedData/Build/Intermediates.noindex/RSTabBar.build/Debug-watchos/RSTabBar.build/DerivedSources/arm64_32 -Xcc -I/Users/admin/builds/vMd7uqzK/1/finestructure/swiftpackageindex-builder/spi-builder-workspace/.derivedData/Build/Intermediates.noindex/RSTabBar.build/Debug-watchos/RSTabBar.build/DerivedSources -Xcc -DSWIFT_PACKAGE -Xcc -DDEBUG\=1 -emit-objc-header -emit-objc-header-path /Users/admin/builds/vMd7uqzK/1/finestructure/swiftpackageindex-builder/spi-builder-workspace/.derivedData/Build/Intermediates.noindex/RSTabBar.build/Debug-watchos/RSTabBar.build/Objects-normal/arm64_32/RSTabBar-Swift.h -working-directory /Users/admin/builds/vMd7uqzK/1/finestructure/swiftpackageindex-builder/spi-builder-workspace -experimental-emit-module-separately -disable-cmo
SwiftDriver RSTabBar normal armv7k com.apple.xcode.tools.swift.compiler (in target 'RSTabBar' from project 'RSTabBar')
    cd /Users/admin/builds/vMd7uqzK/1/finestructure/swiftpackageindex-builder/spi-builder-workspace
    builtin-SwiftDriver -- /Applications/Xcode-14.3.1.app/Contents/Developer/Toolchains/XcodeDefault.xctoolchain/usr/bin/swiftc -module-name RSTabBar -Onone -enforce-exclusivity\=checked @/Users/admin/builds/vMd7uqzK/1/finestructure/swiftpackageindex-builder/spi-builder-workspace/.derivedData/Build/Intermediates.noindex/RSTabBar.build/Debug-watchos/RSTabBar.build/Objects-normal/armv7k/RSTabBar.SwiftFileList -DSWIFT_PACKAGE -DDEBUG -DXcode -sdk /Applications/Xcode-14.3.1.app/Contents/Developer/Platforms/WatchOS.platform/Developer/SDKs/WatchOS9.4.sdk -target armv7k-apple-watchos8.0 -g -module-cache-path /Users/admin/builds/vMd7uqzK/1/finestructure/swiftpackageindex-builder/spi-builder-workspace/.derivedData/ModuleCache.noindex -Xfrontend -serialize-debugging-options -enable-testing -index-store-path /Users/admin/builds/vMd7uqzK/1/finestructure/swiftpackageindex-builder/spi-builder-workspace/.derivedData/Index.noindex/DataStore -swift-version 5 -I /Users/admin/builds/vMd7uqzK/1/finestructure/swiftpackageindex-builder/spi-builder-workspace/.derivedData/Build/Products/Debug-watchos -I /Applications/Xcode-14.3.1.app/Contents/Developer/Platforms/WatchOS.platform/Developer/usr/lib -F /Users/admin/builds/vMd7uqzK/1/finestructure/swiftpackageindex-builder/spi-builder-workspace/.derivedData/Build/Products/Debug-watchos -F /Applications/Xcode-14.3.1.app/Contents/Developer/Platforms/WatchOS.platform/Developer/Library/Frameworks -F /Applications/Xcode-14.3.1.app/Contents/Developer/Platforms/WatchOS.platform/Developer/SDKs/WatchOS9.4.sdk/Developer/Library/Frameworks -c -j4 -enable-batch-mode -incremental -Xcc -ivfsstatcache -Xcc /Users/admin/builds/vMd7uqzK/1/finestructure/swiftpackageindex-builder/spi-builder-workspace/.derivedData/SDKStatCaches.noindex/watchos9.4-20T248-.sdkstatcache -output-file-map /Users/admin/builds/vMd7uqzK/1/finestructure/swiftpackageindex-builder/spi-builder-workspace/.derivedData/Build/Intermediates.noindex/RSTabBar.build/Debug-watchos/RSTabBar.build/Objects-normal/armv7k/RSTabBar-OutputFileMap.json -use-frontend-parseable-output -save-temps -no-color-diagnostics -serialize-diagnostics -emit-dependencies -emit-module -emit-module-path /Users/admin/builds/vMd7uqzK/1/finestructure/swiftpackageindex-builder/spi-builder-workspace/.derivedData/Build/Intermediates.noindex/RSTabBar.build/Debug-watchos/RSTabBar.build/Objects-normal/armv7k/RSTabBar.swiftmodule -Xcc -I/Users/admin/builds/vMd7uqzK/1/finestructure/swiftpackageindex-builder/spi-builder-workspace/.derivedData/Build/Intermediates.noindex/RSTabBar.build/Debug-watchos/RSTabBar.build/swift-overrides.hmap -Xcc -I/Users/admin/builds/vMd7uqzK/1/finestructure/swiftpackageindex-builder/spi-builder-workspace/.derivedData/Build/Products/Debug-watchos/include -Xcc -I/Users/admin/builds/vMd7uqzK/1/finestructure/swiftpackageindex-builder/spi-builder-workspace/.derivedData/Build/Intermediates.noindex/RSTabBar.build/Debug-watchos/RSTabBar.build/DerivedSources-normal/armv7k -Xcc -I/Users/admin/builds/vMd7uqzK/1/finestructure/swiftpackageindex-builder/spi-builder-workspace/.derivedData/Build/Intermediates.noindex/RSTabBar.build/Debug-watchos/RSTabBar.build/DerivedSources/armv7k -Xcc -I/Users/admin/builds/vMd7uqzK/1/finestructure/swiftpackageindex-builder/spi-builder-workspace/.derivedData/Build/Intermediates.noindex/RSTabBar.build/Debug-watchos/RSTabBar.build/DerivedSources -Xcc -DSWIFT_PACKAGE -Xcc -DDEBUG\=1 -emit-objc-header -emit-objc-header-path /Users/admin/builds/vMd7uqzK/1/finestructure/swiftpackageindex-builder/spi-builder-workspace/.derivedData/Build/Intermediates.noindex/RSTabBar.build/Debug-watchos/RSTabBar.build/Objects-normal/armv7k/RSTabBar-Swift.h -working-directory /Users/admin/builds/vMd7uqzK/1/finestructure/swiftpackageindex-builder/spi-builder-workspace -experimental-emit-module-separately -disable-cmo
SwiftEmitModule normal arm64_32 Emitting\ module\ for\ RSTabBar (in target 'RSTabBar' from project 'RSTabBar')
    cd /Users/admin/builds/vMd7uqzK/1/finestructure/swiftpackageindex-builder/spi-builder-workspace
    builtin-swiftTaskExecution -- /Applications/Xcode-14.3.1.app/Contents/Developer/Toolchains/XcodeDefault.xctoolchain/usr/bin/swift-frontend -frontend -emit-module -experimental-skip-non-inlinable-function-bodies-without-types /Users/admin/builds/vMd7uqzK/1/finestructure/swiftpackageindex-builder/spi-builder-workspace/Sources/RSTabBar.swift /Users/admin/builds/vMd7uqzK/1/finestructure/swiftpackageindex-builder/spi-builder-workspace/Sources/TabItem.swift /Users/admin/builds/vMd7uqzK/1/finestructure/swiftpackageindex-builder/spi-builder-workspace/Sources/TabItemView.swift -target arm64_32-apple-watchos8.0 -enable-objc-interop -sdk /Applications/Xcode-14.3.1.app/Contents/Developer/Platforms/WatchOS.platform/Developer/SDKs/WatchOS9.4.sdk -I /Users/admin/builds/vMd7uqzK/1/finestructure/swiftpackageindex-builder/spi-builder-workspace/.derivedData/Build/Products/Debug-watchos -I /Applications/Xcode-14.3.1.app/Contents/Developer/Platforms/WatchOS.platform/Developer/usr/lib -F /Users/admin/builds/vMd7uqzK/1/finestructure/swiftpackageindex-builder/spi-builder-workspace/.derivedData/Build/Products/Debug-watchos -F /Applications/Xcode-14.3.1.app/Contents/Developer/Platforms/WatchOS.platform/Developer/Library/Frameworks -F /Applications/Xcode-14.3.1.app/Contents/Developer/Platforms/WatchOS.platform/Developer/SDKs/WatchOS9.4.sdk/Developer/Library/Frameworks -no-color-diagnostics -enable-testing -g -module-cache-path /Users/admin/builds/vMd7uqzK/1/finestructure/swiftpackageindex-builder/spi-builder-workspace/.derivedData/ModuleCache.noindex -swift-version 5 -enforce-exclusivity\=checked -Onone -D SWIFT_PACKAGE -D DEBUG -D Xcode -serialize-debugging-options -empty-abi-descriptor -Xcc -working-directory -Xcc /Users/admin/builds/vMd7uqzK/1/finestructure/swiftpackageindex-builder/spi-builder-workspace -resource-dir /Applications/Xcode-14.3.1.app/Contents/Developer/Toolchains/XcodeDefault.xctoolchain/usr/lib/swift -enable-anonymous-context-mangled-names -Xcc -ivfsstatcache -Xcc /Users/admin/builds/vMd7uqzK/1/finestructure/swiftpackageindex-builder/spi-builder-workspace/.derivedData/SDKStatCaches.noindex/watchos9.4-20T248-.sdkstatcache -Xcc -I/Users/admin/builds/vMd7uqzK/1/finestructure/swiftpackageindex-builder/spi-builder-workspace/.derivedData/Build/Intermediates.noindex/RSTabBar.build/Debug-watchos/RSTabBar.build/swift-overrides.hmap -Xcc -I/Users/admin/builds/vMd7uqzK/1/finestructure/swiftpackageindex-builder/spi-builder-workspace/.derivedData/Build/Products/Debug-watchos/include -Xcc -I/Users/admin/builds/vMd7uqzK/1/finestructure/swiftpackageindex-builder/spi-builder-workspace/.derivedData/Build/Intermediates.noindex/RSTabBar.build/Debug-watchos/RSTabBar.build/DerivedSources-normal/arm64_32 -Xcc -I/Users/admin/builds/vMd7uqzK/1/finestructure/swiftpackageindex-builder/spi-builder-workspace/.derivedData/Build/Intermediates.noindex/RSTabBar.build/Debug-watchos/RSTabBar.build/DerivedSources/arm64_32 -Xcc -I/Users/admin/builds/vMd7uqzK/1/finestructure/swiftpackageindex-builder/spi-builder-workspace/.derivedData/Build/Intermediates.noindex/RSTabBar.build/Debug-watchos/RSTabBar.build/DerivedSources -Xcc -DSWIFT_PACKAGE -Xcc -DDEBUG\=1 -module-name RSTabBar -disable-clang-spi -target-sdk-version 9.4 -target-sdk-name watchos9.4 -emit-module-doc-path /Users/admin/builds/vMd7uqzK/1/finestructure/swiftpackageindex-builder/spi-builder-workspace/.derivedData/Build/Intermediates.noindex/RSTabBar.build/Debug-watchos/RSTabBar.build/Objects-normal/arm64_32/RSTabBar.swiftdoc -emit-module-source-info-path /Users/admin/builds/vMd7uqzK/1/finestructure/swiftpackageindex-builder/spi-builder-workspace/.derivedData/Build/Intermediates.noindex/RSTabBar.build/Debug-watchos/RSTabBar.build/Objects-normal/arm64_32/RSTabBar.swiftsourceinfo -emit-objc-header-path /Users/admin/builds/vMd7uqzK/1/finestructure/swiftpackageindex-builder/spi-builder-workspace/.derivedData/Build/Intermediates.noindex/RSTabBar.build/Debug-watchos/RSTabBar.build/Objects-normal/arm64_32/RSTabBar-Swift.h -serialize-diagnostics-path /Users/admin/builds/vMd7uqzK/1/finestructure/swiftpackageindex-builder/spi-builder-workspace/.derivedData/Build/Intermediates.noindex/RSTabBar.build/Debug-watchos/RSTabBar.build/Objects-normal/arm64_32/RSTabBar-master-emit-module.dia -emit-dependencies-path /Users/admin/builds/vMd7uqzK/1/finestructure/swiftpackageindex-builder/spi-builder-workspace/.derivedData/Build/Intermediates.noindex/RSTabBar.build/Debug-watchos/RSTabBar.build/Objects-normal/arm64_32/RSTabBar-master-emit-module.d -o /Users/admin/builds/vMd7uqzK/1/finestructure/swiftpackageindex-builder/spi-builder-workspace/.derivedData/Build/Intermediates.noindex/RSTabBar.build/Debug-watchos/RSTabBar.build/Objects-normal/arm64_32/RSTabBar.swiftmodule -emit-abi-descriptor-path /Users/admin/builds/vMd7uqzK/1/finestructure/swiftpackageindex-builder/spi-builder-workspace/.derivedData/Build/Intermediates.noindex/RSTabBar.build/Debug-watchos/RSTabBar.build/Objects-normal/arm64_32/RSTabBar.abi.json
SwiftEmitModule normal arm64 Emitting\ module\ for\ RSTabBar (in target 'RSTabBar' from project 'RSTabBar')
    cd /Users/admin/builds/vMd7uqzK/1/finestructure/swiftpackageindex-builder/spi-builder-workspace
    builtin-swiftTaskExecution -- /Applications/Xcode-14.3.1.app/Contents/Developer/Toolchains/XcodeDefault.xctoolchain/usr/bin/swift-frontend -frontend -emit-module -experimental-skip-non-inlinable-function-bodies-without-types /Users/admin/builds/vMd7uqzK/1/finestructure/swiftpackageindex-builder/spi-builder-workspace/Sources/RSTabBar.swift /Users/admin/builds/vMd7uqzK/1/finestructure/swiftpackageindex-builder/spi-builder-workspace/Sources/TabItem.swift /Users/admin/builds/vMd7uqzK/1/finestructure/swiftpackageindex-builder/spi-builder-workspace/Sources/TabItemView.swift -target arm64-apple-watchos8.0 -Xllvm -aarch64-use-tbi -enable-objc-interop -stack-check -sdk /Applications/Xcode-14.3.1.app/Contents/Developer/Platforms/WatchOS.platform/Developer/SDKs/WatchOS9.4.sdk -I /Users/admin/builds/vMd7uqzK/1/finestructure/swiftpackageindex-builder/spi-builder-workspace/.derivedData/Build/Products/Debug-watchos -I /Applications/Xcode-14.3.1.app/Contents/Developer/Platforms/WatchOS.platform/Developer/usr/lib -F /Users/admin/builds/vMd7uqzK/1/finestructure/swiftpackageindex-builder/spi-builder-workspace/.derivedData/Build/Products/Debug-watchos -F /Applications/Xcode-14.3.1.app/Contents/Developer/Platforms/WatchOS.platform/Developer/Library/Frameworks -F /Applications/Xcode-14.3.1.app/Contents/Developer/Platforms/WatchOS.platform/Developer/SDKs/WatchOS9.4.sdk/Developer/Library/Frameworks -no-color-diagnostics -enable-testing -g -module-cache-path /Users/admin/builds/vMd7uqzK/1/finestructure/swiftpackageindex-builder/spi-builder-workspace/.derivedData/ModuleCache.noindex -swift-version 5 -enforce-exclusivity\=checked -Onone -D SWIFT_PACKAGE -D DEBUG -D Xcode -serialize-debugging-options -empty-abi-descriptor -Xcc -working-directory -Xcc /Users/admin/builds/vMd7uqzK/1/finestructure/swiftpackageindex-builder/spi-builder-workspace -resource-dir /Applications/Xcode-14.3.1.app/Contents/Developer/Toolchains/XcodeDefault.xctoolchain/usr/lib/swift -enable-anonymous-context-mangled-names -Xcc -ivfsstatcache -Xcc /Users/admin/builds/vMd7uqzK/1/finestructure/swiftpackageindex-builder/spi-builder-workspace/.derivedData/SDKStatCaches.noindex/watchos9.4-20T248-.sdkstatcache -Xcc -I/Users/admin/builds/vMd7uqzK/1/finestructure/swiftpackageindex-builder/spi-builder-workspace/.derivedData/Build/Intermediates.noindex/RSTabBar.build/Debug-watchos/RSTabBar.build/swift-overrides.hmap -Xcc -I/Users/admin/builds/vMd7uqzK/1/finestructure/swiftpackageindex-builder/spi-builder-workspace/.derivedData/Build/Products/Debug-watchos/include -Xcc -I/Users/admin/builds/vMd7uqzK/1/finestructure/swiftpackageindex-builder/spi-builder-workspace/.derivedData/Build/Intermediates.noindex/RSTabBar.build/Debug-watchos/RSTabBar.build/DerivedSources-normal/arm64 -Xcc -I/Users/admin/builds/vMd7uqzK/1/finestructure/swiftpackageindex-builder/spi-builder-workspace/.derivedData/Build/Intermediates.noindex/RSTabBar.build/Debug-watchos/RSTabBar.build/DerivedSources/arm64 -Xcc -I/Users/admin/builds/vMd7uqzK/1/finestructure/swiftpackageindex-builder/spi-builder-workspace/.derivedData/Build/Intermediates.noindex/RSTabBar.build/Debug-watchos/RSTabBar.build/DerivedSources -Xcc -DSWIFT_PACKAGE -Xcc -DDEBUG\=1 -module-name RSTabBar -disable-clang-spi -target-sdk-version 9.4 -target-sdk-name watchos9.4 -emit-module-doc-path /Users/admin/builds/vMd7uqzK/1/finestructure/swiftpackageindex-builder/spi-builder-workspace/.derivedData/Build/Intermediates.noindex/RSTabBar.build/Debug-watchos/RSTabBar.build/Objects-normal/arm64/RSTabBar.swiftdoc -emit-module-source-info-path /Users/admin/builds/vMd7uqzK/1/finestructure/swiftpackageindex-builder/spi-builder-workspace/.derivedData/Build/Intermediates.noindex/RSTabBar.build/Debug-watchos/RSTabBar.build/Objects-normal/arm64/RSTabBar.swiftsourceinfo -emit-objc-header-path /Users/admin/builds/vMd7uqzK/1/finestructure/swiftpackageindex-builder/spi-builder-workspace/.derivedData/Build/Intermediates.noindex/RSTabBar.build/Debug-watchos/RSTabBar.build/Objects-normal/arm64/RSTabBar-Swift.h -serialize-diagnostics-path /Users/admin/builds/vMd7uqzK/1/finestructure/swiftpackageindex-builder/spi-builder-workspace/.derivedData/Build/Intermediates.noindex/RSTabBar.build/Debug-watchos/RSTabBar.build/Objects-normal/arm64/RSTabBar-master-emit-module.dia -emit-dependencies-path /Users/admin/builds/vMd7uqzK/1/finestructure/swiftpackageindex-builder/spi-builder-workspace/.derivedData/Build/Intermediates.noindex/RSTabBar.build/Debug-watchos/RSTabBar.build/Objects-normal/arm64/RSTabBar-master-emit-module.d -o /Users/admin/builds/vMd7uqzK/1/finestructure/swiftpackageindex-builder/spi-builder-workspace/.derivedData/Build/Intermediates.noindex/RSTabBar.build/Debug-watchos/RSTabBar.build/Objects-normal/arm64/RSTabBar.swiftmodule -emit-abi-descriptor-path /Users/admin/builds/vMd7uqzK/1/finestructure/swiftpackageindex-builder/spi-builder-workspace/.derivedData/Build/Intermediates.noindex/RSTabBar.build/Debug-watchos/RSTabBar.build/Objects-normal/arm64/RSTabBar.abi.json
SwiftEmitModule normal armv7k Emitting\ module\ for\ RSTabBar (in target 'RSTabBar' from project 'RSTabBar')
    cd /Users/admin/builds/vMd7uqzK/1/finestructure/swiftpackageindex-builder/spi-builder-workspace
    builtin-swiftTaskExecution -- /Applications/Xcode-14.3.1.app/Contents/Developer/Toolchains/XcodeDefault.xctoolchain/usr/bin/swift-frontend -frontend -emit-module -experimental-skip-non-inlinable-function-bodies-without-types /Users/admin/builds/vMd7uqzK/1/finestructure/swiftpackageindex-builder/spi-builder-workspace/Sources/RSTabBar.swift /Users/admin/builds/vMd7uqzK/1/finestructure/swiftpackageindex-builder/spi-builder-workspace/Sources/TabItem.swift /Users/admin/builds/vMd7uqzK/1/finestructure/swiftpackageindex-builder/spi-builder-workspace/Sources/TabItemView.swift -target armv7k-apple-watchos8.0 -enable-objc-interop -stack-check -sdk /Applications/Xcode-14.3.1.app/Contents/Developer/Platforms/WatchOS.platform/Developer/SDKs/WatchOS9.4.sdk -I /Users/admin/builds/vMd7uqzK/1/finestructure/swiftpackageindex-builder/spi-builder-workspace/.derivedData/Build/Products/Debug-watchos -I /Applications/Xcode-14.3.1.app/Contents/Developer/Platforms/WatchOS.platform/Developer/usr/lib -F /Users/admin/builds/vMd7uqzK/1/finestructure/swiftpackageindex-builder/spi-builder-workspace/.derivedData/Build/Products/Debug-watchos -F /Applications/Xcode-14.3.1.app/Contents/Developer/Platforms/WatchOS.platform/Developer/Library/Frameworks -F /Applications/Xcode-14.3.1.app/Contents/Developer/Platforms/WatchOS.platform/Developer/SDKs/WatchOS9.4.sdk/Developer/Library/Frameworks -no-color-diagnostics -enable-testing -g -module-cache-path /Users/admin/builds/vMd7uqzK/1/finestructure/swiftpackageindex-builder/spi-builder-workspace/.derivedData/ModuleCache.noindex -swift-version 5 -enforce-exclusivity\=checked -Onone -D SWIFT_PACKAGE -D DEBUG -D Xcode -serialize-debugging-options -empty-abi-descriptor -Xcc -working-directory -Xcc /Users/admin/builds/vMd7uqzK/1/finestructure/swiftpackageindex-builder/spi-builder-workspace -resource-dir /Applications/Xcode-14.3.1.app/Contents/Developer/Toolchains/XcodeDefault.xctoolchain/usr/lib/swift -enable-anonymous-context-mangled-names -Xcc -ivfsstatcache -Xcc /Users/admin/builds/vMd7uqzK/1/finestructure/swiftpackageindex-builder/spi-builder-workspace/.derivedData/SDKStatCaches.noindex/watchos9.4-20T248-.sdkstatcache -Xcc -I/Users/admin/builds/vMd7uqzK/1/finestructure/swiftpackageindex-builder/spi-builder-workspace/.derivedData/Build/Intermediates.noindex/RSTabBar.build/Debug-watchos/RSTabBar.build/swift-overrides.hmap -Xcc -I/Users/admin/builds/vMd7uqzK/1/finestructure/swiftpackageindex-builder/spi-builder-workspace/.derivedData/Build/Products/Debug-watchos/include -Xcc -I/Users/admin/builds/vMd7uqzK/1/finestructure/swiftpackageindex-builder/spi-builder-workspace/.derivedData/Build/Intermediates.noindex/RSTabBar.build/Debug-watchos/RSTabBar.build/DerivedSources-normal/armv7k -Xcc -I/Users/admin/builds/vMd7uqzK/1/finestructure/swiftpackageindex-builder/spi-builder-workspace/.derivedData/Build/Intermediates.noindex/RSTabBar.build/Debug-watchos/RSTabBar.build/DerivedSources/armv7k -Xcc -I/Users/admin/builds/vMd7uqzK/1/finestructure/swiftpackageindex-builder/spi-builder-workspace/.derivedData/Build/Intermediates.noindex/RSTabBar.build/Debug-watchos/RSTabBar.build/DerivedSources -Xcc -DSWIFT_PACKAGE -Xcc -DDEBUG\=1 -module-name RSTabBar -disable-clang-spi -target-sdk-version 9.4 -target-sdk-name watchos9.4 -emit-module-doc-path /Users/admin/builds/vMd7uqzK/1/finestructure/swiftpackageindex-builder/spi-builder-workspace/.derivedData/Build/Intermediates.noindex/RSTabBar.build/Debug-watchos/RSTabBar.build/Objects-normal/armv7k/RSTabBar.swiftdoc -emit-module-source-info-path /Users/admin/builds/vMd7uqzK/1/finestructure/swiftpackageindex-builder/spi-builder-workspace/.derivedData/Build/Intermediates.noindex/RSTabBar.build/Debug-watchos/RSTabBar.build/Objects-normal/armv7k/RSTabBar.swiftsourceinfo -emit-objc-header-path /Users/admin/builds/vMd7uqzK/1/finestructure/swiftpackageindex-builder/spi-builder-workspace/.derivedData/Build/Intermediates.noindex/RSTabBar.build/Debug-watchos/RSTabBar.build/Objects-normal/armv7k/RSTabBar-Swift.h -serialize-diagnostics-path /Users/admin/builds/vMd7uqzK/1/finestructure/swiftpackageindex-builder/spi-builder-workspace/.derivedData/Build/Intermediates.noindex/RSTabBar.build/Debug-watchos/RSTabBar.build/Objects-normal/armv7k/RSTabBar-master-emit-module.dia -emit-dependencies-path /Users/admin/builds/vMd7uqzK/1/finestructure/swiftpackageindex-builder/spi-builder-workspace/.derivedData/Build/Intermediates.noindex/RSTabBar.build/Debug-watchos/RSTabBar.build/Objects-normal/armv7k/RSTabBar-master-emit-module.d -o /Users/admin/builds/vMd7uqzK/1/finestructure/swiftpackageindex-builder/spi-builder-workspace/.derivedData/Build/Intermediates.noindex/RSTabBar.build/Debug-watchos/RSTabBar.build/Objects-normal/armv7k/RSTabBar.swiftmodule -emit-abi-descriptor-path /Users/admin/builds/vMd7uqzK/1/finestructure/swiftpackageindex-builder/spi-builder-workspace/.derivedData/Build/Intermediates.noindex/RSTabBar.build/Debug-watchos/RSTabBar.build/Objects-normal/armv7k/RSTabBar.abi.json
SwiftCompile normal arm64_32 Compiling\ TabItemView.swift /Users/admin/builds/vMd7uqzK/1/finestructure/swiftpackageindex-builder/spi-builder-workspace/Sources/TabItemView.swift (in target 'RSTabBar' from project 'RSTabBar')
    cd /Users/admin/builds/vMd7uqzK/1/finestructure/swiftpackageindex-builder/spi-builder-workspace
    builtin-swiftTaskExecution -- /Applications/Xcode-14.3.1.app/Contents/Developer/Toolchains/XcodeDefault.xctoolchain/usr/bin/swift-frontend -frontend -c /Users/admin/builds/vMd7uqzK/1/finestructure/swiftpackageindex-builder/spi-builder-workspace/Sources/RSTabBar.swift /Users/admin/builds/vMd7uqzK/1/finestructure/swiftpackageindex-builder/spi-builder-workspace/Sources/TabItem.swift -primary-file /Users/admin/builds/vMd7uqzK/1/finestructure/swiftpackageindex-builder/spi-builder-workspace/Sources/TabItemView.swift -emit-dependencies-path /Users/admin/builds/vMd7uqzK/1/finestructure/swiftpackageindex-builder/spi-builder-workspace/.derivedData/Build/Intermediates.noindex/RSTabBar.build/Debug-watchos/RSTabBar.build/Objects-normal/arm64_32/TabItemView.d -emit-reference-dependencies-path /Users/admin/builds/vMd7uqzK/1/finestructure/swiftpackageindex-builder/spi-builder-workspace/.derivedData/Build/Intermediates.noindex/RSTabBar.build/Debug-watchos/RSTabBar.build/Objects-normal/arm64_32/TabItemView.swiftdeps -serialize-diagnostics-path /Users/admin/builds/vMd7uqzK/1/finestructure/swiftpackageindex-builder/spi-builder-workspace/.derivedData/Build/Intermediates.noindex/RSTabBar.build/Debug-watchos/RSTabBar.build/Objects-normal/arm64_32/TabItemView.dia -target arm64_32-apple-watchos8.0 -enable-objc-interop -sdk /Applications/Xcode-14.3.1.app/Contents/Developer/Platforms/WatchOS.platform/Developer/SDKs/WatchOS9.4.sdk -I /Users/admin/builds/vMd7uqzK/1/finestructure/swiftpackageindex-builder/spi-builder-workspace/.derivedData/Build/Products/Debug-watchos -I /Applications/Xcode-14.3.1.app/Contents/Developer/Platforms/WatchOS.platform/Developer/usr/lib -F /Users/admin/builds/vMd7uqzK/1/finestructure/swiftpackageindex-builder/spi-builder-workspace/.derivedData/Build/Products/Debug-watchos -F /Applications/Xcode-14.3.1.app/Contents/Developer/Platforms/WatchOS.platform/Developer/Library/Frameworks -F /Applications/Xcode-14.3.1.app/Contents/Developer/Platforms/WatchOS.platform/Developer/SDKs/WatchOS9.4.sdk/Developer/Library/Frameworks -no-color-diagnostics -enable-testing -g -module-cache-path /Users/admin/builds/vMd7uqzK/1/finestructure/swiftpackageindex-builder/spi-builder-workspace/.derivedData/ModuleCache.noindex -swift-version 5 -enforce-exclusivity\=checked -Onone -D SWIFT_PACKAGE -D DEBUG -D Xcode -serialize-debugging-options -empty-abi-descriptor -Xcc -working-directory -Xcc /Users/admin/builds/vMd7uqzK/1/finestructure/swiftpackageindex-builder/spi-builder-workspace -resource-dir /Applications/Xcode-14.3.1.app/Contents/Developer/Toolchains/XcodeDefault.xctoolchain/usr/lib/swift -enable-anonymous-context-mangled-names -Xcc -ivfsstatcache -Xcc /Users/admin/builds/vMd7uqzK/1/finestructure/swiftpackageindex-builder/spi-builder-workspace/.derivedData/SDKStatCaches.noindex/watchos9.4-20T248-.sdkstatcache -Xcc -I/Users/admin/builds/vMd7uqzK/1/finestructure/swiftpackageindex-builder/spi-builder-workspace/.derivedData/Build/Intermediates.noindex/RSTabBar.build/Debug-watchos/RSTabBar.build/swift-overrides.hmap -Xcc -I/Users/admin/builds/vMd7uqzK/1/finestructure/swiftpackageindex-builder/spi-builder-workspace/.derivedData/Build/Products/Debug-watchos/include -Xcc -I/Users/admin/builds/vMd7uqzK/1/finestructure/swiftpackageindex-builder/spi-builder-workspace/.derivedData/Build/Intermediates.noindex/RSTabBar.build/Debug-watchos/RSTabBar.build/DerivedSources-normal/arm64_32 -Xcc -I/Users/admin/builds/vMd7uqzK/1/finestructure/swiftpackageindex-builder/spi-builder-workspace/.derivedData/Build/Intermediates.noindex/RSTabBar.build/Debug-watchos/RSTabBar.build/DerivedSources/arm64_32 -Xcc -I/Users/admin/builds/vMd7uqzK/1/finestructure/swiftpackageindex-builder/spi-builder-workspace/.derivedData/Build/Intermediates.noindex/RSTabBar.build/Debug-watchos/RSTabBar.build/DerivedSources -Xcc -DSWIFT_PACKAGE -Xcc -DDEBUG\=1 -module-name RSTabBar -frontend-parseable-output -disable-clang-spi -target-sdk-version 9.4 -target-sdk-name watchos9.4 -o /Users/admin/builds/vMd7uqzK/1/finestructure/swiftpackageindex-builder/spi-builder-workspace/.derivedData/Build/Intermediates.noindex/RSTabBar.build/Debug-watchos/RSTabBar.build/Objects-normal/arm64_32/TabItemView.o -index-unit-output-path /RSTabBar.build/Debug-watchos/RSTabBar.build/Objects-normal/arm64_32/TabItemView.o -index-store-path /Users/admin/builds/vMd7uqzK/1/finestructure/swiftpackageindex-builder/spi-builder-workspace/.derivedData/Index.noindex/DataStore -index-system-modules
SwiftCompile normal arm64_32 /Users/admin/builds/vMd7uqzK/1/finestructure/swiftpackageindex-builder/spi-builder-workspace/Sources/TabItemView.swift (in target 'RSTabBar' from project 'RSTabBar')
    cd /Users/admin/builds/vMd7uqzK/1/finestructure/swiftpackageindex-builder/spi-builder-workspace
    /Applications/Xcode-14.3.1.app/Contents/Developer/Toolchains/XcodeDefault.xctoolchain/usr/bin/swift-frontend -c /Users/admin/builds/vMd7uqzK/1/finestructure/swiftpackageindex-builder/spi-builder-workspace/Sources/RSTabBar.swift /Users/admin/builds/vMd7uqzK/1/finestructure/swiftpackageindex-builder/spi-builder-workspace/Sources/TabItem.swift -primary-file /Users/admin/builds/vMd7uqzK/1/finestructure/swiftpackageindex-builder/spi-builder-workspace/Sources/TabItemView.swift -emit-dependencies-path /Users/admin/builds/vMd7uqzK/1/finestructure/swiftpackageindex-builder/spi-builder-workspace/.derivedData/Build/Intermediates.noindex/RSTabBar.build/Debug-watchos/RSTabBar.build/Objects-normal/arm64_32/TabItemView.d -emit-reference-dependencies-path /Users/admin/builds/vMd7uqzK/1/finestructure/swiftpackageindex-builder/spi-builder-workspace/.derivedData/Build/Intermediates.noindex/RSTabBar.build/Debug-watchos/RSTabBar.build/Objects-normal/arm64_32/TabItemView.swiftdeps -serialize-diagnostics-path /Users/admin/builds/vMd7uqzK/1/finestructure/swiftpackageindex-builder/spi-builder-workspace/.derivedData/Build/Intermediates.noindex/RSTabBar.build/Debug-watchos/RSTabBar.build/Objects-normal/arm64_32/TabItemView.dia -target arm64_32-apple-watchos8.0 -enable-objc-interop -sdk /Applications/Xcode-14.3.1.app/Contents/Developer/Platforms/WatchOS.platform/Developer/SDKs/WatchOS9.4.sdk -I /Users/admin/builds/vMd7uqzK/1/finestructure/swiftpackageindex-builder/spi-builder-workspace/.derivedData/Build/Products/Debug-watchos -I /Applications/Xcode-14.3.1.app/Contents/Developer/Platforms/WatchOS.platform/Developer/usr/lib -F /Users/admin/builds/vMd7uqzK/1/finestructure/swiftpackageindex-builder/spi-builder-workspace/.derivedData/Build/Products/Debug-watchos -F /Applications/Xcode-14.3.1.app/Contents/Developer/Platforms/WatchOS.platform/Developer/Library/Frameworks -F /Applications/Xcode-14.3.1.app/Contents/Developer/Platforms/WatchOS.platform/Developer/SDKs/WatchOS9.4.sdk/Developer/Library/Frameworks -no-color-diagnostics -enable-testing -g -module-cache-path /Users/admin/builds/vMd7uqzK/1/finestructure/swiftpackageindex-builder/spi-builder-workspace/.derivedData/ModuleCache.noindex -swift-version 5 -enforce-exclusivity\=checked -Onone -D SWIFT_PACKAGE -D DEBUG -D Xcode -serialize-debugging-options -empty-abi-descriptor -Xcc -working-directory -Xcc /Users/admin/builds/vMd7uqzK/1/finestructure/swiftpackageindex-builder/spi-builder-workspace -resource-dir /Applications/Xcode-14.3.1.app/Contents/Developer/Toolchains/XcodeDefault.xctoolchain/usr/lib/swift -enable-anonymous-context-mangled-names -Xcc -ivfsstatcache -Xcc /Users/admin/builds/vMd7uqzK/1/finestructure/swiftpackageindex-builder/spi-builder-workspace/.derivedData/SDKStatCaches.noindex/watchos9.4-20T248-.sdkstatcache -Xcc -I/Users/admin/builds/vMd7uqzK/1/finestructure/swiftpackageindex-builder/spi-builder-workspace/.derivedData/Build/Intermediates.noindex/RSTabBar.build/Debug-watchos/RSTabBar.build/swift-overrides.hmap -Xcc -I/Users/admin/builds/vMd7uqzK/1/finestructure/swiftpackageindex-builder/spi-builder-workspace/.derivedData/Build/Products/Debug-watchos/include -Xcc -I/Users/admin/builds/vMd7uqzK/1/finestructure/swiftpackageindex-builder/spi-builder-workspace/.derivedData/Build/Intermediates.noindex/RSTabBar.build/Debug-watchos/RSTabBar.build/DerivedSources-normal/arm64_32 -Xcc -I/Users/admin/builds/vMd7uqzK/1/finestructure/swiftpackageindex-builder/spi-builder-workspace/.derivedData/Build/Intermediates.noindex/RSTabBar.build/Debug-watchos/RSTabBar.build/DerivedSources/arm64_32 -Xcc -I/Users/admin/builds/vMd7uqzK/1/finestructure/swiftpackageindex-builder/spi-builder-workspace/.derivedData/Build/Intermediates.noindex/RSTabBar.build/Debug-watchos/RSTabBar.build/DerivedSources -Xcc -DSWIFT_PACKAGE -Xcc -DDEBUG\=1 -module-name RSTabBar -frontend-parseable-output -disable-clang-spi -target-sdk-version 9.4 -target-sdk-name watchos9.4 -o /Users/admin/builds/vMd7uqzK/1/finestructure/swiftpackageindex-builder/spi-builder-workspace/.derivedData/Build/Intermediates.noindex/RSTabBar.build/Debug-watchos/RSTabBar.build/Objects-normal/arm64_32/TabItemView.o -index-unit-output-path /RSTabBar.build/Debug-watchos/RSTabBar.build/Objects-normal/arm64_32/TabItemView.o -index-store-path /Users/admin/builds/vMd7uqzK/1/finestructure/swiftpackageindex-builder/spi-builder-workspace/.derivedData/Index.noindex/DataStore -index-system-modules
SwiftCompile normal armv7k Compiling\ TabItemView.swift /Users/admin/builds/vMd7uqzK/1/finestructure/swiftpackageindex-builder/spi-builder-workspace/Sources/TabItemView.swift (in target 'RSTabBar' from project 'RSTabBar')
    cd /Users/admin/builds/vMd7uqzK/1/finestructure/swiftpackageindex-builder/spi-builder-workspace
    builtin-swiftTaskExecution -- /Applications/Xcode-14.3.1.app/Contents/Developer/Toolchains/XcodeDefault.xctoolchain/usr/bin/swift-frontend -frontend -c /Users/admin/builds/vMd7uqzK/1/finestructure/swiftpackageindex-builder/spi-builder-workspace/Sources/RSTabBar.swift /Users/admin/builds/vMd7uqzK/1/finestructure/swiftpackageindex-builder/spi-builder-workspace/Sources/TabItem.swift -primary-file /Users/admin/builds/vMd7uqzK/1/finestructure/swiftpackageindex-builder/spi-builder-workspace/Sources/TabItemView.swift -emit-dependencies-path /Users/admin/builds/vMd7uqzK/1/finestructure/swiftpackageindex-builder/spi-builder-workspace/.derivedData/Build/Intermediates.noindex/RSTabBar.build/Debug-watchos/RSTabBar.build/Objects-normal/armv7k/TabItemView.d -emit-reference-dependencies-path /Users/admin/builds/vMd7uqzK/1/finestructure/swiftpackageindex-builder/spi-builder-workspace/.derivedData/Build/Intermediates.noindex/RSTabBar.build/Debug-watchos/RSTabBar.build/Objects-normal/armv7k/TabItemView.swiftdeps -serialize-diagnostics-path /Users/admin/builds/vMd7uqzK/1/finestructure/swiftpackageindex-builder/spi-builder-workspace/.derivedData/Build/Intermediates.noindex/RSTabBar.build/Debug-watchos/RSTabBar.build/Objects-normal/armv7k/TabItemView.dia -target armv7k-apple-watchos8.0 -enable-objc-interop -stack-check -sdk /Applications/Xcode-14.3.1.app/Contents/Developer/Platforms/WatchOS.platform/Developer/SDKs/WatchOS9.4.sdk -I /Users/admin/builds/vMd7uqzK/1/finestructure/swiftpackageindex-builder/spi-builder-workspace/.derivedData/Build/Products/Debug-watchos -I /Applications/Xcode-14.3.1.app/Contents/Developer/Platforms/WatchOS.platform/Developer/usr/lib -F /Users/admin/builds/vMd7uqzK/1/finestructure/swiftpackageindex-builder/spi-builder-workspace/.derivedData/Build/Products/Debug-watchos -F /Applications/Xcode-14.3.1.app/Contents/Developer/Platforms/WatchOS.platform/Developer/Library/Frameworks -F /Applications/Xcode-14.3.1.app/Contents/Developer/Platforms/WatchOS.platform/Developer/SDKs/WatchOS9.4.sdk/Developer/Library/Frameworks -no-color-diagnostics -enable-testing -g -module-cache-path /Users/admin/builds/vMd7uqzK/1/finestructure/swiftpackageindex-builder/spi-builder-workspace/.derivedData/ModuleCache.noindex -swift-version 5 -enforce-exclusivity\=checked -Onone -D SWIFT_PACKAGE -D DEBUG -D Xcode -serialize-debugging-options -empty-abi-descriptor -Xcc -working-directory -Xcc /Users/admin/builds/vMd7uqzK/1/finestructure/swiftpackageindex-builder/spi-builder-workspace -resource-dir /Applications/Xcode-14.3.1.app/Contents/Developer/Toolchains/XcodeDefault.xctoolchain/usr/lib/swift -enable-anonymous-context-mangled-names -Xcc -ivfsstatcache -Xcc /Users/admin/builds/vMd7uqzK/1/finestructure/swiftpackageindex-builder/spi-builder-workspace/.derivedData/SDKStatCaches.noindex/watchos9.4-20T248-.sdkstatcache -Xcc -I/Users/admin/builds/vMd7uqzK/1/finestructure/swiftpackageindex-builder/spi-builder-workspace/.derivedData/Build/Intermediates.noindex/RSTabBar.build/Debug-watchos/RSTabBar.build/swift-overrides.hmap -Xcc -I/Users/admin/builds/vMd7uqzK/1/finestructure/swiftpackageindex-builder/spi-builder-workspace/.derivedData/Build/Products/Debug-watchos/include -Xcc -I/Users/admin/builds/vMd7uqzK/1/finestructure/swiftpackageindex-builder/spi-builder-workspace/.derivedData/Build/Intermediates.noindex/RSTabBar.build/Debug-watchos/RSTabBar.build/DerivedSources-normal/armv7k -Xcc -I/Users/admin/builds/vMd7uqzK/1/finestructure/swiftpackageindex-builder/spi-builder-workspace/.derivedData/Build/Intermediates.noindex/RSTabBar.build/Debug-watchos/RSTabBar.build/DerivedSources/armv7k -Xcc -I/Users/admin/builds/vMd7uqzK/1/finestructure/swiftpackageindex-builder/spi-builder-workspace/.derivedData/Build/Intermediates.noindex/RSTabBar.build/Debug-watchos/RSTabBar.build/DerivedSources -Xcc -DSWIFT_PACKAGE -Xcc -DDEBUG\=1 -module-name RSTabBar -frontend-parseable-output -disable-clang-spi -target-sdk-version 9.4 -target-sdk-name watchos9.4 -o /Users/admin/builds/vMd7uqzK/1/finestructure/swiftpackageindex-builder/spi-builder-workspace/.derivedData/Build/Intermediates.noindex/RSTabBar.build/Debug-watchos/RSTabBar.build/Objects-normal/armv7k/TabItemView.o -index-unit-output-path /RSTabBar.build/Debug-watchos/RSTabBar.build/Objects-normal/armv7k/TabItemView.o -index-store-path /Users/admin/builds/vMd7uqzK/1/finestructure/swiftpackageindex-builder/spi-builder-workspace/.derivedData/Index.noindex/DataStore -index-system-modules
SwiftCompile normal armv7k /Users/admin/builds/vMd7uqzK/1/finestructure/swiftpackageindex-builder/spi-builder-workspace/Sources/TabItemView.swift (in target 'RSTabBar' from project 'RSTabBar')
    cd /Users/admin/builds/vMd7uqzK/1/finestructure/swiftpackageindex-builder/spi-builder-workspace
    /Applications/Xcode-14.3.1.app/Contents/Developer/Toolchains/XcodeDefault.xctoolchain/usr/bin/swift-frontend -c /Users/admin/builds/vMd7uqzK/1/finestructure/swiftpackageindex-builder/spi-builder-workspace/Sources/RSTabBar.swift /Users/admin/builds/vMd7uqzK/1/finestructure/swiftpackageindex-builder/spi-builder-workspace/Sources/TabItem.swift -primary-file /Users/admin/builds/vMd7uqzK/1/finestructure/swiftpackageindex-builder/spi-builder-workspace/Sources/TabItemView.swift -emit-dependencies-path /Users/admin/builds/vMd7uqzK/1/finestructure/swiftpackageindex-builder/spi-builder-workspace/.derivedData/Build/Intermediates.noindex/RSTabBar.build/Debug-watchos/RSTabBar.build/Objects-normal/armv7k/TabItemView.d -emit-reference-dependencies-path /Users/admin/builds/vMd7uqzK/1/finestructure/swiftpackageindex-builder/spi-builder-workspace/.derivedData/Build/Intermediates.noindex/RSTabBar.build/Debug-watchos/RSTabBar.build/Objects-normal/armv7k/TabItemView.swiftdeps -serialize-diagnostics-path /Users/admin/builds/vMd7uqzK/1/finestructure/swiftpackageindex-builder/spi-builder-workspace/.derivedData/Build/Intermediates.noindex/RSTabBar.build/Debug-watchos/RSTabBar.build/Objects-normal/armv7k/TabItemView.dia -target armv7k-apple-watchos8.0 -enable-objc-interop -stack-check -sdk /Applications/Xcode-14.3.1.app/Contents/Developer/Platforms/WatchOS.platform/Developer/SDKs/WatchOS9.4.sdk -I /Users/admin/builds/vMd7uqzK/1/finestructure/swiftpackageindex-builder/spi-builder-workspace/.derivedData/Build/Products/Debug-watchos -I /Applications/Xcode-14.3.1.app/Contents/Developer/Platforms/WatchOS.platform/Developer/usr/lib -F /Users/admin/builds/vMd7uqzK/1/finestructure/swiftpackageindex-builder/spi-builder-workspace/.derivedData/Build/Products/Debug-watchos -F /Applications/Xcode-14.3.1.app/Contents/Developer/Platforms/WatchOS.platform/Developer/Library/Frameworks -F /Applications/Xcode-14.3.1.app/Contents/Developer/Platforms/WatchOS.platform/Developer/SDKs/WatchOS9.4.sdk/Developer/Library/Frameworks -no-color-diagnostics -enable-testing -g -module-cache-path /Users/admin/builds/vMd7uqzK/1/finestructure/swiftpackageindex-builder/spi-builder-workspace/.derivedData/ModuleCache.noindex -swift-version 5 -enforce-exclusivity\=checked -Onone -D SWIFT_PACKAGE -D DEBUG -D Xcode -serialize-debugging-options -empty-abi-descriptor -Xcc -working-directory -Xcc /Users/admin/builds/vMd7uqzK/1/finestructure/swiftpackageindex-builder/spi-builder-workspace -resource-dir /Applications/Xcode-14.3.1.app/Contents/Developer/Toolchains/XcodeDefault.xctoolchain/usr/lib/swift -enable-anonymous-context-mangled-names -Xcc -ivfsstatcache -Xcc /Users/admin/builds/vMd7uqzK/1/finestructure/swiftpackageindex-builder/spi-builder-workspace/.derivedData/SDKStatCaches.noindex/watchos9.4-20T248-.sdkstatcache -Xcc -I/Users/admin/builds/vMd7uqzK/1/finestructure/swiftpackageindex-builder/spi-builder-workspace/.derivedData/Build/Intermediates.noindex/RSTabBar.build/Debug-watchos/RSTabBar.build/swift-overrides.hmap -Xcc -I/Users/admin/builds/vMd7uqzK/1/finestructure/swiftpackageindex-builder/spi-builder-workspace/.derivedData/Build/Products/Debug-watchos/include -Xcc -I/Users/admin/builds/vMd7uqzK/1/finestructure/swiftpackageindex-builder/spi-builder-workspace/.derivedData/Build/Intermediates.noindex/RSTabBar.build/Debug-watchos/RSTabBar.build/DerivedSources-normal/armv7k -Xcc -I/Users/admin/builds/vMd7uqzK/1/finestructure/swiftpackageindex-builder/spi-builder-workspace/.derivedData/Build/Intermediates.noindex/RSTabBar.build/Debug-watchos/RSTabBar.build/DerivedSources/armv7k -Xcc -I/Users/admin/builds/vMd7uqzK/1/finestructure/swiftpackageindex-builder/spi-builder-workspace/.derivedData/Build/Intermediates.noindex/RSTabBar.build/Debug-watchos/RSTabBar.build/DerivedSources -Xcc -DSWIFT_PACKAGE -Xcc -DDEBUG\=1 -module-name RSTabBar -frontend-parseable-output -disable-clang-spi -target-sdk-version 9.4 -target-sdk-name watchos9.4 -o /Users/admin/builds/vMd7uqzK/1/finestructure/swiftpackageindex-builder/spi-builder-workspace/.derivedData/Build/Intermediates.noindex/RSTabBar.build/Debug-watchos/RSTabBar.build/Objects-normal/armv7k/TabItemView.o -index-unit-output-path /RSTabBar.build/Debug-watchos/RSTabBar.build/Objects-normal/armv7k/TabItemView.o -index-store-path /Users/admin/builds/vMd7uqzK/1/finestructure/swiftpackageindex-builder/spi-builder-workspace/.derivedData/Index.noindex/DataStore -index-system-modules
SwiftDriverJobDiscovery normal arm64 Emitting module for RSTabBar (in target 'RSTabBar' from project 'RSTabBar')
SwiftDriver\ Compilation\ Requirements RSTabBar normal arm64 com.apple.xcode.tools.swift.compiler (in target 'RSTabBar' from project 'RSTabBar')
    cd /Users/admin/builds/vMd7uqzK/1/finestructure/swiftpackageindex-builder/spi-builder-workspace
    builtin-Swift-Compilation-Requirements -- /Applications/Xcode-14.3.1.app/Contents/Developer/Toolchains/XcodeDefault.xctoolchain/usr/bin/swiftc -module-name RSTabBar -Onone -enforce-exclusivity\=checked @/Users/admin/builds/vMd7uqzK/1/finestructure/swiftpackageindex-builder/spi-builder-workspace/.derivedData/Build/Intermediates.noindex/RSTabBar.build/Debug-watchos/RSTabBar.build/Objects-normal/arm64/RSTabBar.SwiftFileList -DSWIFT_PACKAGE -DDEBUG -DXcode -sdk /Applications/Xcode-14.3.1.app/Contents/Developer/Platforms/WatchOS.platform/Developer/SDKs/WatchOS9.4.sdk -target arm64-apple-watchos8.0 -g -module-cache-path /Users/admin/builds/vMd7uqzK/1/finestructure/swiftpackageindex-builder/spi-builder-workspace/.derivedData/ModuleCache.noindex -Xfrontend -serialize-debugging-options -enable-testing -index-store-path /Users/admin/builds/vMd7uqzK/1/finestructure/swiftpackageindex-builder/spi-builder-workspace/.derivedData/Index.noindex/DataStore -swift-version 5 -I /Users/admin/builds/vMd7uqzK/1/finestructure/swiftpackageindex-builder/spi-builder-workspace/.derivedData/Build/Products/Debug-watchos -I /Applications/Xcode-14.3.1.app/Contents/Developer/Platforms/WatchOS.platform/Developer/usr/lib -F /Users/admin/builds/vMd7uqzK/1/finestructure/swiftpackageindex-builder/spi-builder-workspace/.derivedData/Build/Products/Debug-watchos -F /Applications/Xcode-14.3.1.app/Contents/Developer/Platforms/WatchOS.platform/Developer/Library/Frameworks -F /Applications/Xcode-14.3.1.app/Contents/Developer/Platforms/WatchOS.platform/Developer/SDKs/WatchOS9.4.sdk/Developer/Library/Frameworks -c -j4 -enable-batch-mode -incremental -Xcc -ivfsstatcache -Xcc /Users/admin/builds/vMd7uqzK/1/finestructure/swiftpackageindex-builder/spi-builder-workspace/.derivedData/SDKStatCaches.noindex/watchos9.4-20T248-.sdkstatcache -output-file-map /Users/admin/builds/vMd7uqzK/1/finestructure/swiftpackageindex-builder/spi-builder-workspace/.derivedData/Build/Intermediates.noindex/RSTabBar.build/Debug-watchos/RSTabBar.build/Objects-normal/arm64/RSTabBar-OutputFileMap.json -use-frontend-parseable-output -save-temps -no-color-diagnostics -serialize-diagnostics -emit-dependencies -emit-module -emit-module-path /Users/admin/builds/vMd7uqzK/1/finestructure/swiftpackageindex-builder/spi-builder-workspace/.derivedData/Build/Intermediates.noindex/RSTabBar.build/Debug-watchos/RSTabBar.build/Objects-normal/arm64/RSTabBar.swiftmodule -Xcc -I/Users/admin/builds/vMd7uqzK/1/finestructure/swiftpackageindex-builder/spi-builder-workspace/.derivedData/Build/Intermediates.noindex/RSTabBar.build/Debug-watchos/RSTabBar.build/swift-overrides.hmap -Xcc -I/Users/admin/builds/vMd7uqzK/1/finestructure/swiftpackageindex-builder/spi-builder-workspace/.derivedData/Build/Products/Debug-watchos/include -Xcc -I/Users/admin/builds/vMd7uqzK/1/finestructure/swiftpackageindex-builder/spi-builder-workspace/.derivedData/Build/Intermediates.noindex/RSTabBar.build/Debug-watchos/RSTabBar.build/DerivedSources-normal/arm64 -Xcc -I/Users/admin/builds/vMd7uqzK/1/finestructure/swiftpackageindex-builder/spi-builder-workspace/.derivedData/Build/Intermediates.noindex/RSTabBar.build/Debug-watchos/RSTabBar.build/DerivedSources/arm64 -Xcc -I/Users/admin/builds/vMd7uqzK/1/finestructure/swiftpackageindex-builder/spi-builder-workspace/.derivedData/Build/Intermediates.noindex/RSTabBar.build/Debug-watchos/RSTabBar.build/DerivedSources -Xcc -DSWIFT_PACKAGE -Xcc -DDEBUG\=1 -emit-objc-header -emit-objc-header-path /Users/admin/builds/vMd7uqzK/1/finestructure/swiftpackageindex-builder/spi-builder-workspace/.derivedData/Build/Intermediates.noindex/RSTabBar.build/Debug-watchos/RSTabBar.build/Objects-normal/arm64/RSTabBar-Swift.h -working-directory /Users/admin/builds/vMd7uqzK/1/finestructure/swiftpackageindex-builder/spi-builder-workspace -experimental-emit-module-separately -disable-cmo
SwiftDriverJobDiscovery normal arm64_32 Emitting module for RSTabBar (in target 'RSTabBar' from project 'RSTabBar')
SwiftDriver\ Compilation\ Requirements RSTabBar normal arm64_32 com.apple.xcode.tools.swift.compiler (in target 'RSTabBar' from project 'RSTabBar')
    cd /Users/admin/builds/vMd7uqzK/1/finestructure/swiftpackageindex-builder/spi-builder-workspace
    builtin-Swift-Compilation-Requirements -- /Applications/Xcode-14.3.1.app/Contents/Developer/Toolchains/XcodeDefault.xctoolchain/usr/bin/swiftc -module-name RSTabBar -Onone -enforce-exclusivity\=checked @/Users/admin/builds/vMd7uqzK/1/finestructure/swiftpackageindex-builder/spi-builder-workspace/.derivedData/Build/Intermediates.noindex/RSTabBar.build/Debug-watchos/RSTabBar.build/Objects-normal/arm64_32/RSTabBar.SwiftFileList -DSWIFT_PACKAGE -DDEBUG -DXcode -sdk /Applications/Xcode-14.3.1.app/Contents/Developer/Platforms/WatchOS.platform/Developer/SDKs/WatchOS9.4.sdk -target arm64_32-apple-watchos8.0 -g -module-cache-path /Users/admin/builds/vMd7uqzK/1/finestructure/swiftpackageindex-builder/spi-builder-workspace/.derivedData/ModuleCache.noindex -Xfrontend -serialize-debugging-options -enable-testing -index-store-path /Users/admin/builds/vMd7uqzK/1/finestructure/swiftpackageindex-builder/spi-builder-workspace/.derivedData/Index.noindex/DataStore -swift-version 5 -I /Users/admin/builds/vMd7uqzK/1/finestructure/swiftpackageindex-builder/spi-builder-workspace/.derivedData/Build/Products/Debug-watchos -I /Applications/Xcode-14.3.1.app/Contents/Developer/Platforms/WatchOS.platform/Developer/usr/lib -F /Users/admin/builds/vMd7uqzK/1/finestructure/swiftpackageindex-builder/spi-builder-workspace/.derivedData/Build/Products/Debug-watchos -F /Applications/Xcode-14.3.1.app/Contents/Developer/Platforms/WatchOS.platform/Developer/Library/Frameworks -F /Applications/Xcode-14.3.1.app/Contents/Developer/Platforms/WatchOS.platform/Developer/SDKs/WatchOS9.4.sdk/Developer/Library/Frameworks -c -j4 -enable-batch-mode -incremental -Xcc -ivfsstatcache -Xcc /Users/admin/builds/vMd7uqzK/1/finestructure/swiftpackageindex-builder/spi-builder-workspace/.derivedData/SDKStatCaches.noindex/watchos9.4-20T248-.sdkstatcache -output-file-map /Users/admin/builds/vMd7uqzK/1/finestructure/swiftpackageindex-builder/spi-builder-workspace/.derivedData/Build/Intermediates.noindex/RSTabBar.build/Debug-watchos/RSTabBar.build/Objects-normal/arm64_32/RSTabBar-OutputFileMap.json -use-frontend-parseable-output -save-temps -no-color-diagnostics -serialize-diagnostics -emit-dependencies -emit-module -emit-module-path /Users/admin/builds/vMd7uqzK/1/finestructure/swiftpackageindex-builder/spi-builder-workspace/.derivedData/Build/Intermediates.noindex/RSTabBar.build/Debug-watchos/RSTabBar.build/Objects-normal/arm64_32/RSTabBar.swiftmodule -Xcc -I/Users/admin/builds/vMd7uqzK/1/finestructure/swiftpackageindex-builder/spi-builder-workspace/.derivedData/Build/Intermediates.noindex/RSTabBar.build/Debug-watchos/RSTabBar.build/swift-overrides.hmap -Xcc -I/Users/admin/builds/vMd7uqzK/1/finestructure/swiftpackageindex-builder/spi-builder-workspace/.derivedData/Build/Products/Debug-watchos/include -Xcc -I/Users/admin/builds/vMd7uqzK/1/finestructure/swiftpackageindex-builder/spi-builder-workspace/.derivedData/Build/Intermediates.noindex/RSTabBar.build/Debug-watchos/RSTabBar.build/DerivedSources-normal/arm64_32 -Xcc -I/Users/admin/builds/vMd7uqzK/1/finestructure/swiftpackageindex-builder/spi-builder-workspace/.derivedData/Build/Intermediates.noindex/RSTabBar.build/Debug-watchos/RSTabBar.build/DerivedSources/arm64_32 -Xcc -I/Users/admin/builds/vMd7uqzK/1/finestructure/swiftpackageindex-builder/spi-builder-workspace/.derivedData/Build/Intermediates.noindex/RSTabBar.build/Debug-watchos/RSTabBar.build/DerivedSources -Xcc -DSWIFT_PACKAGE -Xcc -DDEBUG\=1 -emit-objc-header -emit-objc-header-path /Users/admin/builds/vMd7uqzK/1/finestructure/swiftpackageindex-builder/spi-builder-workspace/.derivedData/Build/Intermediates.noindex/RSTabBar.build/Debug-watchos/RSTabBar.build/Objects-normal/arm64_32/RSTabBar-Swift.h -working-directory /Users/admin/builds/vMd7uqzK/1/finestructure/swiftpackageindex-builder/spi-builder-workspace -experimental-emit-module-separately -disable-cmo
SwiftCompile normal armv7k Compiling\ RSTabBar.swift /Users/admin/builds/vMd7uqzK/1/finestructure/swiftpackageindex-builder/spi-builder-workspace/Sources/RSTabBar.swift (in target 'RSTabBar' from project 'RSTabBar')
    cd /Users/admin/builds/vMd7uqzK/1/finestructure/swiftpackageindex-builder/spi-builder-workspace
    builtin-swiftTaskExecution -- /Applications/Xcode-14.3.1.app/Contents/Developer/Toolchains/XcodeDefault.xctoolchain/usr/bin/swift-frontend -frontend -c -primary-file /Users/admin/builds/vMd7uqzK/1/finestructure/swiftpackageindex-builder/spi-builder-workspace/Sources/RSTabBar.swift /Users/admin/builds/vMd7uqzK/1/finestructure/swiftpackageindex-builder/spi-builder-workspace/Sources/TabItem.swift /Users/admin/builds/vMd7uqzK/1/finestructure/swiftpackageindex-builder/spi-builder-workspace/Sources/TabItemView.swift -emit-dependencies-path /Users/admin/builds/vMd7uqzK/1/finestructure/swiftpackageindex-builder/spi-builder-workspace/.derivedData/Build/Intermediates.noindex/RSTabBar.build/Debug-watchos/RSTabBar.build/Objects-normal/armv7k/RSTabBar.d -emit-reference-dependencies-path /Users/admin/builds/vMd7uqzK/1/finestructure/swiftpackageindex-builder/spi-builder-workspace/.derivedData/Build/Intermediates.noindex/RSTabBar.build/Debug-watchos/RSTabBar.build/Objects-normal/armv7k/RSTabBar.swiftdeps -serialize-diagnostics-path /Users/admin/builds/vMd7uqzK/1/finestructure/swiftpackageindex-builder/spi-builder-workspace/.derivedData/Build/Intermediates.noindex/RSTabBar.build/Debug-watchos/RSTabBar.build/Objects-normal/armv7k/RSTabBar.dia -target armv7k-apple-watchos8.0 -enable-objc-interop -stack-check -sdk /Applications/Xcode-14.3.1.app/Contents/Developer/Platforms/WatchOS.platform/Developer/SDKs/WatchOS9.4.sdk -I /Users/admin/builds/vMd7uqzK/1/finestructure/swiftpackageindex-builder/spi-builder-workspace/.derivedData/Build/Products/Debug-watchos -I /Applications/Xcode-14.3.1.app/Contents/Developer/Platforms/WatchOS.platform/Developer/usr/lib -F /Users/admin/builds/vMd7uqzK/1/finestructure/swiftpackageindex-builder/spi-builder-workspace/.derivedData/Build/Products/Debug-watchos -F /Applications/Xcode-14.3.1.app/Contents/Developer/Platforms/WatchOS.platform/Developer/Library/Frameworks -F /Applications/Xcode-14.3.1.app/Contents/Developer/Platforms/WatchOS.platform/Developer/SDKs/WatchOS9.4.sdk/Developer/Library/Frameworks -no-color-diagnostics -enable-testing -g -module-cache-path /Users/admin/builds/vMd7uqzK/1/finestructure/swiftpackageindex-builder/spi-builder-workspace/.derivedData/ModuleCache.noindex -swift-version 5 -enforce-exclusivity\=checked -Onone -D SWIFT_PACKAGE -D DEBUG -D Xcode -serialize-debugging-options -empty-abi-descriptor -Xcc -working-directory -Xcc /Users/admin/builds/vMd7uqzK/1/finestructure/swiftpackageindex-builder/spi-builder-workspace -resource-dir /Applications/Xcode-14.3.1.app/Contents/Developer/Toolchains/XcodeDefault.xctoolchain/usr/lib/swift -enable-anonymous-context-mangled-names -Xcc -ivfsstatcache -Xcc /Users/admin/builds/vMd7uqzK/1/finestructure/swiftpackageindex-builder/spi-builder-workspace/.derivedData/SDKStatCaches.noindex/watchos9.4-20T248-.sdkstatcache -Xcc -I/Users/admin/builds/vMd7uqzK/1/finestructure/swiftpackageindex-builder/spi-builder-workspace/.derivedData/Build/Intermediates.noindex/RSTabBar.build/Debug-watchos/RSTabBar.build/swift-overrides.hmap -Xcc -I/Users/admin/builds/vMd7uqzK/1/finestructure/swiftpackageindex-builder/spi-builder-workspace/.derivedData/Build/Products/Debug-watchos/include -Xcc -I/Users/admin/builds/vMd7uqzK/1/finestructure/swiftpackageindex-builder/spi-builder-workspace/.derivedData/Build/Intermediates.noindex/RSTabBar.build/Debug-watchos/RSTabBar.build/DerivedSources-normal/armv7k -Xcc -I/Users/admin/builds/vMd7uqzK/1/finestructure/swiftpackageindex-builder/spi-builder-workspace/.derivedData/Build/Intermediates.noindex/RSTabBar.build/Debug-watchos/RSTabBar.build/DerivedSources/armv7k -Xcc -I/Users/admin/builds/vMd7uqzK/1/finestructure/swiftpackageindex-builder/spi-builder-workspace/.derivedData/Build/Intermediates.noindex/RSTabBar.build/Debug-watchos/RSTabBar.build/DerivedSources -Xcc -DSWIFT_PACKAGE -Xcc -DDEBUG\=1 -module-name RSTabBar -frontend-parseable-output -disable-clang-spi -target-sdk-version 9.4 -target-sdk-name watchos9.4 -o /Users/admin/builds/vMd7uqzK/1/finestructure/swiftpackageindex-builder/spi-builder-workspace/.derivedData/Build/Intermediates.noindex/RSTabBar.build/Debug-watchos/RSTabBar.build/Objects-normal/armv7k/RSTabBar.o -index-unit-output-path /RSTabBar.build/Debug-watchos/RSTabBar.build/Objects-normal/armv7k/RSTabBar.o -index-store-path /Users/admin/builds/vMd7uqzK/1/finestructure/swiftpackageindex-builder/spi-builder-workspace/.derivedData/Index.noindex/DataStore -index-system-modules
SwiftCompile normal armv7k /Users/admin/builds/vMd7uqzK/1/finestructure/swiftpackageindex-builder/spi-builder-workspace/Sources/RSTabBar.swift (in target 'RSTabBar' from project 'RSTabBar')
    cd /Users/admin/builds/vMd7uqzK/1/finestructure/swiftpackageindex-builder/spi-builder-workspace
    /Applications/Xcode-14.3.1.app/Contents/Developer/Toolchains/XcodeDefault.xctoolchain/usr/bin/swift-frontend -c -primary-file /Users/admin/builds/vMd7uqzK/1/finestructure/swiftpackageindex-builder/spi-builder-workspace/Sources/RSTabBar.swift /Users/admin/builds/vMd7uqzK/1/finestructure/swiftpackageindex-builder/spi-builder-workspace/Sources/TabItem.swift /Users/admin/builds/vMd7uqzK/1/finestructure/swiftpackageindex-builder/spi-builder-workspace/Sources/TabItemView.swift -emit-dependencies-path /Users/admin/builds/vMd7uqzK/1/finestructure/swiftpackageindex-builder/spi-builder-workspace/.derivedData/Build/Intermediates.noindex/RSTabBar.build/Debug-watchos/RSTabBar.build/Objects-normal/armv7k/RSTabBar.d -emit-reference-dependencies-path /Users/admin/builds/vMd7uqzK/1/finestructure/swiftpackageindex-builder/spi-builder-workspace/.derivedData/Build/Intermediates.noindex/RSTabBar.build/Debug-watchos/RSTabBar.build/Objects-normal/armv7k/RSTabBar.swiftdeps -serialize-diagnostics-path /Users/admin/builds/vMd7uqzK/1/finestructure/swiftpackageindex-builder/spi-builder-workspace/.derivedData/Build/Intermediates.noindex/RSTabBar.build/Debug-watchos/RSTabBar.build/Objects-normal/armv7k/RSTabBar.dia -target armv7k-apple-watchos8.0 -enable-objc-interop -stack-check -sdk /Applications/Xcode-14.3.1.app/Contents/Developer/Platforms/WatchOS.platform/Developer/SDKs/WatchOS9.4.sdk -I /Users/admin/builds/vMd7uqzK/1/finestructure/swiftpackageindex-builder/spi-builder-workspace/.derivedData/Build/Products/Debug-watchos -I /Applications/Xcode-14.3.1.app/Contents/Developer/Platforms/WatchOS.platform/Developer/usr/lib -F /Users/admin/builds/vMd7uqzK/1/finestructure/swiftpackageindex-builder/spi-builder-workspace/.derivedData/Build/Products/Debug-watchos -F /Applications/Xcode-14.3.1.app/Contents/Developer/Platforms/WatchOS.platform/Developer/Library/Frameworks -F /Applications/Xcode-14.3.1.app/Contents/Developer/Platforms/WatchOS.platform/Developer/SDKs/WatchOS9.4.sdk/Developer/Library/Frameworks -no-color-diagnostics -enable-testing -g -module-cache-path /Users/admin/builds/vMd7uqzK/1/finestructure/swiftpackageindex-builder/spi-builder-workspace/.derivedData/ModuleCache.noindex -swift-version 5 -enforce-exclusivity\=checked -Onone -D SWIFT_PACKAGE -D DEBUG -D Xcode -serialize-debugging-options -empty-abi-descriptor -Xcc -working-directory -Xcc /Users/admin/builds/vMd7uqzK/1/finestructure/swiftpackageindex-builder/spi-builder-workspace -resource-dir /Applications/Xcode-14.3.1.app/Contents/Developer/Toolchains/XcodeDefault.xctoolchain/usr/lib/swift -enable-anonymous-context-mangled-names -Xcc -ivfsstatcache -Xcc /Users/admin/builds/vMd7uqzK/1/finestructure/swiftpackageindex-builder/spi-builder-workspace/.derivedData/SDKStatCaches.noindex/watchos9.4-20T248-.sdkstatcache -Xcc -I/Users/admin/builds/vMd7uqzK/1/finestructure/swiftpackageindex-builder/spi-builder-workspace/.derivedData/Build/Intermediates.noindex/RSTabBar.build/Debug-watchos/RSTabBar.build/swift-overrides.hmap -Xcc -I/Users/admin/builds/vMd7uqzK/1/finestructure/swiftpackageindex-builder/spi-builder-workspace/.derivedData/Build/Products/Debug-watchos/include -Xcc -I/Users/admin/builds/vMd7uqzK/1/finestructure/swiftpackageindex-builder/spi-builder-workspace/.derivedData/Build/Intermediates.noindex/RSTabBar.build/Debug-watchos/RSTabBar.build/DerivedSources-normal/armv7k -Xcc -I/Users/admin/builds/vMd7uqzK/1/finestructure/swiftpackageindex-builder/spi-builder-workspace/.derivedData/Build/Intermediates.noindex/RSTabBar.build/Debug-watchos/RSTabBar.build/DerivedSources/armv7k -Xcc -I/Users/admin/builds/vMd7uqzK/1/finestructure/swiftpackageindex-builder/spi-builder-workspace/.derivedData/Build/Intermediates.noindex/RSTabBar.build/Debug-watchos/RSTabBar.build/DerivedSources -Xcc -DSWIFT_PACKAGE -Xcc -DDEBUG\=1 -module-name RSTabBar -frontend-parseable-output -disable-clang-spi -target-sdk-version 9.4 -target-sdk-name watchos9.4 -o /Users/admin/builds/vMd7uqzK/1/finestructure/swiftpackageindex-builder/spi-builder-workspace/.derivedData/Build/Intermediates.noindex/RSTabBar.build/Debug-watchos/RSTabBar.build/Objects-normal/armv7k/RSTabBar.o -index-unit-output-path /RSTabBar.build/Debug-watchos/RSTabBar.build/Objects-normal/armv7k/RSTabBar.o -index-store-path /Users/admin/builds/vMd7uqzK/1/finestructure/swiftpackageindex-builder/spi-builder-workspace/.derivedData/Index.noindex/DataStore -index-system-modules
SwiftDriverJobDiscovery normal armv7k Emitting module for RSTabBar (in target 'RSTabBar' from project 'RSTabBar')
Copy /Users/admin/builds/vMd7uqzK/1/finestructure/swiftpackageindex-builder/spi-builder-workspace/.derivedData/Build/Products/Debug-watchos/RSTabBar.swiftmodule/arm64_32-apple-watchos.swiftmodule /Users/admin/builds/vMd7uqzK/1/finestructure/swiftpackageindex-builder/spi-builder-workspace/.derivedData/Build/Intermediates.noindex/RSTabBar.build/Debug-watchos/RSTabBar.build/Objects-normal/arm64_32/RSTabBar.swiftmodule (in target 'RSTabBar' from project 'RSTabBar')
    cd /Users/admin/builds/vMd7uqzK/1/finestructure/swiftpackageindex-builder/spi-builder-workspace
    builtin-copy -exclude .DS_Store -exclude CVS -exclude .svn -exclude .git -exclude .hg -resolve-src-symlinks -rename /Users/admin/builds/vMd7uqzK/1/finestructure/swiftpackageindex-builder/spi-builder-workspace/.derivedData/Build/Intermediates.noindex/RSTabBar.build/Debug-watchos/RSTabBar.build/Objects-normal/arm64_32/RSTabBar.swiftmodule /Users/admin/builds/vMd7uqzK/1/finestructure/swiftpackageindex-builder/spi-builder-workspace/.derivedData/Build/Products/Debug-watchos/RSTabBar.swiftmodule/arm64_32-apple-watchos.swiftmodule
SwiftDriver\ Compilation\ Requirements RSTabBar normal armv7k com.apple.xcode.tools.swift.compiler (in target 'RSTabBar' from project 'RSTabBar')
    cd /Users/admin/builds/vMd7uqzK/1/finestructure/swiftpackageindex-builder/spi-builder-workspace
    builtin-Swift-Compilation-Requirements -- /Applications/Xcode-14.3.1.app/Contents/Developer/Toolchains/XcodeDefault.xctoolchain/usr/bin/swiftc -module-name RSTabBar -Onone -enforce-exclusivity\=checked @/Users/admin/builds/vMd7uqzK/1/finestructure/swiftpackageindex-builder/spi-builder-workspace/.derivedData/Build/Intermediates.noindex/RSTabBar.build/Debug-watchos/RSTabBar.build/Objects-normal/armv7k/RSTabBar.SwiftFileList -DSWIFT_PACKAGE -DDEBUG -DXcode -sdk /Applications/Xcode-14.3.1.app/Contents/Developer/Platforms/WatchOS.platform/Developer/SDKs/WatchOS9.4.sdk -target armv7k-apple-watchos8.0 -g -module-cache-path /Users/admin/builds/vMd7uqzK/1/finestructure/swiftpackageindex-builder/spi-builder-workspace/.derivedData/ModuleCache.noindex -Xfrontend -serialize-debugging-options -enable-testing -index-store-path /Users/admin/builds/vMd7uqzK/1/finestructure/swiftpackageindex-builder/spi-builder-workspace/.derivedData/Index.noindex/DataStore -swift-version 5 -I /Users/admin/builds/vMd7uqzK/1/finestructure/swiftpackageindex-builder/spi-builder-workspace/.derivedData/Build/Products/Debug-watchos -I /Applications/Xcode-14.3.1.app/Contents/Developer/Platforms/WatchOS.platform/Developer/usr/lib -F /Users/admin/builds/vMd7uqzK/1/finestructure/swiftpackageindex-builder/spi-builder-workspace/.derivedData/Build/Products/Debug-watchos -F /Applications/Xcode-14.3.1.app/Contents/Developer/Platforms/WatchOS.platform/Developer/Library/Frameworks -F /Applications/Xcode-14.3.1.app/Contents/Developer/Platforms/WatchOS.platform/Developer/SDKs/WatchOS9.4.sdk/Developer/Library/Frameworks -c -j4 -enable-batch-mode -incremental -Xcc -ivfsstatcache -Xcc /Users/admin/builds/vMd7uqzK/1/finestructure/swiftpackageindex-builder/spi-builder-workspace/.derivedData/SDKStatCaches.noindex/watchos9.4-20T248-.sdkstatcache -output-file-map /Users/admin/builds/vMd7uqzK/1/finestructure/swiftpackageindex-builder/spi-builder-workspace/.derivedData/Build/Intermediates.noindex/RSTabBar.build/Debug-watchos/RSTabBar.build/Objects-normal/armv7k/RSTabBar-OutputFileMap.json -use-frontend-parseable-output -save-temps -no-color-diagnostics -serialize-diagnostics -emit-dependencies -emit-module -emit-module-path /Users/admin/builds/vMd7uqzK/1/finestructure/swiftpackageindex-builder/spi-builder-workspace/.derivedData/Build/Intermediates.noindex/RSTabBar.build/Debug-watchos/RSTabBar.build/Objects-normal/armv7k/RSTabBar.swiftmodule -Xcc -I/Users/admin/builds/vMd7uqzK/1/finestructure/swiftpackageindex-builder/spi-builder-workspace/.derivedData/Build/Intermediates.noindex/RSTabBar.build/Debug-watchos/RSTabBar.build/swift-overrides.hmap -Xcc -I/Users/admin/builds/vMd7uqzK/1/finestructure/swiftpackageindex-builder/spi-builder-workspace/.derivedData/Build/Products/Debug-watchos/include -Xcc -I/Users/admin/builds/vMd7uqzK/1/finestructure/swiftpackageindex-builder/spi-builder-workspace/.derivedData/Build/Intermediates.noindex/RSTabBar.build/Debug-watchos/RSTabBar.build/DerivedSources-normal/armv7k -Xcc -I/Users/admin/builds/vMd7uqzK/1/finestructure/swiftpackageindex-builder/spi-builder-workspace/.derivedData/Build/Intermediates.noindex/RSTabBar.build/Debug-watchos/RSTabBar.build/DerivedSources/armv7k -Xcc -I/Users/admin/builds/vMd7uqzK/1/finestructure/swiftpackageindex-builder/spi-builder-workspace/.derivedData/Build/Intermediates.noindex/RSTabBar.build/Debug-watchos/RSTabBar.build/DerivedSources -Xcc -DSWIFT_PACKAGE -Xcc -DDEBUG\=1 -emit-objc-header -emit-objc-header-path /Users/admin/builds/vMd7uqzK/1/finestructure/swiftpackageindex-builder/spi-builder-workspace/.derivedData/Build/Intermediates.noindex/RSTabBar.build/Debug-watchos/RSTabBar.build/Objects-normal/armv7k/RSTabBar-Swift.h -working-directory /Users/admin/builds/vMd7uqzK/1/finestructure/swiftpackageindex-builder/spi-builder-workspace -experimental-emit-module-separately -disable-cmo
Copy /Users/admin/builds/vMd7uqzK/1/finestructure/swiftpackageindex-builder/spi-builder-workspace/.derivedData/Build/Products/Debug-watchos/RSTabBar.swiftmodule/arm64_32-apple-watchos.swiftdoc /Users/admin/builds/vMd7uqzK/1/finestructure/swiftpackageindex-builder/spi-builder-workspace/.derivedData/Build/Intermediates.noindex/RSTabBar.build/Debug-watchos/RSTabBar.build/Objects-normal/arm64_32/RSTabBar.swiftdoc (in target 'RSTabBar' from project 'RSTabBar')
    cd /Users/admin/builds/vMd7uqzK/1/finestructure/swiftpackageindex-builder/spi-builder-workspace
    builtin-copy -exclude .DS_Store -exclude CVS -exclude .svn -exclude .git -exclude .hg -resolve-src-symlinks -rename /Users/admin/builds/vMd7uqzK/1/finestructure/swiftpackageindex-builder/spi-builder-workspace/.derivedData/Build/Intermediates.noindex/RSTabBar.build/Debug-watchos/RSTabBar.build/Objects-normal/arm64_32/RSTabBar.swiftdoc /Users/admin/builds/vMd7uqzK/1/finestructure/swiftpackageindex-builder/spi-builder-workspace/.derivedData/Build/Products/Debug-watchos/RSTabBar.swiftmodule/arm64_32-apple-watchos.swiftdoc
Copy /Users/admin/builds/vMd7uqzK/1/finestructure/swiftpackageindex-builder/spi-builder-workspace/.derivedData/Build/Products/Debug-watchos/RSTabBar.swiftmodule/arm64_32-apple-watchos.abi.json /Users/admin/builds/vMd7uqzK/1/finestructure/swiftpackageindex-builder/spi-builder-workspace/.derivedData/Build/Intermediates.noindex/RSTabBar.build/Debug-watchos/RSTabBar.build/Objects-normal/arm64_32/RSTabBar.abi.json (in target 'RSTabBar' from project 'RSTabBar')
    cd /Users/admin/builds/vMd7uqzK/1/finestructure/swiftpackageindex-builder/spi-builder-workspace
    builtin-copy -exclude .DS_Store -exclude CVS -exclude .svn -exclude .git -exclude .hg -resolve-src-symlinks -rename /Users/admin/builds/vMd7uqzK/1/finestructure/swiftpackageindex-builder/spi-builder-workspace/.derivedData/Build/Intermediates.noindex/RSTabBar.build/Debug-watchos/RSTabBar.build/Objects-normal/arm64_32/RSTabBar.abi.json /Users/admin/builds/vMd7uqzK/1/finestructure/swiftpackageindex-builder/spi-builder-workspace/.derivedData/Build/Products/Debug-watchos/RSTabBar.swiftmodule/arm64_32-apple-watchos.abi.json
SwiftMergeGeneratedHeaders /Users/admin/builds/vMd7uqzK/1/finestructure/swiftpackageindex-builder/spi-builder-workspace/.derivedData/Build/Intermediates.noindex/GeneratedModuleMaps-watchos/RSTabBar-Swift.h /Users/admin/builds/vMd7uqzK/1/finestructure/swiftpackageindex-builder/spi-builder-workspace/.derivedData/Build/Intermediates.noindex/RSTabBar.build/Debug-watchos/RSTabBar.build/Objects-normal/arm64/RSTabBar-Swift.h /Users/admin/builds/vMd7uqzK/1/finestructure/swiftpackageindex-builder/spi-builder-workspace/.derivedData/Build/Intermediates.noindex/RSTabBar.build/Debug-watchos/RSTabBar.build/Objects-normal/arm64_32/RSTabBar-Swift.h /Users/admin/builds/vMd7uqzK/1/finestructure/swiftpackageindex-builder/spi-builder-workspace/.derivedData/Build/Intermediates.noindex/RSTabBar.build/Debug-watchos/RSTabBar.build/Objects-normal/armv7k/RSTabBar-Swift.h (in target 'RSTabBar' from project 'RSTabBar')
    cd /Users/admin/builds/vMd7uqzK/1/finestructure/swiftpackageindex-builder/spi-builder-workspace
    builtin-swiftHeaderTool -arch arm64 /Users/admin/builds/vMd7uqzK/1/finestructure/swiftpackageindex-builder/spi-builder-workspace/.derivedData/Build/Intermediates.noindex/RSTabBar.build/Debug-watchos/RSTabBar.build/Objects-normal/arm64/RSTabBar-Swift.h -arch arm64_32 /Users/admin/builds/vMd7uqzK/1/finestructure/swiftpackageindex-builder/spi-builder-workspace/.derivedData/Build/Intermediates.noindex/RSTabBar.build/Debug-watchos/RSTabBar.build/Objects-normal/arm64_32/RSTabBar-Swift.h -arch armv7k /Users/admin/builds/vMd7uqzK/1/finestructure/swiftpackageindex-builder/spi-builder-workspace/.derivedData/Build/Intermediates.noindex/RSTabBar.build/Debug-watchos/RSTabBar.build/Objects-normal/armv7k/RSTabBar-Swift.h -o /Users/admin/builds/vMd7uqzK/1/finestructure/swiftpackageindex-builder/spi-builder-workspace/.derivedData/Build/Intermediates.noindex/GeneratedModuleMaps-watchos/RSTabBar-Swift.h
Copy /Users/admin/builds/vMd7uqzK/1/finestructure/swiftpackageindex-builder/spi-builder-workspace/.derivedData/Build/Products/Debug-watchos/RSTabBar.swiftmodule/armv7k-apple-watchos.swiftmodule /Users/admin/builds/vMd7uqzK/1/finestructure/swiftpackageindex-builder/spi-builder-workspace/.derivedData/Build/Intermediates.noindex/RSTabBar.build/Debug-watchos/RSTabBar.build/Objects-normal/armv7k/RSTabBar.swiftmodule (in target 'RSTabBar' from project 'RSTabBar')
    cd /Users/admin/builds/vMd7uqzK/1/finestructure/swiftpackageindex-builder/spi-builder-workspace
    builtin-copy -exclude .DS_Store -exclude CVS -exclude .svn -exclude .git -exclude .hg -resolve-src-symlinks -rename /Users/admin/builds/vMd7uqzK/1/finestructure/swiftpackageindex-builder/spi-builder-workspace/.derivedData/Build/Intermediates.noindex/RSTabBar.build/Debug-watchos/RSTabBar.build/Objects-normal/armv7k/RSTabBar.swiftmodule /Users/admin/builds/vMd7uqzK/1/finestructure/swiftpackageindex-builder/spi-builder-workspace/.derivedData/Build/Products/Debug-watchos/RSTabBar.swiftmodule/armv7k-apple-watchos.swiftmodule
Copy /Users/admin/builds/vMd7uqzK/1/finestructure/swiftpackageindex-builder/spi-builder-workspace/.derivedData/Build/Products/Debug-watchos/RSTabBar.swiftmodule/armv7k-apple-watchos.swiftdoc /Users/admin/builds/vMd7uqzK/1/finestructure/swiftpackageindex-builder/spi-builder-workspace/.derivedData/Build/Intermediates.noindex/RSTabBar.build/Debug-watchos/RSTabBar.build/Objects-normal/armv7k/RSTabBar.swiftdoc (in target 'RSTabBar' from project 'RSTabBar')
    cd /Users/admin/builds/vMd7uqzK/1/finestructure/swiftpackageindex-builder/spi-builder-workspace
    builtin-copy -exclude .DS_Store -exclude CVS -exclude .svn -exclude .git -exclude .hg -resolve-src-symlinks -rename /Users/admin/builds/vMd7uqzK/1/finestructure/swiftpackageindex-builder/spi-builder-workspace/.derivedData/Build/Intermediates.noindex/RSTabBar.build/Debug-watchos/RSTabBar.build/Objects-normal/armv7k/RSTabBar.swiftdoc /Users/admin/builds/vMd7uqzK/1/finestructure/swiftpackageindex-builder/spi-builder-workspace/.derivedData/Build/Products/Debug-watchos/RSTabBar.swiftmodule/armv7k-apple-watchos.swiftdoc
Copy /Users/admin/builds/vMd7uqzK/1/finestructure/swiftpackageindex-builder/spi-builder-workspace/.derivedData/Build/Products/Debug-watchos/RSTabBar.swiftmodule/armv7k-apple-watchos.abi.json /Users/admin/builds/vMd7uqzK/1/finestructure/swiftpackageindex-builder/spi-builder-workspace/.derivedData/Build/Intermediates.noindex/RSTabBar.build/Debug-watchos/RSTabBar.build/Objects-normal/armv7k/RSTabBar.abi.json (in target 'RSTabBar' from project 'RSTabBar')
    cd /Users/admin/builds/vMd7uqzK/1/finestructure/swiftpackageindex-builder/spi-builder-workspace
    builtin-copy -exclude .DS_Store -exclude CVS -exclude .svn -exclude .git -exclude .hg -resolve-src-symlinks -rename /Users/admin/builds/vMd7uqzK/1/finestructure/swiftpackageindex-builder/spi-builder-workspace/.derivedData/Build/Intermediates.noindex/RSTabBar.build/Debug-watchos/RSTabBar.build/Objects-normal/armv7k/RSTabBar.abi.json /Users/admin/builds/vMd7uqzK/1/finestructure/swiftpackageindex-builder/spi-builder-workspace/.derivedData/Build/Products/Debug-watchos/RSTabBar.swiftmodule/armv7k-apple-watchos.abi.json
Copy /Users/admin/builds/vMd7uqzK/1/finestructure/swiftpackageindex-builder/spi-builder-workspace/.derivedData/Build/Products/Debug-watchos/RSTabBar.swiftmodule/arm64-apple-watchos.swiftmodule /Users/admin/builds/vMd7uqzK/1/finestructure/swiftpackageindex-builder/spi-builder-workspace/.derivedData/Build/Intermediates.noindex/RSTabBar.build/Debug-watchos/RSTabBar.build/Objects-normal/arm64/RSTabBar.swiftmodule (in target 'RSTabBar' from project 'RSTabBar')
    cd /Users/admin/builds/vMd7uqzK/1/finestructure/swiftpackageindex-builder/spi-builder-workspace
    builtin-copy -exclude .DS_Store -exclude CVS -exclude .svn -exclude .git -exclude .hg -resolve-src-symlinks -rename /Users/admin/builds/vMd7uqzK/1/finestructure/swiftpackageindex-builder/spi-builder-workspace/.derivedData/Build/Intermediates.noindex/RSTabBar.build/Debug-watchos/RSTabBar.build/Objects-normal/arm64/RSTabBar.swiftmodule /Users/admin/builds/vMd7uqzK/1/finestructure/swiftpackageindex-builder/spi-builder-workspace/.derivedData/Build/Products/Debug-watchos/RSTabBar.swiftmodule/arm64-apple-watchos.swiftmodule
Copy /Users/admin/builds/vMd7uqzK/1/finestructure/swiftpackageindex-builder/spi-builder-workspace/.derivedData/Build/Products/Debug-watchos/RSTabBar.swiftmodule/arm64-apple-watchos.swiftdoc /Users/admin/builds/vMd7uqzK/1/finestructure/swiftpackageindex-builder/spi-builder-workspace/.derivedData/Build/Intermediates.noindex/RSTabBar.build/Debug-watchos/RSTabBar.build/Objects-normal/arm64/RSTabBar.swiftdoc (in target 'RSTabBar' from project 'RSTabBar')
    cd /Users/admin/builds/vMd7uqzK/1/finestructure/swiftpackageindex-builder/spi-builder-workspace
    builtin-copy -exclude .DS_Store -exclude CVS -exclude .svn -exclude .git -exclude .hg -resolve-src-symlinks -rename /Users/admin/builds/vMd7uqzK/1/finestructure/swiftpackageindex-builder/spi-builder-workspace/.derivedData/Build/Intermediates.noindex/RSTabBar.build/Debug-watchos/RSTabBar.build/Objects-normal/arm64/RSTabBar.swiftdoc /Users/admin/builds/vMd7uqzK/1/finestructure/swiftpackageindex-builder/spi-builder-workspace/.derivedData/Build/Products/Debug-watchos/RSTabBar.swiftmodule/arm64-apple-watchos.swiftdoc
Copy /Users/admin/builds/vMd7uqzK/1/finestructure/swiftpackageindex-builder/spi-builder-workspace/.derivedData/Build/Products/Debug-watchos/RSTabBar.swiftmodule/arm64-apple-watchos.abi.json /Users/admin/builds/vMd7uqzK/1/finestructure/swiftpackageindex-builder/spi-builder-workspace/.derivedData/Build/Intermediates.noindex/RSTabBar.build/Debug-watchos/RSTabBar.build/Objects-normal/arm64/RSTabBar.abi.json (in target 'RSTabBar' from project 'RSTabBar')
    cd /Users/admin/builds/vMd7uqzK/1/finestructure/swiftpackageindex-builder/spi-builder-workspace
    builtin-copy -exclude .DS_Store -exclude CVS -exclude .svn -exclude .git -exclude .hg -resolve-src-symlinks -rename /Users/admin/builds/vMd7uqzK/1/finestructure/swiftpackageindex-builder/spi-builder-workspace/.derivedData/Build/Intermediates.noindex/RSTabBar.build/Debug-watchos/RSTabBar.build/Objects-normal/arm64/RSTabBar.abi.json /Users/admin/builds/vMd7uqzK/1/finestructure/swiftpackageindex-builder/spi-builder-workspace/.derivedData/Build/Products/Debug-watchos/RSTabBar.swiftmodule/arm64-apple-watchos.abi.json
Copy /Users/admin/builds/vMd7uqzK/1/finestructure/swiftpackageindex-builder/spi-builder-workspace/.derivedData/Build/Products/Debug-watchos/RSTabBar.swiftmodule/Project/armv7k-apple-watchos.swiftsourceinfo /Users/admin/builds/vMd7uqzK/1/finestructure/swiftpackageindex-builder/spi-builder-workspace/.derivedData/Build/Intermediates.noindex/RSTabBar.build/Debug-watchos/RSTabBar.build/Objects-normal/armv7k/RSTabBar.swiftsourceinfo (in target 'RSTabBar' from project 'RSTabBar')
    cd /Users/admin/builds/vMd7uqzK/1/finestructure/swiftpackageindex-builder/spi-builder-workspace
    builtin-copy -exclude .DS_Store -exclude CVS -exclude .svn -exclude .git -exclude .hg -resolve-src-symlinks -rename /Users/admin/builds/vMd7uqzK/1/finestructure/swiftpackageindex-builder/spi-builder-workspace/.derivedData/Build/Intermediates.noindex/RSTabBar.build/Debug-watchos/RSTabBar.build/Objects-normal/armv7k/RSTabBar.swiftsourceinfo /Users/admin/builds/vMd7uqzK/1/finestructure/swiftpackageindex-builder/spi-builder-workspace/.derivedData/Build/Products/Debug-watchos/RSTabBar.swiftmodule/Project/armv7k-apple-watchos.swiftsourceinfo
Copy /Users/admin/builds/vMd7uqzK/1/finestructure/swiftpackageindex-builder/spi-builder-workspace/.derivedData/Build/Products/Debug-watchos/RSTabBar.swiftmodule/Project/arm64_32-apple-watchos.swiftsourceinfo /Users/admin/builds/vMd7uqzK/1/finestructure/swiftpackageindex-builder/spi-builder-workspace/.derivedData/Build/Intermediates.noindex/RSTabBar.build/Debug-watchos/RSTabBar.build/Objects-normal/arm64_32/RSTabBar.swiftsourceinfo (in target 'RSTabBar' from project 'RSTabBar')
    cd /Users/admin/builds/vMd7uqzK/1/finestructure/swiftpackageindex-builder/spi-builder-workspace
    builtin-copy -exclude .DS_Store -exclude CVS -exclude .svn -exclude .git -exclude .hg -resolve-src-symlinks -rename /Users/admin/builds/vMd7uqzK/1/finestructure/swiftpackageindex-builder/spi-builder-workspace/.derivedData/Build/Intermediates.noindex/RSTabBar.build/Debug-watchos/RSTabBar.build/Objects-normal/arm64_32/RSTabBar.swiftsourceinfo /Users/admin/builds/vMd7uqzK/1/finestructure/swiftpackageindex-builder/spi-builder-workspace/.derivedData/Build/Products/Debug-watchos/RSTabBar.swiftmodule/Project/arm64_32-apple-watchos.swiftsourceinfo
Copy /Users/admin/builds/vMd7uqzK/1/finestructure/swiftpackageindex-builder/spi-builder-workspace/.derivedData/Build/Products/Debug-watchos/RSTabBar.swiftmodule/Project/arm64-apple-watchos.swiftsourceinfo /Users/admin/builds/vMd7uqzK/1/finestructure/swiftpackageindex-builder/spi-builder-workspace/.derivedData/Build/Intermediates.noindex/RSTabBar.build/Debug-watchos/RSTabBar.build/Objects-normal/arm64/RSTabBar.swiftsourceinfo (in target 'RSTabBar' from project 'RSTabBar')
    cd /Users/admin/builds/vMd7uqzK/1/finestructure/swiftpackageindex-builder/spi-builder-workspace
    builtin-copy -exclude .DS_Store -exclude CVS -exclude .svn -exclude .git -exclude .hg -resolve-src-symlinks -rename /Users/admin/builds/vMd7uqzK/1/finestructure/swiftpackageindex-builder/spi-builder-workspace/.derivedData/Build/Intermediates.noindex/RSTabBar.build/Debug-watchos/RSTabBar.build/Objects-normal/arm64/RSTabBar.swiftsourceinfo /Users/admin/builds/vMd7uqzK/1/finestructure/swiftpackageindex-builder/spi-builder-workspace/.derivedData/Build/Products/Debug-watchos/RSTabBar.swiftmodule/Project/arm64-apple-watchos.swiftsourceinfo
SwiftCompile normal arm64 Compiling\ TabItem.swift /Users/admin/builds/vMd7uqzK/1/finestructure/swiftpackageindex-builder/spi-builder-workspace/Sources/TabItem.swift (in target 'RSTabBar' from project 'RSTabBar')
    cd /Users/admin/builds/vMd7uqzK/1/finestructure/swiftpackageindex-builder/spi-builder-workspace
    builtin-swiftTaskExecution -- /Applications/Xcode-14.3.1.app/Contents/Developer/Toolchains/XcodeDefault.xctoolchain/usr/bin/swift-frontend -frontend -c /Users/admin/builds/vMd7uqzK/1/finestructure/swiftpackageindex-builder/spi-builder-workspace/Sources/RSTabBar.swift -primary-file /Users/admin/builds/vMd7uqzK/1/finestructure/swiftpackageindex-builder/spi-builder-workspace/Sources/TabItem.swift /Users/admin/builds/vMd7uqzK/1/finestructure/swiftpackageindex-builder/spi-builder-workspace/Sources/TabItemView.swift -emit-dependencies-path /Users/admin/builds/vMd7uqzK/1/finestructure/swiftpackageindex-builder/spi-builder-workspace/.derivedData/Build/Intermediates.noindex/RSTabBar.build/Debug-watchos/RSTabBar.build/Objects-normal/arm64/TabItem.d -emit-reference-dependencies-path /Users/admin/builds/vMd7uqzK/1/finestructure/swiftpackageindex-builder/spi-builder-workspace/.derivedData/Build/Intermediates.noindex/RSTabBar.build/Debug-watchos/RSTabBar.build/Objects-normal/arm64/TabItem.swiftdeps -serialize-diagnostics-path /Users/admin/builds/vMd7uqzK/1/finestructure/swiftpackageindex-builder/spi-builder-workspace/.derivedData/Build/Intermediates.noindex/RSTabBar.build/Debug-watchos/RSTabBar.build/Objects-normal/arm64/TabItem.dia -target arm64-apple-watchos8.0 -Xllvm -aarch64-use-tbi -enable-objc-interop -stack-check -sdk /Applications/Xcode-14.3.1.app/Contents/Developer/Platforms/WatchOS.platform/Developer/SDKs/WatchOS9.4.sdk -I /Users/admin/builds/vMd7uqzK/1/finestructure/swiftpackageindex-builder/spi-builder-workspace/.derivedData/Build/Products/Debug-watchos -I /Applications/Xcode-14.3.1.app/Contents/Developer/Platforms/WatchOS.platform/Developer/usr/lib -F /Users/admin/builds/vMd7uqzK/1/finestructure/swiftpackageindex-builder/spi-builder-workspace/.derivedData/Build/Products/Debug-watchos -F /Applications/Xcode-14.3.1.app/Contents/Developer/Platforms/WatchOS.platform/Developer/Library/Frameworks -F /Applications/Xcode-14.3.1.app/Contents/Developer/Platforms/WatchOS.platform/Developer/SDKs/WatchOS9.4.sdk/Developer/Library/Frameworks -no-color-diagnostics -enable-testing -g -module-cache-path /Users/admin/builds/vMd7uqzK/1/finestructure/swiftpackageindex-builder/spi-builder-workspace/.derivedData/ModuleCache.noindex -swift-version 5 -enforce-exclusivity\=checked -Onone -D SWIFT_PACKAGE -D DEBUG -D Xcode -serialize-debugging-options -empty-abi-descriptor -Xcc -working-directory -Xcc /Users/admin/builds/vMd7uqzK/1/finestructure/swiftpackageindex-builder/spi-builder-workspace -resource-dir /Applications/Xcode-14.3.1.app/Contents/Developer/Toolchains/XcodeDefault.xctoolchain/usr/lib/swift -enable-anonymous-context-mangled-names -Xcc -ivfsstatcache -Xcc /Users/admin/builds/vMd7uqzK/1/finestructure/swiftpackageindex-builder/spi-builder-workspace/.derivedData/SDKStatCaches.noindex/watchos9.4-20T248-.sdkstatcache -Xcc -I/Users/admin/builds/vMd7uqzK/1/finestructure/swiftpackageindex-builder/spi-builder-workspace/.derivedData/Build/Intermediates.noindex/RSTabBar.build/Debug-watchos/RSTabBar.build/swift-overrides.hmap -Xcc -I/Users/admin/builds/vMd7uqzK/1/finestructure/swiftpackageindex-builder/spi-builder-workspace/.derivedData/Build/Products/Debug-watchos/include -Xcc -I/Users/admin/builds/vMd7uqzK/1/finestructure/swiftpackageindex-builder/spi-builder-workspace/.derivedData/Build/Intermediates.noindex/RSTabBar.build/Debug-watchos/RSTabBar.build/DerivedSources-normal/arm64 -Xcc -I/Users/admin/builds/vMd7uqzK/1/finestructure/swiftpackageindex-builder/spi-builder-workspace/.derivedData/Build/Intermediates.noindex/RSTabBar.build/Debug-watchos/RSTabBar.build/DerivedSources/arm64 -Xcc -I/Users/admin/builds/vMd7uqzK/1/finestructure/swiftpackageindex-builder/spi-builder-workspace/.derivedData/Build/Intermediates.noindex/RSTabBar.build/Debug-watchos/RSTabBar.build/DerivedSources -Xcc -DSWIFT_PACKAGE -Xcc -DDEBUG\=1 -module-name RSTabBar -frontend-parseable-output -disable-clang-spi -target-sdk-version 9.4 -target-sdk-name watchos9.4 -o /Users/admin/builds/vMd7uqzK/1/finestructure/swiftpackageindex-builder/spi-builder-workspace/.derivedData/Build/Intermediates.noindex/RSTabBar.build/Debug-watchos/RSTabBar.build/Objects-normal/arm64/TabItem.o -index-unit-output-path /RSTabBar.build/Debug-watchos/RSTabBar.build/Objects-normal/arm64/TabItem.o -index-store-path /Users/admin/builds/vMd7uqzK/1/finestructure/swiftpackageindex-builder/spi-builder-workspace/.derivedData/Index.noindex/DataStore -index-system-modules
SwiftCompile normal arm64 /Users/admin/builds/vMd7uqzK/1/finestructure/swiftpackageindex-builder/spi-builder-workspace/Sources/TabItem.swift (in target 'RSTabBar' from project 'RSTabBar')
    cd /Users/admin/builds/vMd7uqzK/1/finestructure/swiftpackageindex-builder/spi-builder-workspace
    /Applications/Xcode-14.3.1.app/Contents/Developer/Toolchains/XcodeDefault.xctoolchain/usr/bin/swift-frontend -c /Users/admin/builds/vMd7uqzK/1/finestructure/swiftpackageindex-builder/spi-builder-workspace/Sources/RSTabBar.swift -primary-file /Users/admin/builds/vMd7uqzK/1/finestructure/swiftpackageindex-builder/spi-builder-workspace/Sources/TabItem.swift /Users/admin/builds/vMd7uqzK/1/finestructure/swiftpackageindex-builder/spi-builder-workspace/Sources/TabItemView.swift -emit-dependencies-path /Users/admin/builds/vMd7uqzK/1/finestructure/swiftpackageindex-builder/spi-builder-workspace/.derivedData/Build/Intermediates.noindex/RSTabBar.build/Debug-watchos/RSTabBar.build/Objects-normal/arm64/TabItem.d -emit-reference-dependencies-path /Users/admin/builds/vMd7uqzK/1/finestructure/swiftpackageindex-builder/spi-builder-workspace/.derivedData/Build/Intermediates.noindex/RSTabBar.build/Debug-watchos/RSTabBar.build/Objects-normal/arm64/TabItem.swiftdeps -serialize-diagnostics-path /Users/admin/builds/vMd7uqzK/1/finestructure/swiftpackageindex-builder/spi-builder-workspace/.derivedData/Build/Intermediates.noindex/RSTabBar.build/Debug-watchos/RSTabBar.build/Objects-normal/arm64/TabItem.dia -target arm64-apple-watchos8.0 -Xllvm -aarch64-use-tbi -enable-objc-interop -stack-check -sdk /Applications/Xcode-14.3.1.app/Contents/Developer/Platforms/WatchOS.platform/Developer/SDKs/WatchOS9.4.sdk -I /Users/admin/builds/vMd7uqzK/1/finestructure/swiftpackageindex-builder/spi-builder-workspace/.derivedData/Build/Products/Debug-watchos -I /Applications/Xcode-14.3.1.app/Contents/Developer/Platforms/WatchOS.platform/Developer/usr/lib -F /Users/admin/builds/vMd7uqzK/1/finestructure/swiftpackageindex-builder/spi-builder-workspace/.derivedData/Build/Products/Debug-watchos -F /Applications/Xcode-14.3.1.app/Contents/Developer/Platforms/WatchOS.platform/Developer/Library/Frameworks -F /Applications/Xcode-14.3.1.app/Contents/Developer/Platforms/WatchOS.platform/Developer/SDKs/WatchOS9.4.sdk/Developer/Library/Frameworks -no-color-diagnostics -enable-testing -g -module-cache-path /Users/admin/builds/vMd7uqzK/1/finestructure/swiftpackageindex-builder/spi-builder-workspace/.derivedData/ModuleCache.noindex -swift-version 5 -enforce-exclusivity\=checked -Onone -D SWIFT_PACKAGE -D DEBUG -D Xcode -serialize-debugging-options -empty-abi-descriptor -Xcc -working-directory -Xcc /Users/admin/builds/vMd7uqzK/1/finestructure/swiftpackageindex-builder/spi-builder-workspace -resource-dir /Applications/Xcode-14.3.1.app/Contents/Developer/Toolchains/XcodeDefault.xctoolchain/usr/lib/swift -enable-anonymous-context-mangled-names -Xcc -ivfsstatcache -Xcc /Users/admin/builds/vMd7uqzK/1/finestructure/swiftpackageindex-builder/spi-builder-workspace/.derivedData/SDKStatCaches.noindex/watchos9.4-20T248-.sdkstatcache -Xcc -I/Users/admin/builds/vMd7uqzK/1/finestructure/swiftpackageindex-builder/spi-builder-workspace/.derivedData/Build/Intermediates.noindex/RSTabBar.build/Debug-watchos/RSTabBar.build/swift-overrides.hmap -Xcc -I/Users/admin/builds/vMd7uqzK/1/finestructure/swiftpackageindex-builder/spi-builder-workspace/.derivedData/Build/Products/Debug-watchos/include -Xcc -I/Users/admin/builds/vMd7uqzK/1/finestructure/swiftpackageindex-builder/spi-builder-workspace/.derivedData/Build/Intermediates.noindex/RSTabBar.build/Debug-watchos/RSTabBar.build/DerivedSources-normal/arm64 -Xcc -I/Users/admin/builds/vMd7uqzK/1/finestructure/swiftpackageindex-builder/spi-builder-workspace/.derivedData/Build/Intermediates.noindex/RSTabBar.build/Debug-watchos/RSTabBar.build/DerivedSources/arm64 -Xcc -I/Users/admin/builds/vMd7uqzK/1/finestructure/swiftpackageindex-builder/spi-builder-workspace/.derivedData/Build/Intermediates.noindex/RSTabBar.build/Debug-watchos/RSTabBar.build/DerivedSources -Xcc -DSWIFT_PACKAGE -Xcc -DDEBUG\=1 -module-name RSTabBar -frontend-parseable-output -disable-clang-spi -target-sdk-version 9.4 -target-sdk-name watchos9.4 -o /Users/admin/builds/vMd7uqzK/1/finestructure/swiftpackageindex-builder/spi-builder-workspace/.derivedData/Build/Intermediates.noindex/RSTabBar.build/Debug-watchos/RSTabBar.build/Objects-normal/arm64/TabItem.o -index-unit-output-path /RSTabBar.build/Debug-watchos/RSTabBar.build/Objects-normal/arm64/TabItem.o -index-store-path /Users/admin/builds/vMd7uqzK/1/finestructure/swiftpackageindex-builder/spi-builder-workspace/.derivedData/Index.noindex/DataStore -index-system-modules
SwiftCompile normal armv7k Compiling\ TabItem.swift /Users/admin/builds/vMd7uqzK/1/finestructure/swiftpackageindex-builder/spi-builder-workspace/Sources/TabItem.swift (in target 'RSTabBar' from project 'RSTabBar')
    cd /Users/admin/builds/vMd7uqzK/1/finestructure/swiftpackageindex-builder/spi-builder-workspace
    builtin-swiftTaskExecution -- /Applications/Xcode-14.3.1.app/Contents/Developer/Toolchains/XcodeDefault.xctoolchain/usr/bin/swift-frontend -frontend -c /Users/admin/builds/vMd7uqzK/1/finestructure/swiftpackageindex-builder/spi-builder-workspace/Sources/RSTabBar.swift -primary-file /Users/admin/builds/vMd7uqzK/1/finestructure/swiftpackageindex-builder/spi-builder-workspace/Sources/TabItem.swift /Users/admin/builds/vMd7uqzK/1/finestructure/swiftpackageindex-builder/spi-builder-workspace/Sources/TabItemView.swift -emit-dependencies-path /Users/admin/builds/vMd7uqzK/1/finestructure/swiftpackageindex-builder/spi-builder-workspace/.derivedData/Build/Intermediates.noindex/RSTabBar.build/Debug-watchos/RSTabBar.build/Objects-normal/armv7k/TabItem.d -emit-reference-dependencies-path /Users/admin/builds/vMd7uqzK/1/finestructure/swiftpackageindex-builder/spi-builder-workspace/.derivedData/Build/Intermediates.noindex/RSTabBar.build/Debug-watchos/RSTabBar.build/Objects-normal/armv7k/TabItem.swiftdeps -serialize-diagnostics-path /Users/admin/builds/vMd7uqzK/1/finestructure/swiftpackageindex-builder/spi-builder-workspace/.derivedData/Build/Intermediates.noindex/RSTabBar.build/Debug-watchos/RSTabBar.build/Objects-normal/armv7k/TabItem.dia -target armv7k-apple-watchos8.0 -enable-objc-interop -stack-check -sdk /Applications/Xcode-14.3.1.app/Contents/Developer/Platforms/WatchOS.platform/Developer/SDKs/WatchOS9.4.sdk -I /Users/admin/builds/vMd7uqzK/1/finestructure/swiftpackageindex-builder/spi-builder-workspace/.derivedData/Build/Products/Debug-watchos -I /Applications/Xcode-14.3.1.app/Contents/Developer/Platforms/WatchOS.platform/Developer/usr/lib -F /Users/admin/builds/vMd7uqzK/1/finestructure/swiftpackageindex-builder/spi-builder-workspace/.derivedData/Build/Products/Debug-watchos -F /Applications/Xcode-14.3.1.app/Contents/Developer/Platforms/WatchOS.platform/Developer/Library/Frameworks -F /Applications/Xcode-14.3.1.app/Contents/Developer/Platforms/WatchOS.platform/Developer/SDKs/WatchOS9.4.sdk/Developer/Library/Frameworks -no-color-diagnostics -enable-testing -g -module-cache-path /Users/admin/builds/vMd7uqzK/1/finestructure/swiftpackageindex-builder/spi-builder-workspace/.derivedData/ModuleCache.noindex -swift-version 5 -enforce-exclusivity\=checked -Onone -D SWIFT_PACKAGE -D DEBUG -D Xcode -serialize-debugging-options -empty-abi-descriptor -Xcc -working-directory -Xcc /Users/admin/builds/vMd7uqzK/1/finestructure/swiftpackageindex-builder/spi-builder-workspace -resource-dir /Applications/Xcode-14.3.1.app/Contents/Developer/Toolchains/XcodeDefault.xctoolchain/usr/lib/swift -enable-anonymous-context-mangled-names -Xcc -ivfsstatcache -Xcc /Users/admin/builds/vMd7uqzK/1/finestructure/swiftpackageindex-builder/spi-builder-workspace/.derivedData/SDKStatCaches.noindex/watchos9.4-20T248-.sdkstatcache -Xcc -I/Users/admin/builds/vMd7uqzK/1/finestructure/swiftpackageindex-builder/spi-builder-workspace/.derivedData/Build/Intermediates.noindex/RSTabBar.build/Debug-watchos/RSTabBar.build/swift-overrides.hmap -Xcc -I/Users/admin/builds/vMd7uqzK/1/finestructure/swiftpackageindex-builder/spi-builder-workspace/.derivedData/Build/Products/Debug-watchos/include -Xcc -I/Users/admin/builds/vMd7uqzK/1/finestructure/swiftpackageindex-builder/spi-builder-workspace/.derivedData/Build/Intermediates.noindex/RSTabBar.build/Debug-watchos/RSTabBar.build/DerivedSources-normal/armv7k -Xcc -I/Users/admin/builds/vMd7uqzK/1/finestructure/swiftpackageindex-builder/spi-builder-workspace/.derivedData/Build/Intermediates.noindex/RSTabBar.build/Debug-watchos/RSTabBar.build/DerivedSources/armv7k -Xcc -I/Users/admin/builds/vMd7uqzK/1/finestructure/swiftpackageindex-builder/spi-builder-workspace/.derivedData/Build/Intermediates.noindex/RSTabBar.build/Debug-watchos/RSTabBar.build/DerivedSources -Xcc -DSWIFT_PACKAGE -Xcc -DDEBUG\=1 -module-name RSTabBar -frontend-parseable-output -disable-clang-spi -target-sdk-version 9.4 -target-sdk-name watchos9.4 -o /Users/admin/builds/vMd7uqzK/1/finestructure/swiftpackageindex-builder/spi-builder-workspace/.derivedData/Build/Intermediates.noindex/RSTabBar.build/Debug-watchos/RSTabBar.build/Objects-normal/armv7k/TabItem.o -index-unit-output-path /RSTabBar.build/Debug-watchos/RSTabBar.build/Objects-normal/armv7k/TabItem.o -index-store-path /Users/admin/builds/vMd7uqzK/1/finestructure/swiftpackageindex-builder/spi-builder-workspace/.derivedData/Index.noindex/DataStore -index-system-modules
SwiftCompile normal armv7k /Users/admin/builds/vMd7uqzK/1/finestructure/swiftpackageindex-builder/spi-builder-workspace/Sources/TabItem.swift (in target 'RSTabBar' from project 'RSTabBar')
    cd /Users/admin/builds/vMd7uqzK/1/finestructure/swiftpackageindex-builder/spi-builder-workspace
    /Applications/Xcode-14.3.1.app/Contents/Developer/Toolchains/XcodeDefault.xctoolchain/usr/bin/swift-frontend -c /Users/admin/builds/vMd7uqzK/1/finestructure/swiftpackageindex-builder/spi-builder-workspace/Sources/RSTabBar.swift -primary-file /Users/admin/builds/vMd7uqzK/1/finestructure/swiftpackageindex-builder/spi-builder-workspace/Sources/TabItem.swift /Users/admin/builds/vMd7uqzK/1/finestructure/swiftpackageindex-builder/spi-builder-workspace/Sources/TabItemView.swift -emit-dependencies-path /Users/admin/builds/vMd7uqzK/1/finestructure/swiftpackageindex-builder/spi-builder-workspace/.derivedData/Build/Intermediates.noindex/RSTabBar.build/Debug-watchos/RSTabBar.build/Objects-normal/armv7k/TabItem.d -emit-reference-dependencies-path /Users/admin/builds/vMd7uqzK/1/finestructure/swiftpackageindex-builder/spi-builder-workspace/.derivedData/Build/Intermediates.noindex/RSTabBar.build/Debug-watchos/RSTabBar.build/Objects-normal/armv7k/TabItem.swiftdeps -serialize-diagnostics-path /Users/admin/builds/vMd7uqzK/1/finestructure/swiftpackageindex-builder/spi-builder-workspace/.derivedData/Build/Intermediates.noindex/RSTabBar.build/Debug-watchos/RSTabBar.build/Objects-normal/armv7k/TabItem.dia -target armv7k-apple-watchos8.0 -enable-objc-interop -stack-check -sdk /Applications/Xcode-14.3.1.app/Contents/Developer/Platforms/WatchOS.platform/Developer/SDKs/WatchOS9.4.sdk -I /Users/admin/builds/vMd7uqzK/1/finestructure/swiftpackageindex-builder/spi-builder-workspace/.derivedData/Build/Products/Debug-watchos -I /Applications/Xcode-14.3.1.app/Contents/Developer/Platforms/WatchOS.platform/Developer/usr/lib -F /Users/admin/builds/vMd7uqzK/1/finestructure/swiftpackageindex-builder/spi-builder-workspace/.derivedData/Build/Products/Debug-watchos -F /Applications/Xcode-14.3.1.app/Contents/Developer/Platforms/WatchOS.platform/Developer/Library/Frameworks -F /Applications/Xcode-14.3.1.app/Contents/Developer/Platforms/WatchOS.platform/Developer/SDKs/WatchOS9.4.sdk/Developer/Library/Frameworks -no-color-diagnostics -enable-testing -g -module-cache-path /Users/admin/builds/vMd7uqzK/1/finestructure/swiftpackageindex-builder/spi-builder-workspace/.derivedData/ModuleCache.noindex -swift-version 5 -enforce-exclusivity\=checked -Onone -D SWIFT_PACKAGE -D DEBUG -D Xcode -serialize-debugging-options -empty-abi-descriptor -Xcc -working-directory -Xcc /Users/admin/builds/vMd7uqzK/1/finestructure/swiftpackageindex-builder/spi-builder-workspace -resource-dir /Applications/Xcode-14.3.1.app/Contents/Developer/Toolchains/XcodeDefault.xctoolchain/usr/lib/swift -enable-anonymous-context-mangled-names -Xcc -ivfsstatcache -Xcc /Users/admin/builds/vMd7uqzK/1/finestructure/swiftpackageindex-builder/spi-builder-workspace/.derivedData/SDKStatCaches.noindex/watchos9.4-20T248-.sdkstatcache -Xcc -I/Users/admin/builds/vMd7uqzK/1/finestructure/swiftpackageindex-builder/spi-builder-workspace/.derivedData/Build/Intermediates.noindex/RSTabBar.build/Debug-watchos/RSTabBar.build/swift-overrides.hmap -Xcc -I/Users/admin/builds/vMd7uqzK/1/finestructure/swiftpackageindex-builder/spi-builder-workspace/.derivedData/Build/Products/Debug-watchos/include -Xcc -I/Users/admin/builds/vMd7uqzK/1/finestructure/swiftpackageindex-builder/spi-builder-workspace/.derivedData/Build/Intermediates.noindex/RSTabBar.build/Debug-watchos/RSTabBar.build/DerivedSources-normal/armv7k -Xcc -I/Users/admin/builds/vMd7uqzK/1/finestructure/swiftpackageindex-builder/spi-builder-workspace/.derivedData/Build/Intermediates.noindex/RSTabBar.build/Debug-watchos/RSTabBar.build/DerivedSources/armv7k -Xcc -I/Users/admin/builds/vMd7uqzK/1/finestructure/swiftpackageindex-builder/spi-builder-workspace/.derivedData/Build/Intermediates.noindex/RSTabBar.build/Debug-watchos/RSTabBar.build/DerivedSources -Xcc -DSWIFT_PACKAGE -Xcc -DDEBUG\=1 -module-name RSTabBar -frontend-parseable-output -disable-clang-spi -target-sdk-version 9.4 -target-sdk-name watchos9.4 -o /Users/admin/builds/vMd7uqzK/1/finestructure/swiftpackageindex-builder/spi-builder-workspace/.derivedData/Build/Intermediates.noindex/RSTabBar.build/Debug-watchos/RSTabBar.build/Objects-normal/armv7k/TabItem.o -index-unit-output-path /RSTabBar.build/Debug-watchos/RSTabBar.build/Objects-normal/armv7k/TabItem.o -index-store-path /Users/admin/builds/vMd7uqzK/1/finestructure/swiftpackageindex-builder/spi-builder-workspace/.derivedData/Index.noindex/DataStore -index-system-modules
SwiftDriverJobDiscovery normal arm64 Compiling TabItem.swift (in target 'RSTabBar' from project 'RSTabBar')
SwiftCompile normal arm64_32 Compiling\ TabItem.swift /Users/admin/builds/vMd7uqzK/1/finestructure/swiftpackageindex-builder/spi-builder-workspace/Sources/TabItem.swift (in target 'RSTabBar' from project 'RSTabBar')
    cd /Users/admin/builds/vMd7uqzK/1/finestructure/swiftpackageindex-builder/spi-builder-workspace
    builtin-swiftTaskExecution -- /Applications/Xcode-14.3.1.app/Contents/Developer/Toolchains/XcodeDefault.xctoolchain/usr/bin/swift-frontend -frontend -c /Users/admin/builds/vMd7uqzK/1/finestructure/swiftpackageindex-builder/spi-builder-workspace/Sources/RSTabBar.swift -primary-file /Users/admin/builds/vMd7uqzK/1/finestructure/swiftpackageindex-builder/spi-builder-workspace/Sources/TabItem.swift /Users/admin/builds/vMd7uqzK/1/finestructure/swiftpackageindex-builder/spi-builder-workspace/Sources/TabItemView.swift -emit-dependencies-path /Users/admin/builds/vMd7uqzK/1/finestructure/swiftpackageindex-builder/spi-builder-workspace/.derivedData/Build/Intermediates.noindex/RSTabBar.build/Debug-watchos/RSTabBar.build/Objects-normal/arm64_32/TabItem.d -emit-reference-dependencies-path /Users/admin/builds/vMd7uqzK/1/finestructure/swiftpackageindex-builder/spi-builder-workspace/.derivedData/Build/Intermediates.noindex/RSTabBar.build/Debug-watchos/RSTabBar.build/Objects-normal/arm64_32/TabItem.swiftdeps -serialize-diagnostics-path /Users/admin/builds/vMd7uqzK/1/finestructure/swiftpackageindex-builder/spi-builder-workspace/.derivedData/Build/Intermediates.noindex/RSTabBar.build/Debug-watchos/RSTabBar.build/Objects-normal/arm64_32/TabItem.dia -target arm64_32-apple-watchos8.0 -enable-objc-interop -sdk /Applications/Xcode-14.3.1.app/Contents/Developer/Platforms/WatchOS.platform/Developer/SDKs/WatchOS9.4.sdk -I /Users/admin/builds/vMd7uqzK/1/finestructure/swiftpackageindex-builder/spi-builder-workspace/.derivedData/Build/Products/Debug-watchos -I /Applications/Xcode-14.3.1.app/Contents/Developer/Platforms/WatchOS.platform/Developer/usr/lib -F /Users/admin/builds/vMd7uqzK/1/finestructure/swiftpackageindex-builder/spi-builder-workspace/.derivedData/Build/Products/Debug-watchos -F /Applications/Xcode-14.3.1.app/Contents/Developer/Platforms/WatchOS.platform/Developer/Library/Frameworks -F /Applications/Xcode-14.3.1.app/Contents/Developer/Platforms/WatchOS.platform/Developer/SDKs/WatchOS9.4.sdk/Developer/Library/Frameworks -no-color-diagnostics -enable-testing -g -module-cache-path /Users/admin/builds/vMd7uqzK/1/finestructure/swiftpackageindex-builder/spi-builder-workspace/.derivedData/ModuleCache.noindex -swift-version 5 -enforce-exclusivity\=checked -Onone -D SWIFT_PACKAGE -D DEBUG -D Xcode -serialize-debugging-options -empty-abi-descriptor -Xcc -working-directory -Xcc /Users/admin/builds/vMd7uqzK/1/finestructure/swiftpackageindex-builder/spi-builder-workspace -resource-dir /Applications/Xcode-14.3.1.app/Contents/Developer/Toolchains/XcodeDefault.xctoolchain/usr/lib/swift -enable-anonymous-context-mangled-names -Xcc -ivfsstatcache -Xcc /Users/admin/builds/vMd7uqzK/1/finestructure/swiftpackageindex-builder/spi-builder-workspace/.derivedData/SDKStatCaches.noindex/watchos9.4-20T248-.sdkstatcache -Xcc -I/Users/admin/builds/vMd7uqzK/1/finestructure/swiftpackageindex-builder/spi-builder-workspace/.derivedData/Build/Intermediates.noindex/RSTabBar.build/Debug-watchos/RSTabBar.build/swift-overrides.hmap -Xcc -I/Users/admin/builds/vMd7uqzK/1/finestructure/swiftpackageindex-builder/spi-builder-workspace/.derivedData/Build/Products/Debug-watchos/include -Xcc -I/Users/admin/builds/vMd7uqzK/1/finestructure/swiftpackageindex-builder/spi-builder-workspace/.derivedData/Build/Intermediates.noindex/RSTabBar.build/Debug-watchos/RSTabBar.build/DerivedSources-normal/arm64_32 -Xcc -I/Users/admin/builds/vMd7uqzK/1/finestructure/swiftpackageindex-builder/spi-builder-workspace/.derivedData/Build/Intermediates.noindex/RSTabBar.build/Debug-watchos/RSTabBar.build/DerivedSources/arm64_32 -Xcc -I/Users/admin/builds/vMd7uqzK/1/finestructure/swiftpackageindex-builder/spi-builder-workspace/.derivedData/Build/Intermediates.noindex/RSTabBar.build/Debug-watchos/RSTabBar.build/DerivedSources -Xcc -DSWIFT_PACKAGE -Xcc -DDEBUG\=1 -module-name RSTabBar -frontend-parseable-output -disable-clang-spi -target-sdk-version 9.4 -target-sdk-name watchos9.4 -o /Users/admin/builds/vMd7uqzK/1/finestructure/swiftpackageindex-builder/spi-builder-workspace/.derivedData/Build/Intermediates.noindex/RSTabBar.build/Debug-watchos/RSTabBar.build/Objects-normal/arm64_32/TabItem.o -index-unit-output-path /RSTabBar.build/Debug-watchos/RSTabBar.build/Objects-normal/arm64_32/TabItem.o -index-store-path /Users/admin/builds/vMd7uqzK/1/finestructure/swiftpackageindex-builder/spi-builder-workspace/.derivedData/Index.noindex/DataStore -index-system-modules
SwiftCompile normal arm64_32 /Users/admin/builds/vMd7uqzK/1/finestructure/swiftpackageindex-builder/spi-builder-workspace/Sources/TabItem.swift (in target 'RSTabBar' from project 'RSTabBar')
    cd /Users/admin/builds/vMd7uqzK/1/finestructure/swiftpackageindex-builder/spi-builder-workspace
    /Applications/Xcode-14.3.1.app/Contents/Developer/Toolchains/XcodeDefault.xctoolchain/usr/bin/swift-frontend -c /Users/admin/builds/vMd7uqzK/1/finestructure/swiftpackageindex-builder/spi-builder-workspace/Sources/RSTabBar.swift -primary-file /Users/admin/builds/vMd7uqzK/1/finestructure/swiftpackageindex-builder/spi-builder-workspace/Sources/TabItem.swift /Users/admin/builds/vMd7uqzK/1/finestructure/swiftpackageindex-builder/spi-builder-workspace/Sources/TabItemView.swift -emit-dependencies-path /Users/admin/builds/vMd7uqzK/1/finestructure/swiftpackageindex-builder/spi-builder-workspace/.derivedData/Build/Intermediates.noindex/RSTabBar.build/Debug-watchos/RSTabBar.build/Objects-normal/arm64_32/TabItem.d -emit-reference-dependencies-path /Users/admin/builds/vMd7uqzK/1/finestructure/swiftpackageindex-builder/spi-builder-workspace/.derivedData/Build/Intermediates.noindex/RSTabBar.build/Debug-watchos/RSTabBar.build/Objects-normal/arm64_32/TabItem.swiftdeps -serialize-diagnostics-path /Users/admin/builds/vMd7uqzK/1/finestructure/swiftpackageindex-builder/spi-builder-workspace/.derivedData/Build/Intermediates.noindex/RSTabBar.build/Debug-watchos/RSTabBar.build/Objects-normal/arm64_32/TabItem.dia -target arm64_32-apple-watchos8.0 -enable-objc-interop -sdk /Applications/Xcode-14.3.1.app/Contents/Developer/Platforms/WatchOS.platform/Developer/SDKs/WatchOS9.4.sdk -I /Users/admin/builds/vMd7uqzK/1/finestructure/swiftpackageindex-builder/spi-builder-workspace/.derivedData/Build/Products/Debug-watchos -I /Applications/Xcode-14.3.1.app/Contents/Developer/Platforms/WatchOS.platform/Developer/usr/lib -F /Users/admin/builds/vMd7uqzK/1/finestructure/swiftpackageindex-builder/spi-builder-workspace/.derivedData/Build/Products/Debug-watchos -F /Applications/Xcode-14.3.1.app/Contents/Developer/Platforms/WatchOS.platform/Developer/Library/Frameworks -F /Applications/Xcode-14.3.1.app/Contents/Developer/Platforms/WatchOS.platform/Developer/SDKs/WatchOS9.4.sdk/Developer/Library/Frameworks -no-color-diagnostics -enable-testing -g -module-cache-path /Users/admin/builds/vMd7uqzK/1/finestructure/swiftpackageindex-builder/spi-builder-workspace/.derivedData/ModuleCache.noindex -swift-version 5 -enforce-exclusivity\=checked -Onone -D SWIFT_PACKAGE -D DEBUG -D Xcode -serialize-debugging-options -empty-abi-descriptor -Xcc -working-directory -Xcc /Users/admin/builds/vMd7uqzK/1/finestructure/swiftpackageindex-builder/spi-builder-workspace -resource-dir /Applications/Xcode-14.3.1.app/Contents/Developer/Toolchains/XcodeDefault.xctoolchain/usr/lib/swift -enable-anonymous-context-mangled-names -Xcc -ivfsstatcache -Xcc /Users/admin/builds/vMd7uqzK/1/finestructure/swiftpackageindex-builder/spi-builder-workspace/.derivedData/SDKStatCaches.noindex/watchos9.4-20T248-.sdkstatcache -Xcc -I/Users/admin/builds/vMd7uqzK/1/finestructure/swiftpackageindex-builder/spi-builder-workspace/.derivedData/Build/Intermediates.noindex/RSTabBar.build/Debug-watchos/RSTabBar.build/swift-overrides.hmap -Xcc -I/Users/admin/builds/vMd7uqzK/1/finestructure/swiftpackageindex-builder/spi-builder-workspace/.derivedData/Build/Products/Debug-watchos/include -Xcc -I/Users/admin/builds/vMd7uqzK/1/finestructure/swiftpackageindex-builder/spi-builder-workspace/.derivedData/Build/Intermediates.noindex/RSTabBar.build/Debug-watchos/RSTabBar.build/DerivedSources-normal/arm64_32 -Xcc -I/Users/admin/builds/vMd7uqzK/1/finestructure/swiftpackageindex-builder/spi-builder-workspace/.derivedData/Build/Intermediates.noindex/RSTabBar.build/Debug-watchos/RSTabBar.build/DerivedSources/arm64_32 -Xcc -I/Users/admin/builds/vMd7uqzK/1/finestructure/swiftpackageindex-builder/spi-builder-workspace/.derivedData/Build/Intermediates.noindex/RSTabBar.build/Debug-watchos/RSTabBar.build/DerivedSources -Xcc -DSWIFT_PACKAGE -Xcc -DDEBUG\=1 -module-name RSTabBar -frontend-parseable-output -disable-clang-spi -target-sdk-version 9.4 -target-sdk-name watchos9.4 -o /Users/admin/builds/vMd7uqzK/1/finestructure/swiftpackageindex-builder/spi-builder-workspace/.derivedData/Build/Intermediates.noindex/RSTabBar.build/Debug-watchos/RSTabBar.build/Objects-normal/arm64_32/TabItem.o -index-unit-output-path /RSTabBar.build/Debug-watchos/RSTabBar.build/Objects-normal/arm64_32/TabItem.o -index-store-path /Users/admin/builds/vMd7uqzK/1/finestructure/swiftpackageindex-builder/spi-builder-workspace/.derivedData/Index.noindex/DataStore -index-system-modules
SwiftDriverJobDiscovery normal arm64_32 Compiling TabItemView.swift (in target 'RSTabBar' from project 'RSTabBar')
SwiftDriverJobDiscovery normal arm64_32 Compiling TabItem.swift (in target 'RSTabBar' from project 'RSTabBar')
SwiftCompile normal arm64 Compiling\ RSTabBar.swift /Users/admin/builds/vMd7uqzK/1/finestructure/swiftpackageindex-builder/spi-builder-workspace/Sources/RSTabBar.swift (in target 'RSTabBar' from project 'RSTabBar')
    cd /Users/admin/builds/vMd7uqzK/1/finestructure/swiftpackageindex-builder/spi-builder-workspace
    builtin-swiftTaskExecution -- /Applications/Xcode-14.3.1.app/Contents/Developer/Toolchains/XcodeDefault.xctoolchain/usr/bin/swift-frontend -frontend -c -primary-file /Users/admin/builds/vMd7uqzK/1/finestructure/swiftpackageindex-builder/spi-builder-workspace/Sources/RSTabBar.swift /Users/admin/builds/vMd7uqzK/1/finestructure/swiftpackageindex-builder/spi-builder-workspace/Sources/TabItem.swift /Users/admin/builds/vMd7uqzK/1/finestructure/swiftpackageindex-builder/spi-builder-workspace/Sources/TabItemView.swift -emit-dependencies-path /Users/admin/builds/vMd7uqzK/1/finestructure/swiftpackageindex-builder/spi-builder-workspace/.derivedData/Build/Intermediates.noindex/RSTabBar.build/Debug-watchos/RSTabBar.build/Objects-normal/arm64/RSTabBar.d -emit-reference-dependencies-path /Users/admin/builds/vMd7uqzK/1/finestructure/swiftpackageindex-builder/spi-builder-workspace/.derivedData/Build/Intermediates.noindex/RSTabBar.build/Debug-watchos/RSTabBar.build/Objects-normal/arm64/RSTabBar.swiftdeps -serialize-diagnostics-path /Users/admin/builds/vMd7uqzK/1/finestructure/swiftpackageindex-builder/spi-builder-workspace/.derivedData/Build/Intermediates.noindex/RSTabBar.build/Debug-watchos/RSTabBar.build/Objects-normal/arm64/RSTabBar.dia -target arm64-apple-watchos8.0 -Xllvm -aarch64-use-tbi -enable-objc-interop -stack-check -sdk /Applications/Xcode-14.3.1.app/Contents/Developer/Platforms/WatchOS.platform/Developer/SDKs/WatchOS9.4.sdk -I /Users/admin/builds/vMd7uqzK/1/finestructure/swiftpackageindex-builder/spi-builder-workspace/.derivedData/Build/Products/Debug-watchos -I /Applications/Xcode-14.3.1.app/Contents/Developer/Platforms/WatchOS.platform/Developer/usr/lib -F /Users/admin/builds/vMd7uqzK/1/finestructure/swiftpackageindex-builder/spi-builder-workspace/.derivedData/Build/Products/Debug-watchos -F /Applications/Xcode-14.3.1.app/Contents/Developer/Platforms/WatchOS.platform/Developer/Library/Frameworks -F /Applications/Xcode-14.3.1.app/Contents/Developer/Platforms/WatchOS.platform/Developer/SDKs/WatchOS9.4.sdk/Developer/Library/Frameworks -no-color-diagnostics -enable-testing -g -module-cache-path /Users/admin/builds/vMd7uqzK/1/finestructure/swiftpackageindex-builder/spi-builder-workspace/.derivedData/ModuleCache.noindex -swift-version 5 -enforce-exclusivity\=checked -Onone -D SWIFT_PACKAGE -D DEBUG -D Xcode -serialize-debugging-options -empty-abi-descriptor -Xcc -working-directory -Xcc /Users/admin/builds/vMd7uqzK/1/finestructure/swiftpackageindex-builder/spi-builder-workspace -resource-dir /Applications/Xcode-14.3.1.app/Contents/Developer/Toolchains/XcodeDefault.xctoolchain/usr/lib/swift -enable-anonymous-context-mangled-names -Xcc -ivfsstatcache -Xcc /Users/admin/builds/vMd7uqzK/1/finestructure/swiftpackageindex-builder/spi-builder-workspace/.derivedData/SDKStatCaches.noindex/watchos9.4-20T248-.sdkstatcache -Xcc -I/Users/admin/builds/vMd7uqzK/1/finestructure/swiftpackageindex-builder/spi-builder-workspace/.derivedData/Build/Intermediates.noindex/RSTabBar.build/Debug-watchos/RSTabBar.build/swift-overrides.hmap -Xcc -I/Users/admin/builds/vMd7uqzK/1/finestructure/swiftpackageindex-builder/spi-builder-workspace/.derivedData/Build/Products/Debug-watchos/include -Xcc -I/Users/admin/builds/vMd7uqzK/1/finestructure/swiftpackageindex-builder/spi-builder-workspace/.derivedData/Build/Intermediates.noindex/RSTabBar.build/Debug-watchos/RSTabBar.build/DerivedSources-normal/arm64 -Xcc -I/Users/admin/builds/vMd7uqzK/1/finestructure/swiftpackageindex-builder/spi-builder-workspace/.derivedData/Build/Intermediates.noindex/RSTabBar.build/Debug-watchos/RSTabBar.build/DerivedSources/arm64 -Xcc -I/Users/admin/builds/vMd7uqzK/1/finestructure/swiftpackageindex-builder/spi-builder-workspace/.derivedData/Build/Intermediates.noindex/RSTabBar.build/Debug-watchos/RSTabBar.build/DerivedSources -Xcc -DSWIFT_PACKAGE -Xcc -DDEBUG\=1 -module-name RSTabBar -frontend-parseable-output -disable-clang-spi -target-sdk-version 9.4 -target-sdk-name watchos9.4 -o /Users/admin/builds/vMd7uqzK/1/finestructure/swiftpackageindex-builder/spi-builder-workspace/.derivedData/Build/Intermediates.noindex/RSTabBar.build/Debug-watchos/RSTabBar.build/Objects-normal/arm64/RSTabBar.o -index-unit-output-path /RSTabBar.build/Debug-watchos/RSTabBar.build/Objects-normal/arm64/RSTabBar.o -index-store-path /Users/admin/builds/vMd7uqzK/1/finestructure/swiftpackageindex-builder/spi-builder-workspace/.derivedData/Index.noindex/DataStore -index-system-modules
SwiftCompile normal arm64 /Users/admin/builds/vMd7uqzK/1/finestructure/swiftpackageindex-builder/spi-builder-workspace/Sources/RSTabBar.swift (in target 'RSTabBar' from project 'RSTabBar')
    cd /Users/admin/builds/vMd7uqzK/1/finestructure/swiftpackageindex-builder/spi-builder-workspace
    /Applications/Xcode-14.3.1.app/Contents/Developer/Toolchains/XcodeDefault.xctoolchain/usr/bin/swift-frontend -c -primary-file /Users/admin/builds/vMd7uqzK/1/finestructure/swiftpackageindex-builder/spi-builder-workspace/Sources/RSTabBar.swift /Users/admin/builds/vMd7uqzK/1/finestructure/swiftpackageindex-builder/spi-builder-workspace/Sources/TabItem.swift /Users/admin/builds/vMd7uqzK/1/finestructure/swiftpackageindex-builder/spi-builder-workspace/Sources/TabItemView.swift -emit-dependencies-path /Users/admin/builds/vMd7uqzK/1/finestructure/swiftpackageindex-builder/spi-builder-workspace/.derivedData/Build/Intermediates.noindex/RSTabBar.build/Debug-watchos/RSTabBar.build/Objects-normal/arm64/RSTabBar.d -emit-reference-dependencies-path /Users/admin/builds/vMd7uqzK/1/finestructure/swiftpackageindex-builder/spi-builder-workspace/.derivedData/Build/Intermediates.noindex/RSTabBar.build/Debug-watchos/RSTabBar.build/Objects-normal/arm64/RSTabBar.swiftdeps -serialize-diagnostics-path /Users/admin/builds/vMd7uqzK/1/finestructure/swiftpackageindex-builder/spi-builder-workspace/.derivedData/Build/Intermediates.noindex/RSTabBar.build/Debug-watchos/RSTabBar.build/Objects-normal/arm64/RSTabBar.dia -target arm64-apple-watchos8.0 -Xllvm -aarch64-use-tbi -enable-objc-interop -stack-check -sdk /Applications/Xcode-14.3.1.app/Contents/Developer/Platforms/WatchOS.platform/Developer/SDKs/WatchOS9.4.sdk -I /Users/admin/builds/vMd7uqzK/1/finestructure/swiftpackageindex-builder/spi-builder-workspace/.derivedData/Build/Products/Debug-watchos -I /Applications/Xcode-14.3.1.app/Contents/Developer/Platforms/WatchOS.platform/Developer/usr/lib -F /Users/admin/builds/vMd7uqzK/1/finestructure/swiftpackageindex-builder/spi-builder-workspace/.derivedData/Build/Products/Debug-watchos -F /Applications/Xcode-14.3.1.app/Contents/Developer/Platforms/WatchOS.platform/Developer/Library/Frameworks -F /Applications/Xcode-14.3.1.app/Contents/Developer/Platforms/WatchOS.platform/Developer/SDKs/WatchOS9.4.sdk/Developer/Library/Frameworks -no-color-diagnostics -enable-testing -g -module-cache-path /Users/admin/builds/vMd7uqzK/1/finestructure/swiftpackageindex-builder/spi-builder-workspace/.derivedData/ModuleCache.noindex -swift-version 5 -enforce-exclusivity\=checked -Onone -D SWIFT_PACKAGE -D DEBUG -D Xcode -serialize-debugging-options -empty-abi-descriptor -Xcc -working-directory -Xcc /Users/admin/builds/vMd7uqzK/1/finestructure/swiftpackageindex-builder/spi-builder-workspace -resource-dir /Applications/Xcode-14.3.1.app/Contents/Developer/Toolchains/XcodeDefault.xctoolchain/usr/lib/swift -enable-anonymous-context-mangled-names -Xcc -ivfsstatcache -Xcc /Users/admin/builds/vMd7uqzK/1/finestructure/swiftpackageindex-builder/spi-builder-workspace/.derivedData/SDKStatCaches.noindex/watchos9.4-20T248-.sdkstatcache -Xcc -I/Users/admin/builds/vMd7uqzK/1/finestructure/swiftpackageindex-builder/spi-builder-workspace/.derivedData/Build/Intermediates.noindex/RSTabBar.build/Debug-watchos/RSTabBar.build/swift-overrides.hmap -Xcc -I/Users/admin/builds/vMd7uqzK/1/finestructure/swiftpackageindex-builder/spi-builder-workspace/.derivedData/Build/Products/Debug-watchos/include -Xcc -I/Users/admin/builds/vMd7uqzK/1/finestructure/swiftpackageindex-builder/spi-builder-workspace/.derivedData/Build/Intermediates.noindex/RSTabBar.build/Debug-watchos/RSTabBar.build/DerivedSources-normal/arm64 -Xcc -I/Users/admin/builds/vMd7uqzK/1/finestructure/swiftpackageindex-builder/spi-builder-workspace/.derivedData/Build/Intermediates.noindex/RSTabBar.build/Debug-watchos/RSTabBar.build/DerivedSources/arm64 -Xcc -I/Users/admin/builds/vMd7uqzK/1/finestructure/swiftpackageindex-builder/spi-builder-workspace/.derivedData/Build/Intermediates.noindex/RSTabBar.build/Debug-watchos/RSTabBar.build/DerivedSources -Xcc -DSWIFT_PACKAGE -Xcc -DDEBUG\=1 -module-name RSTabBar -frontend-parseable-output -disable-clang-spi -target-sdk-version 9.4 -target-sdk-name watchos9.4 -o /Users/admin/builds/vMd7uqzK/1/finestructure/swiftpackageindex-builder/spi-builder-workspace/.derivedData/Build/Intermediates.noindex/RSTabBar.build/Debug-watchos/RSTabBar.build/Objects-normal/arm64/RSTabBar.o -index-unit-output-path /RSTabBar.build/Debug-watchos/RSTabBar.build/Objects-normal/arm64/RSTabBar.o -index-store-path /Users/admin/builds/vMd7uqzK/1/finestructure/swiftpackageindex-builder/spi-builder-workspace/.derivedData/Index.noindex/DataStore -index-system-modules
/Users/admin/builds/vMd7uqzK/1/finestructure/swiftpackageindex-builder/spi-builder-workspace/Sources/RSTabBar.swift:33:23: error: cannot find 'UITabBarAppearance' in scope
                let tabAppearance = UITabBarAppearance()
                                    ^~~~~~~~~~~~~~~~~~
/Users/admin/builds/vMd7uqzK/1/finestructure/swiftpackageindex-builder/spi-builder-workspace/Sources/RSTabBar.swift:35:3: error: cannot find 'UITabBar' in scope
                UITabBar.appearance().standardAppearance = tabAppearance
                ^~~~~~~~
/Users/admin/builds/vMd7uqzK/1/finestructure/swiftpackageindex-builder/spi-builder-workspace/Sources/RSTabBar.swift:36:3: error: cannot find 'UITabBar' in scope
                UITabBar.appearance().scrollEdgeAppearance = tabAppearance
                ^~~~~~~~
SwiftCompile normal arm64_32 Compiling\ RSTabBar.swift /Users/admin/builds/vMd7uqzK/1/finestructure/swiftpackageindex-builder/spi-builder-workspace/Sources/RSTabBar.swift (in target 'RSTabBar' from project 'RSTabBar')
    cd /Users/admin/builds/vMd7uqzK/1/finestructure/swiftpackageindex-builder/spi-builder-workspace
    builtin-swiftTaskExecution -- /Applications/Xcode-14.3.1.app/Contents/Developer/Toolchains/XcodeDefault.xctoolchain/usr/bin/swift-frontend -frontend -c -primary-file /Users/admin/builds/vMd7uqzK/1/finestructure/swiftpackageindex-builder/spi-builder-workspace/Sources/RSTabBar.swift /Users/admin/builds/vMd7uqzK/1/finestructure/swiftpackageindex-builder/spi-builder-workspace/Sources/TabItem.swift /Users/admin/builds/vMd7uqzK/1/finestructure/swiftpackageindex-builder/spi-builder-workspace/Sources/TabItemView.swift -emit-dependencies-path /Users/admin/builds/vMd7uqzK/1/finestructure/swiftpackageindex-builder/spi-builder-workspace/.derivedData/Build/Intermediates.noindex/RSTabBar.build/Debug-watchos/RSTabBar.build/Objects-normal/arm64_32/RSTabBar.d -emit-reference-dependencies-path /Users/admin/builds/vMd7uqzK/1/finestructure/swiftpackageindex-builder/spi-builder-workspace/.derivedData/Build/Intermediates.noindex/RSTabBar.build/Debug-watchos/RSTabBar.build/Objects-normal/arm64_32/RSTabBar.swiftdeps -serialize-diagnostics-path /Users/admin/builds/vMd7uqzK/1/finestructure/swiftpackageindex-builder/spi-builder-workspace/.derivedData/Build/Intermediates.noindex/RSTabBar.build/Debug-watchos/RSTabBar.build/Objects-normal/arm64_32/RSTabBar.dia -target arm64_32-apple-watchos8.0 -enable-objc-interop -sdk /Applications/Xcode-14.3.1.app/Contents/Developer/Platforms/WatchOS.platform/Developer/SDKs/WatchOS9.4.sdk -I /Users/admin/builds/vMd7uqzK/1/finestructure/swiftpackageindex-builder/spi-builder-workspace/.derivedData/Build/Products/Debug-watchos -I /Applications/Xcode-14.3.1.app/Contents/Developer/Platforms/WatchOS.platform/Developer/usr/lib -F /Users/admin/builds/vMd7uqzK/1/finestructure/swiftpackageindex-builder/spi-builder-workspace/.derivedData/Build/Products/Debug-watchos -F /Applications/Xcode-14.3.1.app/Contents/Developer/Platforms/WatchOS.platform/Developer/Library/Frameworks -F /Applications/Xcode-14.3.1.app/Contents/Developer/Platforms/WatchOS.platform/Developer/SDKs/WatchOS9.4.sdk/Developer/Library/Frameworks -no-color-diagnostics -enable-testing -g -module-cache-path /Users/admin/builds/vMd7uqzK/1/finestructure/swiftpackageindex-builder/spi-builder-workspace/.derivedData/ModuleCache.noindex -swift-version 5 -enforce-exclusivity\=checked -Onone -D SWIFT_PACKAGE -D DEBUG -D Xcode -serialize-debugging-options -empty-abi-descriptor -Xcc -working-directory -Xcc /Users/admin/builds/vMd7uqzK/1/finestructure/swiftpackageindex-builder/spi-builder-workspace -resource-dir /Applications/Xcode-14.3.1.app/Contents/Developer/Toolchains/XcodeDefault.xctoolchain/usr/lib/swift -enable-anonymous-context-mangled-names -Xcc -ivfsstatcache -Xcc /Users/admin/builds/vMd7uqzK/1/finestructure/swiftpackageindex-builder/spi-builder-workspace/.derivedData/SDKStatCaches.noindex/watchos9.4-20T248-.sdkstatcache -Xcc -I/Users/admin/builds/vMd7uqzK/1/finestructure/swiftpackageindex-builder/spi-builder-workspace/.derivedData/Build/Intermediates.noindex/RSTabBar.build/Debug-watchos/RSTabBar.build/swift-overrides.hmap -Xcc -I/Users/admin/builds/vMd7uqzK/1/finestructure/swiftpackageindex-builder/spi-builder-workspace/.derivedData/Build/Products/Debug-watchos/include -Xcc -I/Users/admin/builds/vMd7uqzK/1/finestructure/swiftpackageindex-builder/spi-builder-workspace/.derivedData/Build/Intermediates.noindex/RSTabBar.build/Debug-watchos/RSTabBar.build/DerivedSources-normal/arm64_32 -Xcc -I/Users/admin/builds/vMd7uqzK/1/finestructure/swiftpackageindex-builder/spi-builder-workspace/.derivedData/Build/Intermediates.noindex/RSTabBar.build/Debug-watchos/RSTabBar.build/DerivedSources/arm64_32 -Xcc -I/Users/admin/builds/vMd7uqzK/1/finestructure/swiftpackageindex-builder/spi-builder-workspace/.derivedData/Build/Intermediates.noindex/RSTabBar.build/Debug-watchos/RSTabBar.build/DerivedSources -Xcc -DSWIFT_PACKAGE -Xcc -DDEBUG\=1 -module-name RSTabBar -frontend-parseable-output -disable-clang-spi -target-sdk-version 9.4 -target-sdk-name watchos9.4 -o /Users/admin/builds/vMd7uqzK/1/finestructure/swiftpackageindex-builder/spi-builder-workspace/.derivedData/Build/Intermediates.noindex/RSTabBar.build/Debug-watchos/RSTabBar.build/Objects-normal/arm64_32/RSTabBar.o -index-unit-output-path /RSTabBar.build/Debug-watchos/RSTabBar.build/Objects-normal/arm64_32/RSTabBar.o -index-store-path /Users/admin/builds/vMd7uqzK/1/finestructure/swiftpackageindex-builder/spi-builder-workspace/.derivedData/Index.noindex/DataStore -index-system-modules
Command SwiftCompile failed with a nonzero exit code
2024-05-01 08:37:01.427 xcodebuild[2603:2264950] DVTCoreDeviceEnabledState: DVTCoreDeviceEnabledState_Disabled set via user default (DVTEnableCoreDevice=disabled)
** BUILD FAILED **
The following build commands failed:
	SwiftCompile normal arm64 Compiling\ RSTabBar.swift /Users/admin/builds/vMd7uqzK/1/finestructure/swiftpackageindex-builder/spi-builder-workspace/Sources/RSTabBar.swift (in target 'RSTabBar' from project 'RSTabBar')
	SwiftCompile normal arm64 /Users/admin/builds/vMd7uqzK/1/finestructure/swiftpackageindex-builder/spi-builder-workspace/Sources/RSTabBar.swift (in target 'RSTabBar' from project 'RSTabBar')
	SwiftCompile normal arm64_32 Compiling\ RSTabBar.swift /Users/admin/builds/vMd7uqzK/1/finestructure/swiftpackageindex-builder/spi-builder-workspace/Sources/RSTabBar.swift (in target 'RSTabBar' from project 'RSTabBar')
(3 failures)
BUILD FAILURE 5.8 watchOS