The Swift Package Index logo.Swift Package Index

Build Information

Failed to build OpenMeteoSdk, reference v1.28.0 (00ac91), with Swift 6.2 for tvOS using Xcode 26.3 on 11 Aug 2026 03:28:25 UTC.

Build Command

env DEVELOPER_DIR=/Applications/Xcode-26.3.0.app xcrun xcodebuild -IDEClonedSourcePackagesDirPathOverride=$PWD/.dependencies -skipMacroValidation -skipPackagePluginValidation -derivedDataPath $PWD/.derivedData build -scheme OpenMeteoSdk -destination generic/platform=tvOS

Build Log

========================================
RunAll
========================================
Builder version: undefined version: run 'make version' to update
Interrupt handler set up.
========================================
Checkout
========================================
Clone URL: https://github.com/open-meteo/sdk.git
Reference: v1.28.0
Initialized empty Git repository in /Users/admin/builder/spi-builder-workspace/.git/
From https://github.com/open-meteo/sdk
 * tag               v1.28.0    -> FETCH_HEAD
HEAD is now at 00ac91c fix: bump actions/cache from 5 to 6 (#278)
Cloned https://github.com/open-meteo/sdk.git
Revision (git rev-parse @):
00ac91cf7267e7750b816af3d7c054e75c8f8ddf
SUCCESS checkout https://github.com/open-meteo/sdk.git at v1.28.0
========================================
Build
========================================
Selected platform:         tvOS
Swift version:             6.2
Building package at path:  $PWD
https://github.com/open-meteo/sdk.git
Command line invocation:
    /Applications/Xcode-26.3.0.app/Contents/Developer/usr/bin/xcodebuild -IDEClonedSourcePackagesDirPathOverride=/Users/admin/builder/spi-builder-workspace/.dependencies -resolvePackageDependencies
Resolve Package Graph
Fetching from https://github.com/google/flatbuffers.git
Creating working copy of package ‘flatbuffers’
Checking out 25.9.23 of package ‘flatbuffers’
Resolve Package Graph
Resolved source packages:
  OpenMeteoSdk: /Users/admin/builder/spi-builder-workspace
  FlatBuffers: https://github.com/google/flatbuffers.git @ 25.9.23
resolved source packages: OpenMeteoSdk, FlatBuffers
2026-08-10 23:27:52.900 xcodebuild[538:3113] [MT] IDERunDestination: Supported platforms for the buildables in the current scheme is empty.
{
  "dependencies" : [
    {
      "identity" : "flatbuffers",
      "requirement" : {
        "exact" : [
          "25.9.23"
        ]
      },
      "type" : "sourceControl",
      "url" : "https://github.com/google/flatbuffers.git"
    }
  ],
  "manifest_display_name" : "OpenMeteoSdk",
  "name" : "OpenMeteoSdk",
  "path" : "/Users/admin/builder/spi-builder-workspace",
  "platforms" : [
    {
      "name" : "ios",
      "version" : "12.0"
    },
    {
      "name" : "macos",
      "version" : "10.14"
    },
    {
      "name" : "watchos",
      "version" : "8.0"
    }
  ],
  "products" : [
    {
      "name" : "OpenMeteoSdk",
      "targets" : [
        "OpenMeteoSdk"
      ],
      "type" : {
        "library" : [
          "automatic"
        ]
      }
    }
  ],
  "targets" : [
    {
      "c99name" : "OpenMeteoSdkTests",
      "module_type" : "SwiftTarget",
      "name" : "OpenMeteoSdkTests",
      "path" : "swift/Tests",
      "sources" : [
        "OpenMeteoSdkTests/ApiTests.swift",
        "OpenMeteoSdkTests/OpenMeteoSdkTests.swift"
      ],
      "target_dependencies" : [
        "OpenMeteoSdk"
      ],
      "type" : "test"
    },
    {
      "c99name" : "OpenMeteoSdk",
      "module_type" : "SwiftTarget",
      "name" : "OpenMeteoSdk",
      "path" : "swift/Sources",
      "product_dependencies" : [
        "FlatBuffers"
      ],
      "product_memberships" : [
        "OpenMeteoSdk"
      ],
      "sources" : [
        "OpenMeteoSdk/OpenMeteoSdk.swift",
        "OpenMeteoSdk/Unit.swift",
        "OpenMeteoSdk/VariablesWithTime.swift",
        "OpenMeteoSdk/weather_api_generated.swift"
      ],
      "type" : "library"
    }
  ],
  "tools_version" : "5.9"
}
{
  "workspace" : {
    "name" : "spi-builder-workspace",
    "schemes" : [
      "OpenMeteoSdk"
    ]
  }
}
2026-08-10 23:28:11.678 xcodebuild[728:4507] [MT] IDERunDestination: Supported platforms for the buildables in the current scheme is empty.
Running build ...
env DEVELOPER_DIR=/Applications/Xcode-26.3.0.app xcrun xcodebuild -IDEClonedSourcePackagesDirPathOverride=$PWD/.dependencies -skipMacroValidation -skipPackagePluginValidation -derivedDataPath $PWD/.derivedData build -scheme OpenMeteoSdk -destination generic/platform=tvOS
Command line invocation:
    /Applications/Xcode-26.3.0.app/Contents/Developer/usr/bin/xcodebuild -IDEClonedSourcePackagesDirPathOverride=/Users/admin/builder/spi-builder-workspace/.dependencies -skipMacroValidation -skipPackagePluginValidation -derivedDataPath /Users/admin/builder/spi-builder-workspace/.derivedData build -scheme OpenMeteoSdk -destination generic/platform=tvOS
Resolve Package Graph
Resolve Package Graph
Resolved source packages:
  OpenMeteoSdk: /Users/admin/builder/spi-builder-workspace
  FlatBuffers: https://github.com/google/flatbuffers.git @ 25.9.23
ComputePackagePrebuildTargetDependencyGraph
Prepare packages
CreateBuildRequest
SendProjectDescription
CreateBuildOperation
ComputeTargetDependencyGraph
note: Building targets in dependency order
note: Target dependency graph (5 targets)
    Target 'OpenMeteoSdk' in project 'OpenMeteoSdk'
        ➜ Explicit dependency on target 'OpenMeteoSdk' in project 'OpenMeteoSdk'
        ➜ Explicit dependency on target 'FlatBuffers' in project 'FlatBuffers'
    Target 'OpenMeteoSdk' in project 'OpenMeteoSdk'
        ➜ Explicit dependency on target 'FlatBuffers' in project 'FlatBuffers'
    Target 'FlatBuffers' in project 'FlatBuffers'
        ➜ Explicit dependency on target 'FlatBuffers' in project 'FlatBuffers'
        ➜ Explicit dependency on target 'Common' in project 'FlatBuffers'
    Target 'FlatBuffers' in project 'FlatBuffers'
        ➜ Explicit dependency on target 'Common' in project 'FlatBuffers'
    Target 'Common' in project 'FlatBuffers' (no dependencies)
GatherProvisioningInputs
CreateBuildDescription
ExecuteExternalTool /Applications/Xcode-26.3.0.app/Contents/Developer/Toolchains/XcodeDefault.xctoolchain/usr/bin/clang -v -E -dM -isysroot /Applications/Xcode-26.3.0.app/Contents/Developer/Platforms/AppleTVOS.platform/Developer/SDKs/AppleTVOS26.2.sdk -x c -c /dev/null
ExecuteExternalTool /Applications/Xcode-26.3.0.app/Contents/Developer/Toolchains/XcodeDefault.xctoolchain/usr/bin/swiftc --version
ExecuteExternalTool /Applications/Xcode-26.3.0.app/Contents/Developer/Toolchains/XcodeDefault.xctoolchain/usr/bin/ld -version_details
ReadFileContents /Applications/Xcode-26.3.0.app/Contents/Developer/Toolchains/XcodeDefault.xctoolchain/usr/share/docc/features.json
Build description signature: ea3a9f040e7d30c24fcc0290710a6e6a
Build description path: /Users/admin/builder/spi-builder-workspace/.derivedData/Build/Intermediates.noindex/XCBuildData/ea3a9f040e7d30c24fcc0290710a6e6a.xcbuilddata
ClangStatCache /Applications/Xcode-26.3.0.app/Contents/Developer/Toolchains/XcodeDefault.xctoolchain/usr/bin/clang-stat-cache /Applications/Xcode-26.3.0.app/Contents/Developer/Platforms/AppleTVOS.platform/Developer/SDKs/AppleTVOS26.2.sdk /Users/admin/builder/spi-builder-workspace/.derivedData/SDKStatCaches.noindex/appletvos26.2-23K50-dc75598d0054f22ec865fa860f139d72c1feacec85df2e04b9fa10f95e757c08.sdkstatcache
    cd /Users/admin/builder/spi-builder-workspace/.swiftpm/xcode
    /Applications/Xcode-26.3.0.app/Contents/Developer/Toolchains/XcodeDefault.xctoolchain/usr/bin/clang-stat-cache /Applications/Xcode-26.3.0.app/Contents/Developer/Platforms/AppleTVOS.platform/Developer/SDKs/AppleTVOS26.2.sdk -o /Users/admin/builder/spi-builder-workspace/.derivedData/SDKStatCaches.noindex/appletvos26.2-23K50-dc75598d0054f22ec865fa860f139d72c1feacec85df2e04b9fa10f95e757c08.sdkstatcache
CreateBuildDirectory /Users/admin/builder/spi-builder-workspace/.derivedData/Build/Intermediates.noindex
    cd /Users/admin/builder/spi-builder-workspace/.swiftpm/xcode
    builtin-create-build-directory /Users/admin/builder/spi-builder-workspace/.derivedData/Build/Intermediates.noindex
CreateBuildDirectory /Users/admin/builder/spi-builder-workspace/.derivedData/Build/Products
    cd /Users/admin/builder/spi-builder-workspace/.swiftpm/xcode
    builtin-create-build-directory /Users/admin/builder/spi-builder-workspace/.derivedData/Build/Products
CreateBuildDirectory /Users/admin/builder/spi-builder-workspace/.derivedData/Build/Intermediates.noindex/ExplicitPrecompiledModules
    cd /Users/admin/builder/spi-builder-workspace/.swiftpm/xcode
    builtin-create-build-directory /Users/admin/builder/spi-builder-workspace/.derivedData/Build/Intermediates.noindex/ExplicitPrecompiledModules
CreateBuildDirectory /Users/admin/builder/spi-builder-workspace/.derivedData/Build/Intermediates.noindex/SwiftExplicitPrecompiledModules
    cd /Users/admin/builder/spi-builder-workspace/.swiftpm/xcode
    builtin-create-build-directory /Users/admin/builder/spi-builder-workspace/.derivedData/Build/Intermediates.noindex/SwiftExplicitPrecompiledModules
CreateBuildDirectory /Users/admin/builder/spi-builder-workspace/.derivedData/Build/Intermediates.noindex/EagerLinkingTBDs/Debug-appletvos
    cd /Users/admin/builder/spi-builder-workspace/.swiftpm/xcode
    builtin-create-build-directory /Users/admin/builder/spi-builder-workspace/.derivedData/Build/Intermediates.noindex/EagerLinkingTBDs/Debug-appletvos
CreateBuildDirectory /Users/admin/builder/spi-builder-workspace/.derivedData/Build/Products/Debug-appletvos
    cd /Users/admin/builder/spi-builder-workspace/.swiftpm/xcode
    builtin-create-build-directory /Users/admin/builder/spi-builder-workspace/.derivedData/Build/Products/Debug-appletvos
CreateBuildDirectory /Users/admin/builder/spi-builder-workspace/.derivedData/Build/Products/Debug-appletvos/PackageFrameworks
    cd /Users/admin/builder/spi-builder-workspace/.swiftpm/xcode
    builtin-create-build-directory /Users/admin/builder/spi-builder-workspace/.derivedData/Build/Products/Debug-appletvos/PackageFrameworks
WriteAuxiliaryFile /Users/admin/builder/spi-builder-workspace/.derivedData/Build/Intermediates.noindex/OpenMeteoSdk.build/Debug-appletvos/OpenMeteoSdk.build/OpenMeteoSdk.modulemap (in target 'OpenMeteoSdk' from project 'OpenMeteoSdk')
    cd /Users/admin/builder/spi-builder-workspace
    write-file /Users/admin/builder/spi-builder-workspace/.derivedData/Build/Intermediates.noindex/OpenMeteoSdk.build/Debug-appletvos/OpenMeteoSdk.build/OpenMeteoSdk.modulemap
WriteAuxiliaryFile /Users/admin/builder/spi-builder-workspace/.derivedData/Build/Intermediates.noindex/OpenMeteoSdk.build/Debug-appletvos/OpenMeteoSdk.build/OpenMeteoSdk.DependencyMetadataFileList (in target 'OpenMeteoSdk' from project 'OpenMeteoSdk')
    cd /Users/admin/builder/spi-builder-workspace
    write-file /Users/admin/builder/spi-builder-workspace/.derivedData/Build/Intermediates.noindex/OpenMeteoSdk.build/Debug-appletvos/OpenMeteoSdk.build/OpenMeteoSdk.DependencyMetadataFileList
WriteAuxiliaryFile /Users/admin/builder/spi-builder-workspace/.derivedData/Build/Intermediates.noindex/OpenMeteoSdk.build/Debug-appletvos/OpenMeteoSdk.build/OpenMeteoSdk.DependencyStaticMetadataFileList (in target 'OpenMeteoSdk' from project 'OpenMeteoSdk')
    cd /Users/admin/builder/spi-builder-workspace
    write-file /Users/admin/builder/spi-builder-workspace/.derivedData/Build/Intermediates.noindex/OpenMeteoSdk.build/Debug-appletvos/OpenMeteoSdk.build/OpenMeteoSdk.DependencyStaticMetadataFileList
WriteAuxiliaryFile /Users/admin/builder/spi-builder-workspace/.derivedData/Build/Intermediates.noindex/OpenMeteoSdk.build/Debug-appletvos/OpenMeteoSdk.build/Objects-normal/arm64/OpenMeteoSdk-OutputFileMap.json (in target 'OpenMeteoSdk' from project 'OpenMeteoSdk')
    cd /Users/admin/builder/spi-builder-workspace
    write-file /Users/admin/builder/spi-builder-workspace/.derivedData/Build/Intermediates.noindex/OpenMeteoSdk.build/Debug-appletvos/OpenMeteoSdk.build/Objects-normal/arm64/OpenMeteoSdk-OutputFileMap.json
WriteAuxiliaryFile /Users/admin/builder/spi-builder-workspace/.derivedData/Build/Intermediates.noindex/OpenMeteoSdk.build/Debug-appletvos/OpenMeteoSdk.build/Objects-normal/arm64/OpenMeteoSdk_const_extract_protocols.json (in target 'OpenMeteoSdk' from project 'OpenMeteoSdk')
    cd /Users/admin/builder/spi-builder-workspace
    write-file /Users/admin/builder/spi-builder-workspace/.derivedData/Build/Intermediates.noindex/OpenMeteoSdk.build/Debug-appletvos/OpenMeteoSdk.build/Objects-normal/arm64/OpenMeteoSdk_const_extract_protocols.json
WriteAuxiliaryFile /Users/admin/builder/spi-builder-workspace/.derivedData/Build/Intermediates.noindex/OpenMeteoSdk.build/Debug-appletvos/OpenMeteoSdk.build/Objects-normal/arm64/OpenMeteoSdk.SwiftConstValuesFileList (in target 'OpenMeteoSdk' from project 'OpenMeteoSdk')
    cd /Users/admin/builder/spi-builder-workspace
    write-file /Users/admin/builder/spi-builder-workspace/.derivedData/Build/Intermediates.noindex/OpenMeteoSdk.build/Debug-appletvos/OpenMeteoSdk.build/Objects-normal/arm64/OpenMeteoSdk.SwiftConstValuesFileList
WriteAuxiliaryFile /Users/admin/builder/spi-builder-workspace/.derivedData/Build/Intermediates.noindex/OpenMeteoSdk.build/Debug-appletvos/OpenMeteoSdk.build/Objects-normal/arm64/OpenMeteoSdk.LinkFileList (in target 'OpenMeteoSdk' from project 'OpenMeteoSdk')
    cd /Users/admin/builder/spi-builder-workspace
    write-file /Users/admin/builder/spi-builder-workspace/.derivedData/Build/Intermediates.noindex/OpenMeteoSdk.build/Debug-appletvos/OpenMeteoSdk.build/Objects-normal/arm64/OpenMeteoSdk.LinkFileList
WriteAuxiliaryFile /Users/admin/builder/spi-builder-workspace/.derivedData/Build/Intermediates.noindex/OpenMeteoSdk.build/Debug-appletvos/OpenMeteoSdk.build/Objects-normal/arm64/OpenMeteoSdk.SwiftFileList (in target 'OpenMeteoSdk' from project 'OpenMeteoSdk')
    cd /Users/admin/builder/spi-builder-workspace
    write-file /Users/admin/builder/spi-builder-workspace/.derivedData/Build/Intermediates.noindex/OpenMeteoSdk.build/Debug-appletvos/OpenMeteoSdk.build/Objects-normal/arm64/OpenMeteoSdk.SwiftFileList
WriteAuxiliaryFile /Users/admin/builder/spi-builder-workspace/.derivedData/Build/Intermediates.noindex/FlatBuffers.build/Debug-appletvos/FlatBuffers.build/Objects-normal/arm64/FlatBuffers_const_extract_protocols.json (in target 'FlatBuffers' from project 'FlatBuffers')
    cd /Users/admin/builder/spi-builder-workspace/.dependencies/checkouts/flatbuffers
    write-file /Users/admin/builder/spi-builder-workspace/.derivedData/Build/Intermediates.noindex/FlatBuffers.build/Debug-appletvos/FlatBuffers.build/Objects-normal/arm64/FlatBuffers_const_extract_protocols.json
WriteAuxiliaryFile /Users/admin/builder/spi-builder-workspace/.derivedData/Build/Intermediates.noindex/FlatBuffers.build/Debug-appletvos/FlatBuffers.build/Objects-normal/arm64/FlatBuffers.SwiftFileList (in target 'FlatBuffers' from project 'FlatBuffers')
    cd /Users/admin/builder/spi-builder-workspace/.dependencies/checkouts/flatbuffers
    write-file /Users/admin/builder/spi-builder-workspace/.derivedData/Build/Intermediates.noindex/FlatBuffers.build/Debug-appletvos/FlatBuffers.build/Objects-normal/arm64/FlatBuffers.SwiftFileList
WriteAuxiliaryFile /Users/admin/builder/spi-builder-workspace/.derivedData/Build/Intermediates.noindex/FlatBuffers.build/Debug-appletvos/FlatBuffers.build/Objects-normal/arm64/FlatBuffers.SwiftConstValuesFileList (in target 'FlatBuffers' from project 'FlatBuffers')
    cd /Users/admin/builder/spi-builder-workspace/.dependencies/checkouts/flatbuffers
    write-file /Users/admin/builder/spi-builder-workspace/.derivedData/Build/Intermediates.noindex/FlatBuffers.build/Debug-appletvos/FlatBuffers.build/Objects-normal/arm64/FlatBuffers.SwiftConstValuesFileList
WriteAuxiliaryFile /Users/admin/builder/spi-builder-workspace/.derivedData/Build/Intermediates.noindex/FlatBuffers.build/Debug-appletvos/FlatBuffers.build/Objects-normal/arm64/FlatBuffers.LinkFileList (in target 'FlatBuffers' from project 'FlatBuffers')
    cd /Users/admin/builder/spi-builder-workspace/.dependencies/checkouts/flatbuffers
    write-file /Users/admin/builder/spi-builder-workspace/.derivedData/Build/Intermediates.noindex/FlatBuffers.build/Debug-appletvos/FlatBuffers.build/Objects-normal/arm64/FlatBuffers.LinkFileList
WriteAuxiliaryFile /Users/admin/builder/spi-builder-workspace/.derivedData/Build/Intermediates.noindex/FlatBuffers.build/Debug-appletvos/FlatBuffers.build/FlatBuffers.modulemap (in target 'FlatBuffers' from project 'FlatBuffers')
    cd /Users/admin/builder/spi-builder-workspace/.dependencies/checkouts/flatbuffers
    write-file /Users/admin/builder/spi-builder-workspace/.derivedData/Build/Intermediates.noindex/FlatBuffers.build/Debug-appletvos/FlatBuffers.build/FlatBuffers.modulemap
WriteAuxiliaryFile /Users/admin/builder/spi-builder-workspace/.derivedData/Build/Intermediates.noindex/FlatBuffers.build/Debug-appletvos/FlatBuffers.build/Objects-normal/arm64/FlatBuffers-OutputFileMap.json (in target 'FlatBuffers' from project 'FlatBuffers')
    cd /Users/admin/builder/spi-builder-workspace/.dependencies/checkouts/flatbuffers
    write-file /Users/admin/builder/spi-builder-workspace/.derivedData/Build/Intermediates.noindex/FlatBuffers.build/Debug-appletvos/FlatBuffers.build/Objects-normal/arm64/FlatBuffers-OutputFileMap.json
WriteAuxiliaryFile /Users/admin/builder/spi-builder-workspace/.derivedData/Build/Intermediates.noindex/FlatBuffers.build/Debug-appletvos/FlatBuffers.build/FlatBuffers.DependencyStaticMetadataFileList (in target 'FlatBuffers' from project 'FlatBuffers')
    cd /Users/admin/builder/spi-builder-workspace/.dependencies/checkouts/flatbuffers
    write-file /Users/admin/builder/spi-builder-workspace/.derivedData/Build/Intermediates.noindex/FlatBuffers.build/Debug-appletvos/FlatBuffers.build/FlatBuffers.DependencyStaticMetadataFileList
WriteAuxiliaryFile /Users/admin/builder/spi-builder-workspace/.derivedData/Build/Intermediates.noindex/FlatBuffers.build/Debug-appletvos/FlatBuffers.build/FlatBuffers.DependencyMetadataFileList (in target 'FlatBuffers' from project 'FlatBuffers')
    cd /Users/admin/builder/spi-builder-workspace/.dependencies/checkouts/flatbuffers
    write-file /Users/admin/builder/spi-builder-workspace/.derivedData/Build/Intermediates.noindex/FlatBuffers.build/Debug-appletvos/FlatBuffers.build/FlatBuffers.DependencyMetadataFileList
Copy /Users/admin/builder/spi-builder-workspace/.derivedData/Build/Intermediates.noindex/GeneratedModuleMaps-appletvos/OpenMeteoSdk.modulemap /Users/admin/builder/spi-builder-workspace/.derivedData/Build/Intermediates.noindex/OpenMeteoSdk.build/Debug-appletvos/OpenMeteoSdk.build/OpenMeteoSdk.modulemap (in target 'OpenMeteoSdk' from project 'OpenMeteoSdk')
    cd /Users/admin/builder/spi-builder-workspace
    builtin-copy -exclude .DS_Store -exclude CVS -exclude .svn -exclude .git -exclude .hg -resolve-src-symlinks /Users/admin/builder/spi-builder-workspace/.derivedData/Build/Intermediates.noindex/OpenMeteoSdk.build/Debug-appletvos/OpenMeteoSdk.build/OpenMeteoSdk.modulemap /Users/admin/builder/spi-builder-workspace/.derivedData/Build/Intermediates.noindex/GeneratedModuleMaps-appletvos
WriteAuxiliaryFile /Users/admin/builder/spi-builder-workspace/.derivedData/Build/Intermediates.noindex/FlatBuffers.build/Debug-appletvos/Common.build/Objects-normal/arm64/Common_const_extract_protocols.json (in target 'Common' from project 'FlatBuffers')
    cd /Users/admin/builder/spi-builder-workspace/.dependencies/checkouts/flatbuffers
    write-file /Users/admin/builder/spi-builder-workspace/.derivedData/Build/Intermediates.noindex/FlatBuffers.build/Debug-appletvos/Common.build/Objects-normal/arm64/Common_const_extract_protocols.json
WriteAuxiliaryFile /Users/admin/builder/spi-builder-workspace/.derivedData/Build/Intermediates.noindex/FlatBuffers.build/Debug-appletvos/Common.build/Objects-normal/arm64/Common.SwiftFileList (in target 'Common' from project 'FlatBuffers')
    cd /Users/admin/builder/spi-builder-workspace/.dependencies/checkouts/flatbuffers
    write-file /Users/admin/builder/spi-builder-workspace/.derivedData/Build/Intermediates.noindex/FlatBuffers.build/Debug-appletvos/Common.build/Objects-normal/arm64/Common.SwiftFileList
WriteAuxiliaryFile /Users/admin/builder/spi-builder-workspace/.derivedData/Build/Intermediates.noindex/FlatBuffers.build/Debug-appletvos/Common.build/Objects-normal/arm64/Common.SwiftConstValuesFileList (in target 'Common' from project 'FlatBuffers')
    cd /Users/admin/builder/spi-builder-workspace/.dependencies/checkouts/flatbuffers
    write-file /Users/admin/builder/spi-builder-workspace/.derivedData/Build/Intermediates.noindex/FlatBuffers.build/Debug-appletvos/Common.build/Objects-normal/arm64/Common.SwiftConstValuesFileList
WriteAuxiliaryFile /Users/admin/builder/spi-builder-workspace/.derivedData/Build/Intermediates.noindex/FlatBuffers.build/Debug-appletvos/Common.build/Objects-normal/arm64/Common.LinkFileList (in target 'Common' from project 'FlatBuffers')
    cd /Users/admin/builder/spi-builder-workspace/.dependencies/checkouts/flatbuffers
    write-file /Users/admin/builder/spi-builder-workspace/.derivedData/Build/Intermediates.noindex/FlatBuffers.build/Debug-appletvos/Common.build/Objects-normal/arm64/Common.LinkFileList
WriteAuxiliaryFile /Users/admin/builder/spi-builder-workspace/.derivedData/Build/Intermediates.noindex/FlatBuffers.build/Debug-appletvos/Common.build/Objects-normal/arm64/Common-OutputFileMap.json (in target 'Common' from project 'FlatBuffers')
    cd /Users/admin/builder/spi-builder-workspace/.dependencies/checkouts/flatbuffers
    write-file /Users/admin/builder/spi-builder-workspace/.derivedData/Build/Intermediates.noindex/FlatBuffers.build/Debug-appletvos/Common.build/Objects-normal/arm64/Common-OutputFileMap.json
WriteAuxiliaryFile /Users/admin/builder/spi-builder-workspace/.derivedData/Build/Intermediates.noindex/FlatBuffers.build/Debug-appletvos/Common.build/Common.modulemap (in target 'Common' from project 'FlatBuffers')
    cd /Users/admin/builder/spi-builder-workspace/.dependencies/checkouts/flatbuffers
    write-file /Users/admin/builder/spi-builder-workspace/.derivedData/Build/Intermediates.noindex/FlatBuffers.build/Debug-appletvos/Common.build/Common.modulemap
WriteAuxiliaryFile /Users/admin/builder/spi-builder-workspace/.derivedData/Build/Intermediates.noindex/FlatBuffers.build/Debug-appletvos/Common.build/Common.DependencyStaticMetadataFileList (in target 'Common' from project 'FlatBuffers')
    cd /Users/admin/builder/spi-builder-workspace/.dependencies/checkouts/flatbuffers
    write-file /Users/admin/builder/spi-builder-workspace/.derivedData/Build/Intermediates.noindex/FlatBuffers.build/Debug-appletvos/Common.build/Common.DependencyStaticMetadataFileList
Copy /Users/admin/builder/spi-builder-workspace/.derivedData/Build/Intermediates.noindex/GeneratedModuleMaps-appletvos/FlatBuffers.modulemap /Users/admin/builder/spi-builder-workspace/.derivedData/Build/Intermediates.noindex/FlatBuffers.build/Debug-appletvos/FlatBuffers.build/FlatBuffers.modulemap (in target 'FlatBuffers' from project 'FlatBuffers')
    cd /Users/admin/builder/spi-builder-workspace/.dependencies/checkouts/flatbuffers
    builtin-copy -exclude .DS_Store -exclude CVS -exclude .svn -exclude .git -exclude .hg -resolve-src-symlinks /Users/admin/builder/spi-builder-workspace/.derivedData/Build/Intermediates.noindex/FlatBuffers.build/Debug-appletvos/FlatBuffers.build/FlatBuffers.modulemap /Users/admin/builder/spi-builder-workspace/.derivedData/Build/Intermediates.noindex/GeneratedModuleMaps-appletvos
WriteAuxiliaryFile /Users/admin/builder/spi-builder-workspace/.derivedData/Build/Intermediates.noindex/FlatBuffers.build/Debug-appletvos/Common.build/Common.DependencyMetadataFileList (in target 'Common' from project 'FlatBuffers')
    cd /Users/admin/builder/spi-builder-workspace/.dependencies/checkouts/flatbuffers
    write-file /Users/admin/builder/spi-builder-workspace/.derivedData/Build/Intermediates.noindex/FlatBuffers.build/Debug-appletvos/Common.build/Common.DependencyMetadataFileList
Copy /Users/admin/builder/spi-builder-workspace/.derivedData/Build/Intermediates.noindex/GeneratedModuleMaps-appletvos/Common.modulemap /Users/admin/builder/spi-builder-workspace/.derivedData/Build/Intermediates.noindex/FlatBuffers.build/Debug-appletvos/Common.build/Common.modulemap (in target 'Common' from project 'FlatBuffers')
    cd /Users/admin/builder/spi-builder-workspace/.dependencies/checkouts/flatbuffers
    builtin-copy -exclude .DS_Store -exclude CVS -exclude .svn -exclude .git -exclude .hg -resolve-src-symlinks /Users/admin/builder/spi-builder-workspace/.derivedData/Build/Intermediates.noindex/FlatBuffers.build/Debug-appletvos/Common.build/Common.modulemap /Users/admin/builder/spi-builder-workspace/.derivedData/Build/Intermediates.noindex/GeneratedModuleMaps-appletvos
SwiftDriver Common normal arm64 com.apple.xcode.tools.swift.compiler (in target 'Common' from project 'FlatBuffers')
    cd /Users/admin/builder/spi-builder-workspace/.swiftpm/xcode
    builtin-SwiftDriver -- /Applications/Xcode-26.3.0.app/Contents/Developer/Toolchains/XcodeDefault.xctoolchain/usr/bin/swiftc -module-name Common -Onone -enforce-exclusivity\=checked @/Users/admin/builder/spi-builder-workspace/.derivedData/Build/Intermediates.noindex/FlatBuffers.build/Debug-appletvos/Common.build/Objects-normal/arm64/Common.SwiftFileList -DSWIFT_PACKAGE -DDEBUG -DSWIFT_MODULE_RESOURCE_BUNDLE_UNAVAILABLE -DXcode -plugin-path /Applications/Xcode-26.3.0.app/Contents/Developer/Toolchains/XcodeDefault.xctoolchain/usr/lib/swift/host/plugins/testing -enable-experimental-feature DebugDescriptionMacro -sdk /Applications/Xcode-26.3.0.app/Contents/Developer/Platforms/AppleTVOS.platform/Developer/SDKs/AppleTVOS26.2.sdk -target arm64-apple-tvos12.0 -g -module-cache-path /Users/admin/builder/spi-builder-workspace/.derivedData/ModuleCache.noindex -Xfrontend -serialize-debugging-options -profile-coverage-mapping -profile-generate -enable-testing -suppress-warnings -index-store-path /Users/admin/builder/spi-builder-workspace/.derivedData/Index.noindex/DataStore -Xcc -D_LIBCPP_HARDENING_MODE\=_LIBCPP_HARDENING_MODE_DEBUG -swift-version 5 -I /Users/admin/builder/spi-builder-workspace/.derivedData/Build/Products/Debug-appletvos -Isystem /Applications/Xcode-26.3.0.app/Contents/Developer/Platforms/AppleTVOS.platform/Developer/usr/lib -F /Users/admin/builder/spi-builder-workspace/.derivedData/Build/Products/Debug-appletvos -F /Applications/Xcode-26.3.0.app/Contents/Developer/Platforms/AppleTVOS.platform/Developer/Library/Frameworks -F /Applications/Xcode-26.3.0.app/Contents/Developer/Platforms/AppleTVOS.platform/Developer/SDKs/AppleTVOS26.2.sdk/Developer/Library/Frameworks -c -j10 -enable-batch-mode -incremental -Xcc -ivfsstatcache -Xcc /Users/admin/builder/spi-builder-workspace/.derivedData/SDKStatCaches.noindex/appletvos26.2-23K50-dc75598d0054f22ec865fa860f139d72c1feacec85df2e04b9fa10f95e757c08.sdkstatcache -output-file-map /Users/admin/builder/spi-builder-workspace/.derivedData/Build/Intermediates.noindex/FlatBuffers.build/Debug-appletvos/Common.build/Objects-normal/arm64/Common-OutputFileMap.json -use-frontend-parseable-output -save-temps -no-color-diagnostics -explicit-module-build -module-cache-path /Users/admin/builder/spi-builder-workspace/.derivedData/Build/Intermediates.noindex/SwiftExplicitPrecompiledModules -clang-scanner-module-cache-path /Users/admin/builder/spi-builder-workspace/.derivedData/ModuleCache.noindex -sdk-module-cache-path /Users/admin/builder/spi-builder-workspace/.derivedData/ModuleCache.noindex -serialize-diagnostics -emit-dependencies -emit-module -emit-module-path /Users/admin/builder/spi-builder-workspace/.derivedData/Build/Intermediates.noindex/FlatBuffers.build/Debug-appletvos/Common.build/Objects-normal/arm64/Common.swiftmodule -validate-clang-modules-once -clang-build-session-file /Users/admin/builder/spi-builder-workspace/.derivedData/ModuleCache.noindex/Session.modulevalidation -package-name flatbuffers -Xcc -I/Users/admin/builder/spi-builder-workspace/.derivedData/Build/Intermediates.noindex/FlatBuffers.build/Debug-appletvos/Common.build/swift-overrides.hmap -emit-const-values -Xfrontend -const-gather-protocols-file -Xfrontend /Users/admin/builder/spi-builder-workspace/.derivedData/Build/Intermediates.noindex/FlatBuffers.build/Debug-appletvos/Common.build/Objects-normal/arm64/Common_const_extract_protocols.json -Xcc -I/Users/admin/builder/spi-builder-workspace/.derivedData/Build/Products/Debug-appletvos/include -Xcc -I/Users/admin/builder/spi-builder-workspace/.derivedData/Build/Intermediates.noindex/FlatBuffers.build/Debug-appletvos/Common.build/DerivedSources-normal/arm64 -Xcc -I/Users/admin/builder/spi-builder-workspace/.derivedData/Build/Intermediates.noindex/FlatBuffers.build/Debug-appletvos/Common.build/DerivedSources/arm64 -Xcc -I/Users/admin/builder/spi-builder-workspace/.derivedData/Build/Intermediates.noindex/FlatBuffers.build/Debug-appletvos/Common.build/DerivedSources -Xcc -DSWIFT_PACKAGE -Xcc -DDEBUG\=1 -emit-objc-header -emit-objc-header-path /Users/admin/builder/spi-builder-workspace/.derivedData/Build/Intermediates.noindex/FlatBuffers.build/Debug-appletvos/Common.build/Objects-normal/arm64/Common-Swift.h -working-directory /Users/admin/builder/spi-builder-workspace/.swiftpm/xcode -experimental-emit-module-separately -disable-cmo
SwiftExplicitDependencyGeneratePcm arm64 /Users/admin/builder/spi-builder-workspace/.derivedData/ModuleCache.noindex/_AvailabilityInternal-7Z5BXIW8MVEC0EU944AVMJ6RG.pcm
SwiftExplicitDependencyGeneratePcm arm64 /Users/admin/builder/spi-builder-workspace/.derivedData/ModuleCache.noindex/_SwiftConcurrencyShims-3NXAGF6DBLF3LKTFUNVFWKWNL.pcm
SwiftExplicitDependencyGeneratePcm arm64 /Users/admin/builder/spi-builder-workspace/.derivedData/ModuleCache.noindex/SwiftShims-CUB1TEDTB8JJWCJBYK0EW7HWD.pcm
SwiftExplicitDependencyGeneratePcm arm64 /Users/admin/builder/spi-builder-workspace/.derivedData/ModuleCache.noindex/ptrcheck-A262UIO72NZ44KOOUHYVTVD34.pcm
SwiftExplicitDependencyGeneratePcm arm64 /Users/admin/builder/spi-builder-workspace/.derivedData/ModuleCache.noindex/_Builtin_stddef-A57D84N7A2Q4CVJV245Y9GGPK.pcm
SwiftExplicitDependencyGeneratePcm arm64 /Users/admin/builder/spi-builder-workspace/.derivedData/ModuleCache.noindex/_Builtin_stdarg-A18228RMTOUB0VOFXESBRN21U.pcm
SwiftExplicitDependencyGeneratePcm arm64 /Users/admin/builder/spi-builder-workspace/.derivedData/ModuleCache.noindex/ptrauth-C7ZNRUUC7QC8O8GNT7R7A8QTZ.pcm
SwiftExplicitDependencyGeneratePcm arm64 /Users/admin/builder/spi-builder-workspace/.derivedData/ModuleCache.noindex/_Builtin_float-ET5C1L7ONVBB23WGY8RHPACZN.pcm
SwiftExplicitDependencyGeneratePcm arm64 /Users/admin/builder/spi-builder-workspace/.derivedData/ModuleCache.noindex/_Builtin_stdbool-EAYCD616FQ0RDYYOEFYO1BMV1.pcm
SwiftExplicitDependencyGeneratePcm arm64 /Users/admin/builder/spi-builder-workspace/.derivedData/ModuleCache.noindex/_DarwinFoundation1-E448SFMHAYNCYJ90LFJKGGUMT.pcm
SwiftExplicitDependencyGeneratePcm arm64 /Users/admin/builder/spi-builder-workspace/.derivedData/ModuleCache.noindex/_DarwinFoundation2-7MGFTKQ0OUDR1C72INHLA4BE.pcm
SwiftExplicitDependencyGeneratePcm arm64 /Users/admin/builder/spi-builder-workspace/.derivedData/ModuleCache.noindex/_Builtin_limits-BN0867716FZWZWJB23IHOUFY5.pcm
SwiftExplicitDependencyGeneratePcm arm64 /Users/admin/builder/spi-builder-workspace/.derivedData/ModuleCache.noindex/_Builtin_stdint-7DORIFH0ZITTV4JODPMB69RV5.pcm
SwiftExplicitDependencyGeneratePcm arm64 /Users/admin/builder/spi-builder-workspace/.derivedData/ModuleCache.noindex/sys_types-1XFO68C1O9POTJSZ7ROIU30GG.pcm
SwiftExplicitDependencyGeneratePcm arm64 /Users/admin/builder/spi-builder-workspace/.derivedData/ModuleCache.noindex/_DarwinFoundation3-4HXAW79ZF68GE3HPQ3JFIKEN1.pcm
SwiftExplicitDependencyGeneratePcm arm64 /Users/admin/builder/spi-builder-workspace/.derivedData/ModuleCache.noindex/_Builtin_inttypes-R227UYNR87N7HXSJ0SI7N4S2.pcm
SwiftExplicitDependencyGeneratePcm arm64 /Users/admin/builder/spi-builder-workspace/.derivedData/ModuleCache.noindex/Darwin-A13RNMYMYUMU4Q8WZT7O0VTD0.pcm
SwiftExplicitDependencyGeneratePcm arm64 /Users/admin/builder/spi-builder-workspace/.derivedData/ModuleCache.noindex/ObjectiveC-364JM390UZ0K2LTG52PF6POJQ.pcm
SwiftExplicitDependencyGeneratePcm arm64 /Users/admin/builder/spi-builder-workspace/.derivedData/ModuleCache.noindex/os_object-4K7P301X1OJT48ALUBN64GT9C.pcm
SwiftExplicitDependencyGeneratePcm arm64 /Users/admin/builder/spi-builder-workspace/.derivedData/ModuleCache.noindex/os_workgroup-6PLG1EA9WQAOU683M7F7AY01O.pcm
SwiftExplicitDependencyGeneratePcm arm64 /Users/admin/builder/spi-builder-workspace/.derivedData/ModuleCache.noindex/Dispatch-E0BNAXPW36UE3MS5CDDD6KDH2.pcm
SwiftExplicitDependencyGeneratePcm arm64 /Users/admin/builder/spi-builder-workspace/.derivedData/ModuleCache.noindex/CoreFoundation-5J4SIZCW68BHIY7F5M1KSQ9HB.pcm
SwiftExplicitDependencyGeneratePcm arm64 /Users/admin/builder/spi-builder-workspace/.derivedData/ModuleCache.noindex/CFNetwork-6L1G3F5CHOB23JDHSD9JLQRKP.pcm
SwiftExplicitDependencyGeneratePcm arm64 /Users/admin/builder/spi-builder-workspace/.derivedData/ModuleCache.noindex/Security-BQZXUCN4ENBGM0IVTT1TCS5E4.pcm
SwiftExplicitDependencyGeneratePcm arm64 /Users/admin/builder/spi-builder-workspace/.derivedData/ModuleCache.noindex/Foundation-36RNFA2UNUZB7F30GQWLJSFJV.pcm
SwiftCompile normal arm64 Compiling\ Scalar.swift /Users/admin/builder/spi-builder-workspace/.dependencies/checkouts/flatbuffers/swift/Sources/Common/Scalar.swift (in target 'Common' from project 'FlatBuffers')
SwiftCompile normal arm64 /Users/admin/builder/spi-builder-workspace/.dependencies/checkouts/flatbuffers/swift/Sources/Common/Scalar.swift (in target 'Common' from project 'FlatBuffers')
    cd /Users/admin/builder/spi-builder-workspace/.swiftpm/xcode

SwiftCompile normal arm64 Compiling\ padding.swift /Users/admin/builder/spi-builder-workspace/.dependencies/checkouts/flatbuffers/swift/Sources/Common/padding.swift (in target 'Common' from project 'FlatBuffers')
SwiftCompile normal arm64 /Users/admin/builder/spi-builder-workspace/.dependencies/checkouts/flatbuffers/swift/Sources/Common/padding.swift (in target 'Common' from project 'FlatBuffers')
    cd /Users/admin/builder/spi-builder-workspace/.swiftpm/xcode

SwiftEmitModule normal arm64 Emitting\ module\ for\ Common (in target 'Common' from project 'FlatBuffers')
EmitSwiftModule normal arm64 (in target 'Common' from project 'FlatBuffers')
    cd /Users/admin/builder/spi-builder-workspace/.swiftpm/xcode

SwiftCompile normal arm64 Compiling\ Int+extension.swift /Users/admin/builder/spi-builder-workspace/.dependencies/checkouts/flatbuffers/swift/Sources/Common/Int+extension.swift (in target 'Common' from project 'FlatBuffers')
SwiftCompile normal arm64 /Users/admin/builder/spi-builder-workspace/.dependencies/checkouts/flatbuffers/swift/Sources/Common/Int+extension.swift (in target 'Common' from project 'FlatBuffers')
    cd /Users/admin/builder/spi-builder-workspace/.swiftpm/xcode

SwiftDriverJobDiscovery normal arm64 Emitting module for Common (in target 'Common' from project 'FlatBuffers')
SwiftDriver\ Compilation\ Requirements Common normal arm64 com.apple.xcode.tools.swift.compiler (in target 'Common' from project 'FlatBuffers')
    cd /Users/admin/builder/spi-builder-workspace/.swiftpm/xcode
    builtin-Swift-Compilation-Requirements -- /Applications/Xcode-26.3.0.app/Contents/Developer/Toolchains/XcodeDefault.xctoolchain/usr/bin/swiftc -module-name Common -Onone -enforce-exclusivity\=checked @/Users/admin/builder/spi-builder-workspace/.derivedData/Build/Intermediates.noindex/FlatBuffers.build/Debug-appletvos/Common.build/Objects-normal/arm64/Common.SwiftFileList -DSWIFT_PACKAGE -DDEBUG -DSWIFT_MODULE_RESOURCE_BUNDLE_UNAVAILABLE -DXcode -plugin-path /Applications/Xcode-26.3.0.app/Contents/Developer/Toolchains/XcodeDefault.xctoolchain/usr/lib/swift/host/plugins/testing -enable-experimental-feature DebugDescriptionMacro -sdk /Applications/Xcode-26.3.0.app/Contents/Developer/Platforms/AppleTVOS.platform/Developer/SDKs/AppleTVOS26.2.sdk -target arm64-apple-tvos12.0 -g -module-cache-path /Users/admin/builder/spi-builder-workspace/.derivedData/ModuleCache.noindex -Xfrontend -serialize-debugging-options -profile-coverage-mapping -profile-generate -enable-testing -suppress-warnings -index-store-path /Users/admin/builder/spi-builder-workspace/.derivedData/Index.noindex/DataStore -Xcc -D_LIBCPP_HARDENING_MODE\=_LIBCPP_HARDENING_MODE_DEBUG -swift-version 5 -I /Users/admin/builder/spi-builder-workspace/.derivedData/Build/Products/Debug-appletvos -Isystem /Applications/Xcode-26.3.0.app/Contents/Developer/Platforms/AppleTVOS.platform/Developer/usr/lib -F /Users/admin/builder/spi-builder-workspace/.derivedData/Build/Products/Debug-appletvos -F /Applications/Xcode-26.3.0.app/Contents/Developer/Platforms/AppleTVOS.platform/Developer/Library/Frameworks -F /Applications/Xcode-26.3.0.app/Contents/Developer/Platforms/AppleTVOS.platform/Developer/SDKs/AppleTVOS26.2.sdk/Developer/Library/Frameworks -c -j10 -enable-batch-mode -incremental -Xcc -ivfsstatcache -Xcc /Users/admin/builder/spi-builder-workspace/.derivedData/SDKStatCaches.noindex/appletvos26.2-23K50-dc75598d0054f22ec865fa860f139d72c1feacec85df2e04b9fa10f95e757c08.sdkstatcache -output-file-map /Users/admin/builder/spi-builder-workspace/.derivedData/Build/Intermediates.noindex/FlatBuffers.build/Debug-appletvos/Common.build/Objects-normal/arm64/Common-OutputFileMap.json -use-frontend-parseable-output -save-temps -no-color-diagnostics -explicit-module-build -module-cache-path /Users/admin/builder/spi-builder-workspace/.derivedData/Build/Intermediates.noindex/SwiftExplicitPrecompiledModules -clang-scanner-module-cache-path /Users/admin/builder/spi-builder-workspace/.derivedData/ModuleCache.noindex -sdk-module-cache-path /Users/admin/builder/spi-builder-workspace/.derivedData/ModuleCache.noindex -serialize-diagnostics -emit-dependencies -emit-module -emit-module-path /Users/admin/builder/spi-builder-workspace/.derivedData/Build/Intermediates.noindex/FlatBuffers.build/Debug-appletvos/Common.build/Objects-normal/arm64/Common.swiftmodule -validate-clang-modules-once -clang-build-session-file /Users/admin/builder/spi-builder-workspace/.derivedData/ModuleCache.noindex/Session.modulevalidation -package-name flatbuffers -Xcc -I/Users/admin/builder/spi-builder-workspace/.derivedData/Build/Intermediates.noindex/FlatBuffers.build/Debug-appletvos/Common.build/swift-overrides.hmap -emit-const-values -Xfrontend -const-gather-protocols-file -Xfrontend /Users/admin/builder/spi-builder-workspace/.derivedData/Build/Intermediates.noindex/FlatBuffers.build/Debug-appletvos/Common.build/Objects-normal/arm64/Common_const_extract_protocols.json -Xcc -I/Users/admin/builder/spi-builder-workspace/.derivedData/Build/Products/Debug-appletvos/include -Xcc -I/Users/admin/builder/spi-builder-workspace/.derivedData/Build/Intermediates.noindex/FlatBuffers.build/Debug-appletvos/Common.build/DerivedSources-normal/arm64 -Xcc -I/Users/admin/builder/spi-builder-workspace/.derivedData/Build/Intermediates.noindex/FlatBuffers.build/Debug-appletvos/Common.build/DerivedSources/arm64 -Xcc -I/Users/admin/builder/spi-builder-workspace/.derivedData/Build/Intermediates.noindex/FlatBuffers.build/Debug-appletvos/Common.build/DerivedSources -Xcc -DSWIFT_PACKAGE -Xcc -DDEBUG\=1 -emit-objc-header -emit-objc-header-path /Users/admin/builder/spi-builder-workspace/.derivedData/Build/Intermediates.noindex/FlatBuffers.build/Debug-appletvos/Common.build/Objects-normal/arm64/Common-Swift.h -working-directory /Users/admin/builder/spi-builder-workspace/.swiftpm/xcode -experimental-emit-module-separately -disable-cmo
SwiftMergeGeneratedHeaders /Users/admin/builder/spi-builder-workspace/.derivedData/Build/Intermediates.noindex/GeneratedModuleMaps-appletvos/Common-Swift.h /Users/admin/builder/spi-builder-workspace/.derivedData/Build/Intermediates.noindex/FlatBuffers.build/Debug-appletvos/Common.build/Objects-normal/arm64/Common-Swift.h (in target 'Common' from project 'FlatBuffers')
    cd /Users/admin/builder/spi-builder-workspace/.dependencies/checkouts/flatbuffers
    builtin-swiftHeaderTool -arch arm64 /Users/admin/builder/spi-builder-workspace/.derivedData/Build/Intermediates.noindex/FlatBuffers.build/Debug-appletvos/Common.build/Objects-normal/arm64/Common-Swift.h -o /Users/admin/builder/spi-builder-workspace/.derivedData/Build/Intermediates.noindex/GeneratedModuleMaps-appletvos/Common-Swift.h
Copy /Users/admin/builder/spi-builder-workspace/.derivedData/Build/Products/Debug-appletvos/Common.swiftmodule/arm64-apple-tvos.swiftmodule /Users/admin/builder/spi-builder-workspace/.derivedData/Build/Intermediates.noindex/FlatBuffers.build/Debug-appletvos/Common.build/Objects-normal/arm64/Common.swiftmodule (in target 'Common' from project 'FlatBuffers')
    cd /Users/admin/builder/spi-builder-workspace/.dependencies/checkouts/flatbuffers
    builtin-copy -exclude .DS_Store -exclude CVS -exclude .svn -exclude .git -exclude .hg -resolve-src-symlinks -rename /Users/admin/builder/spi-builder-workspace/.derivedData/Build/Intermediates.noindex/FlatBuffers.build/Debug-appletvos/Common.build/Objects-normal/arm64/Common.swiftmodule /Users/admin/builder/spi-builder-workspace/.derivedData/Build/Products/Debug-appletvos/Common.swiftmodule/arm64-apple-tvos.swiftmodule
Copy /Users/admin/builder/spi-builder-workspace/.derivedData/Build/Products/Debug-appletvos/Common.swiftmodule/arm64-apple-tvos.swiftdoc /Users/admin/builder/spi-builder-workspace/.derivedData/Build/Intermediates.noindex/FlatBuffers.build/Debug-appletvos/Common.build/Objects-normal/arm64/Common.swiftdoc (in target 'Common' from project 'FlatBuffers')
    cd /Users/admin/builder/spi-builder-workspace/.dependencies/checkouts/flatbuffers
    builtin-copy -exclude .DS_Store -exclude CVS -exclude .svn -exclude .git -exclude .hg -resolve-src-symlinks -rename /Users/admin/builder/spi-builder-workspace/.derivedData/Build/Intermediates.noindex/FlatBuffers.build/Debug-appletvos/Common.build/Objects-normal/arm64/Common.swiftdoc /Users/admin/builder/spi-builder-workspace/.derivedData/Build/Products/Debug-appletvos/Common.swiftmodule/arm64-apple-tvos.swiftdoc
Copy /Users/admin/builder/spi-builder-workspace/.derivedData/Build/Products/Debug-appletvos/Common.swiftmodule/arm64-apple-tvos.abi.json /Users/admin/builder/spi-builder-workspace/.derivedData/Build/Intermediates.noindex/FlatBuffers.build/Debug-appletvos/Common.build/Objects-normal/arm64/Common.abi.json (in target 'Common' from project 'FlatBuffers')
    cd /Users/admin/builder/spi-builder-workspace/.dependencies/checkouts/flatbuffers
    builtin-copy -exclude .DS_Store -exclude CVS -exclude .svn -exclude .git -exclude .hg -resolve-src-symlinks -rename /Users/admin/builder/spi-builder-workspace/.derivedData/Build/Intermediates.noindex/FlatBuffers.build/Debug-appletvos/Common.build/Objects-normal/arm64/Common.abi.json /Users/admin/builder/spi-builder-workspace/.derivedData/Build/Products/Debug-appletvos/Common.swiftmodule/arm64-apple-tvos.abi.json
Copy /Users/admin/builder/spi-builder-workspace/.derivedData/Build/Products/Debug-appletvos/Common.swiftmodule/Project/arm64-apple-tvos.swiftsourceinfo /Users/admin/builder/spi-builder-workspace/.derivedData/Build/Intermediates.noindex/FlatBuffers.build/Debug-appletvos/Common.build/Objects-normal/arm64/Common.swiftsourceinfo (in target 'Common' from project 'FlatBuffers')
    cd /Users/admin/builder/spi-builder-workspace/.dependencies/checkouts/flatbuffers
    builtin-copy -exclude .DS_Store -exclude CVS -exclude .svn -exclude .git -exclude .hg -resolve-src-symlinks -rename /Users/admin/builder/spi-builder-workspace/.derivedData/Build/Intermediates.noindex/FlatBuffers.build/Debug-appletvos/Common.build/Objects-normal/arm64/Common.swiftsourceinfo /Users/admin/builder/spi-builder-workspace/.derivedData/Build/Products/Debug-appletvos/Common.swiftmodule/Project/arm64-apple-tvos.swiftsourceinfo
SwiftDriver FlatBuffers normal arm64 com.apple.xcode.tools.swift.compiler (in target 'FlatBuffers' from project 'FlatBuffers')
    cd /Users/admin/builder/spi-builder-workspace/.swiftpm/xcode
    builtin-SwiftDriver -- /Applications/Xcode-26.3.0.app/Contents/Developer/Toolchains/XcodeDefault.xctoolchain/usr/bin/swiftc -module-name FlatBuffers -Onone -enforce-exclusivity\=checked @/Users/admin/builder/spi-builder-workspace/.derivedData/Build/Intermediates.noindex/FlatBuffers.build/Debug-appletvos/FlatBuffers.build/Objects-normal/arm64/FlatBuffers.SwiftFileList -DSWIFT_PACKAGE -DDEBUG -DSWIFT_MODULE_RESOURCE_BUNDLE_UNAVAILABLE -DXcode -plugin-path /Applications/Xcode-26.3.0.app/Contents/Developer/Toolchains/XcodeDefault.xctoolchain/usr/lib/swift/host/plugins/testing -enable-experimental-feature DebugDescriptionMacro -sdk /Applications/Xcode-26.3.0.app/Contents/Developer/Platforms/AppleTVOS.platform/Developer/SDKs/AppleTVOS26.2.sdk -target arm64-apple-tvos12.0 -g -module-cache-path /Users/admin/builder/spi-builder-workspace/.derivedData/ModuleCache.noindex -Xfrontend -serialize-debugging-options -profile-coverage-mapping -profile-generate -enable-testing -suppress-warnings -index-store-path /Users/admin/builder/spi-builder-workspace/.derivedData/Index.noindex/DataStore -Xcc -D_LIBCPP_HARDENING_MODE\=_LIBCPP_HARDENING_MODE_DEBUG -swift-version 5 -I /Users/admin/builder/spi-builder-workspace/.derivedData/Build/Products/Debug-appletvos -Isystem /Applications/Xcode-26.3.0.app/Contents/Developer/Platforms/AppleTVOS.platform/Developer/usr/lib -F /Users/admin/builder/spi-builder-workspace/.derivedData/Build/Products/Debug-appletvos/PackageFrameworks -F /Users/admin/builder/spi-builder-workspace/.derivedData/Build/Products/Debug-appletvos -F /Applications/Xcode-26.3.0.app/Contents/Developer/Platforms/AppleTVOS.platform/Developer/Library/Frameworks -F /Applications/Xcode-26.3.0.app/Contents/Developer/Platforms/AppleTVOS.platform/Developer/SDKs/AppleTVOS26.2.sdk/Developer/Library/Frameworks -c -j10 -enable-batch-mode -incremental -Xcc -ivfsstatcache -Xcc /Users/admin/builder/spi-builder-workspace/.derivedData/SDKStatCaches.noindex/appletvos26.2-23K50-dc75598d0054f22ec865fa860f139d72c1feacec85df2e04b9fa10f95e757c08.sdkstatcache -output-file-map /Users/admin/builder/spi-builder-workspace/.derivedData/Build/Intermediates.noindex/FlatBuffers.build/Debug-appletvos/FlatBuffers.build/Objects-normal/arm64/FlatBuffers-OutputFileMap.json -use-frontend-parseable-output -save-temps -no-color-diagnostics -explicit-module-build -module-cache-path /Users/admin/builder/spi-builder-workspace/.derivedData/Build/Intermediates.noindex/SwiftExplicitPrecompiledModules -clang-scanner-module-cache-path /Users/admin/builder/spi-builder-workspace/.derivedData/ModuleCache.noindex -sdk-module-cache-path /Users/admin/builder/spi-builder-workspace/.derivedData/ModuleCache.noindex -serialize-diagnostics -emit-dependencies -emit-module -emit-module-path /Users/admin/builder/spi-builder-workspace/.derivedData/Build/Intermediates.noindex/FlatBuffers.build/Debug-appletvos/FlatBuffers.build/Objects-normal/arm64/FlatBuffers.swiftmodule -validate-clang-modules-once -clang-build-session-file /Users/admin/builder/spi-builder-workspace/.derivedData/ModuleCache.noindex/Session.modulevalidation -package-name flatbuffers -Xcc -I/Users/admin/builder/spi-builder-workspace/.derivedData/Build/Intermediates.noindex/FlatBuffers.build/Debug-appletvos/FlatBuffers.build/swift-overrides.hmap -emit-const-values -Xfrontend -const-gather-protocols-file -Xfrontend /Users/admin/builder/spi-builder-workspace/.derivedData/Build/Intermediates.noindex/FlatBuffers.build/Debug-appletvos/FlatBuffers.build/Objects-normal/arm64/FlatBuffers_const_extract_protocols.json -Xcc -I/Users/admin/builder/spi-builder-workspace/.derivedData/Build/Products/Debug-appletvos/include -Xcc -I/Users/admin/builder/spi-builder-workspace/.derivedData/Build/Intermediates.noindex/FlatBuffers.build/Debug-appletvos/FlatBuffers.build/DerivedSources-normal/arm64 -Xcc -I/Users/admin/builder/spi-builder-workspace/.derivedData/Build/Intermediates.noindex/FlatBuffers.build/Debug-appletvos/FlatBuffers.build/DerivedSources/arm64 -Xcc -I/Users/admin/builder/spi-builder-workspace/.derivedData/Build/Intermediates.noindex/FlatBuffers.build/Debug-appletvos/FlatBuffers.build/DerivedSources -Xcc -DSWIFT_PACKAGE -Xcc -DDEBUG\=1 -emit-objc-header -emit-objc-header-path /Users/admin/builder/spi-builder-workspace/.derivedData/Build/Intermediates.noindex/FlatBuffers.build/Debug-appletvos/FlatBuffers.build/Objects-normal/arm64/FlatBuffers-Swift.h -working-directory /Users/admin/builder/spi-builder-workspace/.swiftpm/xcode -experimental-emit-module-separately -disable-cmo
SwiftCompile normal arm64 Compiling\ FlatBufferObject.swift,\ FlatBuffersUtils.swift /Users/admin/builder/spi-builder-workspace/.dependencies/checkouts/flatbuffers/swift/Sources/FlatBuffers/FlatBufferObject.swift /Users/admin/builder/spi-builder-workspace/.dependencies/checkouts/flatbuffers/swift/Sources/FlatBuffers/FlatBuffersUtils.swift (in target 'FlatBuffers' from project 'FlatBuffers')
SwiftCompile normal arm64 /Users/admin/builder/spi-builder-workspace/.dependencies/checkouts/flatbuffers/swift/Sources/FlatBuffers/FlatBufferObject.swift (in target 'FlatBuffers' from project 'FlatBuffers')
    cd /Users/admin/builder/spi-builder-workspace/.swiftpm/xcode

SwiftCompile normal arm64 /Users/admin/builder/spi-builder-workspace/.dependencies/checkouts/flatbuffers/swift/Sources/FlatBuffers/FlatBuffersUtils.swift (in target 'FlatBuffers' from project 'FlatBuffers')
    cd /Users/admin/builder/spi-builder-workspace/.swiftpm/xcode

SwiftEmitModule normal arm64 Emitting\ module\ for\ FlatBuffers (in target 'FlatBuffers' from project 'FlatBuffers')
EmitSwiftModule normal arm64 (in target 'FlatBuffers' from project 'FlatBuffers')
    cd /Users/admin/builder/spi-builder-workspace/.swiftpm/xcode

SwiftCompile normal arm64 Compiling\ String+extension.swift,\ Struct.swift /Users/admin/builder/spi-builder-workspace/.dependencies/checkouts/flatbuffers/swift/Sources/FlatBuffers/String+extension.swift /Users/admin/builder/spi-builder-workspace/.dependencies/checkouts/flatbuffers/swift/Sources/FlatBuffers/Struct.swift (in target 'FlatBuffers' from project 'FlatBuffers')
SwiftCompile normal arm64 /Users/admin/builder/spi-builder-workspace/.dependencies/checkouts/flatbuffers/swift/Sources/FlatBuffers/String+extension.swift (in target 'FlatBuffers' from project 'FlatBuffers')
    cd /Users/admin/builder/spi-builder-workspace/.swiftpm/xcode

SwiftCompile normal arm64 /Users/admin/builder/spi-builder-workspace/.dependencies/checkouts/flatbuffers/swift/Sources/FlatBuffers/Struct.swift (in target 'FlatBuffers' from project 'FlatBuffers')
    cd /Users/admin/builder/spi-builder-workspace/.swiftpm/xcode

SwiftCompile normal arm64 Compiling\ FlatbuffersErrors.swift,\ Message.swift /Users/admin/builder/spi-builder-workspace/.dependencies/checkouts/flatbuffers/swift/Sources/FlatBuffers/FlatbuffersErrors.swift /Users/admin/builder/spi-builder-workspace/.dependencies/checkouts/flatbuffers/swift/Sources/FlatBuffers/Message.swift (in target 'FlatBuffers' from project 'FlatBuffers')
SwiftCompile normal arm64 /Users/admin/builder/spi-builder-workspace/.dependencies/checkouts/flatbuffers/swift/Sources/FlatBuffers/FlatbuffersErrors.swift (in target 'FlatBuffers' from project 'FlatBuffers')
    cd /Users/admin/builder/spi-builder-workspace/.swiftpm/xcode

SwiftCompile normal arm64 /Users/admin/builder/spi-builder-workspace/.dependencies/checkouts/flatbuffers/swift/Sources/FlatBuffers/Message.swift (in target 'FlatBuffers' from project 'FlatBuffers')
    cd /Users/admin/builder/spi-builder-workspace/.swiftpm/xcode

SwiftCompile normal arm64 Compiling\ Table.swift,\ TableVerifier.swift /Users/admin/builder/spi-builder-workspace/.dependencies/checkouts/flatbuffers/swift/Sources/FlatBuffers/Table.swift /Users/admin/builder/spi-builder-workspace/.dependencies/checkouts/flatbuffers/swift/Sources/FlatBuffers/TableVerifier.swift (in target 'FlatBuffers' from project 'FlatBuffers')
SwiftCompile normal arm64 /Users/admin/builder/spi-builder-workspace/.dependencies/checkouts/flatbuffers/swift/Sources/FlatBuffers/Table.swift (in target 'FlatBuffers' from project 'FlatBuffers')
    cd /Users/admin/builder/spi-builder-workspace/.swiftpm/xcode

SwiftCompile normal arm64 /Users/admin/builder/spi-builder-workspace/.dependencies/checkouts/flatbuffers/swift/Sources/FlatBuffers/TableVerifier.swift (in target 'FlatBuffers' from project 'FlatBuffers')
    cd /Users/admin/builder/spi-builder-workspace/.swiftpm/xcode

SwiftCompile normal arm64 Compiling\ Verifier.swift,\ _InternalByteBuffer.swift /Users/admin/builder/spi-builder-workspace/.dependencies/checkouts/flatbuffers/swift/Sources/FlatBuffers/Verifier.swift /Users/admin/builder/spi-builder-workspace/.dependencies/checkouts/flatbuffers/swift/Sources/FlatBuffers/_InternalByteBuffer.swift (in target 'FlatBuffers' from project 'FlatBuffers')
SwiftCompile normal arm64 /Users/admin/builder/spi-builder-workspace/.dependencies/checkouts/flatbuffers/swift/Sources/FlatBuffers/Verifier.swift (in target 'FlatBuffers' from project 'FlatBuffers')
    cd /Users/admin/builder/spi-builder-workspace/.swiftpm/xcode

SwiftCompile normal arm64 /Users/admin/builder/spi-builder-workspace/.dependencies/checkouts/flatbuffers/swift/Sources/FlatBuffers/_InternalByteBuffer.swift (in target 'FlatBuffers' from project 'FlatBuffers')
    cd /Users/admin/builder/spi-builder-workspace/.swiftpm/xcode

SwiftCompile normal arm64 Compiling\ VeriferOptions.swift,\ Verifiable.swift /Users/admin/builder/spi-builder-workspace/.dependencies/checkouts/flatbuffers/swift/Sources/FlatBuffers/VeriferOptions.swift /Users/admin/builder/spi-builder-workspace/.dependencies/checkouts/flatbuffers/swift/Sources/FlatBuffers/Verifiable.swift (in target 'FlatBuffers' from project 'FlatBuffers')
SwiftCompile normal arm64 /Users/admin/builder/spi-builder-workspace/.dependencies/checkouts/flatbuffers/swift/Sources/FlatBuffers/VeriferOptions.swift (in target 'FlatBuffers' from project 'FlatBuffers')
    cd /Users/admin/builder/spi-builder-workspace/.swiftpm/xcode

SwiftCompile normal arm64 /Users/admin/builder/spi-builder-workspace/.dependencies/checkouts/flatbuffers/swift/Sources/FlatBuffers/Verifiable.swift (in target 'FlatBuffers' from project 'FlatBuffers')
    cd /Users/admin/builder/spi-builder-workspace/.swiftpm/xcode

SwiftCompile normal arm64 Compiling\ Mutable.swift,\ NativeObject.swift /Users/admin/builder/spi-builder-workspace/.dependencies/checkouts/flatbuffers/swift/Sources/FlatBuffers/Mutable.swift /Users/admin/builder/spi-builder-workspace/.dependencies/checkouts/flatbuffers/swift/Sources/FlatBuffers/NativeObject.swift (in target 'FlatBuffers' from project 'FlatBuffers')
SwiftCompile normal arm64 /Users/admin/builder/spi-builder-workspace/.dependencies/checkouts/flatbuffers/swift/Sources/FlatBuffers/Mutable.swift (in target 'FlatBuffers' from project 'FlatBuffers')
    cd /Users/admin/builder/spi-builder-workspace/.swiftpm/xcode

SwiftCompile normal arm64 /Users/admin/builder/spi-builder-workspace/.dependencies/checkouts/flatbuffers/swift/Sources/FlatBuffers/NativeObject.swift (in target 'FlatBuffers' from project 'FlatBuffers')
    cd /Users/admin/builder/spi-builder-workspace/.swiftpm/xcode

SwiftDriverJobDiscovery normal arm64 Emitting module for FlatBuffers (in target 'FlatBuffers' from project 'FlatBuffers')
SwiftDriver\ Compilation\ Requirements FlatBuffers normal arm64 com.apple.xcode.tools.swift.compiler (in target 'FlatBuffers' from project 'FlatBuffers')
    cd /Users/admin/builder/spi-builder-workspace/.swiftpm/xcode
    builtin-Swift-Compilation-Requirements -- /Applications/Xcode-26.3.0.app/Contents/Developer/Toolchains/XcodeDefault.xctoolchain/usr/bin/swiftc -module-name FlatBuffers -Onone -enforce-exclusivity\=checked @/Users/admin/builder/spi-builder-workspace/.derivedData/Build/Intermediates.noindex/FlatBuffers.build/Debug-appletvos/FlatBuffers.build/Objects-normal/arm64/FlatBuffers.SwiftFileList -DSWIFT_PACKAGE -DDEBUG -DSWIFT_MODULE_RESOURCE_BUNDLE_UNAVAILABLE -DXcode -plugin-path /Applications/Xcode-26.3.0.app/Contents/Developer/Toolchains/XcodeDefault.xctoolchain/usr/lib/swift/host/plugins/testing -enable-experimental-feature DebugDescriptionMacro -sdk /Applications/Xcode-26.3.0.app/Contents/Developer/Platforms/AppleTVOS.platform/Developer/SDKs/AppleTVOS26.2.sdk -target arm64-apple-tvos12.0 -g -module-cache-path /Users/admin/builder/spi-builder-workspace/.derivedData/ModuleCache.noindex -Xfrontend -serialize-debugging-options -profile-coverage-mapping -profile-generate -enable-testing -suppress-warnings -index-store-path /Users/admin/builder/spi-builder-workspace/.derivedData/Index.noindex/DataStore -Xcc -D_LIBCPP_HARDENING_MODE\=_LIBCPP_HARDENING_MODE_DEBUG -swift-version 5 -I /Users/admin/builder/spi-builder-workspace/.derivedData/Build/Products/Debug-appletvos -Isystem /Applications/Xcode-26.3.0.app/Contents/Developer/Platforms/AppleTVOS.platform/Developer/usr/lib -F /Users/admin/builder/spi-builder-workspace/.derivedData/Build/Products/Debug-appletvos/PackageFrameworks -F /Users/admin/builder/spi-builder-workspace/.derivedData/Build/Products/Debug-appletvos -F /Applications/Xcode-26.3.0.app/Contents/Developer/Platforms/AppleTVOS.platform/Developer/Library/Frameworks -F /Applications/Xcode-26.3.0.app/Contents/Developer/Platforms/AppleTVOS.platform/Developer/SDKs/AppleTVOS26.2.sdk/Developer/Library/Frameworks -c -j10 -enable-batch-mode -incremental -Xcc -ivfsstatcache -Xcc /Users/admin/builder/spi-builder-workspace/.derivedData/SDKStatCaches.noindex/appletvos26.2-23K50-dc75598d0054f22ec865fa860f139d72c1feacec85df2e04b9fa10f95e757c08.sdkstatcache -output-file-map /Users/admin/builder/spi-builder-workspace/.derivedData/Build/Intermediates.noindex/FlatBuffers.build/Debug-appletvos/FlatBuffers.build/Objects-normal/arm64/FlatBuffers-OutputFileMap.json -use-frontend-parseable-output -save-temps -no-color-diagnostics -explicit-module-build -module-cache-path /Users/admin/builder/spi-builder-workspace/.derivedData/Build/Intermediates.noindex/SwiftExplicitPrecompiledModules -clang-scanner-module-cache-path /Users/admin/builder/spi-builder-workspace/.derivedData/ModuleCache.noindex -sdk-module-cache-path /Users/admin/builder/spi-builder-workspace/.derivedData/ModuleCache.noindex -serialize-diagnostics -emit-dependencies -emit-module -emit-module-path /Users/admin/builder/spi-builder-workspace/.derivedData/Build/Intermediates.noindex/FlatBuffers.build/Debug-appletvos/FlatBuffers.build/Objects-normal/arm64/FlatBuffers.swiftmodule -validate-clang-modules-once -clang-build-session-file /Users/admin/builder/spi-builder-workspace/.derivedData/ModuleCache.noindex/Session.modulevalidation -package-name flatbuffers -Xcc -I/Users/admin/builder/spi-builder-workspace/.derivedData/Build/Intermediates.noindex/FlatBuffers.build/Debug-appletvos/FlatBuffers.build/swift-overrides.hmap -emit-const-values -Xfrontend -const-gather-protocols-file -Xfrontend /Users/admin/builder/spi-builder-workspace/.derivedData/Build/Intermediates.noindex/FlatBuffers.build/Debug-appletvos/FlatBuffers.build/Objects-normal/arm64/FlatBuffers_const_extract_protocols.json -Xcc -I/Users/admin/builder/spi-builder-workspace/.derivedData/Build/Products/Debug-appletvos/include -Xcc -I/Users/admin/builder/spi-builder-workspace/.derivedData/Build/Intermediates.noindex/FlatBuffers.build/Debug-appletvos/FlatBuffers.build/DerivedSources-normal/arm64 -Xcc -I/Users/admin/builder/spi-builder-workspace/.derivedData/Build/Intermediates.noindex/FlatBuffers.build/Debug-appletvos/FlatBuffers.build/DerivedSources/arm64 -Xcc -I/Users/admin/builder/spi-builder-workspace/.derivedData/Build/Intermediates.noindex/FlatBuffers.build/Debug-appletvos/FlatBuffers.build/DerivedSources -Xcc -DSWIFT_PACKAGE -Xcc -DDEBUG\=1 -emit-objc-header -emit-objc-header-path /Users/admin/builder/spi-builder-workspace/.derivedData/Build/Intermediates.noindex/FlatBuffers.build/Debug-appletvos/FlatBuffers.build/Objects-normal/arm64/FlatBuffers-Swift.h -working-directory /Users/admin/builder/spi-builder-workspace/.swiftpm/xcode -experimental-emit-module-separately -disable-cmo
SwiftDriverJobDiscovery normal arm64 Compiling Table.swift, TableVerifier.swift (in target 'FlatBuffers' from project 'FlatBuffers')
SwiftCompile normal arm64 Compiling\ Offset.swift,\ Root.swift /Users/admin/builder/spi-builder-workspace/.dependencies/checkouts/flatbuffers/swift/Sources/FlatBuffers/Offset.swift /Users/admin/builder/spi-builder-workspace/.dependencies/checkouts/flatbuffers/swift/Sources/FlatBuffers/Root.swift (in target 'FlatBuffers' from project 'FlatBuffers')
SwiftCompile normal arm64 /Users/admin/builder/spi-builder-workspace/.dependencies/checkouts/flatbuffers/swift/Sources/FlatBuffers/Offset.swift (in target 'FlatBuffers' from project 'FlatBuffers')
    cd /Users/admin/builder/spi-builder-workspace/.swiftpm/xcode

SwiftCompile normal arm64 /Users/admin/builder/spi-builder-workspace/.dependencies/checkouts/flatbuffers/swift/Sources/FlatBuffers/Root.swift (in target 'FlatBuffers' from project 'FlatBuffers')
    cd /Users/admin/builder/spi-builder-workspace/.swiftpm/xcode

SwiftMergeGeneratedHeaders /Users/admin/builder/spi-builder-workspace/.derivedData/Build/Intermediates.noindex/GeneratedModuleMaps-appletvos/FlatBuffers-Swift.h /Users/admin/builder/spi-builder-workspace/.derivedData/Build/Intermediates.noindex/FlatBuffers.build/Debug-appletvos/FlatBuffers.build/Objects-normal/arm64/FlatBuffers-Swift.h (in target 'FlatBuffers' from project 'FlatBuffers')
    cd /Users/admin/builder/spi-builder-workspace/.dependencies/checkouts/flatbuffers
    builtin-swiftHeaderTool -arch arm64 /Users/admin/builder/spi-builder-workspace/.derivedData/Build/Intermediates.noindex/FlatBuffers.build/Debug-appletvos/FlatBuffers.build/Objects-normal/arm64/FlatBuffers-Swift.h -o /Users/admin/builder/spi-builder-workspace/.derivedData/Build/Intermediates.noindex/GeneratedModuleMaps-appletvos/FlatBuffers-Swift.h
SwiftDriverJobDiscovery normal arm64 Compiling padding.swift (in target 'Common' from project 'FlatBuffers')
Copy /Users/admin/builder/spi-builder-workspace/.derivedData/Build/Products/Debug-appletvos/FlatBuffers.swiftmodule/arm64-apple-tvos.swiftmodule /Users/admin/builder/spi-builder-workspace/.derivedData/Build/Intermediates.noindex/FlatBuffers.build/Debug-appletvos/FlatBuffers.build/Objects-normal/arm64/FlatBuffers.swiftmodule (in target 'FlatBuffers' from project 'FlatBuffers')
    cd /Users/admin/builder/spi-builder-workspace/.dependencies/checkouts/flatbuffers
    builtin-copy -exclude .DS_Store -exclude CVS -exclude .svn -exclude .git -exclude .hg -resolve-src-symlinks -rename /Users/admin/builder/spi-builder-workspace/.derivedData/Build/Intermediates.noindex/FlatBuffers.build/Debug-appletvos/FlatBuffers.build/Objects-normal/arm64/FlatBuffers.swiftmodule /Users/admin/builder/spi-builder-workspace/.derivedData/Build/Products/Debug-appletvos/FlatBuffers.swiftmodule/arm64-apple-tvos.swiftmodule
Copy /Users/admin/builder/spi-builder-workspace/.derivedData/Build/Products/Debug-appletvos/FlatBuffers.swiftmodule/arm64-apple-tvos.swiftdoc /Users/admin/builder/spi-builder-workspace/.derivedData/Build/Intermediates.noindex/FlatBuffers.build/Debug-appletvos/FlatBuffers.build/Objects-normal/arm64/FlatBuffers.swiftdoc (in target 'FlatBuffers' from project 'FlatBuffers')
    cd /Users/admin/builder/spi-builder-workspace/.dependencies/checkouts/flatbuffers
    builtin-copy -exclude .DS_Store -exclude CVS -exclude .svn -exclude .git -exclude .hg -resolve-src-symlinks -rename /Users/admin/builder/spi-builder-workspace/.derivedData/Build/Intermediates.noindex/FlatBuffers.build/Debug-appletvos/FlatBuffers.build/Objects-normal/arm64/FlatBuffers.swiftdoc /Users/admin/builder/spi-builder-workspace/.derivedData/Build/Products/Debug-appletvos/FlatBuffers.swiftmodule/arm64-apple-tvos.swiftdoc
SwiftDriverJobDiscovery normal arm64 Compiling Mutable.swift, NativeObject.swift (in target 'FlatBuffers' from project 'FlatBuffers')
Copy /Users/admin/builder/spi-builder-workspace/.derivedData/Build/Products/Debug-appletvos/FlatBuffers.swiftmodule/arm64-apple-tvos.abi.json /Users/admin/builder/spi-builder-workspace/.derivedData/Build/Intermediates.noindex/FlatBuffers.build/Debug-appletvos/FlatBuffers.build/Objects-normal/arm64/FlatBuffers.abi.json (in target 'FlatBuffers' from project 'FlatBuffers')
    cd /Users/admin/builder/spi-builder-workspace/.dependencies/checkouts/flatbuffers
    builtin-copy -exclude .DS_Store -exclude CVS -exclude .svn -exclude .git -exclude .hg -resolve-src-symlinks -rename /Users/admin/builder/spi-builder-workspace/.derivedData/Build/Intermediates.noindex/FlatBuffers.build/Debug-appletvos/FlatBuffers.build/Objects-normal/arm64/FlatBuffers.abi.json /Users/admin/builder/spi-builder-workspace/.derivedData/Build/Products/Debug-appletvos/FlatBuffers.swiftmodule/arm64-apple-tvos.abi.json
Copy /Users/admin/builder/spi-builder-workspace/.derivedData/Build/Products/Debug-appletvos/FlatBuffers.swiftmodule/Project/arm64-apple-tvos.swiftsourceinfo /Users/admin/builder/spi-builder-workspace/.derivedData/Build/Intermediates.noindex/FlatBuffers.build/Debug-appletvos/FlatBuffers.build/Objects-normal/arm64/FlatBuffers.swiftsourceinfo (in target 'FlatBuffers' from project 'FlatBuffers')
    cd /Users/admin/builder/spi-builder-workspace/.dependencies/checkouts/flatbuffers
    builtin-copy -exclude .DS_Store -exclude CVS -exclude .svn -exclude .git -exclude .hg -resolve-src-symlinks -rename /Users/admin/builder/spi-builder-workspace/.derivedData/Build/Intermediates.noindex/FlatBuffers.build/Debug-appletvos/FlatBuffers.build/Objects-normal/arm64/FlatBuffers.swiftsourceinfo /Users/admin/builder/spi-builder-workspace/.derivedData/Build/Products/Debug-appletvos/FlatBuffers.swiftmodule/Project/arm64-apple-tvos.swiftsourceinfo
SwiftCompile normal arm64 Compiling\ ByteBuffer.swift,\ Constants.swift /Users/admin/builder/spi-builder-workspace/.dependencies/checkouts/flatbuffers/swift/Sources/FlatBuffers/ByteBuffer.swift /Users/admin/builder/spi-builder-workspace/.dependencies/checkouts/flatbuffers/swift/Sources/FlatBuffers/Constants.swift (in target 'FlatBuffers' from project 'FlatBuffers')
SwiftCompile normal arm64 /Users/admin/builder/spi-builder-workspace/.dependencies/checkouts/flatbuffers/swift/Sources/FlatBuffers/ByteBuffer.swift (in target 'FlatBuffers' from project 'FlatBuffers')
    cd /Users/admin/builder/spi-builder-workspace/.swiftpm/xcode

SwiftCompile normal arm64 /Users/admin/builder/spi-builder-workspace/.dependencies/checkouts/flatbuffers/swift/Sources/FlatBuffers/Constants.swift (in target 'FlatBuffers' from project 'FlatBuffers')
    cd /Users/admin/builder/spi-builder-workspace/.swiftpm/xcode

SwiftDriverJobDiscovery normal arm64 Compiling FlatBufferObject.swift, FlatBuffersUtils.swift (in target 'FlatBuffers' from project 'FlatBuffers')
SwiftCompile normal arm64 Compiling\ Enum.swift,\ FlatBufferBuilder.swift /Users/admin/builder/spi-builder-workspace/.dependencies/checkouts/flatbuffers/swift/Sources/FlatBuffers/Enum.swift /Users/admin/builder/spi-builder-workspace/.dependencies/checkouts/flatbuffers/swift/Sources/FlatBuffers/FlatBufferBuilder.swift (in target 'FlatBuffers' from project 'FlatBuffers')
SwiftCompile normal arm64 /Users/admin/builder/spi-builder-workspace/.dependencies/checkouts/flatbuffers/swift/Sources/FlatBuffers/Enum.swift (in target 'FlatBuffers' from project 'FlatBuffers')
    cd /Users/admin/builder/spi-builder-workspace/.swiftpm/xcode

SwiftCompile normal arm64 /Users/admin/builder/spi-builder-workspace/.dependencies/checkouts/flatbuffers/swift/Sources/FlatBuffers/FlatBufferBuilder.swift (in target 'FlatBuffers' from project 'FlatBuffers')
    cd /Users/admin/builder/spi-builder-workspace/.swiftpm/xcode

SwiftDriverJobDiscovery normal arm64 Compiling FlatbuffersErrors.swift, Message.swift (in target 'FlatBuffers' from project 'FlatBuffers')
SwiftDriverJobDiscovery normal arm64 Compiling Int+extension.swift (in target 'Common' from project 'FlatBuffers')
SwiftDriverJobDiscovery normal arm64 Compiling VeriferOptions.swift, Verifiable.swift (in target 'FlatBuffers' from project 'FlatBuffers')
SwiftDriverJobDiscovery normal arm64 Compiling Verifier.swift, _InternalByteBuffer.swift (in target 'FlatBuffers' from project 'FlatBuffers')
SwiftDriverJobDiscovery normal arm64 Compiling String+extension.swift, Struct.swift (in target 'FlatBuffers' from project 'FlatBuffers')
SwiftDriverJobDiscovery normal arm64 Compiling Scalar.swift (in target 'Common' from project 'FlatBuffers')
SwiftDriver\ Compilation Common normal arm64 com.apple.xcode.tools.swift.compiler (in target 'Common' from project 'FlatBuffers')
    cd /Users/admin/builder/spi-builder-workspace/.swiftpm/xcode
    builtin-Swift-Compilation -- /Applications/Xcode-26.3.0.app/Contents/Developer/Toolchains/XcodeDefault.xctoolchain/usr/bin/swiftc -module-name Common -Onone -enforce-exclusivity\=checked @/Users/admin/builder/spi-builder-workspace/.derivedData/Build/Intermediates.noindex/FlatBuffers.build/Debug-appletvos/Common.build/Objects-normal/arm64/Common.SwiftFileList -DSWIFT_PACKAGE -DDEBUG -DSWIFT_MODULE_RESOURCE_BUNDLE_UNAVAILABLE -DXcode -plugin-path /Applications/Xcode-26.3.0.app/Contents/Developer/Toolchains/XcodeDefault.xctoolchain/usr/lib/swift/host/plugins/testing -enable-experimental-feature DebugDescriptionMacro -sdk /Applications/Xcode-26.3.0.app/Contents/Developer/Platforms/AppleTVOS.platform/Developer/SDKs/AppleTVOS26.2.sdk -target arm64-apple-tvos12.0 -g -module-cache-path /Users/admin/builder/spi-builder-workspace/.derivedData/ModuleCache.noindex -Xfrontend -serialize-debugging-options -profile-coverage-mapping -profile-generate -enable-testing -suppress-warnings -index-store-path /Users/admin/builder/spi-builder-workspace/.derivedData/Index.noindex/DataStore -Xcc -D_LIBCPP_HARDENING_MODE\=_LIBCPP_HARDENING_MODE_DEBUG -swift-version 5 -I /Users/admin/builder/spi-builder-workspace/.derivedData/Build/Products/Debug-appletvos -Isystem /Applications/Xcode-26.3.0.app/Contents/Developer/Platforms/AppleTVOS.platform/Developer/usr/lib -F /Users/admin/builder/spi-builder-workspace/.derivedData/Build/Products/Debug-appletvos -F /Applications/Xcode-26.3.0.app/Contents/Developer/Platforms/AppleTVOS.platform/Developer/Library/Frameworks -F /Applications/Xcode-26.3.0.app/Contents/Developer/Platforms/AppleTVOS.platform/Developer/SDKs/AppleTVOS26.2.sdk/Developer/Library/Frameworks -c -j10 -enable-batch-mode -incremental -Xcc -ivfsstatcache -Xcc /Users/admin/builder/spi-builder-workspace/.derivedData/SDKStatCaches.noindex/appletvos26.2-23K50-dc75598d0054f22ec865fa860f139d72c1feacec85df2e04b9fa10f95e757c08.sdkstatcache -output-file-map /Users/admin/builder/spi-builder-workspace/.derivedData/Build/Intermediates.noindex/FlatBuffers.build/Debug-appletvos/Common.build/Objects-normal/arm64/Common-OutputFileMap.json -use-frontend-parseable-output -save-temps -no-color-diagnostics -explicit-module-build -module-cache-path /Users/admin/builder/spi-builder-workspace/.derivedData/Build/Intermediates.noindex/SwiftExplicitPrecompiledModules -clang-scanner-module-cache-path /Users/admin/builder/spi-builder-workspace/.derivedData/ModuleCache.noindex -sdk-module-cache-path /Users/admin/builder/spi-builder-workspace/.derivedData/ModuleCache.noindex -serialize-diagnostics -emit-dependencies -emit-module -emit-module-path /Users/admin/builder/spi-builder-workspace/.derivedData/Build/Intermediates.noindex/FlatBuffers.build/Debug-appletvos/Common.build/Objects-normal/arm64/Common.swiftmodule -validate-clang-modules-once -clang-build-session-file /Users/admin/builder/spi-builder-workspace/.derivedData/ModuleCache.noindex/Session.modulevalidation -package-name flatbuffers -Xcc -I/Users/admin/builder/spi-builder-workspace/.derivedData/Build/Intermediates.noindex/FlatBuffers.build/Debug-appletvos/Common.build/swift-overrides.hmap -emit-const-values -Xfrontend -const-gather-protocols-file -Xfrontend /Users/admin/builder/spi-builder-workspace/.derivedData/Build/Intermediates.noindex/FlatBuffers.build/Debug-appletvos/Common.build/Objects-normal/arm64/Common_const_extract_protocols.json -Xcc -I/Users/admin/builder/spi-builder-workspace/.derivedData/Build/Products/Debug-appletvos/include -Xcc -I/Users/admin/builder/spi-builder-workspace/.derivedData/Build/Intermediates.noindex/FlatBuffers.build/Debug-appletvos/Common.build/DerivedSources-normal/arm64 -Xcc -I/Users/admin/builder/spi-builder-workspace/.derivedData/Build/Intermediates.noindex/FlatBuffers.build/Debug-appletvos/Common.build/DerivedSources/arm64 -Xcc -I/Users/admin/builder/spi-builder-workspace/.derivedData/Build/Intermediates.noindex/FlatBuffers.build/Debug-appletvos/Common.build/DerivedSources -Xcc -DSWIFT_PACKAGE -Xcc -DDEBUG\=1 -emit-objc-header -emit-objc-header-path /Users/admin/builder/spi-builder-workspace/.derivedData/Build/Intermediates.noindex/FlatBuffers.build/Debug-appletvos/Common.build/Objects-normal/arm64/Common-Swift.h -working-directory /Users/admin/builder/spi-builder-workspace/.swiftpm/xcode -experimental-emit-module-separately -disable-cmo
Ld /Users/admin/builder/spi-builder-workspace/.derivedData/Build/Products/Debug-appletvos/Common.o normal (in target 'Common' from project 'FlatBuffers')
    cd /Users/admin/builder/spi-builder-workspace/.dependencies/checkouts/flatbuffers
    /Applications/Xcode-26.3.0.app/Contents/Developer/Toolchains/XcodeDefault.xctoolchain/usr/bin/clang -Xlinker -reproducible -target arm64-apple-tvos12.0 -r -isysroot /Applications/Xcode-26.3.0.app/Contents/Developer/Platforms/AppleTVOS.platform/Developer/SDKs/AppleTVOS26.2.sdk -O0 -w -L/Users/admin/builder/spi-builder-workspace/.derivedData/Build/Intermediates.noindex/EagerLinkingTBDs/Debug-appletvos -L/Users/admin/builder/spi-builder-workspace/.derivedData/Build/Products/Debug-appletvos -L/Applications/Xcode-26.3.0.app/Contents/Developer/Platforms/AppleTVOS.platform/Developer/usr/lib -F/Users/admin/builder/spi-builder-workspace/.derivedData/Build/Intermediates.noindex/EagerLinkingTBDs/Debug-appletvos -F/Users/admin/builder/spi-builder-workspace/.derivedData/Build/Products/Debug-appletvos -iframework /Applications/Xcode-26.3.0.app/Contents/Developer/Platforms/AppleTVOS.platform/Developer/Library/Frameworks -iframework /Applications/Xcode-26.3.0.app/Contents/Developer/Platforms/AppleTVOS.platform/Developer/SDKs/AppleTVOS26.2.sdk/Developer/Library/Frameworks -filelist /Users/admin/builder/spi-builder-workspace/.derivedData/Build/Intermediates.noindex/FlatBuffers.build/Debug-appletvos/Common.build/Objects-normal/arm64/Common.LinkFileList -nostdlib -Xlinker -object_path_lto -Xlinker /Users/admin/builder/spi-builder-workspace/.derivedData/Build/Intermediates.noindex/FlatBuffers.build/Debug-appletvos/Common.build/Objects-normal/arm64/Common_lto.o -rdynamic -Xlinker -no_deduplicate -Xlinker -debug_variant -Xlinker -dependency_info -Xlinker /Users/admin/builder/spi-builder-workspace/.derivedData/Build/Intermediates.noindex/FlatBuffers.build/Debug-appletvos/Common.build/Objects-normal/arm64/Common_dependency_info.dat -fobjc-link-runtime -L/Applications/Xcode-26.3.0.app/Contents/Developer/Toolchains/XcodeDefault.xctoolchain/usr/lib/swift/appletvos -L/usr/lib/swift -Xlinker -add_ast_path -Xlinker /Users/admin/builder/spi-builder-workspace/.derivedData/Build/Intermediates.noindex/FlatBuffers.build/Debug-appletvos/Common.build/Objects-normal/arm64/Common.swiftmodule @/Users/admin/builder/spi-builder-workspace/.derivedData/Build/Intermediates.noindex/FlatBuffers.build/Debug-appletvos/Common.build/Objects-normal/arm64/Common-linker-args.resp -o /Users/admin/builder/spi-builder-workspace/.derivedData/Build/Products/Debug-appletvos/Common.o
SwiftDriver OpenMeteoSdk normal arm64 com.apple.xcode.tools.swift.compiler (in target 'OpenMeteoSdk' from project 'OpenMeteoSdk')
    cd /Users/admin/builder/spi-builder-workspace/.swiftpm/xcode
    builtin-SwiftDriver -- /Applications/Xcode-26.3.0.app/Contents/Developer/Toolchains/XcodeDefault.xctoolchain/usr/bin/swiftc -module-name OpenMeteoSdk -Onone -enforce-exclusivity\=checked @/Users/admin/builder/spi-builder-workspace/.derivedData/Build/Intermediates.noindex/OpenMeteoSdk.build/Debug-appletvos/OpenMeteoSdk.build/Objects-normal/arm64/OpenMeteoSdk.SwiftFileList -DSWIFT_PACKAGE -DDEBUG -DSWIFT_MODULE_RESOURCE_BUNDLE_UNAVAILABLE -DXcode -plugin-path /Applications/Xcode-26.3.0.app/Contents/Developer/Toolchains/XcodeDefault.xctoolchain/usr/lib/swift/host/plugins/testing -enable-experimental-feature DebugDescriptionMacro -sdk /Applications/Xcode-26.3.0.app/Contents/Developer/Platforms/AppleTVOS.platform/Developer/SDKs/AppleTVOS26.2.sdk -target arm64-apple-tvos12.0 -g -module-cache-path /Users/admin/builder/spi-builder-workspace/.derivedData/ModuleCache.noindex -Xfrontend -serialize-debugging-options -profile-coverage-mapping -profile-generate -enable-testing -index-store-path /Users/admin/builder/spi-builder-workspace/.derivedData/Index.noindex/DataStore -Xcc -D_LIBCPP_HARDENING_MODE\=_LIBCPP_HARDENING_MODE_DEBUG -swift-version 5 -I /Users/admin/builder/spi-builder-workspace/.derivedData/Build/Products/Debug-appletvos -Isystem /Applications/Xcode-26.3.0.app/Contents/Developer/Platforms/AppleTVOS.platform/Developer/usr/lib -F /Users/admin/builder/spi-builder-workspace/.derivedData/Build/Products/Debug-appletvos/PackageFrameworks -F /Users/admin/builder/spi-builder-workspace/.derivedData/Build/Products/Debug-appletvos/PackageFrameworks -F /Users/admin/builder/spi-builder-workspace/.derivedData/Build/Products/Debug-appletvos -F /Applications/Xcode-26.3.0.app/Contents/Developer/Platforms/AppleTVOS.platform/Developer/Library/Frameworks -F /Applications/Xcode-26.3.0.app/Contents/Developer/Platforms/AppleTVOS.platform/Developer/SDKs/AppleTVOS26.2.sdk/Developer/Library/Frameworks -c -j10 -enable-batch-mode -incremental -Xcc -ivfsstatcache -Xcc /Users/admin/builder/spi-builder-workspace/.derivedData/SDKStatCaches.noindex/appletvos26.2-23K50-dc75598d0054f22ec865fa860f139d72c1feacec85df2e04b9fa10f95e757c08.sdkstatcache -output-file-map /Users/admin/builder/spi-builder-workspace/.derivedData/Build/Intermediates.noindex/OpenMeteoSdk.build/Debug-appletvos/OpenMeteoSdk.build/Objects-normal/arm64/OpenMeteoSdk-OutputFileMap.json -use-frontend-parseable-output -save-temps -no-color-diagnostics -explicit-module-build -module-cache-path /Users/admin/builder/spi-builder-workspace/.derivedData/Build/Intermediates.noindex/SwiftExplicitPrecompiledModules -clang-scanner-module-cache-path /Users/admin/builder/spi-builder-workspace/.derivedData/ModuleCache.noindex -sdk-module-cache-path /Users/admin/builder/spi-builder-workspace/.derivedData/ModuleCache.noindex -serialize-diagnostics -emit-dependencies -emit-module -emit-module-path /Users/admin/builder/spi-builder-workspace/.derivedData/Build/Intermediates.noindex/OpenMeteoSdk.build/Debug-appletvos/OpenMeteoSdk.build/Objects-normal/arm64/OpenMeteoSdk.swiftmodule -validate-clang-modules-once -clang-build-session-file /Users/admin/builder/spi-builder-workspace/.derivedData/ModuleCache.noindex/Session.modulevalidation -package-name spi_builder_workspace -Xcc -I/Users/admin/builder/spi-builder-workspace/.derivedData/Build/Intermediates.noindex/OpenMeteoSdk.build/Debug-appletvos/OpenMeteoSdk.build/swift-overrides.hmap -emit-const-values -Xfrontend -const-gather-protocols-file -Xfrontend /Users/admin/builder/spi-builder-workspace/.derivedData/Build/Intermediates.noindex/OpenMeteoSdk.build/Debug-appletvos/OpenMeteoSdk.build/Objects-normal/arm64/OpenMeteoSdk_const_extract_protocols.json -Xcc -I/Users/admin/builder/spi-builder-workspace/.derivedData/Build/Products/Debug-appletvos/include -Xcc -I/Users/admin/builder/spi-builder-workspace/.derivedData/Build/Intermediates.noindex/OpenMeteoSdk.build/Debug-appletvos/OpenMeteoSdk.build/DerivedSources-normal/arm64 -Xcc -I/Users/admin/builder/spi-builder-workspace/.derivedData/Build/Intermediates.noindex/OpenMeteoSdk.build/Debug-appletvos/OpenMeteoSdk.build/DerivedSources/arm64 -Xcc -I/Users/admin/builder/spi-builder-workspace/.derivedData/Build/Intermediates.noindex/OpenMeteoSdk.build/Debug-appletvos/OpenMeteoSdk.build/DerivedSources -Xcc -DSWIFT_PACKAGE -Xcc -DDEBUG\=1 -emit-objc-header -emit-objc-header-path /Users/admin/builder/spi-builder-workspace/.derivedData/Build/Intermediates.noindex/OpenMeteoSdk.build/Debug-appletvos/OpenMeteoSdk.build/Objects-normal/arm64/OpenMeteoSdk-Swift.h -working-directory /Users/admin/builder/spi-builder-workspace/.swiftpm/xcode -experimental-emit-module-separately -disable-cmo
SwiftDriverJobDiscovery normal arm64 Compiling Offset.swift, Root.swift (in target 'FlatBuffers' from project 'FlatBuffers')
SwiftCompile normal arm64 Compiling\ VariablesWithTime.swift /Users/admin/builder/spi-builder-workspace/swift/Sources/OpenMeteoSdk/VariablesWithTime.swift (in target 'OpenMeteoSdk' from project 'OpenMeteoSdk')
SwiftCompile normal arm64 /Users/admin/builder/spi-builder-workspace/swift/Sources/OpenMeteoSdk/VariablesWithTime.swift (in target 'OpenMeteoSdk' from project 'OpenMeteoSdk')
    cd /Users/admin/builder/spi-builder-workspace/.swiftpm/xcode

SwiftCompile normal arm64 Compiling\ weather_api_generated.swift /Users/admin/builder/spi-builder-workspace/swift/Sources/OpenMeteoSdk/weather_api_generated.swift (in target 'OpenMeteoSdk' from project 'OpenMeteoSdk')
SwiftCompile normal arm64 /Users/admin/builder/spi-builder-workspace/swift/Sources/OpenMeteoSdk/weather_api_generated.swift (in target 'OpenMeteoSdk' from project 'OpenMeteoSdk')
    cd /Users/admin/builder/spi-builder-workspace/.swiftpm/xcode

SwiftCompile normal arm64 Compiling\ Unit.swift /Users/admin/builder/spi-builder-workspace/swift/Sources/OpenMeteoSdk/Unit.swift (in target 'OpenMeteoSdk' from project 'OpenMeteoSdk')
SwiftCompile normal arm64 /Users/admin/builder/spi-builder-workspace/swift/Sources/OpenMeteoSdk/Unit.swift (in target 'OpenMeteoSdk' from project 'OpenMeteoSdk')
    cd /Users/admin/builder/spi-builder-workspace/.swiftpm/xcode

SwiftCompile normal arm64 Compiling\ OpenMeteoSdk.swift /Users/admin/builder/spi-builder-workspace/swift/Sources/OpenMeteoSdk/OpenMeteoSdk.swift (in target 'OpenMeteoSdk' from project 'OpenMeteoSdk')
SwiftCompile normal arm64 /Users/admin/builder/spi-builder-workspace/swift/Sources/OpenMeteoSdk/OpenMeteoSdk.swift (in target 'OpenMeteoSdk' from project 'OpenMeteoSdk')
    cd /Users/admin/builder/spi-builder-workspace/.swiftpm/xcode

SwiftEmitModule normal arm64 Emitting\ module\ for\ OpenMeteoSdk (in target 'OpenMeteoSdk' from project 'OpenMeteoSdk')
Failed frontend command:
/Applications/Xcode-26.3.0.app/Contents/Developer/Toolchains/XcodeDefault.xctoolchain/usr/bin/swift-frontend -frontend -emit-module -experimental-skip-non-inlinable-function-bodies-without-types /Users/admin/builder/spi-builder-workspace/swift/Sources/OpenMeteoSdk/OpenMeteoSdk.swift /Users/admin/builder/spi-builder-workspace/swift/Sources/OpenMeteoSdk/Unit.swift /Users/admin/builder/spi-builder-workspace/swift/Sources/OpenMeteoSdk/VariablesWithTime.swift /Users/admin/builder/spi-builder-workspace/swift/Sources/OpenMeteoSdk/weather_api_generated.swift -target arm64-apple-tvos12.0 -module-can-import Common -load-resolved-plugin /Applications/Xcode-26.3.0.app/Contents/Developer/Platforms/AppleTVOS.platform/Developer/usr/lib/swift/host/plugins/libFoundationMacros.dylib\#/Applications/Xcode-26.3.0.app/Contents/Developer/Platforms/AppleTVOS.platform/Developer/usr/bin/swift-plugin-server\#FoundationMacros -load-resolved-plugin /Applications/Xcode-26.3.0.app/Contents/Developer/Platforms/AppleTVOS.platform/Developer/usr/lib/swift/host/plugins/libObservationMacros.dylib\#/Applications/Xcode-26.3.0.app/Contents/Developer/Platforms/AppleTVOS.platform/Developer/usr/bin/swift-plugin-server\#ObservationMacros -load-resolved-plugin /Applications/Xcode-26.3.0.app/Contents/Developer/Platforms/AppleTVOS.platform/Developer/usr/lib/swift/host/plugins/libSwiftMacros.dylib\#/Applications/Xcode-26.3.0.app/Contents/Developer/Platforms/AppleTVOS.platform/Developer/usr/bin/swift-plugin-server\#SwiftMacros -disable-implicit-swift-modules -Xcc -fno-implicit-modules -Xcc -fno-implicit-module-maps -explicit-swift-module-map-file /Users/admin/builder/spi-builder-workspace/.derivedData/Build/Intermediates.noindex/OpenMeteoSdk.build/Debug-appletvos/OpenMeteoSdk.build/Objects-normal/arm64/OpenMeteoSdk-dependencies-1.json -Xllvm -aarch64-use-tbi -enable-objc-interop -sdk /Applications/Xcode-26.3.0.app/Contents/Developer/Platforms/AppleTVOS.platform/Developer/SDKs/AppleTVOS26.2.sdk -I /Users/admin/builder/spi-builder-workspace/.derivedData/Build/Products/Debug-appletvos -Isystem /Applications/Xcode-26.3.0.app/Contents/Developer/Platforms/AppleTVOS.platform/Developer/usr/lib -F /Users/admin/builder/spi-builder-workspace/.derivedData/Build/Products/Debug-appletvos/PackageFrameworks -F /Users/admin/builder/spi-builder-workspace/.derivedData/Build/Products/Debug-appletvos/PackageFrameworks -F /Users/admin/builder/spi-builder-workspace/.derivedData/Build/Products/Debug-appletvos -F /Applications/Xcode-26.3.0.app/Contents/Developer/Platforms/AppleTVOS.platform/Developer/Library/Frameworks -F /Applications/Xcode-26.3.0.app/Contents/Developer/Platforms/AppleTVOS.platform/Developer/SDKs/AppleTVOS26.2.sdk/Developer/Library/Frameworks -no-color-diagnostics -Xcc -fno-color-diagnostics -enable-testing -g -debug-info-format\=dwarf -dwarf-version\=4 -module-cache-path /Users/admin/builder/spi-builder-workspace/.derivedData/Build/Intermediates.noindex/SwiftExplicitPrecompiledModules -profile-generate -profile-coverage-mapping -swift-version 5 -enforce-exclusivity\=checked -Onone -D SWIFT_PACKAGE -D DEBUG -D SWIFT_MODULE_RESOURCE_BUNDLE_UNAVAILABLE -D Xcode -serialize-debugging-options -const-gather-protocols-file /Users/admin/builder/spi-builder-workspace/.derivedData/Build/Intermediates.noindex/OpenMeteoSdk.build/Debug-appletvos/OpenMeteoSdk.build/Objects-normal/arm64/OpenMeteoSdk_const_extract_protocols.json -enable-experimental-feature DebugDescriptionMacro -empty-abi-descriptor -validate-clang-modules-once -clang-build-session-file /Users/admin/builder/spi-builder-workspace/.derivedData/ModuleCache.noindex/Session.modulevalidation -Xcc -working-directory -Xcc /Users/admin/builder/spi-builder-workspace/.swiftpm/xcode -enable-anonymous-context-mangled-names -file-compilation-dir /Users/admin/builder/spi-builder-workspace/.swiftpm/xcode -Xcc -D_LIBCPP_HARDENING_MODE\=_LIBCPP_HARDENING_MODE_DEBUG -Xcc -ivfsstatcache -Xcc /Users/admin/builder/spi-builder-workspace/.derivedData/SDKStatCaches.noindex/appletvos26.2-23K50-dc75598d0054f22ec865fa860f139d72c1feacec85df2e04b9fa10f95e757c08.sdkstatcache -Xcc -I/Users/admin/builder/spi-builder-workspace/.derivedData/Build/Intermediates.noindex/OpenMeteoSdk.build/Debug-appletvos/OpenMeteoSdk.build/swift-overrides.hmap -Xcc -I/Users/admin/builder/spi-builder-workspace/.derivedData/Build/Products/Debug-appletvos/include -Xcc -I/Users/admin/builder/spi-builder-workspace/.derivedData/Build/Intermediates.noindex/OpenMeteoSdk.build/Debug-appletvos/OpenMeteoSdk.build/DerivedSources-normal/arm64 -Xcc -I/Users/admin/builder/spi-builder-workspace/.derivedData/Build/Intermediates.noindex/OpenMeteoSdk.build/Debug-appletvos/OpenMeteoSdk.build/DerivedSources/arm64 -Xcc -I/Users/admin/builder/spi-builder-workspace/.derivedData/Build/Intermediates.noindex/OpenMeteoSdk.build/Debug-appletvos/OpenMeteoSdk.build/DerivedSources -Xcc -DSWIFT_PACKAGE -Xcc -DDEBUG\=1 -no-auto-bridging-header-chaining -module-name OpenMeteoSdk -package-name spi_builder_workspace -frontend-parseable-output -disable-clang-spi -target-sdk-version 26.2 -target-sdk-name appletvos26.2 -clang-target arm64-apple-tvos26.2 -in-process-plugin-server-path /Applications/Xcode-26.3.0.app/Contents/Developer/Toolchains/XcodeDefault.xctoolchain/usr/lib/swift/host/libSwiftInProcPluginServer.dylib -emit-module-doc-path /Users/admin/builder/spi-builder-workspace/.derivedData/Build/Intermediates.noindex/OpenMeteoSdk.build/Debug-appletvos/OpenMeteoSdk.build/Objects-normal/arm64/OpenMeteoSdk.swiftdoc -emit-module-source-info-path /Users/admin/builder/spi-builder-workspace/.derivedData/Build/Intermediates.noindex/OpenMeteoSdk.build/Debug-appletvos/OpenMeteoSdk.build/Objects-normal/arm64/OpenMeteoSdk.swiftsourceinfo -emit-objc-header-path /Users/admin/builder/spi-builder-workspace/.derivedData/Build/Intermediates.noindex/OpenMeteoSdk.build/Debug-appletvos/OpenMeteoSdk.build/Objects-normal/arm64/OpenMeteoSdk-Swift.h -serialize-diagnostics-path /Users/admin/builder/spi-builder-workspace/.derivedData/Build/Intermediates.noindex/OpenMeteoSdk.build/Debug-appletvos/OpenMeteoSdk.build/Objects-normal/arm64/OpenMeteoSdk-primary-emit-module.dia -emit-dependencies-path /Users/admin/builder/spi-builder-workspace/.derivedData/Build/Intermediates.noindex/OpenMeteoSdk.build/Debug-appletvos/OpenMeteoSdk.build/Objects-normal/arm64/OpenMeteoSdk-primary-emit-module.d -o /Users/admin/builder/spi-builder-workspace/.derivedData/Build/Intermediates.noindex/OpenMeteoSdk.build/Debug-appletvos/OpenMeteoSdk.build/Objects-normal/arm64/OpenMeteoSdk.swiftmodule -emit-abi-descriptor-path /Users/admin/builder/spi-builder-workspace/.derivedData/Build/Intermediates.noindex/OpenMeteoSdk.build/Debug-appletvos/OpenMeteoSdk.build/Objects-normal/arm64/OpenMeteoSdk.abi.json
EmitSwiftModule normal arm64 (in target 'OpenMeteoSdk' from project 'OpenMeteoSdk')
    cd /Users/admin/builder/spi-builder-workspace/.swiftpm/xcode

/Users/admin/builder/spi-builder-workspace/swift/Sources/OpenMeteoSdk/OpenMeteoSdk.swift:17:81: error: concurrency is only available in tvOS 13.0.0 or newer
    public static func fetch(url: URL, session: URLSession = URLSession.shared) async throws -> [WeatherApiResponse] {
                                                                                ^
/Users/admin/builder/spi-builder-workspace/swift/Sources/OpenMeteoSdk/OpenMeteoSdk.swift:17:24: note: add '@available' attribute to enclosing static method
    public static func fetch(url: URL, session: URLSession = URLSession.shared) async throws -> [WeatherApiResponse] {
                       ^
/Users/admin/builder/spi-builder-workspace/swift/Sources/OpenMeteoSdk/OpenMeteoSdk.swift:11:1: note: add '@available' attribute to enclosing extension
extension WeatherApiResponse {
^
/Users/admin/builder/spi-builder-workspace/swift/Sources/OpenMeteoSdk/OpenMeteoSdk.swift:26:92: error: concurrency is only available in tvOS 13.0.0 or newer
    public static func fetch(request: URLRequest, session: URLSession = URLSession.shared) async throws -> [WeatherApiResponse] {
                                                                                           ^
/Users/admin/builder/spi-builder-workspace/swift/Sources/OpenMeteoSdk/OpenMeteoSdk.swift:26:24: note: add '@available' attribute to enclosing static method
    public static func fetch(request: URLRequest, session: URLSession = URLSession.shared) async throws -> [WeatherApiResponse] {
                       ^
/Users/admin/builder/spi-builder-workspace/swift/Sources/OpenMeteoSdk/OpenMeteoSdk.swift:11:1: note: add '@available' attribute to enclosing extension
extension WeatherApiResponse {
^
ExtractAppIntentsMetadata (in target 'Common' from project 'FlatBuffers')
    cd /Users/admin/builder/spi-builder-workspace/.dependencies/checkouts/flatbuffers
    /Applications/Xcode-26.3.0.app/Contents/Developer/Toolchains/XcodeDefault.xctoolchain/usr/bin/appintentsmetadataprocessor --toolchain-dir /var/run/com.apple.security.cryptexd/mnt/com.apple.MobileAsset.MetalToolchain-v17.3.7003.10.1mD9ys/Metal.xctoolchain --module-name Common --sdk-root /Applications/Xcode-26.3.0.app/Contents/Developer/Platforms/AppleTVOS.platform/Developer/SDKs/AppleTVOS26.2.sdk --xcode-version 17C529 --platform-family tvOS --deployment-target 12.0 --bundle-identifier flatbuffers.Common --output /Users/admin/builder/spi-builder-workspace/.derivedData/Build/Products/Debug-appletvos/Common.appintents --target-triple arm64-apple-tvos12.0 --binary-file /Users/admin/builder/spi-builder-workspace/.derivedData/Build/Products/Debug-appletvos/Common.o --dependency-file /Users/admin/builder/spi-builder-workspace/.derivedData/Build/Intermediates.noindex/FlatBuffers.build/Debug-appletvos/Common.build/Objects-normal/arm64/Common_dependency_info.dat --stringsdata-file /Users/admin/builder/spi-builder-workspace/.derivedData/Build/Intermediates.noindex/FlatBuffers.build/Debug-appletvos/Common.build/Objects-normal/arm64/ExtractedAppShortcutsMetadata.stringsdata --source-file-list /Users/admin/builder/spi-builder-workspace/.derivedData/Build/Intermediates.noindex/FlatBuffers.build/Debug-appletvos/Common.build/Objects-normal/arm64/Common.SwiftFileList --metadata-file-list /Users/admin/builder/spi-builder-workspace/.derivedData/Build/Intermediates.noindex/FlatBuffers.build/Debug-appletvos/Common.build/Common.DependencyMetadataFileList --static-metadata-file-list /Users/admin/builder/spi-builder-workspace/.derivedData/Build/Intermediates.noindex/FlatBuffers.build/Debug-appletvos/Common.build/Common.DependencyStaticMetadataFileList --swift-const-vals-list /Users/admin/builder/spi-builder-workspace/.derivedData/Build/Intermediates.noindex/FlatBuffers.build/Debug-appletvos/Common.build/Objects-normal/arm64/Common.SwiftConstValuesFileList --force --compile-time-extraction --deployment-aware-processing --validate-assistant-intents --no-app-shortcuts-localization
SwiftDriverJobDiscovery normal arm64 Compiling ByteBuffer.swift, Constants.swift (in target 'FlatBuffers' from project 'FlatBuffers')
SwiftDriverJobDiscovery normal arm64 Compiling Unit.swift (in target 'OpenMeteoSdk' from project 'OpenMeteoSdk')
2026-08-10 23:28:14.029 xcodebuild[730:4561] [MT] IDERunDestination: Supported platforms for the buildables in the current scheme is empty.
** BUILD FAILED **
The following build commands failed:
	SwiftEmitModule normal arm64 Emitting\ module\ for\ OpenMeteoSdk (in target 'OpenMeteoSdk' from project 'OpenMeteoSdk')
	EmitSwiftModule normal arm64 (in target 'OpenMeteoSdk' from project 'OpenMeteoSdk')
	Building workspace spi-builder-workspace with scheme OpenMeteoSdk
(3 failures)
Command line invocation:
    /Applications/Xcode-26.3.0.app/Contents/Developer/usr/bin/xcodebuild -IDEClonedSourcePackagesDirPathOverride=/Users/admin/builder/spi-builder-workspace/.dependencies -resolvePackageDependencies
Resolve Package Graph
Resolved source packages:
  FlatBuffers: https://github.com/google/flatbuffers.git @ 25.9.23
  OpenMeteoSdk: /Users/admin/builder/spi-builder-workspace
resolved source packages: FlatBuffers, OpenMeteoSdk
2026-08-10 23:28:21.821 xcodebuild[802:4980] [MT] IDERunDestination: Supported platforms for the buildables in the current scheme is empty.
{
  "dependencies" : [
    {
      "identity" : "flatbuffers",
      "requirement" : {
        "exact" : [
          "25.9.23"
        ]
      },
      "type" : "sourceControl",
      "url" : "https://github.com/google/flatbuffers.git"
    }
  ],
  "manifest_display_name" : "OpenMeteoSdk",
  "name" : "OpenMeteoSdk",
  "path" : "/Users/admin/builder/spi-builder-workspace",
  "platforms" : [
    {
      "name" : "ios",
      "version" : "12.0"
    },
    {
      "name" : "macos",
      "version" : "10.14"
    },
    {
      "name" : "watchos",
      "version" : "8.0"
    }
  ],
  "products" : [
    {
      "name" : "OpenMeteoSdk",
      "targets" : [
        "OpenMeteoSdk"
      ],
      "type" : {
        "library" : [
          "automatic"
        ]
      }
    }
  ],
  "targets" : [
    {
      "c99name" : "OpenMeteoSdkTests",
      "module_type" : "SwiftTarget",
      "name" : "OpenMeteoSdkTests",
      "path" : "swift/Tests",
      "sources" : [
        "OpenMeteoSdkTests/ApiTests.swift",
        "OpenMeteoSdkTests/OpenMeteoSdkTests.swift"
      ],
      "target_dependencies" : [
        "OpenMeteoSdk"
      ],
      "type" : "test"
    },
    {
      "c99name" : "OpenMeteoSdk",
      "module_type" : "SwiftTarget",
      "name" : "OpenMeteoSdk",
      "path" : "swift/Sources",
      "product_dependencies" : [
        "FlatBuffers"
      ],
      "product_memberships" : [
        "OpenMeteoSdk"
      ],
      "sources" : [
        "OpenMeteoSdk/OpenMeteoSdk.swift",
        "OpenMeteoSdk/Unit.swift",
        "OpenMeteoSdk/VariablesWithTime.swift",
        "OpenMeteoSdk/weather_api_generated.swift"
      ],
      "type" : "library"
    }
  ],
  "tools_version" : "5.9"
}
{
  "workspace" : {
    "name" : "spi-builder-workspace",
    "schemes" : [
      "OpenMeteoSdk"
    ]
  }
}
2026-08-10 23:28:23.157 xcodebuild[810:5050] [MT] IDERunDestination: Supported platforms for the buildables in the current scheme is empty.
Running build ...
env DEVELOPER_DIR=/Applications/Xcode-26.3.0.app xcrun xcodebuild -IDEClonedSourcePackagesDirPathOverride=$PWD/.dependencies -skipMacroValidation -skipPackagePluginValidation -derivedDataPath $PWD/.derivedData build -scheme OpenMeteoSdk -destination generic/platform=tvOS
Command line invocation:
    /Applications/Xcode-26.3.0.app/Contents/Developer/usr/bin/xcodebuild -IDEClonedSourcePackagesDirPathOverride=/Users/admin/builder/spi-builder-workspace/.dependencies -skipMacroValidation -skipPackagePluginValidation -derivedDataPath /Users/admin/builder/spi-builder-workspace/.derivedData build -scheme OpenMeteoSdk -destination generic/platform=tvOS
Resolve Package Graph
Resolved source packages:
  FlatBuffers: https://github.com/google/flatbuffers.git @ 25.9.23
  OpenMeteoSdk: /Users/admin/builder/spi-builder-workspace
ComputePackagePrebuildTargetDependencyGraph
Prepare packages
CreateBuildRequest
SendProjectDescription
CreateBuildOperation
ComputeTargetDependencyGraph
note: Building targets in dependency order
note: Target dependency graph (5 targets)
    Target 'OpenMeteoSdk' in project 'OpenMeteoSdk'
        ➜ Explicit dependency on target 'OpenMeteoSdk' in project 'OpenMeteoSdk'
        ➜ Explicit dependency on target 'FlatBuffers' in project 'FlatBuffers'
    Target 'OpenMeteoSdk' in project 'OpenMeteoSdk'
        ➜ Explicit dependency on target 'FlatBuffers' in project 'FlatBuffers'
    Target 'FlatBuffers' in project 'FlatBuffers'
        ➜ Explicit dependency on target 'FlatBuffers' in project 'FlatBuffers'
        ➜ Explicit dependency on target 'Common' in project 'FlatBuffers'
    Target 'FlatBuffers' in project 'FlatBuffers'
        ➜ Explicit dependency on target 'Common' in project 'FlatBuffers'
    Target 'Common' in project 'FlatBuffers' (no dependencies)
GatherProvisioningInputs
CreateBuildDescription
ClangStatCache /Applications/Xcode-26.3.0.app/Contents/Developer/Toolchains/XcodeDefault.xctoolchain/usr/bin/clang-stat-cache /Applications/Xcode-26.3.0.app/Contents/Developer/Platforms/AppleTVOS.platform/Developer/SDKs/AppleTVOS26.2.sdk /Users/admin/builder/spi-builder-workspace/.derivedData/SDKStatCaches.noindex/appletvos26.2-23K50-dc75598d0054f22ec865fa860f139d72c1feacec85df2e04b9fa10f95e757c08.sdkstatcache
    cd /Users/admin/builder/spi-builder-workspace/.swiftpm/xcode
    /Applications/Xcode-26.3.0.app/Contents/Developer/Toolchains/XcodeDefault.xctoolchain/usr/bin/clang-stat-cache /Applications/Xcode-26.3.0.app/Contents/Developer/Platforms/AppleTVOS.platform/Developer/SDKs/AppleTVOS26.2.sdk -o /Users/admin/builder/spi-builder-workspace/.derivedData/SDKStatCaches.noindex/appletvos26.2-23K50-dc75598d0054f22ec865fa860f139d72c1feacec85df2e04b9fa10f95e757c08.sdkstatcache
SwiftDriver OpenMeteoSdk normal arm64 com.apple.xcode.tools.swift.compiler (in target 'OpenMeteoSdk' from project 'OpenMeteoSdk')
    cd /Users/admin/builder/spi-builder-workspace/.swiftpm/xcode
    builtin-SwiftDriver -- /Applications/Xcode-26.3.0.app/Contents/Developer/Toolchains/XcodeDefault.xctoolchain/usr/bin/swiftc -module-name OpenMeteoSdk -Onone -enforce-exclusivity\=checked @/Users/admin/builder/spi-builder-workspace/.derivedData/Build/Intermediates.noindex/OpenMeteoSdk.build/Debug-appletvos/OpenMeteoSdk.build/Objects-normal/arm64/OpenMeteoSdk.SwiftFileList -DSWIFT_PACKAGE -DDEBUG -DSWIFT_MODULE_RESOURCE_BUNDLE_UNAVAILABLE -DXcode -plugin-path /Applications/Xcode-26.3.0.app/Contents/Developer/Toolchains/XcodeDefault.xctoolchain/usr/lib/swift/host/plugins/testing -enable-experimental-feature DebugDescriptionMacro -sdk /Applications/Xcode-26.3.0.app/Contents/Developer/Platforms/AppleTVOS.platform/Developer/SDKs/AppleTVOS26.2.sdk -target arm64-apple-tvos12.0 -g -module-cache-path /Users/admin/builder/spi-builder-workspace/.derivedData/ModuleCache.noindex -Xfrontend -serialize-debugging-options -profile-coverage-mapping -profile-generate -enable-testing -index-store-path /Users/admin/builder/spi-builder-workspace/.derivedData/Index.noindex/DataStore -Xcc -D_LIBCPP_HARDENING_MODE\=_LIBCPP_HARDENING_MODE_DEBUG -swift-version 5 -I /Users/admin/builder/spi-builder-workspace/.derivedData/Build/Products/Debug-appletvos -Isystem /Applications/Xcode-26.3.0.app/Contents/Developer/Platforms/AppleTVOS.platform/Developer/usr/lib -F /Users/admin/builder/spi-builder-workspace/.derivedData/Build/Products/Debug-appletvos/PackageFrameworks -F /Users/admin/builder/spi-builder-workspace/.derivedData/Build/Products/Debug-appletvos/PackageFrameworks -F /Users/admin/builder/spi-builder-workspace/.derivedData/Build/Products/Debug-appletvos -F /Applications/Xcode-26.3.0.app/Contents/Developer/Platforms/AppleTVOS.platform/Developer/Library/Frameworks -F /Applications/Xcode-26.3.0.app/Contents/Developer/Platforms/AppleTVOS.platform/Developer/SDKs/AppleTVOS26.2.sdk/Developer/Library/Frameworks -c -j10 -enable-batch-mode -incremental -Xcc -ivfsstatcache -Xcc /Users/admin/builder/spi-builder-workspace/.derivedData/SDKStatCaches.noindex/appletvos26.2-23K50-dc75598d0054f22ec865fa860f139d72c1feacec85df2e04b9fa10f95e757c08.sdkstatcache -output-file-map /Users/admin/builder/spi-builder-workspace/.derivedData/Build/Intermediates.noindex/OpenMeteoSdk.build/Debug-appletvos/OpenMeteoSdk.build/Objects-normal/arm64/OpenMeteoSdk-OutputFileMap.json -use-frontend-parseable-output -save-temps -no-color-diagnostics -explicit-module-build -module-cache-path /Users/admin/builder/spi-builder-workspace/.derivedData/Build/Intermediates.noindex/SwiftExplicitPrecompiledModules -clang-scanner-module-cache-path /Users/admin/builder/spi-builder-workspace/.derivedData/ModuleCache.noindex -sdk-module-cache-path /Users/admin/builder/spi-builder-workspace/.derivedData/ModuleCache.noindex -serialize-diagnostics -emit-dependencies -emit-module -emit-module-path /Users/admin/builder/spi-builder-workspace/.derivedData/Build/Intermediates.noindex/OpenMeteoSdk.build/Debug-appletvos/OpenMeteoSdk.build/Objects-normal/arm64/OpenMeteoSdk.swiftmodule -validate-clang-modules-once -clang-build-session-file /Users/admin/builder/spi-builder-workspace/.derivedData/ModuleCache.noindex/Session.modulevalidation -package-name spi_builder_workspace -Xcc -I/Users/admin/builder/spi-builder-workspace/.derivedData/Build/Intermediates.noindex/OpenMeteoSdk.build/Debug-appletvos/OpenMeteoSdk.build/swift-overrides.hmap -emit-const-values -Xfrontend -const-gather-protocols-file -Xfrontend /Users/admin/builder/spi-builder-workspace/.derivedData/Build/Intermediates.noindex/OpenMeteoSdk.build/Debug-appletvos/OpenMeteoSdk.build/Objects-normal/arm64/OpenMeteoSdk_const_extract_protocols.json -Xcc -I/Users/admin/builder/spi-builder-workspace/.derivedData/Build/Products/Debug-appletvos/include -Xcc -I/Users/admin/builder/spi-builder-workspace/.derivedData/Build/Intermediates.noindex/OpenMeteoSdk.build/Debug-appletvos/OpenMeteoSdk.build/DerivedSources-normal/arm64 -Xcc -I/Users/admin/builder/spi-builder-workspace/.derivedData/Build/Intermediates.noindex/OpenMeteoSdk.build/Debug-appletvos/OpenMeteoSdk.build/DerivedSources/arm64 -Xcc -I/Users/admin/builder/spi-builder-workspace/.derivedData/Build/Intermediates.noindex/OpenMeteoSdk.build/Debug-appletvos/OpenMeteoSdk.build/DerivedSources -Xcc -DSWIFT_PACKAGE -Xcc -DDEBUG\=1 -emit-objc-header -emit-objc-header-path /Users/admin/builder/spi-builder-workspace/.derivedData/Build/Intermediates.noindex/OpenMeteoSdk.build/Debug-appletvos/OpenMeteoSdk.build/Objects-normal/arm64/OpenMeteoSdk-Swift.h -working-directory /Users/admin/builder/spi-builder-workspace/.swiftpm/xcode -experimental-emit-module-separately -disable-cmo
ExtractAppIntentsMetadata (in target 'Common' from project 'FlatBuffers')
    cd /Users/admin/builder/spi-builder-workspace/.dependencies/checkouts/flatbuffers
    /Applications/Xcode-26.3.0.app/Contents/Developer/Toolchains/XcodeDefault.xctoolchain/usr/bin/appintentsmetadataprocessor --toolchain-dir /var/run/com.apple.security.cryptexd/mnt/com.apple.MobileAsset.MetalToolchain-v17.3.7003.10.1mD9ys/Metal.xctoolchain --module-name Common --sdk-root /Applications/Xcode-26.3.0.app/Contents/Developer/Platforms/AppleTVOS.platform/Developer/SDKs/AppleTVOS26.2.sdk --xcode-version 17C529 --platform-family tvOS --deployment-target 12.0 --bundle-identifier flatbuffers.Common --output /Users/admin/builder/spi-builder-workspace/.derivedData/Build/Products/Debug-appletvos/Common.appintents --target-triple arm64-apple-tvos12.0 --binary-file /Users/admin/builder/spi-builder-workspace/.derivedData/Build/Products/Debug-appletvos/Common.o --dependency-file /Users/admin/builder/spi-builder-workspace/.derivedData/Build/Intermediates.noindex/FlatBuffers.build/Debug-appletvos/Common.build/Objects-normal/arm64/Common_dependency_info.dat --stringsdata-file /Users/admin/builder/spi-builder-workspace/.derivedData/Build/Intermediates.noindex/FlatBuffers.build/Debug-appletvos/Common.build/Objects-normal/arm64/ExtractedAppShortcutsMetadata.stringsdata --source-file-list /Users/admin/builder/spi-builder-workspace/.derivedData/Build/Intermediates.noindex/FlatBuffers.build/Debug-appletvos/Common.build/Objects-normal/arm64/Common.SwiftFileList --metadata-file-list /Users/admin/builder/spi-builder-workspace/.derivedData/Build/Intermediates.noindex/FlatBuffers.build/Debug-appletvos/Common.build/Common.DependencyMetadataFileList --static-metadata-file-list /Users/admin/builder/spi-builder-workspace/.derivedData/Build/Intermediates.noindex/FlatBuffers.build/Debug-appletvos/Common.build/Common.DependencyStaticMetadataFileList --swift-const-vals-list /Users/admin/builder/spi-builder-workspace/.derivedData/Build/Intermediates.noindex/FlatBuffers.build/Debug-appletvos/Common.build/Objects-normal/arm64/Common.SwiftConstValuesFileList --force --compile-time-extraction --deployment-aware-processing --validate-assistant-intents --no-app-shortcuts-localization
SwiftDriver FlatBuffers normal arm64 com.apple.xcode.tools.swift.compiler (in target 'FlatBuffers' from project 'FlatBuffers')
    cd /Users/admin/builder/spi-builder-workspace/.swiftpm/xcode
    builtin-SwiftDriver -- /Applications/Xcode-26.3.0.app/Contents/Developer/Toolchains/XcodeDefault.xctoolchain/usr/bin/swiftc -module-name FlatBuffers -Onone -enforce-exclusivity\=checked @/Users/admin/builder/spi-builder-workspace/.derivedData/Build/Intermediates.noindex/FlatBuffers.build/Debug-appletvos/FlatBuffers.build/Objects-normal/arm64/FlatBuffers.SwiftFileList -DSWIFT_PACKAGE -DDEBUG -DSWIFT_MODULE_RESOURCE_BUNDLE_UNAVAILABLE -DXcode -plugin-path /Applications/Xcode-26.3.0.app/Contents/Developer/Toolchains/XcodeDefault.xctoolchain/usr/lib/swift/host/plugins/testing -enable-experimental-feature DebugDescriptionMacro -sdk /Applications/Xcode-26.3.0.app/Contents/Developer/Platforms/AppleTVOS.platform/Developer/SDKs/AppleTVOS26.2.sdk -target arm64-apple-tvos12.0 -g -module-cache-path /Users/admin/builder/spi-builder-workspace/.derivedData/ModuleCache.noindex -Xfrontend -serialize-debugging-options -profile-coverage-mapping -profile-generate -enable-testing -suppress-warnings -index-store-path /Users/admin/builder/spi-builder-workspace/.derivedData/Index.noindex/DataStore -Xcc -D_LIBCPP_HARDENING_MODE\=_LIBCPP_HARDENING_MODE_DEBUG -swift-version 5 -I /Users/admin/builder/spi-builder-workspace/.derivedData/Build/Products/Debug-appletvos -Isystem /Applications/Xcode-26.3.0.app/Contents/Developer/Platforms/AppleTVOS.platform/Developer/usr/lib -F /Users/admin/builder/spi-builder-workspace/.derivedData/Build/Products/Debug-appletvos/PackageFrameworks -F /Users/admin/builder/spi-builder-workspace/.derivedData/Build/Products/Debug-appletvos -F /Applications/Xcode-26.3.0.app/Contents/Developer/Platforms/AppleTVOS.platform/Developer/Library/Frameworks -F /Applications/Xcode-26.3.0.app/Contents/Developer/Platforms/AppleTVOS.platform/Developer/SDKs/AppleTVOS26.2.sdk/Developer/Library/Frameworks -c -j10 -enable-batch-mode -incremental -Xcc -ivfsstatcache -Xcc /Users/admin/builder/spi-builder-workspace/.derivedData/SDKStatCaches.noindex/appletvos26.2-23K50-dc75598d0054f22ec865fa860f139d72c1feacec85df2e04b9fa10f95e757c08.sdkstatcache -output-file-map /Users/admin/builder/spi-builder-workspace/.derivedData/Build/Intermediates.noindex/FlatBuffers.build/Debug-appletvos/FlatBuffers.build/Objects-normal/arm64/FlatBuffers-OutputFileMap.json -use-frontend-parseable-output -save-temps -no-color-diagnostics -explicit-module-build -module-cache-path /Users/admin/builder/spi-builder-workspace/.derivedData/Build/Intermediates.noindex/SwiftExplicitPrecompiledModules -clang-scanner-module-cache-path /Users/admin/builder/spi-builder-workspace/.derivedData/ModuleCache.noindex -sdk-module-cache-path /Users/admin/builder/spi-builder-workspace/.derivedData/ModuleCache.noindex -serialize-diagnostics -emit-dependencies -emit-module -emit-module-path /Users/admin/builder/spi-builder-workspace/.derivedData/Build/Intermediates.noindex/FlatBuffers.build/Debug-appletvos/FlatBuffers.build/Objects-normal/arm64/FlatBuffers.swiftmodule -validate-clang-modules-once -clang-build-session-file /Users/admin/builder/spi-builder-workspace/.derivedData/ModuleCache.noindex/Session.modulevalidation -package-name flatbuffers -Xcc -I/Users/admin/builder/spi-builder-workspace/.derivedData/Build/Intermediates.noindex/FlatBuffers.build/Debug-appletvos/FlatBuffers.build/swift-overrides.hmap -emit-const-values -Xfrontend -const-gather-protocols-file -Xfrontend /Users/admin/builder/spi-builder-workspace/.derivedData/Build/Intermediates.noindex/FlatBuffers.build/Debug-appletvos/FlatBuffers.build/Objects-normal/arm64/FlatBuffers_const_extract_protocols.json -Xcc -I/Users/admin/builder/spi-builder-workspace/.derivedData/Build/Products/Debug-appletvos/include -Xcc -I/Users/admin/builder/spi-builder-workspace/.derivedData/Build/Intermediates.noindex/FlatBuffers.build/Debug-appletvos/FlatBuffers.build/DerivedSources-normal/arm64 -Xcc -I/Users/admin/builder/spi-builder-workspace/.derivedData/Build/Intermediates.noindex/FlatBuffers.build/Debug-appletvos/FlatBuffers.build/DerivedSources/arm64 -Xcc -I/Users/admin/builder/spi-builder-workspace/.derivedData/Build/Intermediates.noindex/FlatBuffers.build/Debug-appletvos/FlatBuffers.build/DerivedSources -Xcc -DSWIFT_PACKAGE -Xcc -DDEBUG\=1 -emit-objc-header -emit-objc-header-path /Users/admin/builder/spi-builder-workspace/.derivedData/Build/Intermediates.noindex/FlatBuffers.build/Debug-appletvos/FlatBuffers.build/Objects-normal/arm64/FlatBuffers-Swift.h -working-directory /Users/admin/builder/spi-builder-workspace/.swiftpm/xcode -experimental-emit-module-separately -disable-cmo
SwiftCompile normal arm64 Compiling\ weather_api_generated.swift /Users/admin/builder/spi-builder-workspace/swift/Sources/OpenMeteoSdk/weather_api_generated.swift (in target 'OpenMeteoSdk' from project 'OpenMeteoSdk')
SwiftCompile normal arm64 /Users/admin/builder/spi-builder-workspace/swift/Sources/OpenMeteoSdk/weather_api_generated.swift (in target 'OpenMeteoSdk' from project 'OpenMeteoSdk')
    cd /Users/admin/builder/spi-builder-workspace/.swiftpm/xcode

SwiftCompile normal arm64 Compiling\ VariablesWithTime.swift /Users/admin/builder/spi-builder-workspace/swift/Sources/OpenMeteoSdk/VariablesWithTime.swift (in target 'OpenMeteoSdk' from project 'OpenMeteoSdk')
SwiftCompile normal arm64 /Users/admin/builder/spi-builder-workspace/swift/Sources/OpenMeteoSdk/VariablesWithTime.swift (in target 'OpenMeteoSdk' from project 'OpenMeteoSdk')
    cd /Users/admin/builder/spi-builder-workspace/.swiftpm/xcode

SwiftCompile normal arm64 Compiling\ OpenMeteoSdk.swift /Users/admin/builder/spi-builder-workspace/swift/Sources/OpenMeteoSdk/OpenMeteoSdk.swift (in target 'OpenMeteoSdk' from project 'OpenMeteoSdk')
SwiftCompile normal arm64 /Users/admin/builder/spi-builder-workspace/swift/Sources/OpenMeteoSdk/OpenMeteoSdk.swift (in target 'OpenMeteoSdk' from project 'OpenMeteoSdk')
    cd /Users/admin/builder/spi-builder-workspace/.swiftpm/xcode

SwiftEmitModule normal arm64 Emitting\ module\ for\ OpenMeteoSdk (in target 'OpenMeteoSdk' from project 'OpenMeteoSdk')
Failed frontend command:
/Applications/Xcode-26.3.0.app/Contents/Developer/Toolchains/XcodeDefault.xctoolchain/usr/bin/swift-frontend -frontend -emit-module -experimental-skip-non-inlinable-function-bodies-without-types /Users/admin/builder/spi-builder-workspace/swift/Sources/OpenMeteoSdk/OpenMeteoSdk.swift /Users/admin/builder/spi-builder-workspace/swift/Sources/OpenMeteoSdk/Unit.swift /Users/admin/builder/spi-builder-workspace/swift/Sources/OpenMeteoSdk/VariablesWithTime.swift /Users/admin/builder/spi-builder-workspace/swift/Sources/OpenMeteoSdk/weather_api_generated.swift -target arm64-apple-tvos12.0 -module-can-import Common -load-resolved-plugin /Applications/Xcode-26.3.0.app/Contents/Developer/Platforms/AppleTVOS.platform/Developer/usr/lib/swift/host/plugins/libFoundationMacros.dylib\#/Applications/Xcode-26.3.0.app/Contents/Developer/Platforms/AppleTVOS.platform/Developer/usr/bin/swift-plugin-server\#FoundationMacros -load-resolved-plugin /Applications/Xcode-26.3.0.app/Contents/Developer/Platforms/AppleTVOS.platform/Developer/usr/lib/swift/host/plugins/libObservationMacros.dylib\#/Applications/Xcode-26.3.0.app/Contents/Developer/Platforms/AppleTVOS.platform/Developer/usr/bin/swift-plugin-server\#ObservationMacros -load-resolved-plugin /Applications/Xcode-26.3.0.app/Contents/Developer/Platforms/AppleTVOS.platform/Developer/usr/lib/swift/host/plugins/libSwiftMacros.dylib\#/Applications/Xcode-26.3.0.app/Contents/Developer/Platforms/AppleTVOS.platform/Developer/usr/bin/swift-plugin-server\#SwiftMacros -disable-implicit-swift-modules -Xcc -fno-implicit-modules -Xcc -fno-implicit-module-maps -explicit-swift-module-map-file /Users/admin/builder/spi-builder-workspace/.derivedData/Build/Intermediates.noindex/OpenMeteoSdk.build/Debug-appletvos/OpenMeteoSdk.build/Objects-normal/arm64/OpenMeteoSdk-dependencies-1.json -Xllvm -aarch64-use-tbi -enable-objc-interop -sdk /Applications/Xcode-26.3.0.app/Contents/Developer/Platforms/AppleTVOS.platform/Developer/SDKs/AppleTVOS26.2.sdk -I /Users/admin/builder/spi-builder-workspace/.derivedData/Build/Products/Debug-appletvos -Isystem /Applications/Xcode-26.3.0.app/Contents/Developer/Platforms/AppleTVOS.platform/Developer/usr/lib -F /Users/admin/builder/spi-builder-workspace/.derivedData/Build/Products/Debug-appletvos/PackageFrameworks -F /Users/admin/builder/spi-builder-workspace/.derivedData/Build/Products/Debug-appletvos/PackageFrameworks -F /Users/admin/builder/spi-builder-workspace/.derivedData/Build/Products/Debug-appletvos -F /Applications/Xcode-26.3.0.app/Contents/Developer/Platforms/AppleTVOS.platform/Developer/Library/Frameworks -F /Applications/Xcode-26.3.0.app/Contents/Developer/Platforms/AppleTVOS.platform/Developer/SDKs/AppleTVOS26.2.sdk/Developer/Library/Frameworks -no-color-diagnostics -Xcc -fno-color-diagnostics -enable-testing -g -debug-info-format\=dwarf -dwarf-version\=4 -module-cache-path /Users/admin/builder/spi-builder-workspace/.derivedData/Build/Intermediates.noindex/SwiftExplicitPrecompiledModules -profile-generate -profile-coverage-mapping -swift-version 5 -enforce-exclusivity\=checked -Onone -D SWIFT_PACKAGE -D DEBUG -D SWIFT_MODULE_RESOURCE_BUNDLE_UNAVAILABLE -D Xcode -serialize-debugging-options -const-gather-protocols-file /Users/admin/builder/spi-builder-workspace/.derivedData/Build/Intermediates.noindex/OpenMeteoSdk.build/Debug-appletvos/OpenMeteoSdk.build/Objects-normal/arm64/OpenMeteoSdk_const_extract_protocols.json -enable-experimental-feature DebugDescriptionMacro -empty-abi-descriptor -validate-clang-modules-once -clang-build-session-file /Users/admin/builder/spi-builder-workspace/.derivedData/ModuleCache.noindex/Session.modulevalidation -Xcc -working-directory -Xcc /Users/admin/builder/spi-builder-workspace/.swiftpm/xcode -enable-anonymous-context-mangled-names -file-compilation-dir /Users/admin/builder/spi-builder-workspace/.swiftpm/xcode -Xcc -D_LIBCPP_HARDENING_MODE\=_LIBCPP_HARDENING_MODE_DEBUG -Xcc -ivfsstatcache -Xcc /Users/admin/builder/spi-builder-workspace/.derivedData/SDKStatCaches.noindex/appletvos26.2-23K50-dc75598d0054f22ec865fa860f139d72c1feacec85df2e04b9fa10f95e757c08.sdkstatcache -Xcc -I/Users/admin/builder/spi-builder-workspace/.derivedData/Build/Intermediates.noindex/OpenMeteoSdk.build/Debug-appletvos/OpenMeteoSdk.build/swift-overrides.hmap -Xcc -I/Users/admin/builder/spi-builder-workspace/.derivedData/Build/Products/Debug-appletvos/include -Xcc -I/Users/admin/builder/spi-builder-workspace/.derivedData/Build/Intermediates.noindex/OpenMeteoSdk.build/Debug-appletvos/OpenMeteoSdk.build/DerivedSources-normal/arm64 -Xcc -I/Users/admin/builder/spi-builder-workspace/.derivedData/Build/Intermediates.noindex/OpenMeteoSdk.build/Debug-appletvos/OpenMeteoSdk.build/DerivedSources/arm64 -Xcc -I/Users/admin/builder/spi-builder-workspace/.derivedData/Build/Intermediates.noindex/OpenMeteoSdk.build/Debug-appletvos/OpenMeteoSdk.build/DerivedSources -Xcc -DSWIFT_PACKAGE -Xcc -DDEBUG\=1 -no-auto-bridging-header-chaining -module-name OpenMeteoSdk -package-name spi_builder_workspace -frontend-parseable-output -disable-clang-spi -target-sdk-version 26.2 -target-sdk-name appletvos26.2 -clang-target arm64-apple-tvos26.2 -in-process-plugin-server-path /Applications/Xcode-26.3.0.app/Contents/Developer/Toolchains/XcodeDefault.xctoolchain/usr/lib/swift/host/libSwiftInProcPluginServer.dylib -emit-module-doc-path /Users/admin/builder/spi-builder-workspace/.derivedData/Build/Intermediates.noindex/OpenMeteoSdk.build/Debug-appletvos/OpenMeteoSdk.build/Objects-normal/arm64/OpenMeteoSdk.swiftdoc -emit-module-source-info-path /Users/admin/builder/spi-builder-workspace/.derivedData/Build/Intermediates.noindex/OpenMeteoSdk.build/Debug-appletvos/OpenMeteoSdk.build/Objects-normal/arm64/OpenMeteoSdk.swiftsourceinfo -emit-objc-header-path /Users/admin/builder/spi-builder-workspace/.derivedData/Build/Intermediates.noindex/OpenMeteoSdk.build/Debug-appletvos/OpenMeteoSdk.build/Objects-normal/arm64/OpenMeteoSdk-Swift.h -serialize-diagnostics-path /Users/admin/builder/spi-builder-workspace/.derivedData/Build/Intermediates.noindex/OpenMeteoSdk.build/Debug-appletvos/OpenMeteoSdk.build/Objects-normal/arm64/OpenMeteoSdk-primary-emit-module.dia -emit-dependencies-path /Users/admin/builder/spi-builder-workspace/.derivedData/Build/Intermediates.noindex/OpenMeteoSdk.build/Debug-appletvos/OpenMeteoSdk.build/Objects-normal/arm64/OpenMeteoSdk-primary-emit-module.d -o /Users/admin/builder/spi-builder-workspace/.derivedData/Build/Intermediates.noindex/OpenMeteoSdk.build/Debug-appletvos/OpenMeteoSdk.build/Objects-normal/arm64/OpenMeteoSdk.swiftmodule -emit-abi-descriptor-path /Users/admin/builder/spi-builder-workspace/.derivedData/Build/Intermediates.noindex/OpenMeteoSdk.build/Debug-appletvos/OpenMeteoSdk.build/Objects-normal/arm64/OpenMeteoSdk.abi.json
EmitSwiftModule normal arm64 (in target 'OpenMeteoSdk' from project 'OpenMeteoSdk')
    cd /Users/admin/builder/spi-builder-workspace/.swiftpm/xcode

/Users/admin/builder/spi-builder-workspace/swift/Sources/OpenMeteoSdk/OpenMeteoSdk.swift:17:81: error: concurrency is only available in tvOS 13.0.0 or newer
    public static func fetch(url: URL, session: URLSession = URLSession.shared) async throws -> [WeatherApiResponse] {
                                                                                ^
/Users/admin/builder/spi-builder-workspace/swift/Sources/OpenMeteoSdk/OpenMeteoSdk.swift:17:24: note: add '@available' attribute to enclosing static method
    public static func fetch(url: URL, session: URLSession = URLSession.shared) async throws -> [WeatherApiResponse] {
                       ^
/Users/admin/builder/spi-builder-workspace/swift/Sources/OpenMeteoSdk/OpenMeteoSdk.swift:11:1: note: add '@available' attribute to enclosing extension
extension WeatherApiResponse {
^
/Users/admin/builder/spi-builder-workspace/swift/Sources/OpenMeteoSdk/OpenMeteoSdk.swift:26:92: error: concurrency is only available in tvOS 13.0.0 or newer
    public static func fetch(request: URLRequest, session: URLSession = URLSession.shared) async throws -> [WeatherApiResponse] {
                                                                                           ^
/Users/admin/builder/spi-builder-workspace/swift/Sources/OpenMeteoSdk/OpenMeteoSdk.swift:26:24: note: add '@available' attribute to enclosing static method
    public static func fetch(request: URLRequest, session: URLSession = URLSession.shared) async throws -> [WeatherApiResponse] {
                       ^
/Users/admin/builder/spi-builder-workspace/swift/Sources/OpenMeteoSdk/OpenMeteoSdk.swift:11:1: note: add '@available' attribute to enclosing extension
extension WeatherApiResponse {
^
SwiftCompile normal arm64 Compiling\ Enum.swift /Users/admin/builder/spi-builder-workspace/.dependencies/checkouts/flatbuffers/swift/Sources/FlatBuffers/Enum.swift (in target 'FlatBuffers' from project 'FlatBuffers')
SwiftCompile normal arm64 /Users/admin/builder/spi-builder-workspace/.dependencies/checkouts/flatbuffers/swift/Sources/FlatBuffers/Enum.swift (in target 'FlatBuffers' from project 'FlatBuffers')
    cd /Users/admin/builder/spi-builder-workspace/.swiftpm/xcode

SwiftEmitModule normal arm64 Emitting\ module\ for\ FlatBuffers (in target 'FlatBuffers' from project 'FlatBuffers')
EmitSwiftModule normal arm64 (in target 'FlatBuffers' from project 'FlatBuffers')
    cd /Users/admin/builder/spi-builder-workspace/.swiftpm/xcode

SwiftCompile normal arm64 Compiling\ FlatBufferBuilder.swift /Users/admin/builder/spi-builder-workspace/.dependencies/checkouts/flatbuffers/swift/Sources/FlatBuffers/FlatBufferBuilder.swift (in target 'FlatBuffers' from project 'FlatBuffers')
SwiftCompile normal arm64 /Users/admin/builder/spi-builder-workspace/.dependencies/checkouts/flatbuffers/swift/Sources/FlatBuffers/FlatBufferBuilder.swift (in target 'FlatBuffers' from project 'FlatBuffers')
    cd /Users/admin/builder/spi-builder-workspace/.swiftpm/xcode

SwiftDriverJobDiscovery normal arm64 Compiling Enum.swift (in target 'FlatBuffers' from project 'FlatBuffers')
SwiftCompile normal arm64 Compiling\ Verifiable.swift /Users/admin/builder/spi-builder-workspace/.dependencies/checkouts/flatbuffers/swift/Sources/FlatBuffers/Verifiable.swift (in target 'FlatBuffers' from project 'FlatBuffers')
SwiftCompile normal arm64 Compiling\ TableVerifier.swift /Users/admin/builder/spi-builder-workspace/.dependencies/checkouts/flatbuffers/swift/Sources/FlatBuffers/TableVerifier.swift (in target 'FlatBuffers' from project 'FlatBuffers')
2026-08-10 23:28:24.260 xcodebuild[812:5080] [MT] IDERunDestination: Supported platforms for the buildables in the current scheme is empty.
** BUILD FAILED **
The following build commands failed:
	SwiftEmitModule normal arm64 Emitting\ module\ for\ OpenMeteoSdk (in target 'OpenMeteoSdk' from project 'OpenMeteoSdk')
	EmitSwiftModule normal arm64 (in target 'OpenMeteoSdk' from project 'OpenMeteoSdk')
	Building workspace spi-builder-workspace with scheme OpenMeteoSdk
(3 failures)
BUILD FAILURE 6.2 tvOS