The Swift Package Index logo.Swift Package Index

Build Information

Failed to build Typer, reference master (e49f49), with Swift 6.4 for Linux on 16 Sep 2026 22:35:46 UTC.

Build Command

bash -c docker run --pull=always --rm -v "checkouts-54344845-0":/host -w "$PWD" -e JAVA_HOME="/root/.sdkman/candidates/java/current" -e SPI_BUILD="1" -e SPI_PROCESSING="1" registry.gitlab.com/saguaro1/spi-images:basic-6.4-latest swift build --triple x86_64-unknown-linux-gnu 2>&1

Build Log

========================================
RunAll
========================================
Builder version: 5.1.0
Interrupt handler set up.
========================================
Checkout
========================================
Clone URL: https://github.com/Samasaur1/Typer.git
Reference: master
Initialized empty Git repository in /host/spi-builder-workspace/.git/
hint: Using 'master' as the name for the initial branch. This default branch name
hint: is subject to change. To configure the initial branch name to use in all
hint: of your new repositories, which will suppress this warning, call:
hint:
hint: 	git config --global init.defaultBranch <name>
hint:
hint: Names commonly chosen instead of 'master' are 'main', 'trunk' and
hint: 'development'. The just-created branch can be renamed via this command:
hint:
hint: 	git branch -m <name>
From https://github.com/Samasaur1/Typer
 * branch            master     -> FETCH_HEAD
 * [new branch]      master     -> origin/master
HEAD is now at e49f498 Only add transition function when supported (Swift 4.2+)
Cloned https://github.com/Samasaur1/Typer.git
Revision (git rev-parse @):
e49f498cfb7dc45e1091751e5015b2ffec34280f
SUCCESS checkout https://github.com/Samasaur1/Typer.git at master
========================================
Build
========================================
Selected platform:         linux
Swift version:             6.4
Building package at path:  $PWD
https://github.com/Samasaur1/Typer.git
Running build ...
bash -c docker run --pull=always --rm -v "checkouts-54344845-0":/host -w "$PWD" -e JAVA_HOME="/root/.sdkman/candidates/java/current" -e SPI_BUILD="1" -e SPI_PROCESSING="1" registry.gitlab.com/saguaro1/spi-images:basic-6.4-latest swift build --triple x86_64-unknown-linux-gnu 2>&1
basic-6.4-latest: Pulling from saguaro1/spi-images
Digest: sha256:c77fcce225e223ac0fafed844619173fc6de8d62dd560eeb28db3182af6a282b
Status: Image is up to date for registry.gitlab.com/saguaro1/spi-images:basic-6.4-latest
Building for debugging...
[Planning deferred tasks]
[21 / 29] Typer
error: SwiftCompile normal x86_64 /host/spi-builder-workspace/Sources/Typer/Typer.swift failed with a nonzero exit code. Command line:     cd /host
    builtin-SwiftPerFileCompile Typer.swift
/host/spi-builder-workspace/Sources/Typer/Typer.swift:38:34: error: cannot find 'NSAppleScript' in scope
 36 |                 print(toPrint)
 37 |             }
 38 |             if let applescript = NSAppleScript(source: "tell app \"System Events\" to keystroke \(toPrint)") {
    |                                  `- error: cannot find 'NSAppleScript' in scope
 39 |                 applescript.compileAndReturnError(nil)
 40 |                 applescript.executeAndReturnError(nil)
/host/spi-builder-workspace/Sources/Typer/Typer.swift:57:30: error: cannot find 'arc4random_uniform' in scope
 55 |             case .natural:
 56 |                 var sleepTime: UInt32 = 0080000
 57 |                 sleepTime += arc4random_uniform(5) * 10000
    |                              `- error: cannot find 'arc4random_uniform' in scope
 58 |                 sleepTime = additionalVariance(baseRate: sleepTime)
 59 |                 if debug {
/host/spi-builder-workspace/Sources/Typer/Typer.swift:69:33: error: cannot find 'arc4random_uniform' in scope
 67 |                 usleep(µsecondDelay)
 68 |             case let .customVarying(µsecondBaseDelay, maxVariance, additionalRandomness):
 69 |                 var sleepTime = arc4random_uniform(5)
    |                                 `- error: cannot find 'arc4random_uniform' in scope
 70 |                 sleepTime *= (maxVariance / 2)
 71 |                 let preSubtraction = µsecondBaseDelay + sleepTime
/host/spi-builder-workspace/Sources/Typer/Typer.swift:86:23: error: cannot find 'arc4random_uniform' in scope
 84 |     private static func additionalVariance(baseRate: UInt32) -> UInt32 {
 85 |         var base = Int64(baseRate)
 86 |         base += Int64(arc4random_uniform(5) * 1000)
    |                       `- error: cannot find 'arc4random_uniform' in scope
 87 |         base += Int64(arc4random_uniform(11) * 100)
 88 |         base += Int64(arc4random_uniform(21) * 10)
/host/spi-builder-workspace/Sources/Typer/Typer.swift:87:23: error: cannot find 'arc4random_uniform' in scope
 85 |         var base = Int64(baseRate)
 86 |         base += Int64(arc4random_uniform(5) * 1000)
 87 |         base += Int64(arc4random_uniform(11) * 100)
    |                       `- error: cannot find 'arc4random_uniform' in scope
 88 |         base += Int64(arc4random_uniform(21) * 10)
 89 |         base += Int64(arc4random_uniform(21))
/host/spi-builder-workspace/Sources/Typer/Typer.swift:88:23: error: cannot find 'arc4random_uniform' in scope
 86 |         base += Int64(arc4random_uniform(5) * 1000)
 87 |         base += Int64(arc4random_uniform(11) * 100)
 88 |         base += Int64(arc4random_uniform(21) * 10)
    |                       `- error: cannot find 'arc4random_uniform' in scope
 89 |         base += Int64(arc4random_uniform(21))
 90 |         base -= 2610
/host/spi-builder-workspace/Sources/Typer/Typer.swift:89:23: error: cannot find 'arc4random_uniform' in scope
 87 |         base += Int64(arc4random_uniform(11) * 100)
 88 |         base += Int64(arc4random_uniform(21) * 10)
 89 |         base += Int64(arc4random_uniform(21))
    |                       `- error: cannot find 'arc4random_uniform' in scope
 90 |         base -= 2610
 91 |         if base < 0 { return 0 }
Failed frontend command:
/usr/bin/swift-frontend -frontend -c -primary-file /host/spi-builder-workspace/Sources/Typer/Typer.swift -emit-dependencies-path /host/spi-builder-workspace/.build/out/Intermediates.noindex/Typer.build/Debug-linux-x86_64/Typer-t.build/Objects-normal/x86_64/Typer.d -emit-const-values-path /host/spi-builder-workspace/.build/out/Intermediates.noindex/Typer.build/Debug-linux-x86_64/Typer-t.build/Objects-normal/x86_64/Typer.swiftconstvalues -emit-reference-dependencies-path /host/spi-builder-workspace/.build/out/Intermediates.noindex/Typer.build/Debug-linux-x86_64/Typer-t.build/Objects-normal/x86_64/Typer.swiftdeps -serialize-diagnostics-path /host/spi-builder-workspace/.build/out/Intermediates.noindex/Typer.build/Debug-linux-x86_64/Typer-t.build/Objects-normal/x86_64/Typer.dia -target x86_64-unknown-linux-gnu -disable-objc-interop -I /host/spi-builder-workspace/.build/out/Products/Debug-linux-x86_64 -module-cache-path /host/spi-builder-workspace/.build/out/ModuleCache.noindex -color-diagnostics -Xcc -fcolor-diagnostics -enable-testing -g -debug-info-format\=dwarf -dwarf-version\=4 -swift-version 4 -Onone -D SWIFT_PACKAGE -D DEBUG -D SWIFT_MODULE_RESOURCE_BUNDLE_UNAVAILABLE -D Xcode -serialize-debugging-options -enable-experimental-feature DebugDescriptionMacro -empty-abi-descriptor -external-plugin-path /usr/lib/swift/host/plugins/testing\#/usr/bin/swift-plugin-server -validate-clang-modules-once -clang-build-session-file /host/spi-builder-workspace/.build/out/ModuleCache.noindex/Session.modulevalidation -Xcc -working-directory -Xcc /host -enable-anonymous-context-mangled-names -file-compilation-dir /host -Xcc -fno-omit-frame-pointer -Xcc -D_LIBCPP_HARDENING_MODE\=_LIBCPP_HARDENING_MODE_DEBUG -Xcc -fmodules-prune-interval\=86400 -Xcc -fmodules-prune-after\=345600 -Xcc -I/host/spi-builder-workspace/.build/out/Products/Debug-linux-x86_64/include -Xcc -I/host/spi-builder-workspace/.build/out/Intermediates.noindex/Typer.build/Debug-linux-x86_64/Typer-t.build/DerivedSources-normal/x86_64 -Xcc -I/host/spi-builder-workspace/.build/out/Intermediates.noindex/Typer.build/Debug-linux-x86_64/Typer-t.build/DerivedSources/x86_64 -Xcc -I/host/spi-builder-workspace/.build/out/Intermediates.noindex/Typer.build/Debug-linux-x86_64/Typer-t.build/DerivedSources -Xcc -DSWIFT_PACKAGE -Xcc -DDEBUG\=1 -no-auto-bridging-header-chaining -module-name Typer -const-gather-protocols-file /host/spi-builder-workspace/.build/out/Intermediates.noindex/Typer.build/Debug-linux-x86_64/Typer-t.build/Objects-normal/x86_64/Typer_const_extract_protocols.json -in-process-plugin-server-path /usr/lib/swift/host/libSwiftInProcPluginServer.so -plugin-path /usr/lib/swift/host/plugins -plugin-path /usr/local/lib/swift/host/plugins -parse-as-library -o /host/spi-builder-workspace/.build/out/Intermediates.noindex/Typer.build/Debug-linux-x86_64/Typer-t.build/Objects-normal/x86_64/Typer.o -index-unit-output-path /Typer.build/Debug-linux-x86_64/Typer-t.build/Objects-normal/x86_64/Typer.o -index-store-path /host/spi-builder-workspace/.build/out -index-system-modules
error: Build failed
BUILD FAILURE 6.4 linux