The Swift Package Index logo.Swift Package Index

Build Information

Failed to build swift-chat, reference main (c23f5f), with Swift 6.2 for Linux on 15 Aug 2026 16:09:04 UTC.

Build Command

bash -c docker run --pull=always --rm -v "checkouts-53886770-1":/host -w "$PWD" -e JAVA_HOME="/root/.sdkman/candidates/java/current" -e SPI_BUILD="1" -e SPI_PROCESSING="1" registry.gitlab.com/saguaro1/spi-images:basic-6.2-latest swift build --triple x86_64-unknown-linux-gnu 2>&1

Build Log

========================================
RunAll
========================================
Builder version: 5.0.1
Interrupt handler set up.
========================================
Checkout
========================================
Clone URL: https://github.com/akbashev/swift-chat.git
Reference: main
Initialized empty Git repository in /host/spi-builder-workspace/.git/
hint: Using 'master' as the name for the initial branch. This default branch name
hint: is subject to change. To configure the initial branch name to use in all
hint: of your new repositories, which will suppress this warning, call:
hint:
hint: 	git config --global init.defaultBranch <name>
hint:
hint: Names commonly chosen instead of 'master' are 'main', 'trunk' and
hint: 'development'. The just-created branch can be renamed via this command:
hint:
hint: 	git branch -m <name>
From https://github.com/akbashev/swift-chat
 * branch            main       -> FETCH_HEAD
 * [new branch]      main       -> origin/main
HEAD is now at c23f5f0 Update libraries
Cloned https://github.com/akbashev/swift-chat.git
Revision (git rev-parse @):
c23f5f0bb272c048d2246f70f5cbc1b70f0e80d1
SUCCESS checkout https://github.com/akbashev/swift-chat.git at main
========================================
Build
========================================
Selected platform:         linux
Swift version:             6.2
Building package at path:  $PWD
https://github.com/akbashev/swift-chat.git
Running build ...
bash -c docker run --pull=always --rm -v "checkouts-53886770-1":/host -w "$PWD" -e JAVA_HOME="/root/.sdkman/candidates/java/current" -e SPI_BUILD="1" -e SPI_PROCESSING="1" registry.gitlab.com/saguaro1/spi-images:basic-6.2-latest swift build --triple x86_64-unknown-linux-gnu 2>&1
basic-6.2-latest: Pulling from saguaro1/spi-images
Digest: sha256:4f3911e0f09a6ac47ac813ad3222aa373869118ee0ae384fd641a13da74b5e3f
Status: Image is up to date for registry.gitlab.com/saguaro1/spi-images:basic-6.2-latest
Fetching https://github.com/apple/swift-distributed-actors.git
[1/55443] Fetching swift-distributed-actors
Fetched https://github.com/apple/swift-distributed-actors.git from cache (1.54s)
Fetching https://github.com/akbashev/cluster-virtual-actors.git
[1/241] Fetching cluster-virtual-actors
Fetched https://github.com/akbashev/cluster-virtual-actors.git from cache (0.42s)
Fetching https://github.com/akbashev/cluster-event-sourcing.git
[1/180] Fetching cluster-event-sourcing
Fetched https://github.com/akbashev/cluster-event-sourcing.git from cache (0.41s)
Fetching https://github.com/akbashev/postgres-event-store.git
[1/30] Fetching postgres-event-store
Fetched https://github.com/akbashev/postgres-event-store.git from cache (0.42s)
Fetching https://github.com/vapor/postgres-nio.git
Fetching https://github.com/swiftlang/swift-syntax.git
Fetching https://github.com/apple/swift-service-discovery
Fetching https://github.com/apple/swift-protobuf
Fetching https://github.com/daisuke-t-jp/MurmurHash-Swift.git
Fetching https://github.com/apple/swift-async-algorithms.git
[1/1259] Fetching swift-service-discovery
[52/2244] Fetching swift-service-discovery, murmurhash-swift
Fetched https://github.com/daisuke-t-jp/MurmurHash-Swift.git from cache (0.47s)
Fetching https://github.com/apple/swift-metrics
[1/6657] Fetching swift-async-algorithms
Fetched https://github.com/apple/swift-async-algorithms.git from cache (0.64s)
Fetching https://github.com/apple/swift-nio-extras
[1/14721] Fetching postgres-nio
[2/67258] Fetching postgres-nio, swift-protobuf
[21027/143729] Fetching postgres-nio, swift-protobuf, swift-syntax
[21028/147180] Fetching postgres-nio, swift-protobuf, swift-syntax, swift-metrics
Fetched https://github.com/apple/swift-metrics from cache (0.57s)
Fetching https://github.com/apple/swift-log
[32590/143729] Fetching postgres-nio, swift-protobuf, swift-syntax
[33882/150375] Fetching postgres-nio, swift-protobuf, swift-syntax, swift-nio-extras
Fetched https://github.com/apple/swift-nio-extras from cache (0.59s)
Fetching https://github.com/apple/swift-nio
[44487/143729] Fetching postgres-nio, swift-protobuf, swift-syntax
[77984/151683] Fetching postgres-nio, swift-protobuf, swift-syntax, swift-log
Fetched https://github.com/apple/swift-log from cache (0.60s)
Fetching https://github.com/apple/swift-cluster-membership
[112961/143729] Fetching postgres-nio, swift-protobuf, swift-syntax
[136375/147022] Fetching postgres-nio, swift-protobuf, swift-syntax, swift-cluster-membership
[139305/232395] Fetching postgres-nio, swift-protobuf, swift-syntax, swift-cluster-membership, swift-nio
Fetched https://github.com/apple/swift-cluster-membership from cache (0.56s)
Fetching https://github.com/apple/swift-nio-ssl
[142416/229102] Fetching postgres-nio, swift-protobuf, swift-syntax, swift-nio
[178733/245022] Fetching postgres-nio, swift-protobuf, swift-syntax, swift-nio, swift-nio-ssl
Fetched https://github.com/apple/swift-nio-ssl from cache (2.67s)
Fetching https://github.com/apple/swift-atomics
[204344/229102] Fetching postgres-nio, swift-protobuf, swift-syntax, swift-nio
[212029/230977] Fetching postgres-nio, swift-protobuf, swift-syntax, swift-nio, swift-atomics
Fetched https://github.com/apple/swift-atomics from cache (0.72s)
[219711/229102] Fetching postgres-nio, swift-protobuf, swift-syntax, swift-nio
Fetching https://github.com/elementary-swift/elementary-htmx.git
[229103/229837] Fetching postgres-nio, swift-protobuf, swift-syntax, swift-nio, elementary-htmx
Fetched https://github.com/elementary-swift/elementary-htmx.git from cache (0.55s)
Fetching https://github.com/swift-server/swift-backtrace
Fetched https://github.com/apple/swift-service-discovery from cache (6.33s)
Fetching https://github.com/apple/swift-collections
Fetched https://github.com/vapor/postgres-nio.git from cache (6.34s)
Fetching https://github.com/elementary-swift/elementary-ui.git
Fetched https://github.com/swiftlang/swift-syntax.git from cache (6.37s)
Fetching https://github.com/elementary-swift/elementary.git
Fetched https://github.com/apple/swift-protobuf from cache (6.39s)
Fetching https://github.com/hummingbird-community/hummingbird-elementary.git
[1/631] Fetching swift-backtrace
Fetched https://github.com/swift-server/swift-backtrace from cache (0.41s)
Fetching https://github.com/pointfreeco/swift-dependencies.git
[1/2172] Fetching elementary
[240/8962] Fetching elementary, elementary-ui
[3599/35685] Fetching elementary, elementary-ui, swift-collections
Fetched https://github.com/elementary-swift/elementary.git from cache (0.59s)
Fetching https://github.com/hummingbird-project/hummingbird-websocket.git
[4537/33513] Fetching elementary-ui, swift-collections
[12671/40847] Fetching elementary-ui, swift-collections, swift-dependencies
Fetched https://github.com/apple/swift-nio from cache (5.94s)
Fetched https://github.com/elementary-swift/elementary-ui.git from cache (0.83s)
Fetching https://github.com/hummingbird-project/hummingbird.git
[12628/34057] Fetching swift-collections, swift-dependencies
Fetching https://github.com/hummingbird-project/hummingbird-auth.git
Fetched https://github.com/pointfreeco/swift-dependencies.git from cache (0.66s)
[11491/26723] Fetching swift-collections
Fetching https://github.com/swift-server/swift-openapi-hummingbird.git
[17371/26994] Fetching swift-collections, hummingbird-elementary
Fetched https://github.com/hummingbird-community/hummingbird-elementary.git from cache (0.96s)
Fetching https://github.com/pointfreeco/swift-composable-architecture.git
[17638/26723] Fetching swift-collections
[20044/30096] Fetching swift-collections, hummingbird-websocket
Fetched https://github.com/hummingbird-project/hummingbird-websocket.git from cache (0.52s)
Fetching https://github.com/apple/swift-openapi-urlsession.git
[1/2561] Fetching hummingbird-auth
Fetched https://github.com/hummingbird-project/hummingbird-auth.git from cache (0.46s)
Fetching https://github.com/apple/swift-openapi-generator.git
[1/396] Fetching swift-openapi-hummingbird
Fetched https://github.com/apple/swift-collections from cache (1.34s)
Fetching https://github.com/apple/swift-openapi-runtime.git
Fetched https://github.com/swift-server/swift-openapi-hummingbird.git from cache (0.46s)
Fetching https://github.com/apple/swift-argument-parser.git
[1/27789] Fetching hummingbird
[25567/28968] Fetching hummingbird, swift-openapi-urlsession
Fetched https://github.com/apple/swift-openapi-urlsession.git from cache (0.56s)
[1/6799] Fetching swift-openapi-runtime
[5101/25103] Fetching swift-openapi-runtime, swift-argument-parser
Fetched https://github.com/hummingbird-project/hummingbird.git from cache (1.06s)
[10827/43250] Fetching swift-openapi-runtime, swift-argument-parser, swift-openapi-generator
Fetched https://github.com/apple/swift-openapi-runtime.git from cache (0.61s)
[4577/36451] Fetching swift-argument-parser, swift-openapi-generator
[28831/350060] Fetching swift-argument-parser, swift-openapi-generator, swift-composable-architecture
Fetched https://github.com/apple/swift-argument-parser.git from cache (0.89s)
Fetched https://github.com/apple/swift-openapi-generator.git from cache (1.08s)
[9409/313609] Fetching swift-composable-architecture
Fetched https://github.com/pointfreeco/swift-composable-architecture.git from cache (9.77s)
Computing version for https://github.com/apple/swift-cluster-membership
Computed https://github.com/apple/swift-cluster-membership at 0.4.0 (17.33s)
Fetching https://github.com/swift-server/swift-service-lifecycle.git
[1/2811] Fetching swift-service-lifecycle
Fetched https://github.com/swift-server/swift-service-lifecycle.git from cache (0.47s)
Computing version for https://github.com/daisuke-t-jp/MurmurHash-Swift.git
Computed https://github.com/daisuke-t-jp/MurmurHash-Swift.git at 1.1.1 (1.33s)
Computing version for https://github.com/swift-server/swift-openapi-hummingbird.git
Computed https://github.com/swift-server/swift-openapi-hummingbird.git at 2.0.1 (0.13s)
Computing version for https://github.com/apple/swift-metrics
Computed https://github.com/apple/swift-metrics at 2.11.0 (0.14s)
Computing version for https://github.com/elementary-swift/elementary-htmx.git
Computed https://github.com/elementary-swift/elementary-htmx.git at 0.5.2 (0.14s)
Computing version for https://github.com/hummingbird-community/hummingbird-elementary.git
Computed https://github.com/hummingbird-community/hummingbird-elementary.git at 0.5.1 (0.13s)
Computing version for https://github.com/elementary-swift/elementary.git
Computed https://github.com/elementary-swift/elementary.git at 0.8.0 (0.13s)
Computing version for https://github.com/apple/swift-service-discovery
Computed https://github.com/apple/swift-service-discovery at 1.5.0 (0.13s)
Computing version for https://github.com/apple/swift-atomics
Computed https://github.com/apple/swift-atomics at 1.3.1 (0.13s)
Computing version for https://github.com/apple/swift-openapi-urlsession.git
Computed https://github.com/apple/swift-openapi-urlsession.git at 1.3.1 (0.19s)
Fetching https://github.com/apple/swift-http-types
[1/1446] Fetching swift-http-types
Fetched https://github.com/apple/swift-http-types from cache (0.56s)
Computing version for https://github.com/apple/swift-openapi-runtime.git
Computed https://github.com/apple/swift-openapi-runtime.git at 1.12.0 (0.71s)
Computing version for https://github.com/apple/swift-log
Computed https://github.com/apple/swift-log at 1.15.0 (0.15s)
Computing version for https://github.com/apple/swift-nio
Computed https://github.com/apple/swift-nio at 2.101.3 (0.36s)
Fetching https://github.com/apple/swift-system.git
[1/6842] Fetching swift-system
Fetched https://github.com/apple/swift-system.git from cache (0.69s)
Computing version for https://github.com/hummingbird-project/hummingbird-auth.git
Computed https://github.com/hummingbird-project/hummingbird-auth.git at 2.2.0 (0.84s)
Fetching https://github.com/apple/swift-crypto.git
Fetching https://github.com/swift-extras/swift-extras-base64.git
[1/833] Fetching swift-extras-base64
[85/19155] Fetching swift-extras-base64, swift-crypto
Fetched https://github.com/swift-extras/swift-extras-base64.git from cache (1.10s)
Fetched https://github.com/apple/swift-crypto.git from cache (1.12s)
Computing version for https://github.com/swift-extras/swift-extras-base64.git
Computed https://github.com/swift-extras/swift-extras-base64.git at 1.0.0 (1.29s)
Computing version for https://github.com/hummingbird-project/hummingbird.git
Computed https://github.com/hummingbird-project/hummingbird.git at 2.26.0 (0.25s)
Fetching https://github.com/apple/swift-nio-transport-services.git
Fetching https://github.com/swift-server/async-http-client.git
Fetching https://github.com/apple/swift-nio-http2.git
Fetching https://github.com/apple/swift-distributed-tracing.git
Fetching https://github.com/apple/swift-configuration.git
[1/2860] Fetching swift-nio-transport-services
[173/6455] Fetching swift-nio-transport-services, swift-configuration
[209/12442] Fetching swift-nio-transport-services, swift-configuration, swift-distributed-tracing
Fetched https://github.com/apple/swift-nio-transport-services.git from cache (0.46s)
[5499/9582] Fetching swift-configuration, swift-distributed-tracing
[8206/21794] Fetching swift-configuration, swift-distributed-tracing, swift-nio-http2
Fetched https://github.com/apple/swift-configuration.git from cache (0.49s)
[6232/18199] Fetching swift-distributed-tracing, swift-nio-http2
Fetched https://github.com/apple/swift-distributed-tracing.git from cache (0.53s)
[611/12212] Fetching swift-nio-http2
[9038/28348] Fetching swift-nio-http2, async-http-client
Fetched https://github.com/apple/swift-nio-http2.git from cache (0.89s)
Fetched https://github.com/swift-server/async-http-client.git from cache (0.98s)
Computing version for https://github.com/apple/swift-nio-http2.git
Computed https://github.com/apple/swift-nio-http2.git at 1.45.0 (1.15s)
Computing version for https://github.com/apple/swift-nio-extras
Computed https://github.com/apple/swift-nio-extras at 1.34.3 (0.26s)
Fetching https://github.com/apple/swift-algorithms.git
Fetching https://github.com/apple/swift-certificates.git
Fetching https://github.com/apple/swift-asn1.git
Fetching https://github.com/apple/swift-http-structured-headers.git
[1/1253] Fetching swift-http-structured-headers
[14/3186] Fetching swift-http-structured-headers, swift-asn1
Fetched https://github.com/apple/swift-http-structured-headers.git from cache (0.40s)
[1/7485] Fetching swift-certificates
Fetched https://github.com/apple/swift-asn1.git from cache (0.42s)
[2/13583] Fetching swift-certificates, swift-algorithms
Fetched https://github.com/apple/swift-algorithms.git from cache (0.54s)
Fetched https://github.com/apple/swift-certificates.git from cache (0.56s)
Computing version for https://github.com/apple/swift-algorithms.git
Computed https://github.com/apple/swift-algorithms.git at 1.2.1 (0.72s)
Fetching https://github.com/apple/swift-numerics.git
[1/6553] Fetching swift-numerics
Fetched https://github.com/apple/swift-numerics.git from cache (0.62s)
Computing version for https://github.com/apple/swift-configuration.git
Computed https://github.com/apple/swift-configuration.git at 1.2.0 (0.82s)
Computing version for https://github.com/apple/swift-distributed-tracing.git
Computed https://github.com/apple/swift-distributed-tracing.git at 1.4.1 (0.14s)
Fetching https://github.com/apple/swift-service-context.git
[1/1311] Fetching swift-service-context
Fetched https://github.com/apple/swift-service-context.git from cache (0.46s)
Computing version for https://github.com/apple/swift-service-context.git
Computed https://github.com/apple/swift-service-context.git at 1.3.0 (0.60s)
Computing version for https://github.com/swift-server/swift-service-lifecycle.git
Computed https://github.com/swift-server/swift-service-lifecycle.git at 2.11.0 (0.13s)
Computing version for https://github.com/apple/swift-async-algorithms.git
Computed https://github.com/apple/swift-async-algorithms.git at 1.1.5 (0.18s)
Computing version for https://github.com/apple/swift-collections
Computed https://github.com/apple/swift-collections at 1.6.0 (0.22s)
Computing version for https://github.com/hummingbird-project/hummingbird-websocket.git
Computed https://github.com/hummingbird-project/hummingbird-websocket.git at 2.7.0 (0.13s)
Fetching https://github.com/hummingbird-project/swift-websocket.git
[1/1072] Fetching swift-websocket
Fetched https://github.com/hummingbird-project/swift-websocket.git from cache (0.49s)
Computing version for https://github.com/hummingbird-project/swift-websocket.git
Computed https://github.com/hummingbird-project/swift-websocket.git at 1.6.1 (0.64s)
Fetching https://github.com/adam-fowler/compress-nio.git
[1/643] Fetching compress-nio
Fetched https://github.com/adam-fowler/compress-nio.git from cache (0.48s)
Computing version for https://github.com/adam-fowler/compress-nio.git
Computed https://github.com/adam-fowler/compress-nio.git at 1.4.2 (0.61s)
Computing version for https://github.com/apple/swift-http-types
Computed https://github.com/apple/swift-http-types at 1.6.0 (0.14s)
Computing version for https://github.com/apple/swift-numerics.git
Computed https://github.com/apple/swift-numerics.git at 1.1.1 (0.13s)
Computing version for https://github.com/apple/swift-nio-ssl
Computed https://github.com/apple/swift-nio-ssl at 2.37.2 (0.17s)
Computing version for https://github.com/apple/swift-asn1.git
Computed https://github.com/apple/swift-asn1.git at 1.7.1 (0.17s)
Computing version for https://github.com/apple/swift-http-structured-headers.git
Computed https://github.com/apple/swift-http-structured-headers.git at 1.7.0 (0.13s)
Computing version for https://github.com/apple/swift-argument-parser.git
Computed https://github.com/apple/swift-argument-parser.git at 1.8.2 (0.13s)
Computing version for https://github.com/vapor/postgres-nio.git
Computed https://github.com/vapor/postgres-nio.git at 1.33.1 (0.15s)
Computing version for https://github.com/swift-server/swift-backtrace
Computed https://github.com/swift-server/swift-backtrace at 1.3.5 (0.17s)
Computing version for https://github.com/apple/swift-openapi-generator.git
Computed https://github.com/apple/swift-openapi-generator.git at 1.13.0 (0.21s)
Fetching https://github.com/jpsim/Yams
Fetching https://github.com/mattpolzin/OpenAPIKit
[1/11851] Fetching yams
[8060/175558] Fetching yams, openapikit
Fetched https://github.com/jpsim/Yams from cache (4.54s)
Fetched https://github.com/mattpolzin/OpenAPIKit from cache (4.58s)
Computing version for https://github.com/mattpolzin/OpenAPIKit
Computed https://github.com/mattpolzin/OpenAPIKit at 6.2.0 (4.73s)
Computing version for https://github.com/swift-server/async-http-client.git
Computed https://github.com/swift-server/async-http-client.git at 1.36.0 (0.16s)
Computing version for https://github.com/apple/swift-nio-transport-services.git
Computed https://github.com/apple/swift-nio-transport-services.git at 1.28.0 (0.14s)
Computing version for https://github.com/apple/swift-certificates.git
Computed https://github.com/apple/swift-certificates.git at 1.19.4 (0.20s)
Computing version for https://github.com/pointfreeco/swift-dependencies.git
Computed https://github.com/pointfreeco/swift-dependencies.git at 1.15.0 (0.15s)
Fetching https://github.com/pointfreeco/swift-concurrency-extras
Fetching https://github.com/pointfreeco/swift-clocks
Fetching https://github.com/pointfreeco/combine-schedulers
Fetching https://github.com/pointfreeco/xctest-dynamic-overlay
[1/2665] Fetching combine-schedulers
[2666/3723] Fetching combine-schedulers, swift-concurrency-extras
[2973/5157] Fetching combine-schedulers, swift-concurrency-extras, swift-clocks
[5158/7735] Fetching combine-schedulers, swift-concurrency-extras, swift-clocks, xctest-dynamic-overlay
Fetched https://github.com/pointfreeco/swift-concurrency-extras from cache (0.72s)
Fetched https://github.com/pointfreeco/swift-clocks from cache (0.72s)
Fetched https://github.com/pointfreeco/combine-schedulers from cache (0.72s)
Fetched https://github.com/pointfreeco/xctest-dynamic-overlay from cache (0.72s)
Computing version for https://github.com/pointfreeco/swift-clocks
Computed https://github.com/pointfreeco/swift-clocks at 1.1.0 (1.42s)
Computing version for https://github.com/pointfreeco/combine-schedulers
Computed https://github.com/pointfreeco/combine-schedulers at 1.2.0 (0.65s)
Fetching https://github.com/OpenCombine/OpenCombine.git
[1/8284] Fetching opencombine
Fetched https://github.com/OpenCombine/OpenCombine.git from cache (1.15s)
Computing version for https://github.com/OpenCombine/OpenCombine.git
Computed https://github.com/OpenCombine/OpenCombine.git at 0.14.0 (1.33s)
Computing version for https://github.com/pointfreeco/swift-concurrency-extras
Computed https://github.com/pointfreeco/swift-concurrency-extras at 1.4.1 (0.14s)
Computing version for https://github.com/pointfreeco/xctest-dynamic-overlay
Computed https://github.com/pointfreeco/xctest-dynamic-overlay at 1.11.0 (0.19s)
Computing version for https://github.com/apple/swift-system.git
Computed https://github.com/apple/swift-system.git at 1.8.1 (0.18s)
Computing version for https://github.com/swiftlang/swift-syntax.git
Computed https://github.com/swiftlang/swift-syntax.git at 603.0.2 (0.24s)
Computing version for https://github.com/pointfreeco/swift-composable-architecture.git
Computed https://github.com/pointfreeco/swift-composable-architecture.git at 1.26.1 (0.18s)
Fetching https://github.com/pointfreeco/swift-case-paths
Fetching https://github.com/pointfreeco/swift-custom-dump
Fetching https://github.com/pointfreeco/swift-perception
Fetching https://github.com/pointfreeco/swift-sharing
Fetching https://github.com/pointfreeco/swift-identified-collections
Fetching https://github.com/pointfreeco/swift-navigation
[1/2072] Fetching swift-perception
[2073/6867] Fetching swift-perception, swift-case-paths
[2265/8447] Fetching swift-perception, swift-case-paths, swift-identified-collections
Fetched https://github.com/pointfreeco/swift-identified-collections from cache (0.62s)
[4566/6867] Fetching swift-perception, swift-case-paths
Fetched https://github.com/pointfreeco/swift-case-paths from cache (0.70s)
[1/47466] Fetching swift-navigation
[2375/53135] Fetching swift-navigation, swift-custom-dump
[4919/57208] Fetching swift-navigation, swift-custom-dump, swift-sharing
Fetched https://github.com/pointfreeco/swift-custom-dump from cache (1.06s)
[39198/51539] Fetching swift-navigation, swift-sharing
Fetched https://github.com/pointfreeco/swift-perception from cache (1.46s)
Fetched https://github.com/pointfreeco/swift-sharing from cache (1.46s)
Fetched https://github.com/pointfreeco/swift-navigation from cache (1.47s)
Computing version for https://github.com/pointfreeco/swift-identified-collections
Computed https://github.com/pointfreeco/swift-identified-collections at 1.1.1 (1.61s)
Computing version for https://github.com/pointfreeco/swift-navigation
Computed https://github.com/pointfreeco/swift-navigation at 2.11.0 (0.21s)
Computing version for https://github.com/pointfreeco/swift-case-paths
Computed https://github.com/pointfreeco/swift-case-paths at 1.9.1 (0.19s)
Computing version for https://github.com/pointfreeco/swift-custom-dump
Computed https://github.com/pointfreeco/swift-custom-dump at 1.7.0 (0.14s)
Computing version for https://github.com/elementary-swift/elementary-ui.git
Computed https://github.com/apple/swift-cluster-membership at 0.4.0 (0.00s)
Computed https://github.com/daisuke-t-jp/MurmurHash-Swift.git at 1.1.1 (0.00s)
Computed https://github.com/swift-server/swift-openapi-hummingbird.git at 2.0.1 (0.00s)
Computed https://github.com/apple/swift-metrics at 2.11.0 (0.00s)
Computed https://github.com/elementary-swift/elementary-htmx.git at 0.5.2 (0.00s)
Computed https://github.com/hummingbird-community/hummingbird-elementary.git at 0.5.1 (0.00s)
Computed https://github.com/elementary-swift/elementary.git at 0.8.0 (0.00s)
Computed https://github.com/apple/swift-service-discovery at 1.5.0 (0.00s)
Computed https://github.com/apple/swift-atomics at 1.3.1 (0.00s)
Computed https://github.com/apple/swift-openapi-urlsession.git at 1.3.1 (0.00s)
Computed https://github.com/apple/swift-openapi-runtime.git at 1.12.0 (0.00s)
Computed https://github.com/swiftlang/swift-syntax.git at 602.0.0 (0.24s)
Computed https://github.com/apple/swift-log at 1.15.0 (0.00s)
Computed https://github.com/apple/swift-nio at 2.101.3 (0.00s)
Computed https://github.com/hummingbird-project/hummingbird-auth.git at 2.2.0 (0.00s)
Computed https://github.com/swift-extras/swift-extras-base64.git at 1.0.0 (0.00s)
Computed https://github.com/hummingbird-project/hummingbird.git at 2.26.0 (0.00s)
Computed https://github.com/apple/swift-nio-http2.git at 1.45.0 (0.00s)
Computed https://github.com/apple/swift-nio-extras at 1.34.3 (0.00s)
Computed https://github.com/apple/swift-algorithms.git at 1.2.1 (0.00s)
Computed https://github.com/apple/swift-configuration.git at 1.2.0 (0.00s)
Computed https://github.com/apple/swift-distributed-tracing.git at 1.4.1 (0.00s)
Computed https://github.com/apple/swift-service-context.git at 1.3.0 (0.00s)
Computed https://github.com/swift-server/swift-service-lifecycle.git at 2.11.0 (0.00s)
Computed https://github.com/apple/swift-async-algorithms.git at 1.1.5 (0.00s)
Computed https://github.com/apple/swift-collections at 1.6.0 (0.00s)
Computed https://github.com/hummingbird-project/hummingbird-websocket.git at 2.7.0 (0.00s)
Computed https://github.com/hummingbird-project/swift-websocket.git at 1.6.1 (0.00s)
Computed https://github.com/adam-fowler/compress-nio.git at 1.4.2 (0.00s)
Computed https://github.com/apple/swift-http-types at 1.6.0 (0.00s)
Computed https://github.com/apple/swift-numerics.git at 1.1.1 (0.00s)
Computed https://github.com/apple/swift-nio-ssl at 2.37.2 (0.00s)
Computed https://github.com/apple/swift-asn1.git at 1.7.1 (0.00s)
Computed https://github.com/apple/swift-http-structured-headers.git at 1.7.0 (0.00s)
Computed https://github.com/elementary-swift/elementary-ui.git at 0.1.8 (0.00s)
Fetching https://github.com/swiftwasm/JavaScriptKit
[1/40245] Fetching javascriptkit
Fetched https://github.com/swiftwasm/JavaScriptKit from cache (2.44s)
Computing version for https://github.com/swiftwasm/JavaScriptKit
Computed https://github.com/swiftwasm/JavaScriptKit at 0.46.5 (2.92s)
Computed https://github.com/apple/swift-argument-parser.git at 1.8.2 (0.00s)
Computed https://github.com/vapor/postgres-nio.git at 1.33.1 (0.00s)
Computed https://github.com/swift-server/swift-backtrace at 1.3.5 (0.00s)
Computed https://github.com/apple/swift-openapi-generator.git at 1.13.0 (0.00s)
Computed https://github.com/mattpolzin/OpenAPIKit at 6.2.0 (0.00s)
Computed https://github.com/swift-server/async-http-client.git at 1.36.0 (0.00s)
Computed https://github.com/apple/swift-nio-transport-services.git at 1.28.0 (0.00s)
Computed https://github.com/apple/swift-certificates.git at 1.19.4 (0.00s)
Computed https://github.com/pointfreeco/swift-dependencies.git at 1.15.0 (0.00s)
Computed https://github.com/pointfreeco/swift-clocks at 1.1.0 (0.00s)
Computed https://github.com/pointfreeco/combine-schedulers at 1.2.0 (0.00s)
Computed https://github.com/OpenCombine/OpenCombine.git at 0.14.0 (0.00s)
Computed https://github.com/pointfreeco/swift-concurrency-extras at 1.4.1 (0.00s)
Computed https://github.com/pointfreeco/xctest-dynamic-overlay at 1.11.0 (0.00s)
Computed https://github.com/apple/swift-system.git at 1.8.1 (0.00s)
Computed https://github.com/pointfreeco/swift-composable-architecture.git at 1.26.1 (0.00s)
Computed https://github.com/pointfreeco/swift-identified-collections at 1.1.1 (0.00s)
Computed https://github.com/pointfreeco/swift-navigation at 2.11.0 (0.00s)
Computed https://github.com/pointfreeco/swift-case-paths at 1.9.1 (0.00s)
Computed https://github.com/pointfreeco/swift-custom-dump at 1.7.0 (0.00s)
Computing version for https://github.com/apple/swift-crypto.git
Computed https://github.com/apple/swift-crypto.git at 4.5.1 (0.46s)
Computing version for https://github.com/pointfreeco/swift-perception
Computed https://github.com/pointfreeco/swift-perception at 2.0.11 (0.15s)
Computing version for https://github.com/apple/swift-protobuf
Computed https://github.com/apple/swift-protobuf at 1.38.1 (0.18s)
Computing version for https://github.com/jpsim/Yams
Computed https://github.com/jpsim/Yams at 6.2.2 (0.13s)
Computing version for https://github.com/pointfreeco/swift-sharing
Computed https://github.com/pointfreeco/swift-sharing at 2.9.1 (0.16s)
Creating working copy for https://github.com/apple/swift-asn1.git
Working copy of https://github.com/apple/swift-asn1.git resolved at 1.7.1
Creating working copy for https://github.com/hummingbird-project/hummingbird.git
Working copy of https://github.com/hummingbird-project/hummingbird.git resolved at 2.26.0
Creating working copy for https://github.com/apple/swift-service-discovery
Working copy of https://github.com/apple/swift-service-discovery resolved at 1.5.0
Creating working copy for https://github.com/hummingbird-project/hummingbird-websocket.git
Working copy of https://github.com/hummingbird-project/hummingbird-websocket.git resolved at 2.7.0
Creating working copy for https://github.com/hummingbird-community/hummingbird-elementary.git
Working copy of https://github.com/hummingbird-community/hummingbird-elementary.git resolved at 0.5.1
Creating working copy for https://github.com/elementary-swift/elementary.git
Working copy of https://github.com/elementary-swift/elementary.git resolved at 0.8.0
Creating working copy for https://github.com/apple/swift-openapi-runtime.git
Working copy of https://github.com/apple/swift-openapi-runtime.git resolved at 1.12.0
Creating working copy for https://github.com/apple/swift-openapi-generator.git
Working copy of https://github.com/apple/swift-openapi-generator.git resolved at 1.13.0
Creating working copy for https://github.com/adam-fowler/compress-nio.git
Working copy of https://github.com/adam-fowler/compress-nio.git resolved at 1.4.2
Creating working copy for https://github.com/apple/swift-certificates.git
Working copy of https://github.com/apple/swift-certificates.git resolved at 1.19.4
Creating working copy for https://github.com/apple/swift-async-algorithms.git
Working copy of https://github.com/apple/swift-async-algorithms.git resolved at 1.1.5
Creating working copy for https://github.com/akbashev/cluster-virtual-actors.git
Working copy of https://github.com/akbashev/cluster-virtual-actors.git resolved at main (61f3523)
Creating working copy for https://github.com/pointfreeco/swift-custom-dump
Working copy of https://github.com/pointfreeco/swift-custom-dump resolved at 1.7.0
Creating working copy for https://github.com/apple/swift-nio-ssl
Working copy of https://github.com/apple/swift-nio-ssl resolved at 2.37.2
Creating working copy for https://github.com/apple/swift-configuration.git
Working copy of https://github.com/apple/swift-configuration.git resolved at 1.2.0
Creating working copy for https://github.com/akbashev/cluster-event-sourcing.git
Working copy of https://github.com/akbashev/cluster-event-sourcing.git resolved at main (4820b55)
Creating working copy for https://github.com/vapor/postgres-nio.git
Working copy of https://github.com/vapor/postgres-nio.git resolved at 1.33.1
Creating working copy for https://github.com/pointfreeco/swift-sharing
Working copy of https://github.com/pointfreeco/swift-sharing resolved at 2.9.1
Creating working copy for https://github.com/jpsim/Yams
Working copy of https://github.com/jpsim/Yams resolved at 6.2.2
Creating working copy for https://github.com/swiftwasm/JavaScriptKit
Working copy of https://github.com/swiftwasm/JavaScriptKit resolved at 0.46.5
Creating working copy for https://github.com/elementary-swift/elementary-htmx.git
Working copy of https://github.com/elementary-swift/elementary-htmx.git resolved at 0.5.2
Creating working copy for https://github.com/apple/swift-nio-http2.git
Working copy of https://github.com/apple/swift-nio-http2.git resolved at 1.45.0
Creating working copy for https://github.com/pointfreeco/combine-schedulers
Working copy of https://github.com/pointfreeco/combine-schedulers resolved at 1.2.0
Creating working copy for https://github.com/swift-server/swift-openapi-hummingbird.git
Working copy of https://github.com/swift-server/swift-openapi-hummingbird.git resolved at 2.0.1
Creating working copy for https://github.com/pointfreeco/swift-case-paths
Working copy of https://github.com/pointfreeco/swift-case-paths resolved at 1.9.1
Creating working copy for https://github.com/mattpolzin/OpenAPIKit
Working copy of https://github.com/mattpolzin/OpenAPIKit resolved at 6.2.0
Creating working copy for https://github.com/apple/swift-nio-extras
Working copy of https://github.com/apple/swift-nio-extras resolved at 1.34.3
Creating working copy for https://github.com/pointfreeco/xctest-dynamic-overlay
Working copy of https://github.com/pointfreeco/xctest-dynamic-overlay resolved at 1.11.0
Creating working copy for https://github.com/swift-server/async-http-client.git
Working copy of https://github.com/swift-server/async-http-client.git resolved at 1.36.0
Creating working copy for https://github.com/apple/swift-log
Working copy of https://github.com/apple/swift-log resolved at 1.15.0
Creating working copy for https://github.com/pointfreeco/swift-concurrency-extras
Working copy of https://github.com/pointfreeco/swift-concurrency-extras resolved at 1.4.1
Creating working copy for https://github.com/hummingbird-project/hummingbird-auth.git
Working copy of https://github.com/hummingbird-project/hummingbird-auth.git resolved at 2.2.0
Creating working copy for https://github.com/apple/swift-argument-parser.git
Working copy of https://github.com/apple/swift-argument-parser.git resolved at 1.8.2
Creating working copy for https://github.com/apple/swift-distributed-tracing.git
Working copy of https://github.com/apple/swift-distributed-tracing.git resolved at 1.4.1
Creating working copy for https://github.com/pointfreeco/swift-identified-collections
Working copy of https://github.com/pointfreeco/swift-identified-collections resolved at 1.1.1
Creating working copy for https://github.com/apple/swift-atomics
Working copy of https://github.com/apple/swift-atomics resolved at 1.3.1
Creating working copy for https://github.com/apple/swift-http-types
Working copy of https://github.com/apple/swift-http-types resolved at 1.6.0
Creating working copy for https://github.com/apple/swift-openapi-urlsession.git
Working copy of https://github.com/apple/swift-openapi-urlsession.git resolved at 1.3.1
Creating working copy for https://github.com/pointfreeco/swift-dependencies.git
Working copy of https://github.com/pointfreeco/swift-dependencies.git resolved at 1.15.0
Creating working copy for https://github.com/pointfreeco/swift-perception
Working copy of https://github.com/pointfreeco/swift-perception resolved at 2.0.11
Creating working copy for https://github.com/pointfreeco/swift-navigation
Working copy of https://github.com/pointfreeco/swift-navigation resolved at 2.11.0
Creating working copy for https://github.com/apple/swift-http-structured-headers.git
Working copy of https://github.com/apple/swift-http-structured-headers.git resolved at 1.7.0
Creating working copy for https://github.com/apple/swift-algorithms.git
Working copy of https://github.com/apple/swift-algorithms.git resolved at 1.2.1
Creating working copy for https://github.com/apple/swift-nio
Working copy of https://github.com/apple/swift-nio resolved at 2.101.3
Creating working copy for https://github.com/akbashev/postgres-event-store.git
Working copy of https://github.com/akbashev/postgres-event-store.git resolved at main (5ced2fb)
Creating working copy for https://github.com/pointfreeco/swift-clocks
Working copy of https://github.com/pointfreeco/swift-clocks resolved at 1.1.0
Creating working copy for https://github.com/apple/swift-numerics.git
Working copy of https://github.com/apple/swift-numerics.git resolved at 1.1.1
Creating working copy for https://github.com/apple/swift-collections
Working copy of https://github.com/apple/swift-collections resolved at 1.6.0
Creating working copy for https://github.com/apple/swift-cluster-membership
Working copy of https://github.com/apple/swift-cluster-membership resolved at 0.4.0
Creating working copy for https://github.com/apple/swift-protobuf
Working copy of https://github.com/apple/swift-protobuf resolved at 1.38.1
Creating working copy for https://github.com/pointfreeco/swift-composable-architecture.git
Working copy of https://github.com/pointfreeco/swift-composable-architecture.git resolved at 1.26.1
Creating working copy for https://github.com/hummingbird-project/swift-websocket.git
Working copy of https://github.com/hummingbird-project/swift-websocket.git resolved at 1.6.1
Creating working copy for https://github.com/swiftlang/swift-syntax.git
Working copy of https://github.com/swiftlang/swift-syntax.git resolved at 602.0.0
Creating working copy for https://github.com/elementary-swift/elementary-ui.git
Working copy of https://github.com/elementary-swift/elementary-ui.git resolved at 0.1.8
Creating working copy for https://github.com/daisuke-t-jp/MurmurHash-Swift.git
Working copy of https://github.com/daisuke-t-jp/MurmurHash-Swift.git resolved at 1.1.1
Creating working copy for https://github.com/swift-server/swift-backtrace
Working copy of https://github.com/swift-server/swift-backtrace resolved at 1.3.5
Creating working copy for https://github.com/OpenCombine/OpenCombine.git
Working copy of https://github.com/OpenCombine/OpenCombine.git resolved at 0.14.0
Creating working copy for https://github.com/apple/swift-crypto.git
Working copy of https://github.com/apple/swift-crypto.git resolved at 4.5.1
Creating working copy for https://github.com/swift-extras/swift-extras-base64.git
Working copy of https://github.com/swift-extras/swift-extras-base64.git resolved at 1.0.0
Creating working copy for https://github.com/apple/swift-metrics
Working copy of https://github.com/apple/swift-metrics resolved at 2.11.0
Creating working copy for https://github.com/apple/swift-distributed-actors.git
Working copy of https://github.com/apple/swift-distributed-actors.git resolved at main (50e789f)
Creating working copy for https://github.com/apple/swift-nio-transport-services.git
Working copy of https://github.com/apple/swift-nio-transport-services.git resolved at 1.28.0
Creating working copy for https://github.com/swift-server/swift-service-lifecycle.git
Working copy of https://github.com/swift-server/swift-service-lifecycle.git resolved at 2.11.0
Creating working copy for https://github.com/apple/swift-system.git
Working copy of https://github.com/apple/swift-system.git resolved at 1.8.1
Creating working copy for https://github.com/apple/swift-service-context.git
Working copy of https://github.com/apple/swift-service-context.git resolved at 1.3.0
Downloading package prebuilt https://download.swift.org/prebuilts/swift-syntax/602.0.0/swift-6.2.4-RELEASE-MacroSupport-ubuntu_jammy_x86_64.tar.gz
Downloaded https://download.swift.org/prebuilts/swift-syntax/602.0.0/swift-6.2.4-RELEASE-MacroSupport-ubuntu_jammy_x86_64.tar.gz (0.29s)
[0/32] Write sources
[8/32] Compiling writer.c
[8/32] Write sources
[12/32] Compiling reader.c
[13/32] Compiling _NumericsShims _NumericsShims.c
[14/32] Compiling api.c
[15/32] Compiling parser.c
[16/32] Compiling emitter.c
[17/32] Compiling scanner.c
[18/32] Write swift-version-24593BA9C3E375BF.txt
[20/98] Compiling RealModule RealFunctions.swift
[21/99] Compiling OpenAPIKitCore StringConvertibleHintProvider.swift
[22/99] Compiling OpenAPIKitCore Shared.swift
[23/101] Compiling RealModule Real.swift
[24/101] Compiling RealModule RelaxedArithmetic.swift
[25/101] Compiling RealModule Float80+Real.swift
[26/101] Compiling OpenAPIKitCore CodingPathError.swift
[27/101] Compiling OpenAPIKitCore DecodingErrorExtensions.swift
[28/101] Emitting module RealModule
[29/101] Compiling OpenAPIKitCore DiggingError.swift
[30/101] Compiling OpenAPIKitCore EitherDecodeNoTypesMatchedErrorExtensions.swift
[35/101] Compiling OpenAPIKitCore GenericError.swift
[37/105] Compiling OpenAPIKitCore AnyCodable+Validatable.swift
[38/105] Compiling RealModule Float16+Real.swift
[39/106] Wrapping AST for RealModule for debugging
[41/131] Compiling ArgumentParserToolInfo ToolInfo.swift
[42/131] Emitting module ArgumentParserToolInfo
[43/132] Wrapping AST for ArgumentParserToolInfo for debugging
[45/179] Compiling ArgumentParser Option.swift
[46/179] Compiling ArgumentParser OptionGroup.swift
[47/179] Compiling ArgumentParser ParentCommand.swift
[48/182] Compiling ArgumentParser SplitArguments.swift
[49/182] Compiling ArgumentParser DumpHelpGenerator.swift
[50/182] Compiling ArgumentParser Mutex.swift
[51/182] Compiling ArgumentParser Platform.swift
[52/182] Compiling ArgumentParser AsyncParsableCommand.swift
[53/182] Compiling ArgumentParser CommandConfiguration.swift
[54/182] Compiling ArgumentParser CommandGroup.swift
[55/182] Compiling ArgumentParser EnumerableFlag.swift
[56/182] Compiling ArgumentParser ExpressibleByArgument.swift
[57/182] Compiling ArgumentParser ParsableArguments.swift
[58/182] Compiling ArgumentParser ParsableCommand.swift
[59/182] Compiling ArgumentParser ArgumentDecoder.swift
[60/182] Compiling ArgumentParser ArgumentDefinition.swift
[61/182] Compiling ArgumentParser Name.swift
[62/182] Compiling ArgumentParser Parsed.swift
[63/182] Compiling ArgumentParser ParsedValues.swift
[64/182] Compiling ArgumentParser ParserError.swift
[65/182] Compiling Algorithms Trim.swift
[66/182] Compiling Algorithms Unique.swift
[67/182] Compiling Algorithms Windows.swift
[68/182] Compiling ArgumentParser InputOrigin.swift
[69/182] Compiling ArgumentParser Flag.swift
[70/182] Compiling ArgumentParser NameSpecification.swift
[74/182] Emitting module OpenAPIKitCore
[75/182] Compiling ArgumentParser ArgumentDiscussion.swift
[76/182] Compiling ArgumentParser ArgumentHelp.swift
[77/182] Compiling ArgumentParser ArgumentVisibility.swift
[78/182] Compiling ArgumentParser CompletionKind.swift
[79/182] Compiling ArgumentParser Errors.swift
[91/183] Compiling ArgumentParser ZshCompletionsGenerator.swift
[92/183] Compiling ArgumentParser Argument.swift
[94/183] Compiling ArgumentParser BashCompletionsGenerator.swift
[95/183] Compiling ArgumentParser CompletionsGenerator.swift
[96/183] Compiling ArgumentParser FishCompletionsGenerator.swift
[97/183] Emitting module Yams
[100/183] Wrapping AST for OpenAPIKitCore for debugging
[102/250] Compiling OpenAPIKit30 Either+Convenience.swift
[103/250] Compiling OpenAPIKit30 Either+ExternallyDereferenceable.swift
[104/251] Compiling OpenAPIKit30 Either+LocallyDereferenceable.swift
[105/251] Compiling OpenAPIKit30 Either+Validatable.swift
[106/251] Compiling OpenAPIKit30 DocumentDecodingError.swift
[107/251] Compiling OpenAPIKit30 OperationDecodingError.swift
[108/252] Compiling OpenAPIKit30 PathDecodingError.swift
[109/252] Compiling OpenAPIKit30 ResponseDecodingError.swift
[110/252] Compiling OpenAPIKit30 Example.swift
[112/292] Compiling OpenAPIKit DereferencedContent.swift
[113/292] Compiling OpenAPIKit DereferencedContentEncoding.swift
[114/292] Compiling OpenAPIKit DereferencedContentPositionalEncoding.swift
[115/292] Compiling OpenAPIKit Discriminator.swift
[116/295] Compiling OpenAPIKit Components.swift
[117/295] Compiling OpenAPIKit Content.swift
[118/295] Compiling OpenAPIKit ContentEncoding.swift
[119/295] Compiling OpenAPIKit ContentPositionalEncoding.swift
[119/325] Wrapping AST for Yams for debugging
[121/325] Compiling OpenAPIKit Callbacks.swift
[122/325] Compiling OpenAPIKit CodableVendorExtendable.swift
[123/325] Compiling OpenAPIKit Components+JSONReference.swift
[124/325] Compiling OpenAPIKit Components+Locatable.swift
[125/325] Compiling OpenAPIKit ParameterContextLocation.swift
[126/325] Compiling OpenAPIKit ParameterSchemaContext.swift
[127/325] Compiling OpenAPIKit ParameterSchemaContextStyle.swift
[128/325] Compiling OpenAPIKit DereferencedPathItem.swift
[129/325] Compiling OpenAPIKit PathItem.swift
[130/325] Compiling OpenAPIKit ResolvedRoute.swift
[131/331] Compiling OpenAPIKit PathDecodingError.swift
[132/331] Compiling OpenAPIKit ResponseDecodingError.swift
[133/331] Compiling OpenAPIKit Example.swift
[134/331] Emitting module OpenAPIKit
[135/341] Compiling OpenAPIKit URLTemplate+Validatable.swift
[136/341] Compiling OpenAPIKit Array+ExternallyDereferenceable.swift
[137/341] Compiling OpenAPIKit Container+DecodeURLAsString.swift
[138/341] Compiling OpenAPIKit Dictionary+ExternallyDereferenceable.swift
[139/341] Compiling OpenAPIKit DereferencedResponse.swift
[140/341] Compiling OpenAPIKit Response.swift
[141/341] Compiling OpenAPIKit RuntimeExpression.swift
[142/341] Compiling OpenAPIKit SchemaProtocols.swift
[143/341] Compiling OpenAPIKit SwiftPrimitiveTypes+OpenAPI.swift
[144/350] Compiling OpenAPIKit DereferencedRequest.swift
[145/350] Compiling OpenAPIKit Request.swift
[146/350] Compiling OpenAPIKit JSONReference+URIResolution.swift
[147/350] Compiling OpenAPIKit JSONReference.swift
[148/350] Compiling OpenAPIKit Link.swift
[149/350] Compiling OpenAPIKit OpenAPI.swift
[150/350] Compiling OpenAPIKit ExternalDocumentation.swift
[151/350] Compiling OpenAPIKit ExternalLoader.swift
[152/350] Compiling OpenAPIKit DereferencedHeader.swift
[153/350] Compiling OpenAPIKit Header.swift
[154/350] Compiling OpenAPIKit Parameter.swift
[155/350] Compiling OpenAPIKit ParameterContext.swift
[156/350] Emitting module Algorithms
[164/350] Emitting module ArgumentParser
[165/351] Compiling ArgumentParser AsyncCompletionsValidator.swift
[166/351] Compiling ArgumentParser CodingKeyValidator.swift
[167/351] Compiling ArgumentParser NonsenseFlagsValidator.swift
[168/351] Compiling ArgumentParser ParsableArgumentsValidation.swift
[169/351] Compiling ArgumentParser PositionalArgumentsValidator.swift
[170/351] Compiling ArgumentParser UniqueNamesValidator.swift
[177/351] Compiling OpenAPIKit DereferencedDocument.swift
[178/351] Compiling OpenAPIKit Document+URIResolution.swift
[178/351] Wrapping AST for Algorithms for debugging
[180/351] Compiling OpenAPIKit30 Optional+ExternallyDereferenceable.swift
[181/351] Compiling OpenAPIKit30 OrderedDictionary+ExternallyDereferenceable.swift
[182/351] Compiling OpenAPIKit30 OrderedDictionry+LocallyDereferenceable.swift
[183/351] Compiling OpenAPIKit30 Validation+Builtins.swift
[184/351] Compiling OpenAPIKit30 Validation.swift
[185/351] Compiling OpenAPIKit30 Validator+Convenience.swift
[186/351] Compiling OpenAPIKit30 Validator.swift
[187/351] Compiling OpenAPIKit30 XML.swift
[188/351] Compiling OpenAPIKit30 _CoreReExport.swift
[189/351] Compiling OpenAPIKit Either+Validatable.swift
[190/351] Compiling OpenAPIKit DocumentDecodingError.swift
[191/351] Compiling OpenAPIKit OperationDecodingError.swift
[195/351] Compiling OpenAPIKit ExampleValue.swift
[196/351] Compiling OpenAPIKit Document.swift
[197/351] Compiling OpenAPIKit DocumentInfo.swift
[198/351] Compiling OpenAPIKit ResolvedDocument.swift
[199/351] Compiling OpenAPIKit Either+Convenience.swift
[200/351] Compiling OpenAPIKit Either+ExternallyDereferenceable.swift
[201/351] Compiling OpenAPIKit Either+LocallyDereferenceable.swift
[202/351] Compiling OpenAPIKit Either+Summarizable.swift
[243/352] Emitting module OpenAPIKit30
[243/352] Wrapping AST for ArgumentParser for debugging
[245/352] Compiling OpenAPIKit TypesAndFormats.swift
[246/352] Compiling OpenAPIKit DereferencedSecurityRequirement.swift
[247/352] Compiling OpenAPIKit OAuthFlows.swift
[248/352] Compiling OpenAPIKit SecurityScheme.swift
[249/352] Compiling OpenAPIKit Server.swift
[250/352] Compiling OpenAPIKit Tag.swift
[279/352] Compiling OpenAPIKit Validation+Builtins.swift
[280/352] Compiling OpenAPIKit Validation.swift
[281/352] Compiling OpenAPIKit Validator+Convenience.swift
[282/352] Compiling OpenAPIKit Validator.swift
[283/352] Compiling OpenAPIKit XML.swift
[284/352] Compiling OpenAPIKit _CoreReExport.swift
[316/353] Wrapping AST for OpenAPIKit30 for debugging
[348/354] Wrapping AST for OpenAPIKit for debugging
[350/357] Emitting module OpenAPIKitCompat
[351/357] Compiling OpenAPIKitCompat Either+Map.swift
[352/357] Compiling OpenAPIKitCompat Compat30To31.swift
[353/358] Wrapping AST for OpenAPIKitCompat for debugging
[355/440] Emitting module _OpenAPIGeneratorCore
[356/451] Compiling _OpenAPIGeneratorCore ResponseKind.swift
[357/451] Compiling _OpenAPIGeneratorCore TypedResponse.swift
[358/451] Compiling _OpenAPIGeneratorCore TypedResponseHeader.swift
[359/451] Compiling _OpenAPIGeneratorCore acceptHeaderContentTypes.swift
[360/451] Compiling _OpenAPIGeneratorCore translateResponse.swift
[361/451] Compiling _OpenAPIGeneratorCore translateResponseHeader.swift
[362/451] Compiling _OpenAPIGeneratorCore translateResponseOutcome.swift
[363/451] Compiling _OpenAPIGeneratorCore ServerTranslator.swift
[364/451] Compiling _OpenAPIGeneratorCore translateServerMethod.swift
[365/451] Compiling _OpenAPIGeneratorCore TranslatorProtocol.swift
[366/451] Compiling _OpenAPIGeneratorCore Builtins.swift
[367/451] Compiling _OpenAPIGeneratorCore ReferenceStack.swift
[368/451] Compiling _OpenAPIGeneratorCore SafeNameGenerator.swift
[369/451] Compiling _OpenAPIGeneratorCore TypeAssigner.swift
[370/451] Compiling _OpenAPIGeneratorCore TypeLocation.swift
[371/451] Compiling _OpenAPIGeneratorCore TypeMatcher.swift
[372/451] Compiling _OpenAPIGeneratorCore TypeName.swift
[373/451] Compiling _OpenAPIGeneratorCore TypeUsage.swift
[374/451] Compiling _OpenAPIGeneratorCore isSchemaSupported.swift
[375/451] Compiling _OpenAPIGeneratorCore TypesFileTranslator.swift
[376/451] Compiling _OpenAPIGeneratorCore translateAPIProtocol.swift
[377/451] Compiling _OpenAPIGeneratorCore translateBoxedTypes.swift
[378/451] Compiling _OpenAPIGeneratorCore translateComponentHeaders.swift
[379/451] Compiling _OpenAPIGeneratorCore translateComponentParameters.swift
[380/451] Compiling _OpenAPIGeneratorCore translateComponentRequestBodies.swift
[381/451] Compiling _OpenAPIGeneratorCore translateComponentResponses.swift
[382/451] Compiling _OpenAPIGeneratorCore translateComponents.swift
[383/451] Compiling _OpenAPIGeneratorCore translateOperations.swift
[384/451] Compiling _OpenAPIGeneratorCore translateSchemas.swift
[385/451] Compiling _OpenAPIGeneratorCore translateServers.swift
[386/451] Compiling _OpenAPIGeneratorCore translateServersVariables.swift
[387/451] Compiling _OpenAPIGeneratorCore TypeOverrides.swift
[388/451] Compiling _OpenAPIGeneratorCore YamlFileDiagnosticsCollector.swift
[389/451] Compiling _OpenAPIGeneratorCore MultipartContentInspector.swift
[390/451] Compiling _OpenAPIGeneratorCore translateMultipart.swift
[391/451] Compiling _OpenAPIGeneratorCore MultiplexTranslator.swift
[392/451] Compiling _OpenAPIGeneratorCore OperationDescription.swift
[393/451] Compiling _OpenAPIGeneratorCore TypedParameter.swift
[394/451] Compiling _OpenAPIGeneratorCore translateParameter.swift
[395/451] Compiling _OpenAPIGeneratorCore DeclarationRecursionDetector.swift
[396/451] Compiling _OpenAPIGeneratorCore RecursionDetector.swift
[397/451] Compiling _OpenAPIGeneratorCore TypedRequestBody.swift
[398/451] Compiling _OpenAPIGeneratorCore translateRequestBody.swift
[399/451] Compiling _OpenAPIGeneratorCore HTTPStatusCodes.swift
[400/451] Compiling _OpenAPIGeneratorCore Constants.swift
[401/451] Compiling _OpenAPIGeneratorCore DiscriminatorExtensions.swift
[402/451] Compiling _OpenAPIGeneratorCore SchemaOverrides.swift
[403/451] Compiling _OpenAPIGeneratorCore StructBlueprint.swift
[404/451] Compiling _OpenAPIGeneratorCore CodingStrategy.swift
[405/451] Compiling _OpenAPIGeneratorCore ContentInspector.swift
[406/451] Compiling _OpenAPIGeneratorCore ContentType.swift
[407/451] Compiling _OpenAPIGeneratorCore SchemaContent.swift
[408/451] Compiling _OpenAPIGeneratorCore FileTranslator+FeatureFlags.swift
[409/451] Compiling _OpenAPIGeneratorCore FileTranslator.swift
[410/451] Compiling _OpenAPIGeneratorCore MultipartAdditionalProperties.swift
[411/451] Compiling _OpenAPIGeneratorCore MultipartContent.swift
[412/451] Compiling _OpenAPIGeneratorCore translateClientMethod.swift
[413/451] Compiling _OpenAPIGeneratorCore translateAllAnyOneOf.swift
[414/451] Compiling _OpenAPIGeneratorCore translateArray.swift
[415/451] Compiling _OpenAPIGeneratorCore translateCodable.swift
[416/451] Compiling _OpenAPIGeneratorCore translateObjectStruct.swift
[417/451] Compiling _OpenAPIGeneratorCore translateRawEnum.swift
[418/451] Compiling _OpenAPIGeneratorCore translateRawRepresentableEnum.swift
[419/451] Compiling _OpenAPIGeneratorCore translateSchema.swift
[420/451] Compiling _OpenAPIGeneratorCore translateStructBlueprint.swift
[421/451] Compiling _OpenAPIGeneratorCore translateTypealias.swift
[422/451] Compiling _OpenAPIGeneratorCore Annotations.swift
[423/451] Compiling _OpenAPIGeneratorCore CommentExtensions.swift
[424/451] Compiling _OpenAPIGeneratorCore Config.swift
[425/451] Compiling _OpenAPIGeneratorCore Diagnostics.swift
[426/451] Compiling _OpenAPIGeneratorCore DiagnosticsCollectorProvider.swift
[427/451] Compiling _OpenAPIGeneratorCore Errors.swift
[428/451] Compiling _OpenAPIGeneratorCore Foundation.swift
[429/451] Compiling _OpenAPIGeneratorCore OpenAPIKit.swift
[430/451] Compiling _OpenAPIGeneratorCore String.swift
[431/451] Compiling _OpenAPIGeneratorCore SwiftStandardLibrary.swift
[432/451] Compiling _OpenAPIGeneratorCore FeatureFlags.swift
[433/451] Compiling _OpenAPIGeneratorCore GeneratorMode.swift
[434/451] Compiling _OpenAPIGeneratorCore GeneratorPipeline.swift
[435/451] Compiling _OpenAPIGeneratorCore GeneratorPipelineStage.swift
[436/451] Compiling _OpenAPIGeneratorCore DocumentFilter.swift
[437/451] Compiling _OpenAPIGeneratorCore FilteredDocument.swift
[438/451] Compiling _OpenAPIGeneratorCore ParsedOpenAPIRepresentation.swift
[439/451] Compiling _OpenAPIGeneratorCore RenderedSwiftRepresentation.swift
[440/451] Compiling _OpenAPIGeneratorCore StructuredSwiftRepresentation.swift
[441/451] Compiling _OpenAPIGeneratorCore ParserProtocol.swift
[442/451] Compiling _OpenAPIGeneratorCore YamsParser.swift
[443/451] Compiling _OpenAPIGeneratorCore validateDoc.swift
[444/451] Compiling _OpenAPIGeneratorCore PlatformChecks.swift
[445/451] Compiling _OpenAPIGeneratorCore RendererProtocol.swift
[446/451] Compiling _OpenAPIGeneratorCore TextBasedRenderer.swift
[447/451] Compiling _OpenAPIGeneratorCore ClientTranslator.swift
[448/452] Wrapping AST for _OpenAPIGeneratorCore for debugging
[450/461] Compiling swift_openapi_generator Tool.swift
[451/461] Compiling swift_openapi_generator UserConfig.swift
[452/462] Compiling swift_openapi_generator GenerateCommand.swift
[453/462] Compiling swift_openapi_generator PluginSource.swift
[454/462] Compiling swift_openapi_generator Extensions.swift
[455/462] Compiling swift_openapi_generator FilterCommand.swift
[456/462] Compiling swift_openapi_generator GenerateOptions+runGenerator.swift
[457/462] Emitting module swift_openapi_generator
[458/462] Compiling swift_openapi_generator GenerateOptions.swift
[459/462] Compiling swift_openapi_generator runGenerator.swift
[460/463] Wrapping AST for swift-openapi-generator for debugging
[461/463] Write Objects.LinkFileList
[462/463] Linking swift-openapi-generator-tool
[1/1] Compiling plugin BridgeJSCommandPlugin
[2/2] Compiling plugin BridgeJS
[3/3] Compiling plugin PackageToJS
[4/4] Compiling plugin OpenAPIGeneratorCommand
[5/5] Compiling plugin OpenAPIGenerator
[6/6] Compiling plugin GenerateManual
[7/7] Compiling plugin GenerateDoccReference
[8/8] Compiling plugin SwiftProtobufPlugin
Building for debugging...
[8/1115] Write sources
[27/1115] Copying PrivacyInfo.xcprivacy
[29/1115] Copying Public
[30/1115] Compiling co-586-apple.S
[30/1115] Write sources
[32/1115] Compiling co-586-linux.S
[32/1115] Compiling bsaes-armv7-linux.S
[34/1115] Write sources
[39/1115] Compiling ghash-armv4-linux.S
[40/1115] Write sources
[104/1115] Compiling bn-armv8-linux.S
[104/1115] Write sources
[108/1115] Compiling _SwiftSyntaxCShims PlatformMutex.c
[109/1115] Write sources
[113/1115] Compiling bn-armv8-win.S
[113/1115] Write sources
[117/1115] Compiling _NumericsShims _NumericsShims.c
[149/1115] Compiling UIKitNavigationShim shim.m
[150/1115] Compiling _AtomicsShims.c
[151/1115] Write swift-version-24593BA9C3E375BF.txt
[152/1115] Compiling writer.c
[153/1115] Compiling reader.c
[154/1115] Compiling SimpleFIPS202.c
[155/1115] Compiling CXKCPShims shims.c
[156/1115] Compiling parser.c
[157/1121] Compiling api.c
[158/1121] Compiling emitter.c
[160/1127] Compiling SwiftSyntax601 Empty.swift
[161/1127] Emitting module SwiftSyntax601
[161/1128] Compiling scanner.c
[164/1132] Compiling SwiftSyntax602 Empty.swift
[165/1132] Emitting module SwiftSyntax602
[166/1132] Compiling SwiftSyntax510 Empty.swift
[167/1132] Emitting module SwiftSyntax510
[168/1134] Compiling SwiftSyntax600 Empty.swift
[169/1134] Emitting module SwiftSyntax600
[173/1137] Compiling SwiftSyntax509 Empty.swift
[174/1137] Emitting module SwiftSyntax509
[176/1224] Compiling Sharing2 Empty.swift
[177/1224] Emitting module Sharing2
[178/1242] Compiling VirtualActorsMacros VirtualActorsMacros.swift
[179/1242] Emitting module VirtualActorsMacros
[182/1248] Emitting module Sharing1
[183/1248] Compiling Sharing1 Empty.swift
[185/1249] Compiling _NIODataStructures Heap.swift
[186/1284] Emitting module _NIODataStructures
[187/1296] Compiling ServiceContextModule ServiceContextKey.swift
[188/1317] Compiling ServiceContextModule ServiceContext.swift
[189/1317] Emitting module ServiceContextModule
[191/1318] Compiling _NIODataStructures PriorityQueue.swift
[192/1318] Compiling _NIODataStructures _TinyArray.swift
[194/1320] Compiling _NIOBase64 Base64.swift
[195/1321] Emitting module _NIOBase64
[197/1338] Compiling Logging LogHandler.swift
[198/1338] Compiling Logging SwiftLogNoOpLogHandler.swift
[199/1338] Compiling Logging Locks.swift
[200/1340] Compiling PerceptionMacros Availability.swift
[201/1340] Compiling SwiftSyntax EditorPlaceholder.swift
[202/1340] Compiling SwiftSyntax SourceLength.swift
[203/1340] Compiling Logging LoggingSystem.swift
[204/1341] Emitting module Logging
[205/1341] Compiling Logging MetadataProvider.swift
[206/1362] Compiling IssueReporting ErrorReporting.swift
[207/1362] Compiling IssueReporting AppHostWarning.swift
[208/1374] Compiling Logging Logger+Attributes.swift
[209/1374] Compiling InternalCollectionsUtilities UInt+reversed.swift
[210/1374] Compiling InternalCollectionsUtilities Debugging.swift
[211/1374] Compiling Logging Logger+With.swift
[212/1374] Compiling Logging Logger.swift
[213/1379] Compiling InternalCollectionsUtilities UnsafeMutableRawBufferPointer+Extras.swift
[214/1379] Compiling IssueReporting Unimplemented.swift
[215/1381] Compiling InternalCollectionsUtilities Descriptions.swift
[216/1381] Compiling InternalCollectionsUtilities FixedWidthInteger+roundUpToPowerOfTwo.swift
[218/1383] Compiling InternalCollectionsUtilities Integer rank.swift
[219/1383] Compiling InternalCollectionsUtilities UInt+first and last set bit.swift
[221/1383] Emitting module IssueReporting
[222/1383] Compiling InternalCollectionsUtilities UnsafeMutableBufferPointer+Extras.swift
[223/1383] Compiling InternalCollectionsUtilities _UnsafeBitSet+_Word.swift
[224/1383] Compiling InternalCollectionsUtilities Span+Extras.swift
[225/1383] Compiling InternalCollectionsUtilities UnsafeBufferPointer+Extras.swift
[226/1383] Compiling InternalCollectionsUtilities _UnsafeBitSet.swift
[228/1383] Compiling InternalCollectionsUtilities String+Padding.swift
[229/1383] Compiling InternalCollectionsUtilities _UnsafeBitSet+Index.swift
[231/1383] Compiling InternalCollectionsUtilities UnsafeRawBufferPointer+Extras.swift
[232/1385] Compiling InternalCollectionsUtilities _SortedCollection.swift
[233/1385] Compiling InternalCollectionsUtilities _UniqueCollection.swift
[236/1391] Compiling PerceptionMacros Plugins.swift
[237/1391] Emitting module PerceptionMacros
[238/1391] Compiling PerceptionMacros Extensions.swift
[239/1391] Compiling PerceptionMacros PerceptibleMacro.swift
[242/1392] Compiling InternalCollectionsUtilities LifetimeOverride.swift
[243/1392] Compiling InternalCollectionsUtilities RandomAccessCollection+Offsets.swift
[245/1392] Compiling Instrumentation Instrument.swift
[246/1392] Emitting module Instrumentation
[247/1392] Compiling Instrumentation NoOpInstrument.swift
[251/1392] Compiling Instrumentation Locks.swift
[252/1392] Compiling Instrumentation MultiplexInstrument.swift
[253/1392] Compiling Instrumentation InstrumentationSystem.swift
[261/1402] Compiling HTTPTypes HTTPField.swift
[262/1402] Compiling HTTPTypes HTTPFieldName.swift
[264/1402] Compiling IssueReporting WithExpectedIssue.swift
[265/1402] Compiling IssueReporting WithIssueContext.swift
[286/1413] Compiling IssueReporting _Test.swift
[291/1414] Emitting module SwiftASN1
[293/1423] Compiling HTTPTypes ISOLatin1String.swift
[294/1424] Emitting module InternalCollectionsUtilities
[295/1424] Compiling Tracing InstrumentationSystem+Tracing.swift
[300/1427] Compiling SwiftSyntax TokenDiagnostic.swift
[301/1427] Compiling SwiftSyntax TokenSequence.swift
[302/1427] Compiling SwiftSyntax TokenSyntax.swift
[303/1427] Compiling SwiftSyntax Trivia.swift
[304/1427] Compiling SwiftSyntax Utils.swift
[305/1427] Compiling XCTestDynamicOverlay Exports.swift
[308/1428] Compiling HTTPTypes HTTPResponse.swift
[310/1428] Compiling MurmurHash_Swift MurmurHash3.swift
[311/1428] Emitting module Tracing
[312/1428] Emitting module MurmurHash_Swift
[313/1428] Emitting module XCTestDynamicOverlay
[314/1428] Compiling Tracing TracingTime.swift
[315/1443] Compiling HTTPTypes NIOLock.swift
[316/1443] Compiling PerceptionCore Bindable.swift
[317/1443] Compiling PerceptionCore Environment.swift
[318/1444] Compiling Tracing TracerProtocol.swift
[319/1444] Compiling PerceptionCore WithPerceptionTracking.swift
[320/1444] Compiling PerceptionCore ThreadLocal.swift
[321/1444] Compiling HTTPTypes HTTPParsedFields.swift
[322/1444] Compiling HTTPTypes HTTPRequest.swift
[323/1444] Compiling PerceptionCore Deprecations.swift
[324/1444] Compiling PerceptionCore Exports.swift
[325/1444] Compiling Tracing Tracer.swift
[326/1444] Compiling Tracing TracerProtocol+Legacy.swift
[327/1444] Emitting module PerceptionCore
[328/1444] Emitting module HTTPTypes
[331/1444] Compiling PerceptionCore Locking.swift
[332/1444] Compiling PerceptionCore Perceptible.swift
[333/1444] Compiling MurmurHash_Swift MurmurHash3_x86_32.swift
[334/1444] Compiling XCTestDynamicOverlay Deprecations.swift
[336/1445] Compiling MurmurHash_Swift Common.swift
[337/1446] Compiling PerceptionCore _PerceptionRegistrar.swift
[338/1473] Compiling OrderedCollections OrderedSet+Hashable.swift
[339/1473] Compiling OrderedCollections OrderedSet+Initializers.swift
[340/1473] Compiling OrderedCollections OrderedSet+Insertions.swift
[341/1473] Compiling SwiftSyntax Identifier.swift
[342/1473] Compiling SwiftSyntax MemoryLayout.swift
[343/1473] Compiling SwiftSyntax MissingNodeInitializers.swift
[344/1473] Compiling SwiftSyntax RawSyntax.swift
[345/1473] Compiling SwiftSyntax RawSyntaxArena.swift
[346/1473] Compiling SwiftSyntax RawSyntaxLayoutView.swift
[347/1473] Compiling SwiftSyntax RawSyntaxNodeProtocol.swift
[348/1473] Compiling SwiftSyntax RawSyntaxTokenView.swift
[349/1473] Compiling SwiftSyntax SourceEdit.swift
[350/1513] Compiling Tracing NoOpTracer.swift
[351/1513] Compiling Tracing SpanProtocol.swift
[353/1514] Compiling MurmurHash_Swift MurmurHash3_x86_128.swift
[354/1516] Compiling MurmurHash_Swift MurmurHash3Tail.swift
[355/1516] Compiling MurmurHash_Swift MurmurHash3_x64_128.swift
[357/1517] Compiling OrderedCollections _HashTable.swift
[358/1517] Compiling OrderedCollections _Hashtable+Header.swift
[359/1517] Compiling OrderedCollections _HashTable+Testing.swift
[360/1517] Compiling OrderedCollections _HashTable+UnsafeHandle.swift
[361/1517] Compiling OrderedCollections OrderedSet+Codable.swift
[362/1517] Compiling OrderedCollections OrderedSet+CustomReflectable.swift
[364/1518] Compiling EventSourcingMacros EventSourcingMacros.swift
[365/1518] Emitting module EventSourcingMacros
[367/1560] Compiling ExtrasBase64 Base32.swift
[368/1568] Compiling Elementary HTML+StructuralContent.swift
[369/1568] Compiling Elementary HTML.swift
[370/1568] Compiling Elementary HTMLAttributes+Common.swift
[371/1568] Compiling Elementary HTMLAttributes+Event.swift
[372/1568] Compiling Elementary HTMLAttributes+Global.swift
[373/1568] Compiling Elementary HTMLComment.swift
[374/1568] Compiling Elementary HTMLDocument.swift
[375/1568] Compiling Elementary HTMLElement.swift
[376/1568] Compiling Elementary HTMLElements.swift
[377/1568] Compiling Elementary MarkupContent.swift
[378/1568] Compiling Elementary MarkupTagDefinition.swift
[379/1568] Compiling Elementary StoredAttribute+StyleKeyValuePairs.swift
[380/1568] Compiling Elementary RenderingUtils.swift
[381/1568] Compiling Elementary SVG+Renderable.swift
[382/1568] Compiling Elementary SVG.swift
[383/1568] Compiling Elementary SVGAttributes.swift
[384/1568] Compiling Elementary SVGContent+Structural.swift
[385/1568] Compiling Elementary StoredAttribute.swift
[386/1568] Compiling OrderedCollections OrderedSet+Partial SetAlgebra formSymmetricDifference.swift
[387/1568] Compiling OrderedCollections OrderedSet+Partial SetAlgebra formUnion.swift
[388/1568] Compiling OrderedCollections OrderedSet+Partial SetAlgebra intersection.swift
[389/1568] Compiling OrderedCollections OrderedSet+Partial SetAlgebra isDisjoint.swift
[390/1568] Compiling OrderedCollections OrderedSet+Partial SetAlgebra isEqualSet.swift
[391/1568] Compiling OrderedCollections OrderedSet+Partial SetAlgebra isStrictSubset.swift
[392/1568] Compiling OrderedCollections OrderedSet+Partial SetAlgebra isStrictSuperset.swift
[393/1568] Compiling OrderedCollections OrderedSet+Partial SetAlgebra isSubset.swift
[394/1568] Compiling OrderedCollections OrderedSet+Partial SetAlgebra isSuperset.swift
[395/1568] Compiling OrderedCollections OrderedSet+Partial SetAlgebra subtract.swift
[396/1568] Compiling OrderedCollections OrderedSet+Partial SetAlgebra subtracting.swift
[397/1568] Compiling OrderedCollections OrderedSet+Partial SetAlgebra symmetricDifference.swift
[398/1568] Compiling OrderedCollections OrderedSet+Partial SetAlgebra union.swift
[399/1568] Compiling OrderedCollections OrderedSet+Partial SetAlgebra+Basics.swift
[400/1568] Compiling OrderedCollections OrderedSet+RandomAccessCollection.swift
[401/1568] Compiling OrderedCollections OrderedSet+ReserveCapacity.swift
[402/1575] Compiling DistributedActorsConcurrencyHelpers lock.swift
[403/1575] Emitting module DistributedActorsConcurrencyHelpers
[405/1576] Compiling DependenciesMacrosPlugin DependencyEntryMacro.swift
[406/1604] Compiling DependenciesMacrosPlugin Plugins.swift
[407/1604] Compiling DependenciesMacrosPlugin Support.swift
[408/1604] Compiling DependenciesMacrosPlugin DependencyClientMacro.swift
[409/1604] Emitting module DependenciesMacrosPlugin
[411/1604] Compiling Elementary AsyncHTMLRenderer.swift
[412/1604] Compiling Elementary HtmlTextRenderer.swift
[413/1604] Compiling Elementary MarkupContent+Render.swift
[414/1604] Compiling Elementary Renderable.swift
[415/1604] Compiling CustomDump ExpectNoDifference.swift
[416/1604] Compiling CustomDump AnyType.swift
[417/1604] Compiling CustomDump CollectionDifference.swift
[430/1609] Compiling Elementary SVGElement.swift
[431/1609] Compiling Elementary SVGTags.swift
[432/1609] Compiling Elementary SVGValues.swift
[433/1609] Compiling Elementary SendOnceBox.swift
[434/1609] Compiling Elementary SendableAnyHTMLBox.swift
[438/1609] Compiling CustomDump GameKit.swift
[439/1609] Compiling CustomDump KeyPath.swift
[440/1609] Compiling CustomDump Photos.swift
[441/1609] Compiling CustomDump Speech.swift
[442/1609] Compiling CustomDump UniformTypeIdentifiers.swift
[443/1609] Compiling CustomDump UserNotifications.swift
[444/1609] Compiling CustomDump UserNotificationsUI.swift
[445/1609] Compiling CustomDump CustomDumpReflectable.swift
[446/1609] Compiling CustomDump Identifiable.swift
[447/1609] Compiling CustomDump Mirror.swift
[448/1609] Compiling CustomDump String.swift
[449/1609] Compiling CustomDump ExpectDifference.swift
[450/1609] Compiling CustomDump SwiftUI.swift
[451/1609] Compiling CustomDump UIKit.swift
[452/1609] Compiling CustomDump CustomDumpRepresentable.swift
[453/1609] Compiling CustomDump CustomDumpStringConvertible.swift
[454/1609] Compiling CustomDump Diff.swift
[455/1609] Compiling CustomDump Dump.swift
[456/1609] Compiling DependenciesMacrosPlugin DependencyEndpointMacro.swift
[457/1610] Compiling CustomDump CoreImage.swift
[458/1610] Compiling CustomDump CoreLocation.swift
[459/1610] Compiling CustomDump CoreMotion.swift
[460/1610] Compiling CustomDump Foundation.swift
[469/1613] Compiling SwiftProtobuf Message+BinaryAdditions_Data.swift
[470/1613] Compiling SwiftProtobuf Message+FieldMask.swift
[471/1613] Compiling SwiftProtobuf Message+JSONAdditions.swift
[472/1613] Compiling SwiftProtobuf Message+JSONAdditions_Data.swift
[473/1613] Compiling SwiftProtobuf Message+JSONArrayAdditions.swift
[474/1613] Compiling SwiftProtobuf Message+JSONArrayAdditions_Data.swift
[475/1613] Compiling SwiftProtobuf Message+TextFormatAdditions.swift
[476/1613] Compiling SwiftProtobuf Message.swift
[477/1613] Compiling SwiftProtobuf MessageExtension.swift
[478/1613] Compiling SwiftProtobuf NameMap.swift
[479/1613] Compiling SwiftProtobuf PathDecoder.swift
[480/1613] Compiling SwiftProtobuf PathVisitor.swift
[489/1613] Compiling OrderedCollections OrderedSet+Sendable.swift
[490/1613] Compiling OrderedCollections OrderedSet+SubSequence.swift
[491/1613] Compiling OrderedCollections OrderedSet+Testing.swift
[492/1613] Compiling OrderedCollections OrderedSet+UnorderedView.swift
[493/1613] Compiling OrderedCollections OrderedSet+UnstableInternals.swift
[494/1613] Compiling OrderedCollections OrderedSet.swift
[495/1613] Compiling OrderedCollections _UnsafeBitset.swift
[496/1613] Compiling SwiftSyntax SyntaxNodesD.swift
[497/1613] Compiling SwiftSyntax SyntaxNodesEF.swift
[498/1613] Compiling SwiftSyntax SyntaxNodesGHI.swift
[499/1613] Compiling SwiftSyntax SyntaxNodesJKLMN.swift
[500/1613] Compiling SwiftSyntax SyntaxNodesOP.swift
[501/1613] Compiling SwiftSyntax SyntaxNodesQRS.swift
[502/1613] Compiling SwiftSyntax SyntaxNodesTUVWXYZ.swift
[503/1613] Compiling SwiftProtobuf ZigZag.swift
[504/1613] Emitting module Elementary
[509/1613] Compiling CustomDump StoreKit.swift
[510/1613] Compiling CustomDump Swift.swift
[530/1613] Compiling CustomDump Unordered.swift
[531/1613] Compiling CustomDump XCTAssertDifference.swift
[532/1613] Compiling CustomDump XCTAssertNoDifference.swift
[566/1618] Emitting module CustomDump
[567/1618] Compiling CoreMetrics Locks.swift
[575/1618] Emitting module CoreMetrics
[582/1655] Compiling HTTPTypes HTTPFields.swift
[583/1655] Compiling HTTPTypes HTTPRequest+URL.swift
[584/1656] Compiling ContainersPreview Producer+Map.swift
[585/1656] Compiling ContainersPreview Producer+Reduce.swift
[586/1656] Compiling ContainersPreview Producer.swift
[587/1656] Compiling ContainersPreview InputSpan.swift
[588/1656] Compiling ContainersPreview MutableRef.swift
[590/1660] Compiling ContainersPreview Drain+Map.swift
[591/1660] Compiling ContainersPreview Drain+Reduce.swift
[592/1660] Compiling ContainersPreview Drain.swift
[593/1660] Compiling ContainersPreview Producer+Collect.swift
[594/1660] Compiling ContainersPreview Producer+Filter.swift
[595/1660] Compiling ContainersPreview BorrowingSequence+Standard Conformances.swift
[596/1660] Compiling ContainersPreview BorrowingSequence+Utilities.swift
[597/1660] Compiling ContainersPreview BorrowingSequence.swift
[598/1660] Compiling ContainersPreview BidirectionalContainer.swift
[599/1660] Compiling ContainersPreview Container+Filter.swift
[600/1660] Compiling ContainersPreview Container+SpanwiseZip.swift
[601/1660] Compiling ContainersPreview Container.swift
[602/1660] Compiling ContainersPreview ContainerIterator.swift
[603/1660] Compiling ContainersPreview DynamicContainer.swift
[604/1660] Compiling ContainersPreview MutableContainer.swift
[605/1660] Compiling ContainersPreview BorrowingIteratorProtocol+Map.swift
[606/1660] Compiling ContainersPreview BorrowingIteratorProtocol+Reduce.swift
[607/1660] Compiling ContainersPreview BorrowingIteratorProtocol+SpanwiseZip.swift
[608/1660] Compiling ContainersPreview BorrowingIteratorProtocol.swift
[609/1660] Compiling ContainersPreview BorrowingSequence+Algorithms.swift
[610/1660] Compiling ContainersPreview PermutableContainer.swift
[611/1660] Compiling ContainersPreview RandomAccessContainer.swift
[612/1660] Compiling ContainersPreview RangeExpression2.swift
[613/1660] Compiling ContainersPreview RangeReplaceableContainer.swift
[614/1660] Compiling ContainersPreview Strideable+Limits.swift
[615/1663] Emitting module OrderedCollections
[616/1664] Compiling ContainersPreview BorrowingIteratorProtocol+Filter.swift
[632/1665] Compiling ContainersPreview Ref.swift
[633/1665] Compiling ContainersPreview Shared.swift
[634/1665] Compiling ContainersPreview SpanIterator.swift
[635/1665] Compiling ContainersPreview UniqueBox.swift
[636/1665] Emitting module ContainersPreview
[639/1665] Compiling ContainersPreview OutputSpan+Extras.swift
[640/1665] Compiling ContainersPreview TemporaryAllocation.swift
[641/1665] Compiling ContainersPreview BorrowingIteratorProtocol+Copy.swift
[642/1665] Compiling ContainersPreview BorrowingIteratorProtocol+ElementsEqual.swift
[645/1670] Compiling ElementaryHTMX HTMLAttribute+HTMX.swift
[646/1670] Emitting module ElementaryHTMX
[647/1737] Compiling ConcurrencyHelpers LockedValueBox.swift
[648/1751] Emitting module SwiftProtobuf
[649/1751] Compiling IdentifiedCollections Identified.swift
[650/1751] Compiling IdentifiedCollections IdentifiedArray+Codable.swift
[651/1751] Compiling IdentifiedCollections IdentifiedArray+Collection.swift
[652/1751] Compiling IdentifiedCollections IdentifiedArray+CollectionAlgorithms.swift
[653/1751] Compiling IdentifiedCollections IdentifiedArray+CustomDebugStringConvertible.swift
[654/1751] Compiling IdentifiedCollections IdentifiedArray+CustomReflectable.swift
[655/1751] Compiling IdentifiedCollections IdentifiedArray+CustomStringConvertible.swift
[656/1751] Compiling IdentifiedCollections IdentifiedArray+Equatable.swift
[657/1751] Compiling IdentifiedCollections IdentifiedArray+ExpressibleByArrayLiteral.swift
[658/1751] Compiling IdentifiedCollections IdentifiedArray+Initializers.swift
[659/1751] Compiling IdentifiedCollections IdentifiedArray+Insertions.swift
[660/1751] Compiling IdentifiedCollections IdentifiedArray+Hashable.swift
[661/1751] Compiling CoreMetrics WithMetricsFactory.swift
[662/1751] Compiling CoreMetrics MappingMetricsFactory.swift
[663/1751] Compiling CoreMetrics Metrics.swift
[664/1752] Compiling ElementaryHTMX HTMLAttributeValue+HTMX.swift
[667/1769] Compiling ConcurrencyHelpers Lock.swift
[668/1774] Emitting module ConcurrencyHelpers
[670/1797] Compiling DequeModule RigidDeque+Experimental.swift
[671/1797] Compiling DequeModule RigidDeque+Hashable.swift
[672/1797] Compiling DequeModule RigidDeque+Initializers.swift
[673/1797] Compiling DequeModule RigidDeque+Insertions.swift
[674/1802] Compiling Metrics Metrics.swift
[675/1802] Compiling ElementaryHTMXWS HTMLAttribute+HTMX.swift
[676/1802] Compiling DequeModule Deque+Codable.swift
[677/1802] Compiling DequeModule Deque+Collection.swift
[678/1802] Compiling DequeModule Deque+CustomReflectable.swift
[679/1802] Emitting module ElementaryHTMXWS
[680/1802] Compiling DequeModule UniqueDeque+Container.swift
[681/1802] Compiling DequeModule UniqueDeque+Deprecated.swift
[682/1802] Compiling DequeModule UniqueDeque+Descriptions.swift
[683/1802] Compiling DequeModule UniqueDeque+Equatable.swift
[684/1802] Compiling DequeModule UniqueDeque+Experimental.swift
[685/1802] Compiling DequeModule Deque._Storage.swift
[686/1802] Compiling DequeModule Deque._UnsafeHandle.swift
[687/1802] Compiling DequeModule Deque+Descriptions.swift
[688/1802] Compiling DequeModule Deque+Equatable.swift
[689/1802] Compiling DequeModule Deque+ExpressibleByArrayLiteral.swift
[690/1805] Compiling DequeModule Deque.swift
[691/1805] Compiling DequeModule RigidDeque+Equatable.swift
[692/1805] Compiling DequeModule Deque+Extras.swift
[693/1805] Compiling DequeModule Deque+Hashable.swift
[694/1805] Compiling DequeModule Deque+Testing.swift
[695/1807] Emitting module Metrics
[696/1808] Compiling ElementaryHTMXWS HTMLAttributeValue+HTMX.swift
[699/1809] Compiling IdentifiedCollections IdentifiedArray.swift
[700/1809] Compiling IdentifiedCollections IdentifiedCollection.swift
[701/1809] Emitting module IdentifiedCollections
[703/1824] Compiling DequeModule UniqueDeque+Hashable.swift
[704/1824] Compiling DequeModule UniqueDeque+Initializers.swift
[705/1824] Compiling DequeModule UniqueDeque+Insertions.swift
[706/1824] Compiling DequeModule UniqueDeque+Prepend.swift
[707/1824] Compiling DequeModule UniqueDeque+Removals.swift
[708/1826] Compiling ConcurrencyExtras Result.swift
[709/1833] Compiling ConcurrencyExtras LockIsolated.swift
[710/1833] Compiling ConcurrencyExtras Locking.swift
[711/1833] Compiling ConcurrencyExtras UncheckedBox.swift
[712/1833] Compiling UnixSignals UnixSignal.swift
[713/1833] Emitting module UnixSignals
[721/1833] Compiling DequeModule RigidDeque+Replacements.swift
[722/1833] Compiling DequeModule RigidDeque+Testing.swift
[723/1833] Compiling DequeModule RigidDeque.swift
[724/1833] Compiling DequeModule UniqueDeque+Append.swift
[725/1833] Compiling DequeModule UniqueDeque+Consumption.swift
[726/1833] Compiling ConcurrencyExtras AsyncStream.swift
[727/1833] Compiling ConcurrencyExtras AsyncThrowingStream.swift
[728/1833] Compiling ConcurrencyExtras MainSerialExecutor.swift
[729/1833] Compiling ConcurrencyExtras Task.swift
[730/1833] Compiling ConcurrencyExtras ActorIsolated.swift
[731/1833] Compiling ConcurrencyExtras AnyHashableSendable.swift
[732/1833] Emitting module ConcurrencyExtras
[733/1833] Compiling ComposableArchitectureMacros Availability.swift
[734/1833] Compiling ConcurrencyExtras UncheckedSendable.swift
[735/1834] Emitting module ComposableArchitectureMacros
[737/1834] Compiling UnixSignals UnixSignalsSequence.swift
[739/1845] Compiling ComposableArchitectureMacros ViewActionMacro.swift
[740/1845] Compiling Clocks Timer.swift
[747/1846] Emitting module ClusterMembership
[748/1846] Compiling ClusterMembership Node.swift
[756/1847] Compiling DequeModule _DequeBuffer.swift
[757/1847] Compiling DequeModule _DequeBufferHeader.swift
[758/1847] Compiling DequeModule RigidDeque+Append.swift
[759/1847] Compiling DequeModule RigidDeque+Consumption.swift
[760/1847] Compiling DequeModule RigidDeque+Container.swift
[761/1847] Compiling DequeModule RigidDeque+Descriptions.swift
[762/1847] Compiling Clocks _AsyncTimerSequence.swift
[763/1847] Emitting module Clocks
[764/1847] Compiling Clocks AnyClock.swift
[765/1847] Compiling Clocks ImmediateClock.swift
[766/1857] Compiling Clocks UnimplementedClock.swift
[767/1857] Compiling CasePathsCore UncheckedSendable.swift
[768/1858] Compiling CasePathsCore AnyCasePath.swift
[769/1858] Compiling CasePathsCore CasePathIterable.swift
[770/1858] Emitting module CasePathsCore
[771/1858] Compiling CasePathsCore TypeName.swift
[772/1858] Compiling Clocks TestClock.swift
[773/1858] Compiling Clocks SwiftUI.swift
[774/1858] Compiling Clocks Lock.swift
[775/1859] Compiling OpenAPIRuntime OpenAPIMIMEType+Multipart.swift
[776/1859] Compiling OpenAPIRuntime URICodeCodingKey.swift
[777/1859] Compiling OpenAPIRuntime URICoderConfiguration.swift
[778/1859] Compiling OpenAPIRuntime URIEncodedNode.swift
[779/1859] Compiling OpenAPIRuntime URIParsedTypes.swift
[780/1859] Compiling OpenAPIRuntime URIDecoder.swift
[781/1859] Compiling OpenAPIRuntime URIValueFromNodeDecoder+Keyed.swift
[782/1859] Compiling OpenAPIRuntime URIValueFromNodeDecoder+Single.swift
[783/1859] Compiling OpenAPIRuntime URIValueFromNodeDecoder+Unkeyed.swift
[785/1867] Compiling ComposableArchitectureMacros Plugins.swift
[786/1867] Compiling ComposableArchitectureMacros Extensions.swift
[787/1867] Emitting module OpenAPIRuntime
[788/1878] Compiling CasePathsCore Optional+CasePathable.swift
[789/1878] Compiling CasePathsCore Never+CasePathable.swift
[790/1878] Compiling CasePathsCore Result+CasePathable.swift
[791/1878] Compiling CasePathsCore KeyPath+Sendable.swift
[792/1878] Compiling SWIM Metrics.swift
[793/1878] Compiling SWIM SWIM.swift
[794/1879] Wrapping AST for _NIODataStructures for debugging
[795/1879] Wrapping AST for _NIOBase64 for debugging
[801/1879] Compiling DequeModule UniqueDeque+Replacements.swift
[802/1879] Compiling DequeModule UniqueDeque.swift
[803/1879] Compiling DequeModule _DequeSlot.swift
[804/1879] Compiling DequeModule _UnsafeDequeHandle.swift
[805/1879] Compiling DequeModule _UnsafeDequeSegments.swift
[806/1879] Compiling SWIM Events.swift
[807/1879] Compiling SWIM Member.swift
[808/1879] Emitting module SWIM
[808/1880] Wrapping AST for Yams for debugging
[810/1880] Compiling SWIM String+Extensions.swift
[811/1880] Compiling SWIM _PrettyLog.swift
[811/1880] Wrapping AST for XCTestDynamicOverlay for debugging
[813/1880] Emitting module ExtrasBase64
[813/1880] Wrapping AST for VirtualActorsMacros for debugging
[815/1880] Compiling SWIM Heap.swift
[815/1880] Wrapping AST for UnixSignals for debugging
[815/1880] Write Objects.LinkFileList
[818/1880] Compiling ComposableArchitectureMacros PresentsMacro.swift
[819/1880] Compiling ComposableArchitectureMacros ReducerMacro.swift
[820/1880] Compiling ComposableArchitectureMacros ObservableStateMacro.swift
[820/1881] Wrapping AST for Tracing for debugging
[823/1881] Compiling SWIM time.swift
[823/1881] Wrapping AST for SwiftSyntax602 for debugging
[829/1881] Compiling SWIM SWIMInstance.swift
[830/1881] Compiling SWIM Settings.swift
[833/1881] Wrapping AST for SwiftSyntax601 for debugging
[834/1881] Wrapping AST for SwiftSyntax600 for debugging
[862/1881] Wrapping AST for SwiftSyntax510 for debugging
[863/1881] Wrapping AST for SwiftSyntax509 for debugging
[864/1881] Wrapping AST for SwiftASN1 for debugging
[865/1881] Wrapping AST for ServiceContextModule for debugging
[866/1881] Wrapping AST for RealModule for debugging
[867/1881] Wrapping AST for PerceptionMacros for debugging
[868/1881] Wrapping AST for OrderedCollections for debugging
[868/1881] Write Objects.LinkFileList
[871/1881] Compiling ExtrasBase64 Base64.swift
[871/1881] Wrapping AST for OpenAPIKitCore for debugging
[873/1882] Wrapping AST for OpenAPIKitCompat for debugging
[874/1882] Linking VirtualActorsMacros-tool
[875/1882] Wrapping AST for OpenAPIKit30 for debugging
[876/1882] Wrapping AST for OpenAPIKit for debugging
[877/1882] Wrapping AST for MurmurHash_Swift for debugging
[878/1882] Wrapping AST for Metrics for debugging
[879/1882] Wrapping AST for Logging for debugging
[880/1882] Wrapping AST for IssueReporting for debugging
[881/1882] Wrapping AST for InternalCollectionsUtilities for debugging
[882/1882] Wrapping AST for Instrumentation for debugging
[883/1882] Wrapping AST for HTTPTypes for debugging
[884/1882] Wrapping AST for ExtrasBase64 for debugging
[886/1882] Compiling OpenAPIRuntime MultipartBoundaryGenerator.swift
[887/1882] Compiling OpenAPIRuntime MultipartBytesToFramesSequence.swift
[888/1882] Compiling OpenAPIRuntime MultipartFramesToBytesSequence.swift
[889/1882] Compiling OpenAPIRuntime MultipartFramesToRawPartsSequence.swift
[890/1882] Compiling OpenAPIRuntime MultipartInternalTypes.swift
[891/1882] Compiling OpenAPIRuntime MultipartPublicTypes.swift
[892/1882] Compiling OpenAPIRuntime MultipartPublicTypesExtensions.swift
[893/1882] Compiling OpenAPIRuntime MultipartRawPartsToFramesSequence.swift
[894/1882] Compiling OpenAPIRuntime MultipartValidation.swift
[894/1882] Wrapping AST for EventSourcingMacros for debugging
[895/1882] Wrapping AST for ElementaryHTMXWS for debugging
[895/1882] Write Objects.LinkFileList
[897/1882] Wrapping AST for ElementaryHTMX for debugging
[898/1882] Wrapping AST for Elementary for debugging
[904/1882] Wrapping AST for DistributedActorsConcurrencyHelpers for debugging
[905/1882] Wrapping AST for DependenciesMacrosPlugin for debugging
[906/1882] Write Objects.LinkFileList
[907/1882] Wrapping AST for CoreMetrics for debugging
[909/1882] Compiling OpenAPIRuntime URIValueFromNodeDecoder.swift
[910/1882] Compiling OpenAPIRuntime URIEncoder.swift
[911/1882] Compiling OpenAPIRuntime URIValueToNodeEncoder+Keyed.swift
[912/1882] Compiling OpenAPIRuntime URIValueToNodeEncoder+Single.swift
[913/1882] Compiling OpenAPIRuntime URIValueToNodeEncoder+Unkeyed.swift
[914/1882] Compiling OpenAPIRuntime URIValueToNodeEncoder.swift
[915/1882] Compiling OpenAPIRuntime URIParser.swift
[916/1882] Compiling OpenAPIRuntime URISerializer.swift
[922/1883] Compiling SWIM Status.swift
[923/1884] Linking PerceptionMacros-tool
[924/1884] Wrapping AST for ContainersPreview for debugging
[925/1884] Wrapping AST for ConcurrencyHelpers for debugging
[926/1884] Wrapping AST for OpenAPIRuntime for debugging
[928/1884] Emitting module DequeModule
[928/1888] Wrapping AST for SWIM for debugging
[929/1888] Wrapping AST for ConcurrencyExtras for debugging
[931/1888] Emitting module Perception
[932/1888] Wrapping AST for ClusterMembership for debugging
[933/1888] Wrapping AST for ComposableArchitectureMacros for debugging
[935/1888] Compiling Perception Exports.swift
[936/1888] Compiling Perception Macros.swift
[936/1889] Wrapping AST for Clocks for debugging
[936/1889] Write Objects.LinkFileList
[938/1896] Wrapping AST for DequeModule for debugging
[940/1896] Compiling KeccakSponge.c
[941/1896] Compiling KeccakHash.c
[942/1896] Compiling CSystem shims.c
[943/1896] Linking EventSourcingMacros-tool
[944/1896] Linking DependenciesMacrosPlugin-tool
[946/1896] Compiling OpenAPIURLSession Lock.swift
[946/1896] Compiling CNIOWindows shim.c
[947/1902] Compiling CNIOWindows WSAStartup.c
[948/1933] Compiling KeccakP-1600-opt64.c
[949/1933] Compiling CNIOWASI CNIOWASI.c
[950/1936] Compiling CNIOSHA1 c_nio_sha1.c
[951/1936] Compiling CNIOPosix event_loop_id.c
[952/1936] Compiling CNIOOpenBSD shim.c
[954/1936] Compiling DependenciesMacros Exports.swift
[954/1936] Linking ComposableArchitectureMacros-tool
[956/1936] Emitting module DependenciesMacros
Internal Error: dataCorrupted(Swift.DecodingError.Context(codingPath: [], debugDescription: "Corrupted JSON", underlyingError: Optional(unexpected end of file)))
[956/1936] Compiling CNIOLinux liburing_shims.c
[958/1936] Compiling DependenciesMacros Macros.swift
[959/1936] Compiling OpenAPIURLSession HTTPBodyOutputStreamBridge.swift
[960/1936] Compiling OpenAPIURLSession URLSessionTransport.swift
[961/1936] Compiling OpenAPIURLSession BidirectionalStreamingURLSessionDelegate.swift
[962/1937] Compiling OpenAPIURLSession URLSession+Extensions.swift
[963/1937] Compiling CNIOLinux shim.c
[964/1937] Compiling CNIOLLHTTP c_nio_http.c
[965/1937] Compiling COpenCombineHelpers COpenCombineHelpers.cpp
[966/1937] Compiling CNIOLLHTTP c_nio_llhttp.c
[967/1937] Compiling CNIODarwin shim.c
[968/1937] Compiling CNIOFreeBSD shim.c
[969/1949] Compiling fiat_p256_adx_sqr.S
[970/1949] Compiling CNIOLLHTTP c_nio_api.c
[971/1988] Compiling fiat_p256_adx_mul.S
[972/1998] Compiling fiat_curve25519_adx_square.S
[973/2029] Compiling fiat_curve25519_adx_mul.S
[974/2029] Compiling CNIOBoringSSLShims shims.c
[976/2029] Compiling OpenCombine Utils.swift
[977/2029] Compiling OpenCombine Violations.swift
[978/2029] Compiling OpenCombine ImmediateScheduler.swift
[979/2029] Compiling OpenCombine ObservableObject.swift
[980/2029] Compiling OpenCombine PassthroughSubject.swift
[981/2034] Emitting module SwiftSyntax
[982/2034] Compiling OpenAPIURLSession BufferedStream.swift
[983/2034] Emitting module OpenAPIURLSession
[984/2035] Compiling tls_method.cc
[985/2035] Wrapping AST for OpenAPIURLSession for debugging
[987/2035] Compiling OpenCombine AnyCancellable.swift
[988/2035] Compiling OpenCombine AnyPublisher.swift
[989/2035] Compiling OpenCombine AnySubscriber.swift
[990/2035] Compiling OpenCombine Cancellable.swift
[991/2035] Compiling OpenCombine Codable.swift
[992/2035] Compiling OpenCombine CombineIdentifier.swift
[992/2035] Compiling tls_record.cc
[994/2035] Emitting module SystemPackage
[995/2035] Compiling SystemPackage SystemString.swift
[996/2035] Compiling SystemPackage Util+StringArray.swift
[997/2035] Compiling SystemPackage Util.swift
[998/2035] Compiling SystemPackage UtilConsumers.swift
[999/2035] Compiling SystemPackage WinSDK+Overlay.swift
[1006/2035] Compiling OpenCombine ConcurrencyHelpers.swift
[1007/2035] Compiling OpenCombine Future+Concurrency.swift
[1008/2035] Compiling OpenCombine GENERATED-Publisher+Concurrency.swift
[1009/2035] Compiling OpenCombine CurrentValueSubject.swift
[1010/2035] Compiling OpenCombine CustomCombineIdentifierConvertible.swift
[1011/2035] Compiling OpenCombine Future.swift
[1012/2035] Compiling OpenCombine GENERATED-RootProtocols.swift
[1013/2047] Compiling OpenCombine Published.swift
[1014/2047] Compiling OpenCombine Publisher+Subscribe.swift
[1015/2047] Compiling OpenCombine Deferred.swift
[1016/2047] Compiling OpenCombine Empty.swift
[1017/2047] Compiling OpenCombine Fail.swift
[1018/2047] Compiling OpenCombine Publishers.FlatMap.swift
[1019/2047] Compiling OpenCombine Publishers.HandleEvents.swift
[1020/2047] Compiling OpenCombine Publishers.IgnoreOutput.swift
[1021/2047] Compiling OpenCombine Publishers.Last.swift
[1022/2047] Compiling OpenCombine Publishers.MakeConnectable.swift
[1030/2047] Compiling OpenCombine Publishers.Count.swift
[1031/2047] Compiling OpenCombine Publishers.Debounce.swift
[1032/2047] Compiling OpenCombine Publishers.Delay.swift
[1033/2047] Compiling OpenCombine Publishers.Drop.swift
[1034/2047] Compiling OpenCombine Publishers.DropUntilOutput.swift
[1035/2047] Compiling OpenCombine Publishers.DropWhile.swift
[1036/2047] Compiling OpenCombine Publishers.Filter.swift
[1037/2047] Compiling OpenCombine Publishers.First.swift
[1038/2047] Emitting module OpenCombine
[1039/2048] Compiling tls13_server.cc
[1041/2091] Compiling Configuration CLIArgumentParser.swift
[1042/2091] Compiling Configuration CLISnapshot.swift
[1043/2091] Compiling Configuration CommandLineArgumentsProvider.swift
[1044/2091] Compiling Configuration EnvironmentFileParser.swift
[1045/2091] Compiling Configuration JSONSnapshot.swift
[1046/2091] Compiling Configuration PropertyListSnapshot.swift
[1047/2091] Compiling Configuration ReloadingFileProvider.swift
[1048/2091] Compiling Configuration ReloadingFileProviderMetrics.swift
[1049/2091] Compiling Configuration YAMLSnapshot.swift
[1050/2091] Compiling Configuration InMemoryProvider.swift
[1051/2091] Compiling Configuration MutableInMemoryProvider.swift
[1052/2091] Compiling Configuration ConfigProvider+Operators.swift
[1053/2091] Compiling Configuration KeyMappingProvider.swift
[1053/2091] Compiling tls13_enc.cc
[1054/2091] Compiling tls13_client.cc
[1056/2091] Compiling Configuration Deprecations.swift
[1057/2091] Compiling Configuration ExpressibleByConfigInt.swift
[1058/2091] Compiling Configuration ExpressibleByConfigString.swift
[1059/2091] Compiling Configuration CLIKeyEncoder.swift
[1060/2091] Compiling Configuration ConfigKeyEncoder.swift
[1061/2091] Compiling Configuration DotSeparatorKeyDecoder.swift
[1062/2096] Compiling OpenCombine Result.swift
[1063/2096] Compiling OpenCombine Scheduler.swift
[1064/2096] Compiling OpenCombine Subject+Void.swift
[1065/2096] Compiling OpenCombine Subscriber+Void.swift
[1066/2096] Compiling OpenCombine Subscribers.Assign.swift
[1067/2096] Compiling OpenCombine Subscribers.Completion.swift
[1068/2096] Compiling OpenCombine Subscribers.Demand.swift
[1069/2096] Compiling OpenCombine Subscribers.Sink.swift
[1070/2096] Compiling OpenCombine Subscribers.swift
[1071/2096] Compiling OpenCombine Subscription.swift
[1072/2096] Compiling OpenCombine Subscriptions.swift
[1073/2096] Compiling OpenCombine _Introspection.swift
[1073/2096] Wrapping AST for SystemPackage for debugging
[1075/2096] Compiling OpenCombine Publishers.SubscribeOn.swift
[1076/2096] Compiling OpenCombine Publishers.SwitchToLatest.swift
[1077/2096] Compiling OpenCombine Publishers.Throttle.swift
[1078/2096] Compiling OpenCombine Publishers.Timeout.swift
[1079/2096] Compiling OpenCombine Publishers.Zip.swift
[1080/2096] Compiling OpenCombine Publishers.swift
[1081/2096] Compiling OpenCombine Record.swift
[1082/2096] Compiling OpenCombine Result.Publisher.swift
[1085/2096] Compiling tls13_both.cc
[1088/2097] Compiling Configuration ConfigReader+internalHelpers.swift
[1089/2097] Compiling Configuration ConfigReader+methods.swift
[1090/2097] Compiling Configuration ConfigReader.swift
[1091/2097] Compiling Configuration ConfigSnapshotReader+methods.swift
[1092/2097] Compiling Configuration ConfigSnapshotReader.swift
[1093/2097] Compiling Configuration EnvironmentKeyEncoder.swift
[1094/2097] Compiling Configuration EnvironmentVariablesProvider.swift
[1095/2097] Compiling Configuration CommonProviderFileSystem.swift
[1096/2097] Compiling Configuration DirectoryFilesProvider.swift
[1097/2097] Compiling Configuration FileProvider.swift
[1098/2097] Compiling Configuration FileProviderSnapshot.swift
[1099/2097] Compiling Configuration SeparatorKeyEncoder.swift
[1100/2097] Compiling Configuration MultiProvider.swift
[1101/2097] Compiling OpenCombine Publishers.Retry.swift
[1102/2097] Compiling OpenCombine Publishers.Scan.swift
[1103/2097] Compiling OpenCombine Publishers.Sequence.swift
[1104/2097] Compiling OpenCombine Publishers.SetFailureType.swift
[1105/2097] Compiling OpenCombine Publishers.Share.swift
[1114/2097] Compiling OpenCombine Publishers.Map.swift
[1115/2097] Compiling OpenCombine Publishers.MapError.swift
[1116/2097] Compiling OpenCombine Publishers.MeasureInterval.swift
[1117/2097] Compiling OpenCombine Publishers.Multicast.swift
[1118/2097] Compiling OpenCombine Publishers.Output.swift
[1119/2097] Compiling OpenCombine Publishers.PrefixUntilOutput.swift
[1120/2097] Compiling OpenCombine Publishers.PrefixWhile.swift
[1121/2097] Compiling OpenCombine Publishers.Print.swift
[1122/2097] Compiling OpenCombine Publishers.ReceiveOn.swift
[1123/2097] Compiling OpenCombine Publishers.Reduce.swift
[1124/2097] Compiling OpenCombine Publishers.RemoveDuplicates.swift
[1125/2097] Compiling OpenCombine Publishers.ReplaceEmpty.swift
[1126/2097] Compiling OpenCombine Publishers.ReplaceError.swift
[1127/2097] Compiling Configuration SecretsSpecifier.swift
[1128/2097] Compiling Configuration AsyncCombineLatestManySequence.swift
[1129/2097] Compiling Configuration CombineLatestManyStateMachine.swift
[1130/2097] Compiling Configuration CombineLatestManyStorage.swift
[1131/2097] Compiling Configuration AsyncSequences.swift
[1132/2097] Compiling Configuration FoundationExtensions.swift
[1133/2097] Compiling Configuration Span.swift
[1134/2097] Compiling Configuration ConfigBytesFromStringDecoder.swift
[1135/2097] Compiling OpenCombine ReduceProducer.swift
[1136/2097] Compiling OpenCombine SubjectSubscriber.swift
[1137/2097] Compiling OpenCombine SubscriberTap.swift
[1138/2097] Compiling OpenCombine SubscriptionStatus.swift
[1139/2097] Compiling OpenCombine SubscriptionTap.swift
[1140/2097] Compiling OpenCombine Just.swift
[1141/2097] Compiling OpenCombine Optional.Publisher.swift
[1142/2097] Compiling OpenCombine Publishers.AllSatisfy.swift
[1143/2097] Compiling OpenCombine Publishers.AssertNoFailure.swift
[1144/2097] Compiling OpenCombine Publishers.Autoconnect.swift
[1145/2097] Compiling OpenCombine Publishers.Breakpoint.swift
[1146/2097] Compiling OpenCombine Publishers.Buffer.swift
[1147/2097] Compiling OpenCombine Publishers.Collect.swift
[1148/2097] Compiling OpenCombine Publishers.CollectByCount.swift
[1149/2097] Compiling OpenCombine Publishers.CompactMap.swift
[1150/2097] Compiling OpenCombine Publishers.Comparison.swift
[1151/2097] Compiling OpenCombine Publishers.Concatenate.swift
[1152/2097] Compiling OpenCombine Publishers.Contains.swift
[1152/2097] Compiling t1_enc.cc
[1153/2098] Wrapping AST for SwiftProtobuf for debugging
[1185/2098] Compiling Configuration AccessReporter.swift
[1186/2098] Compiling Configuration AccessLogger.swift
[1187/2098] Compiling Configuration FileAccessLogger.swift
[1188/2098] Compiling Configuration ConfigContext.swift
[1189/2098] Compiling Configuration ConfigKey.swift
[1190/2098] Compiling Configuration ConfigProvider.swift
[1191/2098] Emitting module Configuration
[1191/2098] Compiling ssl_versions.cc
[1193/2109] Compiling OpenCombineFoundation Locking.swift
[1194/2109] Compiling OpenCombineFoundation Portability.swift
[1194/2110] Compiling ssl_x509.cc
[1196/2110] Emitting module OpenCombineFoundation
[1197/2112] Compiling OpenCombineFoundation RunLoop+Scheduler.swift
[1198/2112] Compiling OpenCombineFoundation JSONEncoder.swift
[1199/2112] Compiling OpenCombineFoundation NotificationCenter.swift
[1199/2112] Compiling ssl_transcript.cc
[1200/2112] Wrapping AST for OpenCombine for debugging
[1202/2112] Compiling OpenCombineFoundation URLSession.swift
[1203/2112] Compiling OpenCombineFoundation Timer+Publisher.swift
[1204/2112] Compiling OpenCombineFoundation PropertyListEncoder.swift
[1205/2112] Compiling OpenCombineFoundation Utils.swift
[1206/2112] Compiling OpenCombineFoundation Violations.swift
[1207/2112] Compiling OpenCombineFoundation OperationQueue+Scheduler.swift
[1208/2113] Compiling ssl_session.cc
[1209/2113] Wrapping AST for OpenCombineFoundation for debugging
[1210/2113] Compiling ssl_privkey.cc
[1211/2113] Compiling ssl_stat.cc
[1213/2113] Emitting module OpenCombineDispatch
[1214/2113] Compiling OpenCombineDispatch DispatchQueue+Scheduler.swift
[1215/2114] Compiling ssl_credential.cc
[1217/2116] Emitting module OpenCombineShim
[1217/2116] Compiling ssl_file.cc
[1219/2116] Compiling OpenCombineShim OpenCombineShim.swift
[1219/2116] Wrapping AST for OpenCombineDispatch for debugging
[1220/2117] Compiling ssl_key_share.cc
[1222/2117] Compiling ssl_lib.cc
[1223/2117] Compiling ssl_cipher.cc
[1224/2130] Compiling ssl_cert.cc
[1225/2130] Wrapping AST for OpenCombineShim for debugging
[1227/2130] Compiling CombineSchedulers UIKit.swift
[1228/2130] Compiling CombineSchedulers UIScheduler.swift
[1229/2131] Compiling CombineSchedulers Lock.swift
[1230/2131] Compiling CombineSchedulers NSRecursiveLock.swift
[1231/2131] Compiling CombineSchedulers ImmediateScheduler.swift
[1232/2131] Compiling CombineSchedulers Deprecations.swift
[1233/2131] Compiling Configuration ConfigProviderHelpers.swift
[1239/2131] Compiling CombineSchedulers AnyScheduler.swift
[1240/2131] Compiling CombineSchedulers Concurrency.swift
[1241/2132] Emitting module CombineSchedulers
[1243/2132] Compiling CombineSchedulers UnimplementedScheduler.swift
[1243/2132] Compiling ssl_buffer.cc
[1245/2132] Compiling CombineSchedulers Platform.swift
[1246/2132] Compiling CombineSchedulers SwiftUI.swift
[1247/2132] Compiling CombineSchedulers TestScheduler.swift
[1248/2132] Compiling CombineSchedulers Timer.swift
[1248/2133] Wrapping AST for Configuration for debugging
[1250/2133] Compiling s3_lib.cc
[1251/2133] Compiling ssl_aead_ctx.cc
[1252/2133] Compiling s3_pkt.cc
[1253/2133] Compiling ssl_asn1.cc
[1254/2158] Wrapping AST for CombineSchedulers for debugging
[1256/2158] Compiling Dependencies Exports.swift
[1257/2158] Compiling Dependencies SendableKeyPath.swift
[1258/2158] Compiling Dependencies TypeName.swift
[1259/2161] Compiling Dependencies Assert.swift
[1260/2161] Compiling Dependencies Calendar.swift
[1261/2161] Compiling Dependencies Clocks.swift
[1262/2161] Compiling Dependencies Context.swift
[1263/2161] Compiling Dependencies TimeZone.swift
[1264/2161] Compiling Dependencies URLSession.swift
[1265/2161] Compiling Dependencies UUID.swift
[1266/2161] Compiling Dependencies WithRandomNumberGenerator.swift
[1267/2161] Compiling Dependencies AppEntryPoint.swift
[1268/2161] Compiling Dependencies Deprecations.swift
[1269/2161] Compiling Dependencies Date.swift
[1270/2161] Compiling Dependencies FireAndForget.swift
[1271/2161] Compiling Dependencies Locale.swift
[1272/2161] Compiling Dependencies MainQueue.swift
[1273/2161] Compiling Dependencies MainRunLoop.swift
[1274/2161] Compiling Dependencies NotificationCenter.swift
[1275/2161] Compiling Dependencies OpenURL.swift
[1275/2161] Compiling s3_both.cc
[1277/2161] Compiling Dependencies PreviewTrait.swift
[1278/2161] Compiling Dependencies TestTrait.swift
[1279/2161] Compiling Dependencies WithDependencies.swift
[1280/2161] Compiling Dependencies Dependency.swift
[1281/2161] Compiling Dependencies DependencyContext.swift
[1282/2161] Compiling Dependencies DependencyKey.swift
[1283/2161] Compiling Dependencies DependencyValues.swift
[1284/2161] Emitting module Dependencies
[1285/2162] Compiling handshake_server.cc
[1286/2162] Compiling handshake_client.cc
[1287/2181] Compiling handoff.cc
[1288/2184] Wrapping AST for Dependencies for debugging
[1289/2184] Compiling handshake.cc
[1291/2184] Compiling Sharing NSRecursiveLock+WithLock.swift
[1292/2184] Compiling Sharing PassthroughRelay.swift
[1293/2184] Compiling Sharing PersistentReferences.swift
[1294/2187] Compiling Sharing Deprecations.swift
[1295/2187] Compiling Sharing KeyPath+Sendable.swift
[1296/2187] Compiling Sharing MutexBackport.swift
[1306/2187] Emitting module Sharing
[1307/2187] Compiling Sharing SwiftUIStateSharing.swift
[1308/2187] Compiling Sharing CasePaths.swift
[1309/2187] Compiling Sharing resource_bundle_accessor.swift
[1309/2187] Compiling extensions.cc
[1311/2187] Compiling Sharing DefaultKey.swift
[1312/2187] Compiling Sharing FileStorageKey.swift
[1313/2187] Compiling Sharing InMemoryKey.swift
[1314/2187] Compiling Sharing SharedPublisher.swift
[1315/2187] Compiling Sharing SharedReader.swift
[1316/2187] Compiling Sharing SharedReaderKey.swift
[1317/2187] Compiling Sharing Shared.swift
[1318/2187] Compiling Sharing SharedBinding.swift
[1319/2187] Compiling Sharing SharedCollection.swift
[1320/2187] Compiling Sharing SharedContinuations.swift
[1321/2187] Compiling Sharing SharedKey.swift
[1322/2187] Compiling Sharing AppStorageKey.swift
[1322/2187] Compiling encrypted_client_hello.cc
[1323/2187] Compiling dtls_record.cc
[1324/2187] Compiling dtls_method.cc
[1325/2187] Compiling d1_srtp.cc
[1326/2187] Compiling md5-x86_64-linux.S
[1327/2187] Compiling md5-x86_64-apple.S
[1328/2187] Compiling md5-586-linux.S
[1329/2187] Compiling md5-586-apple.S
[1330/2187] Compiling chacha20_poly1305_x86_64-linux.S
[1332/2187] Compiling Sharing Reference.swift
[1333/2187] Compiling Sharing SharedChangeTracker.swift
[1334/2187] Compiling Sharing TypeName.swift
[1334/2188] Compiling chacha20_poly1305_x86_64-apple.S
[1335/2188] Compiling d1_pkt.cc
[1337/2188] Compiling chacha20_poly1305_armv8-win.S
[1338/2188] Compiling err_data.cc
[1339/2188] Compiling chacha20_poly1305_armv8-linux.S
[1340/2188] Compiling bio_ssl.cc
[1341/2188] Compiling chacha20_poly1305_armv8-apple.S
[1342/2188] Compiling chacha-x86_64-linux.S
[1343/2188] Compiling chacha-x86_64-apple.S
[1344/2188] Compiling chacha-x86-apple.S
[1345/2188] Compiling chacha-x86-linux.S
[1346/2188] Compiling chacha-armv8-win.S
[1347/2188] Compiling chacha-armv8-linux.S
[1348/2188] Compiling chacha-armv4-linux.S
[1349/2188] Compiling chacha-armv8-apple.S
[1350/2188] Compiling d1_lib.cc
[1351/2188] Compiling aes128gcmsiv-x86_64-apple.S
[1352/2188] Compiling x86_64-mont5-apple.S
[1353/2188] Compiling x86_64-mont-apple.S
[1354/2188] Compiling aes128gcmsiv-x86_64-linux.S
[1355/2188] Compiling x86_64-mont-linux.S
[1356/2188] Compiling x86-mont-linux.S
[1357/2188] Compiling x86_64-mont5-linux.S
[1358/2188] Compiling x86-mont-apple.S
[1359/2188] Compiling vpaes-x86-apple.S
[1360/2188] Compiling vpaes-x86_64-apple.S
[1361/2188] Compiling vpaes-x86-linux.S
[1362/2188] Compiling vpaes-x86_64-linux.S
[1363/2188] Compiling vpaes-armv8-linux.S
[1364/2188] Compiling vpaes-armv8-win.S
[1365/2188] Compiling vpaes-armv8-apple.S
[1366/2188] Compiling vpaes-armv7-linux.S
[1367/2188] Compiling sha512-armv8-win.S
[1368/2188] Compiling sha512-armv8-linux.S
[1369/2188] Compiling sha512-x86_64-linux.S
[1370/2188] Compiling sha512-x86_64-apple.S
[1371/2188] Compiling sha512-armv8-apple.S
[1372/2188] Compiling sha512-586-apple.S
[1373/2188] Compiling sha512-586-linux.S
[1374/2188] Compiling sha512-armv4-linux.S
[1375/2188] Compiling sha256-armv8-linux.S
[1376/2188] Compiling sha256-armv8-win.S
[1377/2188] Compiling sha256-x86_64-linux.S
[1377/2188] Compiling sha256-x86_64-apple.S
[1379/2188] Compiling d1_both.cc
[1380/2188] Compiling sha256-armv8-apple.S
[1381/2188] Compiling sha256-armv4-linux.S
[1382/2188] Compiling sha256-586-apple.S
[1382/2188] Compiling sha256-586-linux.S
[1384/2188] Compiling sha1-armv8-win.S
[1385/2188] Compiling sha1-x86_64-linux.S
[1386/2188] Compiling sha1-armv8-linux.S
[1387/2188] Compiling sha1-x86_64-apple.S
[1388/2188] Compiling sha1-586-linux.S
[1389/2188] Compiling sha1-armv4-large-linux.S
[1390/2188] Compiling sha1-armv8-apple.S
[1391/2188] Compiling rdrand-x86_64-linux.S
[1392/2188] Compiling rsaz-avx2-linux.S
[1393/2188] Compiling rsaz-avx2-apple.S
[1394/2188] Compiling rdrand-x86_64-apple.S
[1395/2188] Compiling sha1-586-apple.S
[1396/2188] Compiling p256_beeu-x86_64-asm-apple.S
[1397/2188] Compiling p256_beeu-armv8-asm-win.S
[1398/2188] Compiling p256_beeu-armv8-asm-linux.S
[1398/2188] Compiling p256_beeu-x86_64-asm-linux.S
[1400/2188] Compiling p256_beeu-armv8-asm-apple.S
[1401/2188] Compiling p256-x86_64-asm-apple.S
[1402/2188] Compiling p256-x86_64-asm-linux.S
[1403/2188] Compiling ghashv8-armv8-win.S
[1404/2188] Compiling p256-armv8-asm-win.S
[1405/2188] Compiling p256-armv8-asm-apple.S
[1406/2188] Compiling p256-armv8-asm-linux.S
[1407/2188] Compiling ghashv8-armv8-linux.S
[1408/2188] Compiling ghashv8-armv7-linux.S
[1409/2188] Compiling ghashv8-armv8-apple.S
[1410/2188] Compiling ghash-x86_64-apple.S
[1411/2188] Compiling ghash-x86_64-linux.S
[1412/2188] Compiling ghash-x86-apple.S
[1413/2188] Compiling ghash-x86-linux.S
[1414/2188] Compiling ghash-ssse3-x86_64-apple.S
[1415/2188] Compiling ghash-ssse3-x86-linux.S
[1416/2188] Compiling ghash-ssse3-x86-apple.S
[1417/2188] Compiling ghash-neon-armv8-win.S
[1418/2188] Compiling ghash-neon-armv8-linux.S
[1419/2188] Compiling ghash-armv4-linux.S
[1420/2188] Compiling ghash-ssse3-x86_64-linux.S
[1429/2188] Compiling ghash-neon-armv8-apple.S
[1430/2188] Compiling co-586-apple.S
[1431/2188] Compiling co-586-linux.S
[1432/2188] Compiling bsaes-armv7-linux.S
[1433/2188] Compiling bn-armv8-win.S
[1434/2188] Compiling bn-armv8-linux.S
[1435/2188] Compiling bn-586-linux.S
[1436/2188] Compiling bn-armv8-apple.S
[1437/2188] Compiling bn-586-apple.S
[1438/2188] Compiling armv8-mont-win.S
[1439/2188] Compiling armv8-mont-linux.S
[1439/2188] Compiling aesv8-gcm-armv8-linux.S
[1441/2188] Compiling armv8-mont-apple.S
[1442/2188] Compiling aesv8-gcm-armv8-apple.S
[1443/2188] Compiling armv4-mont-linux.S
[1444/2188] Compiling aesv8-gcm-armv8-win.S
[1445/2188] Compiling aesv8-armv8-linux.S
[1445/2188] Compiling aesv8-armv8-win.S
[1447/2188] Compiling aesv8-armv8-apple.S
[1448/2188] Compiling aesv8-armv7-linux.S
[1449/2188] Compiling aesni-x86-linux.S
[1450/2188] Compiling aesni-x86_64-apple.S
[1451/2188] Compiling aesni-x86_64-linux.S
[1452/2188] Compiling aesni-x86-apple.S
[1453/2188] Compiling aesni-gcm-x86_64-apple.S
[1454/2188] Compiling aes-gcm-avx2-x86_64-linux.S
[1455/2188] Compiling aesni-gcm-x86_64-linux.S
[1456/2188] Compiling aes-gcm-avx10-x86_64-linux.S
[1457/2188] Compiling aes-gcm-avx2-x86_64-apple.S
[1458/2188] Compiling aes-gcm-avx10-x86_64-apple.S
[1459/2188] Compiling x_req.cc
[1460/2188] Compiling x_spki.cc
[1461/2188] Compiling x_pubkey.cc
[1462/2188] Compiling x_val.cc
[1463/2188] Compiling x_sig.cc
[1464/2188] Compiling x_x509.cc
[1465/2188] Compiling x_x509a.cc
[1466/2188] Compiling x_name.cc
[1467/2188] Compiling x_crl.cc
[1468/2188] Compiling x_exten.cc
[1469/2188] Compiling x_attrib.cc
[1470/2188] Compiling x_all.cc
[1471/2188] Compiling x_algor.cc
[1472/2188] Compiling x509spki.cc
[1473/2188] Compiling x509cset.cc
[1474/2188] Compiling x509rset.cc
[1475/2188] Compiling x509_vpm.cc
[1476/2188] Compiling x509name.cc
[1477/2188] Compiling x509_v3.cc
[1478/2188] Compiling x509_txt.cc
[1479/2188] Compiling x509_vfy.cc
[1480/2188] Compiling x509_trs.cc
[1481/2188] Compiling x509_set.cc
[1482/2188] Compiling x509_obj.cc
[1483/2188] Compiling x509_req.cc
[1484/2188] Compiling x509_lu.cc
[1485/2188] Compiling x509_ext.cc
[1486/2188] Compiling x509_def.cc
[1487/2188] Compiling x509_d2.cc
[1488/2188] Compiling x509_cmp.cc
[1489/2188] Compiling x509_att.cc
[1490/2188] Compiling x509.cc
[1491/2188] Compiling v3_skey.cc
[1492/2188] Compiling v3_prn.cc
[1493/2188] Compiling v3_purp.cc
[1494/2188] Compiling v3_utl.cc
[1495/2188] Compiling v3_pmaps.cc
[1496/2188] Compiling v3_pcons.cc
[1497/2188] Compiling v3_ocsp.cc
[1498/2188] Compiling v3_lib.cc
[1499/2188] Compiling v3_int.cc
[1500/2188] Compiling v3_ncons.cc
[1501/2188] Compiling v3_ia5.cc
[1502/2188] Compiling v3_info.cc
[1503/2188] Compiling v3_genn.cc
[1504/2188] Compiling v3_extku.cc
[1505/2188] Compiling v3_cpols.cc
[1506/2188] Compiling v3_enum.cc
[1507/2188] Compiling v3_crld.cc
[1508/2188] Compiling v3_bitst.cc
[1509/2188] Compiling v3_conf.cc
[1510/2188] Compiling v3_bcons.cc
[1511/2188] Compiling v3_akeya.cc
[1512/2188] Compiling v3_alt.cc
[1513/2188] Compiling v3_akey.cc
[1514/2188] Compiling t_x509a.cc
[1515/2188] Compiling t_x509.cc
[1516/2188] Compiling i2d_pr.cc
[1517/2188] Compiling t_req.cc
[1518/2188] Compiling rsa_pss.cc
[1519/2188] Compiling t_crl.cc
[1520/2188] Compiling policy.cc
[1521/2188] Compiling name_print.cc
[1522/2188] Compiling by_file.cc
[1523/2188] Compiling asn1_gen.cc
[1524/2188] Compiling by_dir.cc
[1525/2188] Compiling a_sign.cc
[1526/2188] Compiling algorithm.cc
[1527/2188] Compiling a_verify.cc
[1528/2188] Compiling a_digest.cc
[1529/2188] Compiling trust_token.cc
[1530/2188] Compiling voprf.cc
[1531/2188] Compiling thread_pthread.cc
[1532/2188] Compiling thread_win.cc
[1533/2188] Compiling pmbtoken.cc
[1534/2188] Compiling thread_none.cc
[1535/2188] Compiling thread.cc
[1536/2188] Compiling stack.cc
[1537/2188] Compiling siphash.cc
[1538/2188] Compiling sha512.cc
[1539/2188] Compiling sha256.cc
[1540/2188] Compiling slhdsa.cc
[1541/2188] Compiling rsa_print.cc
[1542/2188] Compiling rsa_extra.cc
[1543/2188] Compiling sha1.cc
[1544/2188] Compiling spake2plus.cc
[1545/2188] Compiling rsa_crypt.cc
[1546/2188] Compiling refcount.cc
[1547/2188] Compiling trusty.cc
[1548/2188] Compiling rc4.cc
[1549/2188] Compiling rsa_asn1.cc
[1550/2188] Compiling rand.cc
[1551/2188] Compiling windows.cc
[1552/2188] Compiling urandom.cc
[1553/2188] Compiling ios.cc
[1554/2188] Compiling getentropy.cc
[1555/2188] Compiling deterministic.cc
[1556/2188] Compiling poly1305_arm_asm.S
[1557/2188] Compiling fork_detect.cc
[1558/2188] Compiling passive.cc
[1559/2188] Compiling forkunsafe.cc
[1560/2188] Compiling pool.cc
[1561/2188] Compiling poly1305_arm.cc
[1562/2188] Compiling poly1305_vec.cc
[1563/2188] Compiling poly1305.cc
[1564/2188] Compiling pkcs7.cc
[1565/2188] Compiling pkcs8.cc
[1566/2188] Compiling pkcs7_x509.cc
[1567/2188] Compiling pem_x509.cc
[1568/2188] Compiling pkcs8_x509.cc
[1569/2188] Compiling p5_pbev2.cc
[1570/2188] Compiling pem_xaux.cc
[1571/2188] Compiling pem_pkey.cc
[1572/2188] Compiling pem_pk8.cc
[1573/2188] Compiling pem_oth.cc
[1574/2188] Compiling pem_lib.cc
[1575/2188] Compiling mldsa.cc
[1576/2188] Compiling pem_info.cc
[1577/2188] Compiling mlkem.cc
[1578/2188] Compiling mem.cc
[1579/2188] Compiling pem_all.cc
[1580/2188] Compiling obj_xref.cc
[1581/2188] Compiling md5.cc
[1582/2188] Compiling obj.cc
[1583/2188] Compiling fips_shared_support.cc
[1584/2188] Compiling md4.cc
[1585/2188] Compiling poly_rq_mul.S
[1586/2188] Compiling lhash.cc
[1596/2188] Compiling ex_data.cc
[1597/2188] Compiling hrss.cc
[1598/2188] Compiling kyber.cc
[1599/2188] Compiling scrypt.cc
[1600/2188] Compiling sign.cc
[1601/2188] Compiling hpke.cc
[1602/2188] Compiling p_x25519.cc
[1603/2188] Compiling pbkdf.cc
[1604/2188] Compiling print.cc
[1605/2188] Compiling p_x25519_asn1.cc
[1606/2188] Compiling p_rsa_asn1.cc
[1607/2188] Compiling p_ed25519.cc
[1608/2188] Compiling p_rsa.cc
[1609/2188] Compiling p_hkdf.cc
[1610/2188] Compiling p_ed25519_asn1.cc
[1611/2188] Compiling p_ec.cc
[1612/2188] Compiling p_dh_asn1.cc
[1613/2188] Compiling p_ec_asn1.cc
[1614/2188] Compiling p_dh.cc
[1615/2188] Compiling evp_ctx.cc
[1616/2188] Compiling p_dsa_asn1.cc
[1617/2188] Compiling evp.cc
[1617/2188] Compiling err.cc
[1619/2188] Compiling engine.cc
[1620/2188] Compiling evp_asn1.cc
[1621/2188] Compiling ecdh.cc
[1622/2188] Compiling ec_derive.cc
[1623/2188] Compiling hash_to_curve.cc
[1624/2188] Compiling ecdsa_asn1.cc
[1625/2188] Compiling ec_asn1.cc
[1626/2188] Compiling dsa_asn1.cc
[1627/2188] Compiling params.cc
[1628/2188] Compiling dsa.cc
[1629/2188] Compiling digest_extra.cc
[1630/2188] Compiling x25519-asm-arm.S
[1631/2188] Compiling dh_asn1.cc
[1632/2188] Compiling des.cc
[1633/2188] Compiling spake25519.cc
[1634/2188] Compiling crypto.cc
[1635/2188] Compiling curve25519.cc
[1636/2188] Compiling cpu_intel.cc
[1637/2188] Compiling cpu_arm_linux.cc
[1638/2188] Compiling cpu_arm_freebsd.cc
[1639/2188] Compiling cpu_aarch64_win.cc
[1639/2188] Compiling cpu_aarch64_openbsd.cc
[1641/2188] Compiling cpu_aarch64_sysreg.cc
[1642/2188] Compiling bcm.cc
[1643/2188] Compiling cpu_aarch64_linux.cc
[1644/2188] Compiling curve25519_64_adx.cc
[1645/2188] Compiling cpu_aarch64_fuchsia.cc
[1646/2188] Compiling conf.cc
[1646/2188] Compiling cpu_aarch64_apple.cc
[1648/2188] Compiling tls_cbc.cc
[1649/2188] Compiling get_cipher.cc
[1650/2188] Compiling e_rc4.cc
[1651/2188] Compiling e_tls.cc
[1652/2188] Compiling e_rc2.cc
[1653/2188] Compiling e_des.cc
[1654/2188] Compiling e_chacha20poly1305.cc
[1655/2188] Compiling e_null.cc
[1656/2188] Compiling derive_key.cc
[1657/2188] Compiling e_aesctrhmac.cc
[1658/2188] Compiling chacha.cc
[1659/2188] Compiling e_aesgcmsiv.cc
[1660/2188] Compiling unicode.cc
[1661/2188] Compiling buf.cc
[1662/2188] Compiling cbs.cc
[1663/2188] Compiling ber.cc
[1664/2188] Compiling asn1_compat.cc
[1665/2188] Compiling blake2.cc
[1666/2188] Compiling cbb.cc
[1667/2188] Compiling bn_asn1.cc
[1668/2188] Compiling printf.cc
[1669/2188] Compiling convert.cc
[1670/2188] Compiling socket_helper.cc
[1671/2188] Compiling hexdump.cc
[1672/2188] Compiling socket.cc
[1673/2188] Compiling file.cc
[1674/2188] Compiling pair.cc
[1675/2188] Compiling errno.cc
[1676/2188] Compiling fd.cc
[1677/2188] Compiling connect.cc
[1678/2188] Compiling base64.cc
[1679/2188] Compiling tasn_typ.cc
[1680/2188] Compiling bio.cc
[1681/2188] Compiling bio_mem.cc
[1682/2188] Compiling tasn_utl.cc
[1683/2188] Compiling tasn_fre.cc
[1684/2188] Compiling tasn_enc.cc
[1685/2188] Compiling tasn_new.cc
[1686/2188] Compiling posix_time.cc
[1687/2188] Compiling f_int.cc
[1688/2188] Compiling asn_pack.cc
[1689/2188] Compiling asn1_par.cc
[1690/2188] Compiling f_string.cc
[1691/2188] Compiling tasn_dec.cc
[1692/2188] Compiling a_utctm.cc
[1693/2188] Compiling asn1_lib.cc
[1694/2188] Compiling a_octet.cc
[1695/2188] Compiling a_time.cc
[1696/2188] Compiling a_strnid.cc
[1697/2188] Compiling a_type.cc
[1698/2188] Compiling a_strex.cc
[1699/2188] Compiling a_mbstr.cc
[1700/2188] Compiling a_i2d_fp.cc
[1701/2188] Compiling a_dup.cc
[1702/2188] Compiling a_int.cc
[1703/2188] Compiling a_gentm.cc
[1704/2188] Compiling CDistributedActorsMailbox c_mpsc_linked_queue.c
[1705/2188] Compiling a_object.cc
[1706/2188] Compiling CDistributedActorsMailbox backtrace_support.c
[1707/2188] Compiling fiat_p256_adx_sqr.S
[1708/2188] Compiling a_bitstr.cc
[1709/2188] Compiling a_bool.cc
[1710/2188] Compiling a_d2i_fp.cc
[1711/2188] Compiling fiat_p256_adx_mul.S
[1712/2188] Compiling fiat_curve25519_adx_square.S
[1713/2188] Compiling fiat_curve25519_adx_mul.S
[1714/2188] Compiling md5-x86_64-apple.S
[1715/2188] Compiling md5-x86_64-linux.S
[1716/2188] Compiling md5-586-apple.S
[1717/2188] Compiling md5-586-linux.S
[1718/2188] Compiling chacha20_poly1305_x86_64-apple.S
[1719/2188] Compiling chacha20_poly1305_armv8-win.S
[1720/2188] Compiling CCryptoBoringSSLShims shims.c
[1721/2188] Compiling chacha20_poly1305_x86_64-linux.S
[1722/2188] Compiling chacha20_poly1305_armv8-linux.S
[1723/2188] Compiling chacha20_poly1305_armv8-apple.S
[1724/2188] Compiling chacha-x86_64-linux.S
[1725/2188] Compiling chacha-x86_64-apple.S
[1726/2188] Compiling chacha-x86-linux.S
[1727/2188] Compiling chacha-x86-apple.S
[1728/2188] Compiling chacha-armv8-win.S
[1729/2188] Compiling chacha-armv8-linux.S
[1730/2188] Compiling chacha-armv8-apple.S
[1731/2188] Compiling chacha-armv4-linux.S
[1732/2188] Compiling err_data.cc
[1733/2188] Compiling aes128gcmsiv-x86_64-linux.S
[1734/2188] Compiling aes128gcmsiv-x86_64-apple.S
[1735/2188] Compiling x86_64-mont5-linux.S
[1736/2188] Compiling x86_64-mont5-apple.S
[1737/2188] Compiling x86_64-mont-linux.S
[1738/2188] Compiling x86_64-mont-apple.S
[1739/2188] Compiling x86-mont-linux.S
[1740/2188] Compiling vpaes-x86_64-linux.S
[1741/2188] Compiling vpaes-x86_64-apple.S
[1742/2188] Compiling x86-mont-apple.S
[1743/2188] Compiling vpaes-x86-linux.S
[1744/2188] Compiling vpaes-x86-apple.S
[1745/2188] Compiling vpaes-armv8-win.S
[1746/2188] Compiling vpaes-armv7-linux.S
[1747/2188] Compiling vpaes-armv8-apple.S
[1748/2188] Compiling vpaes-armv8-linux.S
[1749/2188] Compiling sha512-x86_64-linux.S
[1750/2188] Compiling sha512-x86_64-apple.S
[1750/2188] Compiling sha512-armv8-win.S
[1752/2188] Compiling sha512-armv8-apple.S
[1761/2188] Compiling sha512-armv8-linux.S
[1762/2188] Compiling sha512-586-linux.S
[1763/2188] Compiling sha512-armv4-linux.S
[1764/2188] Compiling sha512-586-apple.S
[1765/2188] Compiling sha256-x86_64-apple.S
[1766/2188] Compiling sha256-x86_64-linux.S
[1767/2188] Compiling sha256-armv8-win.S
[1768/2188] Compiling sha256-armv8-linux.S
[1769/2188] Compiling sha256-armv8-apple.S
[1770/2188] Compiling sha256-armv4-linux.S
[1771/2189] Compiling sha256-586-linux.S
[1772/2189] Compiling sha256-586-apple.S
[1773/2189] Compiling sha1-x86_64-apple.S
[1774/2189] Compiling sha1-armv8-win.S
[1774/2189] Compiling sha1-x86_64-linux.S
[1777/2189] Compiling sha1-586-linux.S
[1778/2189] Compiling sha1-armv8-linux.S
[1779/2189] Compiling sha1-armv8-apple.S
[1780/2189] Compiling sha1-armv4-large-linux.S
[1781/2189] Compiling sha1-586-apple.S
[1782/2189] Compiling rdrand-x86_64-linux.S
[1783/2189] Compiling rsaz-avx2-apple.S
[1784/2189] Compiling rsaz-avx2-linux.S
[1785/2189] Compiling rdrand-x86_64-apple.S
[1786/2189] Compiling p256_beeu-x86_64-asm-linux.S
[1787/2189] Compiling p256_beeu-x86_64-asm-apple.S
[1788/2189] Compiling p256_beeu-armv8-asm-win.S
[1789/2189] Compiling p256_beeu-armv8-asm-linux.S
[1790/2189] Compiling p256_beeu-armv8-asm-apple.S
[1791/2189] Compiling p256-x86_64-asm-apple.S
[1792/2189] Compiling p256-x86_64-asm-linux.S
[1793/2189] Compiling p256-armv8-asm-win.S
[1794/2189] Compiling p256-armv8-asm-apple.S
[1795/2189] Compiling p256-armv8-asm-linux.S
[1796/2189] Compiling ghashv8-armv8-win.S
[1797/2189] Compiling ghashv8-armv8-linux.S
[1797/2189] Compiling ghashv8-armv8-apple.S
[1799/2189] Compiling ghashv8-armv7-linux.S
[1800/2189] Compiling ghash-x86_64-apple.S
[1801/2189] Compiling ghash-x86-apple.S
[1801/2189] Compiling ghash-x86_64-linux.S
[1803/2189] Compiling ghash-x86-linux.S
[1804/2189] Compiling ghash-ssse3-x86_64-linux.S
[1805/2189] Compiling ghash-ssse3-x86_64-apple.S
[1806/2190] Compiling ghash-ssse3-x86-linux.S
[1807/2195] Wrapping AST for SwiftSyntax for debugging
[1808/2225] Compiling ghash-neon-armv8-win.S
[1809/2248] Compiling ghash-neon-armv8-linux.S
[1810/2248] Compiling ghash-ssse3-x86-apple.S
[1811/2248] Compiling bn-586-linux.S
[1812/2248] Compiling ghash-neon-armv8-apple.S
[1813/2248] Compiling bn-armv8-apple.S
[1814/2248] Compiling armv8-mont-win.S
[1815/2248] Compiling bn-586-apple.S
[1816/2248] Compiling armv8-mont-linux.S
[1817/2248] Compiling armv8-mont-apple.S
[1818/2248] Compiling aesv8-gcm-armv8-win.S
[1819/2248] Compiling armv4-mont-linux.S
[1820/2248] Compiling aesv8-armv8-win.S
[1822/2248] Compiling SwiftDiagnostics Message.swift
[1822/2248] Compiling aesv8-gcm-armv8-linux.S
[1823/2249] Compiling aesv8-gcm-armv8-apple.S
[1824/2249] Compiling aesv8-armv8-linux.S
[1825/2249] Compiling aesv8-armv8-apple.S
[1827/2249] Emitting module SwiftDiagnostics
[1827/2249] Compiling aesv8-armv7-linux.S
[1828/2249] Compiling aesni-x86_64-linux.S
[1829/2249] Compiling aesni-x86_64-apple.S
[1831/2249] Compiling SwiftBasicFormat Syntax+Extensions.swift
[1832/2249] Compiling SwiftBasicFormat SyntaxProtocol+Formatted.swift
[1833/2249] Compiling SwiftDiagnostics Note.swift
[1833/2249] Compiling aesni-x86-linux.S
[1834/2249] Compiling aesni-gcm-x86_64-linux.S
[1836/2249] Compiling SwiftBasicFormat Trivia+FormatExtensions.swift
[1836/2249] Compiling aesni-x86-apple.S
[1837/2249] Compiling aesni-gcm-x86_64-apple.S
[1838/2249] Compiling aes-gcm-avx512-x86_64-linux.S
[1839/2249] Compiling aes-gcm-avx2-x86_64-linux.S
[1840/2249] Compiling aes-gcm-avx512-x86_64-apple.S
[1841/2249] Compiling aes-gcm-avx2-x86_64-apple.S
[1843/2249] Compiling SwiftParser Attributes.swift
[1844/2249] Compiling SwiftParser Availability.swift
[1845/2249] Compiling SwiftDiagnostics DiagnosticDecorator.swift
[1846/2249] Compiling SwiftParser CharacterInfo.swift
[1847/2249] Compiling SwiftParser CollectionNodes+Parsable.swift
[1848/2249] Compiling SwiftBasicFormat InferIndentation.swift
[1849/2249] Compiling SwiftBasicFormat Indenter.swift
[1850/2249] Compiling SwiftDiagnostics GroupedDiagnostics.swift
[1851/2249] Compiling SwiftDiagnostics FixIt.swift
[1852/2249] Compiling SwiftDiagnostics DiagnosticsFormatter.swift
[1853/2250] Compiling xwing.cc
[1855/2250] Compiling SwiftBasicFormat BasicFormat.swift
[1856/2250] Emitting module SwiftBasicFormat
[1857/2251] Wrapping AST for SwiftDiagnostics for debugging
[1858/2251] Wrapping AST for SwiftBasicFormat for debugging
[1859/2251] Compiling x_spki.cc
[1860/2251] Compiling x_x509.cc
[1861/2251] Compiling c-nioatomics.c
[1862/2251] Compiling x_sig.cc
[1863/2251] Compiling x_x509a.cc
[1864/2251] Compiling x_req.cc
[1865/2251] Compiling c-atomics.c
[1866/2251] Compiling x_attrib.cc
[1867/2251] Compiling x_crl.cc
[1868/2258] Compiling x_name.cc
[1870/2258] Compiling SwiftParser TokenSpec.swift
[1871/2258] Compiling SwiftParser TokenSpecSet.swift
[1872/2258] Compiling SwiftParser TopLevel.swift
[1873/2258] Compiling SwiftParser TriviaParser.swift
[1874/2258] Compiling SwiftParser Types.swift
[1875/2258] Compiling SwiftParser StringLiterals.swift
[1876/2258] Compiling SwiftParser SwiftParserCompatibility.swift
[1877/2258] Compiling SwiftParser SwiftVersion.swift
[1878/2258] Compiling SwiftParser SyntaxUtils.swift
[1879/2258] Compiling SwiftParser TokenConsumer.swift
[1880/2258] Compiling SwiftParser TokenPrecedence.swift
[1880/2263] Compiling x_pubkey.cc
[1881/2263] Compiling x_exten.cc
[1883/2263] Compiling NIOConcurrencyHelpers NIOThreadPoolWorkAvailable.swift
[1883/2263] Compiling x_all.cc
[1885/2263] Compiling NIOConcurrencyHelpers NIOLockedValueBox.swift
[1886/2263] Compiling NIOConcurrencyHelpers NIOLock.swift
[1891/2263] Compiling SwiftParser CompilerFiles.swift
[1892/2263] Compiling SwiftParser Declarations.swift
[1893/2263] Emitting module SwiftParser
[1894/2263] Compiling NIOConcurrencyHelpers lock.swift
[1895/2263] Compiling SwiftParser Parser.swift
[1896/2263] Compiling SwiftParser Patterns.swift
[1897/2263] Compiling SwiftParser Recovery.swift
[1898/2263] Compiling SwiftParser Specifiers.swift
[1899/2263] Compiling SwiftParser Statements.swift
[1900/2263] Compiling SwiftParser StringLiteralRepresentedLiteralValue.swift
[1901/2263] Compiling NIOConcurrencyHelpers NIOAtomic.swift
[1902/2263] Emitting module NIOConcurrencyHelpers
[1903/2263] Compiling NIOConcurrencyHelpers atomics.swift
[1904/2264] Compiling x509spki.cc
[1905/2264] Compiling x_algor.cc
[1906/2264] Compiling x509name.cc
[1907/2264] Wrapping AST for NIOConcurrencyHelpers for debugging
[1908/2264] Compiling x509cset.cc
[1909/2264] Compiling x509rset.cc
[1910/2264] Compiling x509_vpm.cc
[1911/2264] Compiling x509_txt.cc
[1912/2264] Compiling x509_set.cc
[1913/2264] Compiling x509_vfy.cc
[1914/2264] Compiling x509_v3.cc
[1915/2264] Compiling x509_req.cc
[1917/2264] Compiling SwiftParser Lexeme.swift
[1918/2264] Compiling SwiftParser LexemeSequence.swift
[1919/2264] Compiling SwiftParser Lexer.swift
[1920/2264] Compiling SwiftParser RegexLiteralLexer.swift
[1921/2264] Compiling SwiftParser UnicodeScalarExtensions.swift
[1922/2264] Compiling SwiftParser Lookahead.swift
[1923/2264] Compiling SwiftParser Directives.swift
[1924/2264] Compiling SwiftParser ExpressionInterpretedAsVersionTuple.swift
[1925/2264] Compiling SwiftParser Expressions.swift
[1926/2264] Compiling SwiftParser IncrementalParseTransition.swift
[1927/2264] Compiling SwiftParser IsValidIdentifier.swift
[1928/2264] Compiling SwiftParser Cursor.swift
[1929/2264] Compiling SwiftParser LoopProgressCondition.swift
[1930/2264] Compiling SwiftParser Modifiers.swift
[1931/2264] Compiling SwiftParser Names.swift
[1932/2264] Compiling SwiftParser Nominals.swift
[1933/2264] Compiling SwiftParser Parameters.swift
[1934/2264] Compiling SwiftParser ParseSourceFile.swift
[1934/2264] Compiling x509_trs.cc
[1935/2264] Compiling x509_obj.cc
[1936/2264] Compiling x509_lu.cc
[1937/2264] Compiling x509_def.cc
[1938/2264] Compiling x509_d2.cc
[1939/2264] Compiling x509_ext.cc
[1940/2264] Compiling x509_cmp.cc
[1941/2264] Compiling x509.cc
[1942/2264] Compiling x509_att.cc
[1943/2264] Compiling v3_skey.cc
[1944/2264] Compiling v3_utl.cc
[1945/2264] Compiling v3_purp.cc
[1946/2264] Compiling v3_prn.cc
[1947/2264] Compiling v3_pmaps.cc
[1947/2264] Compiling v3_pcons.cc
[1949/2264] Compiling v3_ocsp.cc
[1951/2264] Compiling SwiftParser ExperimentalFeatures.swift
[1952/2264] Compiling SwiftParser IsLexerClassified.swift
[1953/2264] Compiling SwiftParser LayoutNodes+Parsable.swift
[1954/2264] Compiling SwiftParser Parser+TokenSpecSet.swift
[1955/2264] Compiling SwiftParser TokenSpecStaticMembers.swift
[1956/2278] Compiling v3_int.cc
[1957/2278] Compiling v3_lib.cc
[1958/2278] Compiling v3_info.cc
[1959/2278] Wrapping AST for SwiftParser for debugging
[1960/2288] Compiling v3_ncons.cc
[1962/2288] Compiling SwiftOperators Operator.swift
[1963/2288] Compiling SwiftOperators OperatorError+Diagnostics.swift
[1964/2289] Compiling SwiftOperators OperatorTable.swift
[1964/2289] Compiling v3_extku.cc
[1966/2289] Compiling SwiftOperators PrecedenceGroup.swift
[1966/2289] Compiling v3_ia5.cc
[1967/2289] Compiling v3_genn.cc
[1969/2289] Compiling SwiftOperators SyntaxSynthesis.swift
[1970/2289] Emitting module SwiftOperators
[1971/2289] Compiling SwiftOperators OperatorTable+Semantics.swift
[1972/2289] Compiling SwiftOperators PrecedenceGraph.swift
[1973/2289] Emitting module SwiftParserDiagnostics
[1973/2290] Compiling v3_enum.cc
[1977/2290] Compiling SwiftParserDiagnostics TokenNameForDiagnostics.swift
[1977/2290] Compiling v3_crld.cc
[1979/2290] Compiling SwiftOperators OperatorError.swift
[1980/2290] Compiling SwiftOperators OperatorTable+Defaults.swift
[1981/2290] Compiling SwiftOperators OperatorTable+Folding.swift
[1982/2291] Compiling v3_cpols.cc
[1983/2291] Compiling v3_bitst.cc
[1984/2291] Compiling v3_bcons.cc
[1987/2291] Wrapping AST for SwiftOperators for debugging
[1988/2291] Compiling v3_alt.cc
[1989/2291] Compiling v3_conf.cc
[1990/2291] Compiling v3_akeya.cc
[1991/2291] Compiling v3_akey.cc
[1992/2291] Compiling t_x509a.cc
[1993/2291] Compiling t_x509.cc
[1994/2291] Compiling t_req.cc
[1995/2291] Compiling t_crl.cc
[1996/2291] Compiling rsa_pss.cc
[1997/2291] Compiling i2d_pr.cc
[1999/2291] Compiling SwiftParserDiagnostics ParserDiagnosticMessages.swift
[2000/2291] Compiling SwiftParserDiagnostics PresenceUtils.swift
[2001/2291] Compiling SwiftParserDiagnostics SyntaxExtensions.swift
[2002/2291] Compiling SwiftParserDiagnostics Utils.swift
[2003/2291] Compiling SwiftParserDiagnostics ChildNameForDiagnostics.swift
[2004/2291] Compiling SwiftParserDiagnostics SyntaxKindNameForDiagnostics.swift
[2005/2291] Compiling SwiftParserDiagnostics MultiLineStringLiteralDiagnosticsGenerator.swift
[2006/2291] Compiling SwiftParserDiagnostics ParseDiagnosticsGenerator.swift
[2006/2292] Compiling policy.cc
[2008/2292] Compiling name_print.cc
[2009/2292] Compiling by_file.cc
[2010/2292] Compiling asn1_gen.cc
[2011/2292] Compiling by_dir.cc
[2012/2307] Wrapping AST for SwiftParserDiagnostics for debugging
[2013/2307] Compiling algorithm.cc
[2014/2307] Compiling voprf.cc
[2015/2307] Compiling a_verify.cc
[2016/2307] Compiling a_digest.cc
[2017/2307] Compiling a_sign.cc
[2018/2307] Compiling thread_win.cc
[2019/2307] Compiling thread_pthread.cc
[2020/2307] Compiling thread_none.cc
[2022/2307] Compiling SwiftSyntaxBuilder ResultBuilderExtensions.swift
[2023/2307] Compiling SwiftSyntaxBuilder SwiftSyntaxBuilderCompatibility.swift
[2023/2308] Compiling thread.cc
[2024/2308] Compiling stack.cc
[2026/2308] Emitting module SwiftSyntaxBuilder
[2027/2308] Compiling SwiftSyntaxBuilder ConvenienceInitializers.swift
[2028/2308] Compiling SwiftSyntaxBuilder DeclSyntaxParseable.swift
[2028/2308] Compiling slhdsa.cc
[2029/2308] Compiling pmbtoken.cc
[2030/2308] Compiling siphash.cc
[2031/2308] Compiling spake2plus.cc
[2032/2308] Compiling trust_token.cc
[2033/2308] Compiling sha512.cc
[2034/2308] Compiling sha256.cc
[2035/2308] Compiling rsa_extra.cc
[2037/2308] Compiling SwiftSyntaxBuilder Indenter.swift
[2038/2308] Compiling SwiftSyntaxBuilder ListBuilder.swift
[2038/2308] Compiling rsa_print.cc
[2040/2308] Compiling SwiftSyntaxBuilder SyntaxExpressibleByStringInterpolationConformances.swift
[2040/2308] Compiling refcount.cc
[2041/2308] Compiling rsa_crypt.cc
[2042/2308] Compiling sha1.cc
[2043/2308] Compiling rc4.cc
[2044/2308] Compiling windows.cc
[2046/2308] Compiling SwiftSyntaxBuilder Syntax+StringInterpolation.swift
[2047/2308] Compiling SwiftSyntaxBuilder SyntaxNodeWithBody.swift
[2048/2308] Compiling SwiftSyntaxBuilder WithTrailingCommaSyntax+EnsuringTrailingComma.swift
[2049/2308] Compiling SwiftSyntaxBuilder BuildableNodes.swift
[2050/2308] Compiling SwiftSyntaxBuilder RenamedChildrenBuilderCompatibility.swift
[2051/2308] Compiling SwiftSyntaxBuilder ResultBuilders.swift
[2052/2308] Compiling SwiftSyntaxBuilder SyntaxParsable+ExpressibleByStringInterpolation.swift
[2053/2308] Compiling SwiftSyntaxBuilder ValidatingSyntaxNodes.swift
[2053/2309] Compiling trusty.cc
[2054/2309] Compiling rand.cc
[2055/2309] Compiling ios.cc
[2057/2309] Compiling passive.cc
[2058/2309] Compiling urandom.cc
[2059/2309] Compiling getentropy.cc
[2060/2309] Compiling poly1305_arm_asm.S
[2061/2309] Wrapping AST for SwiftSyntaxBuilder for debugging
[2062/2326] Compiling rsa_asn1.cc
[2063/2326] Compiling forkunsafe.cc
[2064/2326] Compiling deterministic.cc
[2066/2326] Compiling SwiftSyntaxMacros MemberMacro.swift
[2067/2326] Compiling SwiftSyntaxMacros PeerMacro.swift
[2068/2328] Compiling SwiftSyntaxMacros ExpressionMacro.swift
[2069/2328] Compiling SwiftSyntaxMacros ExtensionMacro.swift
[2070/2328] Compiling SwiftSyntaxMacros AccessorMacro.swift
[2071/2328] Compiling SwiftSyntaxMacros AttachedMacro.swift
[2072/2328] Compiling SwiftSyntaxMacros BodyMacro.swift
[2073/2328] Compiling SwiftSyntaxMacros Macro.swift
[2074/2328] Compiling SwiftSyntaxMacros MemberAttributeMacro.swift
[2075/2328] Compiling SwiftSyntaxMacros CodeItemMacro.swift
[2076/2328] Compiling SwiftSyntaxMacros DeclarationMacro.swift
[2077/2328] Compiling SwiftSyntaxMacros FreestandingMacro.swift
[2078/2328] Compiling SwiftSyntaxMacros Macro+Format.swift
[2078/2328] Compiling fork_detect.cc
[2079/2328] Compiling poly1305.cc
[2081/2328] Compiling SwiftSyntaxMacros AbstractSourceLocation.swift
[2082/2328] Compiling SwiftSyntaxMacros MacroExpansionContext.swift
[2083/2328] Compiling SwiftSyntaxMacros MacroExpansionDiagnosticMessages.swift
[2084/2328] Emitting module SwiftSyntaxMacros
[2085/2328] Compiling SwiftSyntaxMacros PreambleMacro.swift
[2086/2328] Compiling SwiftSyntaxMacros Syntax+LexicalContext.swift
[2086/2329] Compiling poly1305_arm.cc
[2087/2329] Compiling pool.cc
[2089/2329] Compiling poly1305_vec.cc
[2090/2329] Compiling pkcs8.cc
[2091/2329] Compiling pkcs8_x509.cc
[2092/2329] Compiling pkcs7.cc
[2093/2329] Compiling p5_pbev2.cc
[2094/2337] Wrapping AST for SwiftSyntaxMacros for debugging
[2095/2338] Compiling pem_xaux.cc
[2097/2338] Compiling SwiftSyntaxMacroExpansion BasicMacroExpansionContext.swift
[2098/2338] Compiling SwiftSyntaxMacroExpansion FunctionParameterUtils.swift
[2098/2339] Compiling pkcs7_x509.cc
[2099/2339] Compiling pem_x509.cc
[2100/2339] Compiling pem_pkey.cc
[2102/2339] Emitting module SwiftSyntaxMacroExpansion
[2103/2339] Compiling SwiftSyntaxMacroExpansion MacroArgument.swift
[2103/2339] Compiling pem_oth.cc
[2104/2339] Compiling pem_pk8.cc
[2106/2339] Compiling SwiftSyntaxMacroExpansion IndentationUtils.swift
[2107/2339] Compiling SwiftSyntaxMacroExpansion MacroSpec.swift
[2108/2339] Compiling SwiftSyntaxMacroExpansion MacroExpansionDiagnosticMessages.swift
[2109/2339] Compiling SwiftSyntaxMacroExpansion MacroReplacement.swift
[2110/2339] Compiling SwiftSyntaxMacroExpansion MacroExpansion.swift
[2110/2339] Compiling pem_lib.cc
[2111/2339] Compiling obj_xref.cc
[2112/2339] Compiling mlkem.cc
[2113/2339] Compiling mldsa.cc
[2113/2339] Compiling pem_info.cc
[2115/2339] Compiling obj.cc
[2116/2339] Compiling pem_all.cc
[2117/2339] Compiling mem.cc
[2118/2339] Compiling poly_rq_mul.S
[2119/2339] Compiling lhash.cc
[2120/2339] Compiling fips_shared_support.cc
[2121/2339] Compiling md5.cc
[2122/2339] Compiling md4.cc
[2123/2339] Compiling kyber.cc
[2124/2339] Compiling fuzzer_mode.cc
[2125/2339] Compiling ex_data.cc
[2126/2339] Compiling hrss.cc
[2127/2339] Compiling hpke.cc
[2128/2339] Compiling scrypt.cc
[2130/2339] Compiling SwiftSyntaxMacroExpansion MacroSystem.swift
[2131/2340] Compiling print.cc
[2132/2340] Compiling sign.cc
[2133/2340] Compiling pbkdf.cc
[2134/2352] Wrapping AST for SwiftSyntaxMacroExpansion for debugging
[2135/2352] Compiling p_x25519_asn1.cc
[2136/2352] Compiling p_x25519.cc
[2137/2352] Compiling p_rsa_asn1.cc
[2138/2352] Compiling p_hkdf.cc
[2140/2352] Compiling SwiftCompilerPluginMessageHandling CompilerPluginMessageHandler.swift
[2141/2352] Compiling SwiftCompilerPluginMessageHandling Diagnostics.swift
[2141/2353] Compiling p_rsa.cc
[2143/2353] Compiling SwiftCompilerPluginMessageHandling PluginMacroExpansionContext.swift
[2144/2353] Emitting module SwiftCompilerPluginMessageHandling
[2144/2353] Compiling p_ed25519_asn1.cc
[2145/2353] Compiling p_ed25519.cc
[2147/2353] Compiling SwiftCompilerPluginMessageHandling StandardIOMessageConnection.swift
[2147/2353] Compiling p_ec_asn1.cc
[2148/2353] Compiling p_ec.cc
[2149/2353] Compiling p_dsa_asn1.cc
[2150/2353] Compiling p_dh_asn1.cc
[2151/2353] Compiling p_dh.cc
[2152/2353] Compiling err.cc
[2153/2353] Compiling engine.cc
[2155/2353] Compiling SwiftCompilerPluginMessageHandling PluginMessageCompatibility.swift
[2156/2353] Compiling SwiftCompilerPluginMessageHandling PluginMessages.swift
[2156/2353] Compiling ecdsa_p1363.cc
[2157/2353] Compiling evp.cc
[2158/2353] Compiling evp_asn1.cc
[2159/2353] Compiling evp_ctx.cc
[2160/2353] Compiling ecdh.cc
[2162/2353] Compiling SwiftCompilerPluginMessageHandling LRUCache.swift
[2163/2353] Compiling SwiftCompilerPluginMessageHandling Macros.swift
[2164/2353] Compiling SwiftCompilerPluginMessageHandling JSONDecoding.swift
[2165/2353] Compiling SwiftCompilerPluginMessageHandling JSONEncoding.swift
[2166/2353] Compiling SwiftCompilerPluginMessageHandling CodingUtilities.swift
[2167/2353] Compiling SwiftCompilerPluginMessageHandling JSON.swift
[2168/2354] Compiling ec_derive.cc
[2169/2354] Compiling ecdsa_asn1.cc
[2170/2356] Wrapping AST for SwiftCompilerPluginMessageHandling for debugging
[2171/2356] Compiling hash_to_curve.cc
[2173/2356] Emitting module SwiftCompilerPlugin
[2174/2356] Compiling SwiftCompilerPlugin CompilerPlugin.swift
[2174/2356] Compiling dsa.cc
[2175/2356] Compiling ec_asn1.cc
[2175/2356] Compiling dsa_asn1.cc
[2178/2359] Compiling dh_asn1.cc
[2179/2359] Compiling params.cc
[2180/2359] Wrapping AST for SwiftCompilerPlugin for debugging
[2181/2359] Compiling digest_extra.cc
[2182/2359] Compiling des.cc
[2183/2359] Compiling x25519-asm-arm.S
[2184/2359] Compiling cpu_arm_linux.cc
[2185/2359] Compiling spake25519.cc
[2186/2359] Compiling crypto.cc
[2187/2359] Compiling cpu_intel.cc
[2188/2359] Compiling curve25519_64_adx.cc
[2189/2359] Compiling cpu_arm_freebsd.cc
[2190/2359] Compiling cpu_aarch64_openbsd.cc
[2191/2359] Compiling curve25519.cc
[2192/2359] Compiling cpu_aarch64_sysreg.cc
[2193/2359] Compiling cpu_aarch64_win.cc
[2194/2359] Compiling cpu_aarch64_linux.cc
[2195/2359] Compiling cpu_aarch64_fuchsia.cc
[2196/2359] Compiling cpu_aarch64_apple.cc
[2197/2359] Compiling tls_cbc.cc
[2198/2359] Compiling conf.cc
[2199/2359] Compiling get_cipher.cc
[2201/2359] Compiling CasePathsMacrosSupport CasePathableMacro.swift
[2202/2359] Emitting module CasePathsMacrosSupport
[2202/2360] Compiling e_tls.cc
[2204/2360] Compiling e_rc4.cc
[2205/2368] Compiling e_rc2.cc
[2206/2368] Compiling e_null.cc
[2207/2368] Compiling e_des.cc
[2208/2368] Wrapping AST for CasePathsMacrosSupport for debugging
[2209/2368] Compiling cms.cc
[2211/2368] Compiling CasePathsMacros CasePathableMacro.swift
[2212/2368] Emitting module CasePathsMacros
[2213/2368] Compiling CasePathsMacros Plugin.swift
[2213/2368] Compiling e_chacha20poly1305.cc
[2215/2369] Compiling SwiftNavigationMacros CaseBindableMacro.swift
[2216/2369] Emitting module SwiftNavigationMacros
[2217/2369] Compiling derive_key.cc
[2219/2369] Compiling SwiftNavigationMacros TransactionEntryMacro.swift
[2220/2369] Compiling SwiftNavigationMacros Support.swift
[2221/2369] Compiling SwiftNavigationMacros Plugin.swift
[2221/2369] Compiling e_aesctrhmac.cc
[2222/2369] Compiling e_aesgcmsiv.cc
[2223/2369] Compiling e_aeseax.cc
[2224/2370] Wrapping AST for CasePathsMacros for debugging
[2226/2370] Compiling chacha.cc
[2227/2370] Write Objects.LinkFileList
[2228/2370] Wrapping AST for SwiftNavigationMacros for debugging
[2229/2370] Write Objects.LinkFileList
[2230/2370] Compiling ber.cc
[2231/2370] Compiling unicode.cc
[2232/2370] Compiling cbb.cc
[2233/2370] Compiling asn1_compat.cc
[2234/2370] Compiling cbs.cc
[2235/2370] Compiling sqrt.cc
[2236/2370] Compiling buf.cc
[2237/2370] Compiling div.cc
[2238/2370] Compiling exponentiation.cc
[2239/2370] Linking SwiftNavigationMacros-tool
[2240/2370] Linking CasePathsMacros-tool
[2241/2370] Compiling bn_asn1.cc
[2242/2370] Compiling convert.cc
[2242/2370] Compiling blake2.cc
[2244/2370] Compiling printf.cc
[2245/2377] Compiling pair.cc
[2246/2377] Compiling hexdump.cc
[2248/2377] Compiling CasePaths LockIsolated.swift
[2249/2377] Compiling CasePaths Macros.swift
[2249/2377] Compiling file.cc
[2250/2377] Compiling errno.cc
[2251/2377] Compiling bio_mem.cc
[2253/2377] Emitting module CasePaths
[2253/2377] Compiling fd.cc
[2255/2377] Compiling CasePaths Exports.swift
[2256/2377] Compiling CasePaths Deprecations.swift
[2257/2377] Compiling CasePaths XCTestSupport.swift
[2257/2377] Compiling bio.cc
[2258/2377] Compiling base64.cc
[2259/2377] Compiling tasn_typ.cc
[2260/2377] Compiling tasn_fre.cc
[2261/2377] Compiling tasn_utl.cc
[2263/2377] Compiling CasePaths EnumReflection.swift
[2264/2378] Compiling tasn_new.cc
[2265/2378] Compiling posix_time.cc
[2266/2378] Compiling tasn_enc.cc
[2267/2406] Compiling f_string.cc
[2268/2406] Compiling f_int.cc
[2269/2406] Compiling tasn_dec.cc
[2270/2406] Compiling asn1_par.cc
[2271/2406] Compiling asn_pack.cc
[2273/2406] Compiling SwiftNavigation ToOptionalUnit.swift
/host/spi-builder-workspace/.build/checkouts/swift-navigation/Sources/SwiftNavigation/TextState.swift:212:20: error: cannot find type 'LocalizedStringResource' in scope
210 |
211 |   @available(iOS 16, macOS 13, tvOS 16, watchOS 9, *)
212 |   init(_ resource: LocalizedStringResource) {
    |                    `- error: cannot find type 'LocalizedStringResource' in scope
213 |     self.value = resource
214 |   }
/host/spi-builder-workspace/.build/checkouts/swift-navigation/Sources/SwiftNavigation/TextState.swift:216:20: error: cannot find type 'Text' in scope
214 |   }
215 |
216 |   func asText() -> Text {
    |                    `- error: cannot find type 'Text' in scope
217 |     guard
218 |       #available(iOS 16, macOS 13, tvOS 16, watchOS 9, *),
/host/spi-builder-workspace/.build/checkouts/swift-navigation/Sources/SwiftNavigation/TextState.swift:277:17: error: cannot find type 'LocalizedStringResource' in scope
275 |   @available(iOS 16, macOS 13, tvOS 16, watchOS 9, *)
276 |   public init(
277 |     _ resource: LocalizedStringResource
    |                 `- error: cannot find type 'LocalizedStringResource' in scope
278 |   ) {
279 |     self.storage = .localizedStringResource(
/host/spi-builder-workspace/.build/checkouts/swift-navigation/Sources/SwiftNavigation/TextState.swift:669:10: error: initializer cannot be declared public because its parameter uses an internal type
  1 | import Foundation
    | `- note: struct 'Locale' imported as 'internal' from 'Foundation' here
  2 |
  3 | #if canImport(SwiftUI)
    :
667 |
668 | extension String {
669 |   public init(state: TextState, locale: Locale? = nil) {
    |          |- error: initializer cannot be declared public because its parameter uses an internal type
    |          `- note: struct 'Locale' is imported by this file as 'internal' from 'Foundation'
670 |     switch state.storage {
671 |     case .concatenated(let lhs, let rhs):
FoundationEssentials.Locale:2:15: note: type declared here
  1 | @available(macOS 10.10, iOS 8.0, watchOS 2.0, tvOS 9.0, *)
  2 | public struct Locale : Hashable, Equatable, Sendable {
    |               `- note: type declared here
  3 |     public enum LanguageDirection : UInt, Sendable {
  4 |         case unknown
/host/spi-builder-workspace/.build/checkouts/swift-navigation/Sources/SwiftNavigation/TextState.swift:219:32: error: cannot find type 'LocalizedStringResource' in scope
217 |     guard
218 |       #available(iOS 16, macOS 13, tvOS 16, watchOS 9, *),
219 |       let resource = value as? LocalizedStringResource
    |                                `- error: cannot find type 'LocalizedStringResource' in scope
220 |     else {
221 |       preconditionFailure(
/host/spi-builder-workspace/.build/checkouts/swift-navigation/Sources/SwiftNavigation/TextState.swift:232:32: error: cannot find type 'LocalizedStringResource' in scope
230 |     guard
231 |       #available(iOS 16, macOS 13, tvOS 16, watchOS 9, *),
232 |       var resource = value as? LocalizedStringResource
    |                                `- error: cannot find type 'LocalizedStringResource' in scope
233 |     else {
234 |       preconditionFailure(
/host/spi-builder-workspace/.build/checkouts/swift-navigation/Sources/SwiftNavigation/TextState.swift:243:12: error: no exact matches in call to initializer
241 |     }
242 |
243 |     return String(localized: resource)
    |            `- error: no exact matches in call to initializer
244 |   }
245 | }
Swift.String.init:2:19: note: incorrect labels for candidate (have: '(localized:)', expected: '(_:)')
1 | struct String {
2 | @inlinable public init(_ c: Character)}
  |                   `- note: incorrect labels for candidate (have: '(localized:)', expected: '(_:)')
3 |
Swift.String.init:2:19: note: incorrect labels for candidate (have: '(localized:)', expected: '(_:)')
1 | struct String {
2 | @inlinable public init(_ scalar: Unicode.Scalar)}
  |                   `- note: incorrect labels for candidate (have: '(localized:)', expected: '(_:)')
3 |
Swift.String.init:2:19: note: incorrect labels for candidate (have: '(localized:)', expected: '(_:)')
1 | struct String {
2 | @inlinable public init(_ unicodeScalars: String.UnicodeScalarView)}
  |                   `- note: incorrect labels for candidate (have: '(localized:)', expected: '(_:)')
3 |
Swift.String.init:3:21: note: incorrect labels for candidate (have: '(localized:)', expected: '(_:)')
1 | struct String {
2 | @available(swift 4.0)
3 |   @inlinable public init(_ utf16: String.UTF16View)}
  |                     `- note: incorrect labels for candidate (have: '(localized:)', expected: '(_:)')
4 |
Swift.String.init:3:21: note: incorrect labels for candidate (have: '(localized:)', expected: '(_:)')
1 | struct String {
2 | @available(swift, introduced: 4.0, message: "Please use failable String.init?(_:UTF8View) when in Swift 3.2 mode")
3 |   @inlinable public init(_ utf8: String.UTF8View)}
  |                     `- note: incorrect labels for candidate (have: '(localized:)', expected: '(_:)')
4 |
Swift.String.init:2:19: note: incorrect labels for candidate (have: '(localized:)', expected: '(_:)')
1 | struct String {
2 | @inlinable public init(_ substring: __shared Substring)}
  |                   `- note: incorrect labels for candidate (have: '(localized:)', expected: '(_:)')
3 |
Swift.String.init:2:8: note: incorrect labels for candidate (have: '(localized:)', expected: '(_:)')
1 | struct String {
2 | public init(_ content: Substring.UnicodeScalarView)}
  |        `- note: incorrect labels for candidate (have: '(localized:)', expected: '(_:)')
3 |
FoundationEssentials.String.init:3:10: note: incorrect labels for candidate (have: '(localized:)', expected: '(_:)')
1 | struct String {
2 | @available(macOS 12, iOS 15, tvOS 15, watchOS 8, *)
3 |   public init(_ characters: Slice<AttributedString.CharacterView>)}
  |          `- note: incorrect labels for candidate (have: '(localized:)', expected: '(_:)')
4 |
FoundationEssentials.String.init:3:10: note: incorrect labels for candidate (have: '(localized:)', expected: '(_:)')
1 | struct String {
2 | @available(macOS 15, iOS 18, tvOS 18, watchOS 11, *)
3 |   public init(_ key: URL.Template.VariableName)}
  |          `- note: incorrect labels for candidate (have: '(localized:)', expected: '(_:)')
4 |
Foundation.String.init:2:8: note: incorrect labels for candidate (have: '(localized:)', expected: '(_:)')
1 | struct String {
2 | public init(_ cocoaString: NSString)}
  |        `- note: incorrect labels for candidate (have: '(localized:)', expected: '(_:)')
3 |
[2274/2406] Compiling SwiftNavigation NSObject+Observe.swift
/host/spi-builder-workspace/.build/checkouts/swift-navigation/Sources/SwiftNavigation/TextState.swift:212:20: error: cannot find type 'LocalizedStringResource' in scope
210 |
211 |   @available(iOS 16, macOS 13, tvOS 16, watchOS 9, *)
212 |   init(_ resource: LocalizedStringResource) {
    |                    `- error: cannot find type 'LocalizedStringResource' in scope
213 |     self.value = resource
214 |   }
/host/spi-builder-workspace/.build/checkouts/swift-navigation/Sources/SwiftNavigation/TextState.swift:216:20: error: cannot find type 'Text' in scope
214 |   }
215 |
216 |   func asText() -> Text {
    |                    `- error: cannot find type 'Text' in scope
217 |     guard
218 |       #available(iOS 16, macOS 13, tvOS 16, watchOS 9, *),
/host/spi-builder-workspace/.build/checkouts/swift-navigation/Sources/SwiftNavigation/TextState.swift:277:17: error: cannot find type 'LocalizedStringResource' in scope
275 |   @available(iOS 16, macOS 13, tvOS 16, watchOS 9, *)
276 |   public init(
277 |     _ resource: LocalizedStringResource
    |                 `- error: cannot find type 'LocalizedStringResource' in scope
278 |   ) {
279 |     self.storage = .localizedStringResource(
/host/spi-builder-workspace/.build/checkouts/swift-navigation/Sources/SwiftNavigation/TextState.swift:669:10: error: initializer cannot be declared public because its parameter uses an internal type
  1 | import Foundation
    | `- note: struct 'Locale' imported as 'internal' from 'Foundation' here
  2 |
  3 | #if canImport(SwiftUI)
    :
667 |
668 | extension String {
669 |   public init(state: TextState, locale: Locale? = nil) {
    |          |- error: initializer cannot be declared public because its parameter uses an internal type
    |          `- note: struct 'Locale' is imported by this file as 'internal' from 'Foundation'
670 |     switch state.storage {
671 |     case .concatenated(let lhs, let rhs):
FoundationEssentials.Locale:2:15: note: type declared here
  1 | @available(macOS 10.10, iOS 8.0, watchOS 2.0, tvOS 9.0, *)
  2 | public struct Locale : Hashable, Equatable, Sendable {
    |               `- note: type declared here
  3 |     public enum LanguageDirection : UInt, Sendable {
  4 |         case unknown
/host/spi-builder-workspace/.build/checkouts/swift-navigation/Sources/SwiftNavigation/TextState.swift:219:32: error: cannot find type 'LocalizedStringResource' in scope
217 |     guard
218 |       #available(iOS 16, macOS 13, tvOS 16, watchOS 9, *),
219 |       let resource = value as? LocalizedStringResource
    |                                `- error: cannot find type 'LocalizedStringResource' in scope
220 |     else {
221 |       preconditionFailure(
/host/spi-builder-workspace/.build/checkouts/swift-navigation/Sources/SwiftNavigation/TextState.swift:232:32: error: cannot find type 'LocalizedStringResource' in scope
230 |     guard
231 |       #available(iOS 16, macOS 13, tvOS 16, watchOS 9, *),
232 |       var resource = value as? LocalizedStringResource
    |                                `- error: cannot find type 'LocalizedStringResource' in scope
233 |     else {
234 |       preconditionFailure(
/host/spi-builder-workspace/.build/checkouts/swift-navigation/Sources/SwiftNavigation/TextState.swift:243:12: error: no exact matches in call to initializer
241 |     }
242 |
243 |     return String(localized: resource)
    |            `- error: no exact matches in call to initializer
244 |   }
245 | }
Swift.String.init:2:19: note: incorrect labels for candidate (have: '(localized:)', expected: '(_:)')
1 | struct String {
2 | @inlinable public init(_ c: Character)}
  |                   `- note: incorrect labels for candidate (have: '(localized:)', expected: '(_:)')
3 |
Swift.String.init:2:19: note: incorrect labels for candidate (have: '(localized:)', expected: '(_:)')
1 | struct String {
2 | @inlinable public init(_ scalar: Unicode.Scalar)}
  |                   `- note: incorrect labels for candidate (have: '(localized:)', expected: '(_:)')
3 |
Swift.String.init:2:19: note: incorrect labels for candidate (have: '(localized:)', expected: '(_:)')
1 | struct String {
2 | @inlinable public init(_ unicodeScalars: String.UnicodeScalarView)}
  |                   `- note: incorrect labels for candidate (have: '(localized:)', expected: '(_:)')
3 |
Swift.String.init:3:21: note: incorrect labels for candidate (have: '(localized:)', expected: '(_:)')
1 | struct String {
2 | @available(swift 4.0)
3 |   @inlinable public init(_ utf16: String.UTF16View)}
  |                     `- note: incorrect labels for candidate (have: '(localized:)', expected: '(_:)')
4 |
Swift.String.init:3:21: note: incorrect labels for candidate (have: '(localized:)', expected: '(_:)')
1 | struct String {
2 | @available(swift, introduced: 4.0, message: "Please use failable String.init?(_:UTF8View) when in Swift 3.2 mode")
3 |   @inlinable public init(_ utf8: String.UTF8View)}
  |                     `- note: incorrect labels for candidate (have: '(localized:)', expected: '(_:)')
4 |
Swift.String.init:2:19: note: incorrect labels for candidate (have: '(localized:)', expected: '(_:)')
1 | struct String {
2 | @inlinable public init(_ substring: __shared Substring)}
  |                   `- note: incorrect labels for candidate (have: '(localized:)', expected: '(_:)')
3 |
Swift.String.init:2:8: note: incorrect labels for candidate (have: '(localized:)', expected: '(_:)')
1 | struct String {
2 | public init(_ content: Substring.UnicodeScalarView)}
  |        `- note: incorrect labels for candidate (have: '(localized:)', expected: '(_:)')
3 |
FoundationEssentials.String.init:3:10: note: incorrect labels for candidate (have: '(localized:)', expected: '(_:)')
1 | struct String {
2 | @available(macOS 12, iOS 15, tvOS 15, watchOS 8, *)
3 |   public init(_ characters: Slice<AttributedString.CharacterView>)}
  |          `- note: incorrect labels for candidate (have: '(localized:)', expected: '(_:)')
4 |
FoundationEssentials.String.init:3:10: note: incorrect labels for candidate (have: '(localized:)', expected: '(_:)')
1 | struct String {
2 | @available(macOS 15, iOS 18, tvOS 18, watchOS 11, *)
3 |   public init(_ key: URL.Template.VariableName)}
  |          `- note: incorrect labels for candidate (have: '(localized:)', expected: '(_:)')
4 |
Foundation.String.init:2:8: note: incorrect labels for candidate (have: '(localized:)', expected: '(_:)')
1 | struct String {
2 | public init(_ cocoaString: NSString)}
  |        `- note: incorrect labels for candidate (have: '(localized:)', expected: '(_:)')
3 |
[2275/2406] Compiling SwiftNavigation Observe.swift
/host/spi-builder-workspace/.build/checkouts/swift-navigation/Sources/SwiftNavigation/TextState.swift:212:20: error: cannot find type 'LocalizedStringResource' in scope
210 |
211 |   @available(iOS 16, macOS 13, tvOS 16, watchOS 9, *)
212 |   init(_ resource: LocalizedStringResource) {
    |                    `- error: cannot find type 'LocalizedStringResource' in scope
213 |     self.value = resource
214 |   }
/host/spi-builder-workspace/.build/checkouts/swift-navigation/Sources/SwiftNavigation/TextState.swift:216:20: error: cannot find type 'Text' in scope
214 |   }
215 |
216 |   func asText() -> Text {
    |                    `- error: cannot find type 'Text' in scope
217 |     guard
218 |       #available(iOS 16, macOS 13, tvOS 16, watchOS 9, *),
/host/spi-builder-workspace/.build/checkouts/swift-navigation/Sources/SwiftNavigation/TextState.swift:277:17: error: cannot find type 'LocalizedStringResource' in scope
275 |   @available(iOS 16, macOS 13, tvOS 16, watchOS 9, *)
276 |   public init(
277 |     _ resource: LocalizedStringResource
    |                 `- error: cannot find type 'LocalizedStringResource' in scope
278 |   ) {
279 |     self.storage = .localizedStringResource(
/host/spi-builder-workspace/.build/checkouts/swift-navigation/Sources/SwiftNavigation/TextState.swift:669:10: error: initializer cannot be declared public because its parameter uses an internal type
  1 | import Foundation
    | `- note: struct 'Locale' imported as 'internal' from 'Foundation' here
  2 |
  3 | #if canImport(SwiftUI)
    :
667 |
668 | extension String {
669 |   public init(state: TextState, locale: Locale? = nil) {
    |          |- error: initializer cannot be declared public because its parameter uses an internal type
    |          `- note: struct 'Locale' is imported by this file as 'internal' from 'Foundation'
670 |     switch state.storage {
671 |     case .concatenated(let lhs, let rhs):
FoundationEssentials.Locale:2:15: note: type declared here
  1 | @available(macOS 10.10, iOS 8.0, watchOS 2.0, tvOS 9.0, *)
  2 | public struct Locale : Hashable, Equatable, Sendable {
    |               `- note: type declared here
  3 |     public enum LanguageDirection : UInt, Sendable {
  4 |         case unknown
/host/spi-builder-workspace/.build/checkouts/swift-navigation/Sources/SwiftNavigation/TextState.swift:219:32: error: cannot find type 'LocalizedStringResource' in scope
217 |     guard
218 |       #available(iOS 16, macOS 13, tvOS 16, watchOS 9, *),
219 |       let resource = value as? LocalizedStringResource
    |                                `- error: cannot find type 'LocalizedStringResource' in scope
220 |     else {
221 |       preconditionFailure(
/host/spi-builder-workspace/.build/checkouts/swift-navigation/Sources/SwiftNavigation/TextState.swift:232:32: error: cannot find type 'LocalizedStringResource' in scope
230 |     guard
231 |       #available(iOS 16, macOS 13, tvOS 16, watchOS 9, *),
232 |       var resource = value as? LocalizedStringResource
    |                                `- error: cannot find type 'LocalizedStringResource' in scope
233 |     else {
234 |       preconditionFailure(
/host/spi-builder-workspace/.build/checkouts/swift-navigation/Sources/SwiftNavigation/TextState.swift:243:12: error: no exact matches in call to initializer
241 |     }
242 |
243 |     return String(localized: resource)
    |            `- error: no exact matches in call to initializer
244 |   }
245 | }
Swift.String.init:2:19: note: incorrect labels for candidate (have: '(localized:)', expected: '(_:)')
1 | struct String {
2 | @inlinable public init(_ c: Character)}
  |                   `- note: incorrect labels for candidate (have: '(localized:)', expected: '(_:)')
3 |
Swift.String.init:2:19: note: incorrect labels for candidate (have: '(localized:)', expected: '(_:)')
1 | struct String {
2 | @inlinable public init(_ scalar: Unicode.Scalar)}
  |                   `- note: incorrect labels for candidate (have: '(localized:)', expected: '(_:)')
3 |
Swift.String.init:2:19: note: incorrect labels for candidate (have: '(localized:)', expected: '(_:)')
1 | struct String {
2 | @inlinable public init(_ unicodeScalars: String.UnicodeScalarView)}
  |                   `- note: incorrect labels for candidate (have: '(localized:)', expected: '(_:)')
3 |
Swift.String.init:3:21: note: incorrect labels for candidate (have: '(localized:)', expected: '(_:)')
1 | struct String {
2 | @available(swift 4.0)
3 |   @inlinable public init(_ utf16: String.UTF16View)}
  |                     `- note: incorrect labels for candidate (have: '(localized:)', expected: '(_:)')
4 |
Swift.String.init:3:21: note: incorrect labels for candidate (have: '(localized:)', expected: '(_:)')
1 | struct String {
2 | @available(swift, introduced: 4.0, message: "Please use failable String.init?(_:UTF8View) when in Swift 3.2 mode")
3 |   @inlinable public init(_ utf8: String.UTF8View)}
  |                     `- note: incorrect labels for candidate (have: '(localized:)', expected: '(_:)')
4 |
Swift.String.init:2:19: note: incorrect labels for candidate (have: '(localized:)', expected: '(_:)')
1 | struct String {
2 | @inlinable public init(_ substring: __shared Substring)}
  |                   `- note: incorrect labels for candidate (have: '(localized:)', expected: '(_:)')
3 |
Swift.String.init:2:8: note: incorrect labels for candidate (have: '(localized:)', expected: '(_:)')
1 | struct String {
2 | public init(_ content: Substring.UnicodeScalarView)}
  |        `- note: incorrect labels for candidate (have: '(localized:)', expected: '(_:)')
3 |
FoundationEssentials.String.init:3:10: note: incorrect labels for candidate (have: '(localized:)', expected: '(_:)')
1 | struct String {
2 | @available(macOS 12, iOS 15, tvOS 15, watchOS 8, *)
3 |   public init(_ characters: Slice<AttributedString.CharacterView>)}
  |          `- note: incorrect labels for candidate (have: '(localized:)', expected: '(_:)')
4 |
FoundationEssentials.String.init:3:10: note: incorrect labels for candidate (have: '(localized:)', expected: '(_:)')
1 | struct String {
2 | @available(macOS 15, iOS 18, tvOS 18, watchOS 11, *)
3 |   public init(_ key: URL.Template.VariableName)}
  |          `- note: incorrect labels for candidate (have: '(localized:)', expected: '(_:)')
4 |
Foundation.String.init:2:8: note: incorrect labels for candidate (have: '(localized:)', expected: '(_:)')
1 | struct String {
2 | public init(_ cocoaString: NSString)}
  |        `- note: incorrect labels for candidate (have: '(localized:)', expected: '(_:)')
3 |
[2276/2406] Compiling SwiftNavigation TextState.swift
/host/spi-builder-workspace/.build/checkouts/swift-navigation/Sources/SwiftNavigation/TextState.swift:212:20: error: cannot find type 'LocalizedStringResource' in scope
210 |
211 |   @available(iOS 16, macOS 13, tvOS 16, watchOS 9, *)
212 |   init(_ resource: LocalizedStringResource) {
    |                    `- error: cannot find type 'LocalizedStringResource' in scope
213 |     self.value = resource
214 |   }
/host/spi-builder-workspace/.build/checkouts/swift-navigation/Sources/SwiftNavigation/TextState.swift:216:20: error: cannot find type 'Text' in scope
214 |   }
215 |
216 |   func asText() -> Text {
    |                    `- error: cannot find type 'Text' in scope
217 |     guard
218 |       #available(iOS 16, macOS 13, tvOS 16, watchOS 9, *),
/host/spi-builder-workspace/.build/checkouts/swift-navigation/Sources/SwiftNavigation/TextState.swift:277:17: error: cannot find type 'LocalizedStringResource' in scope
275 |   @available(iOS 16, macOS 13, tvOS 16, watchOS 9, *)
276 |   public init(
277 |     _ resource: LocalizedStringResource
    |                 `- error: cannot find type 'LocalizedStringResource' in scope
278 |   ) {
279 |     self.storage = .localizedStringResource(
/host/spi-builder-workspace/.build/checkouts/swift-navigation/Sources/SwiftNavigation/TextState.swift:669:10: error: initializer cannot be declared public because its parameter uses an internal type
  1 | import Foundation
    | `- note: struct 'Locale' imported as 'internal' from 'Foundation' here
  2 |
  3 | #if canImport(SwiftUI)
    :
667 |
668 | extension String {
669 |   public init(state: TextState, locale: Locale? = nil) {
    |          |- error: initializer cannot be declared public because its parameter uses an internal type
    |          `- note: struct 'Locale' is imported by this file as 'internal' from 'Foundation'
670 |     switch state.storage {
671 |     case .concatenated(let lhs, let rhs):
FoundationEssentials.Locale:2:15: note: type declared here
  1 | @available(macOS 10.10, iOS 8.0, watchOS 2.0, tvOS 9.0, *)
  2 | public struct Locale : Hashable, Equatable, Sendable {
    |               `- note: type declared here
  3 |     public enum LanguageDirection : UInt, Sendable {
  4 |         case unknown
/host/spi-builder-workspace/.build/checkouts/swift-navigation/Sources/SwiftNavigation/TextState.swift:219:32: error: cannot find type 'LocalizedStringResource' in scope
217 |     guard
218 |       #available(iOS 16, macOS 13, tvOS 16, watchOS 9, *),
219 |       let resource = value as? LocalizedStringResource
    |                                `- error: cannot find type 'LocalizedStringResource' in scope
220 |     else {
221 |       preconditionFailure(
/host/spi-builder-workspace/.build/checkouts/swift-navigation/Sources/SwiftNavigation/TextState.swift:232:32: error: cannot find type 'LocalizedStringResource' in scope
230 |     guard
231 |       #available(iOS 16, macOS 13, tvOS 16, watchOS 9, *),
232 |       var resource = value as? LocalizedStringResource
    |                                `- error: cannot find type 'LocalizedStringResource' in scope
233 |     else {
234 |       preconditionFailure(
/host/spi-builder-workspace/.build/checkouts/swift-navigation/Sources/SwiftNavigation/TextState.swift:243:12: error: no exact matches in call to initializer
241 |     }
242 |
243 |     return String(localized: resource)
    |            `- error: no exact matches in call to initializer
244 |   }
245 | }
Swift.String.init:2:19: note: incorrect labels for candidate (have: '(localized:)', expected: '(_:)')
1 | struct String {
2 | @inlinable public init(_ c: Character)}
  |                   `- note: incorrect labels for candidate (have: '(localized:)', expected: '(_:)')
3 |
Swift.String.init:2:19: note: incorrect labels for candidate (have: '(localized:)', expected: '(_:)')
1 | struct String {
2 | @inlinable public init(_ scalar: Unicode.Scalar)}
  |                   `- note: incorrect labels for candidate (have: '(localized:)', expected: '(_:)')
3 |
Swift.String.init:2:19: note: incorrect labels for candidate (have: '(localized:)', expected: '(_:)')
1 | struct String {
2 | @inlinable public init(_ unicodeScalars: String.UnicodeScalarView)}
  |                   `- note: incorrect labels for candidate (have: '(localized:)', expected: '(_:)')
3 |
Swift.String.init:3:21: note: incorrect labels for candidate (have: '(localized:)', expected: '(_:)')
1 | struct String {
2 | @available(swift 4.0)
3 |   @inlinable public init(_ utf16: String.UTF16View)}
  |                     `- note: incorrect labels for candidate (have: '(localized:)', expected: '(_:)')
4 |
Swift.String.init:3:21: note: incorrect labels for candidate (have: '(localized:)', expected: '(_:)')
1 | struct String {
2 | @available(swift, introduced: 4.0, message: "Please use failable String.init?(_:UTF8View) when in Swift 3.2 mode")
3 |   @inlinable public init(_ utf8: String.UTF8View)}
  |                     `- note: incorrect labels for candidate (have: '(localized:)', expected: '(_:)')
4 |
Swift.String.init:2:19: note: incorrect labels for candidate (have: '(localized:)', expected: '(_:)')
1 | struct String {
2 | @inlinable public init(_ substring: __shared Substring)}
  |                   `- note: incorrect labels for candidate (have: '(localized:)', expected: '(_:)')
3 |
Swift.String.init:2:8: note: incorrect labels for candidate (have: '(localized:)', expected: '(_:)')
1 | struct String {
2 | public init(_ content: Substring.UnicodeScalarView)}
  |        `- note: incorrect labels for candidate (have: '(localized:)', expected: '(_:)')
3 |
FoundationEssentials.String.init:3:10: note: incorrect labels for candidate (have: '(localized:)', expected: '(_:)')
1 | struct String {
2 | @available(macOS 12, iOS 15, tvOS 15, watchOS 8, *)
3 |   public init(_ characters: Slice<AttributedString.CharacterView>)}
  |          `- note: incorrect labels for candidate (have: '(localized:)', expected: '(_:)')
4 |
FoundationEssentials.String.init:3:10: note: incorrect labels for candidate (have: '(localized:)', expected: '(_:)')
1 | struct String {
2 | @available(macOS 15, iOS 18, tvOS 18, watchOS 11, *)
3 |   public init(_ key: URL.Template.VariableName)}
  |          `- note: incorrect labels for candidate (have: '(localized:)', expected: '(_:)')
4 |
Foundation.String.init:2:8: note: incorrect labels for candidate (have: '(localized:)', expected: '(_:)')
1 | struct String {
2 | public init(_ cocoaString: NSString)}
  |        `- note: incorrect labels for candidate (have: '(localized:)', expected: '(_:)')
3 |
[2277/2406] Compiling SwiftNavigation Exports.swift
[2278/2406] Compiling SwiftNavigation HashableStaticString.swift
[2279/2406] Compiling SwiftNavigation KeyPath+Sendable.swift
[2280/2406] Compiling SwiftNavigation LockIsolated.swift
error: emit-module command failed with exit code 1 (use -v to see invocation)
[2281/2409] Emitting module SwiftNavigation
/host/spi-builder-workspace/.build/checkouts/swift-navigation/Sources/SwiftNavigation/TextState.swift:212:20: error: cannot find type 'LocalizedStringResource' in scope
210 |
211 |   @available(iOS 16, macOS 13, tvOS 16, watchOS 9, *)
212 |   init(_ resource: LocalizedStringResource) {
    |                    `- error: cannot find type 'LocalizedStringResource' in scope
213 |     self.value = resource
214 |   }
/host/spi-builder-workspace/.build/checkouts/swift-navigation/Sources/SwiftNavigation/TextState.swift:216:20: error: cannot find type 'Text' in scope
214 |   }
215 |
216 |   func asText() -> Text {
    |                    `- error: cannot find type 'Text' in scope
217 |     guard
218 |       #available(iOS 16, macOS 13, tvOS 16, watchOS 9, *),
/host/spi-builder-workspace/.build/checkouts/swift-navigation/Sources/SwiftNavigation/TextState.swift:277:17: error: cannot find type 'LocalizedStringResource' in scope
275 |   @available(iOS 16, macOS 13, tvOS 16, watchOS 9, *)
276 |   public init(
277 |     _ resource: LocalizedStringResource
    |                 `- error: cannot find type 'LocalizedStringResource' in scope
278 |   ) {
279 |     self.storage = .localizedStringResource(
/host/spi-builder-workspace/.build/checkouts/swift-navigation/Sources/SwiftNavigation/TextState.swift:669:10: error: initializer cannot be declared public because its parameter uses an internal type
  1 | import Foundation
    | `- note: struct 'Locale' imported as 'internal' from 'Foundation' here
  2 |
  3 | #if canImport(SwiftUI)
    :
667 |
668 | extension String {
669 |   public init(state: TextState, locale: Locale? = nil) {
    |          |- error: initializer cannot be declared public because its parameter uses an internal type
    |          `- note: struct 'Locale' is imported by this file as 'internal' from 'Foundation'
670 |     switch state.storage {
671 |     case .concatenated(let lhs, let rhs):
FoundationEssentials.Locale:2:15: note: type declared here
  1 | @available(macOS 10.10, iOS 8.0, watchOS 2.0, tvOS 9.0, *)
  2 | public struct Locale : Hashable, Equatable, Sendable {
    |               `- note: type declared here
  3 |     public enum LanguageDirection : UInt, Sendable {
  4 |         case unknown
[2281/2409] Compiling asn1_lib.cc
[2283/2409] Compiling SwiftNavigation AnyHashableSendable.swift
[2284/2409] Compiling SwiftNavigation AssumeIsolated.swift
[2285/2409] Compiling SwiftNavigation Deprecations.swift
[2286/2409] Compiling SwiftNavigation ErrorMechanism.swift
[2286/2409] Compiling a_time.cc
[2288/2409] Compiling SwiftNavigation ButtonStateBuilder.swift
[2289/2409] Compiling SwiftNavigation CaseBindable.swift
[2290/2409] Compiling SwiftNavigation ConfirmationDialogState.swift
[2291/2409] Compiling SwiftNavigation HashableObject.swift
[2292/2409] Compiling SwiftNavigation Sharing.swift
Internal Error: dataCorrupted(Swift.DecodingError.Context(codingPath: [], debugDescription: "Corrupted JSON", underlyingError: Optional(unexpected end of file)))
[2293/2409] Compiling SwiftNavigation TransactionEntry.swift
Internal Error: dataCorrupted(Swift.DecodingError.Context(codingPath: [], debugDescription: "Corrupted JSON", underlyingError: Optional(unexpected end of file)))
[2294/2409] Compiling SwiftNavigation UIBindable.swift
Internal Error: dataCorrupted(Swift.DecodingError.Context(codingPath: [], debugDescription: "Corrupted JSON", underlyingError: Optional(unexpected end of file)))
[2295/2409] Compiling SwiftNavigation CasePaths.swift
[2296/2409] Compiling SwiftNavigation CustomDump.swift
[2297/2409] Compiling SwiftNavigation IssueReporting.swift
[2298/2409] Compiling SwiftNavigation Perception.swift
[2298/2409] Compiling a_octet.cc
[2300/2409] Compiling SwiftNavigation AlertState.swift
[2301/2409] Compiling SwiftNavigation Bind.swift
[2302/2409] Compiling SwiftNavigation Binding.swift
[2303/2409] Compiling SwiftNavigation ButtonState.swift
[2303/2409] Compiling a_utctm.cc
[2304/2409] Compiling a_type.cc
[2305/2409] Compiling a_strex.cc
[2306/2409] Compiling a_i2d_fp.cc
[2307/2409] Compiling a_strnid.cc
[2308/2409] Compiling a_object.cc
[2309/2409] Compiling a_mbstr.cc
[2310/2409] Compiling a_int.cc
[2311/2409] Compiling a_dup.cc
[2312/2409] Compiling a_d2i_fp.cc
[2313/2409] Compiling CCompressZlib empty.c
[2314/2409] Compiling CBcrypt bcrypt.c
[2315/2409] Compiling CBcrypt blf.c
[2316/2409] Compiling a_gentm.cc
[2317/2409] Compiling CBacktrace state.c
[2318/2409] Compiling CBacktrace sort.c
[2319/2409] Compiling CBacktrace simple.c
[2320/2411] Compiling CBacktrace print.c
[2322/2411] Compiling SwiftNavigation UIBinding.swift
[2323/2411] Compiling SwiftNavigation UINavigationPath.swift
[2324/2411] Compiling SwiftNavigation UITransaction.swift
[2324/2411] Compiling CBacktrace posix.c
[2325/2411] Compiling CBacktrace mmapio.c
[2326/2411] Compiling CBacktrace fileline.c
[2326/2411] Compiling CBacktrace mmap.c
[2326/2411] Compiling a_bitstr.cc
[2326/2411] Compiling a_bool.cc
[2326/2411] Compiling aes.cc
[2326/2411] Compiling bcm.cc
BUILD FAILURE 6.2 linux