Build Information
Failed to build CoronaMath, reference master (17ef2f), with Swift 6.4 for visionOS using Xcode 27.0 on 21 Sep 2026 14:47:58 UTC.
Build Command
env DEVELOPER_DIR=/Applications/Xcode-27.0.0-Release.Candidate.app xcrun xcodebuild -IDEClonedSourcePackagesDirPathOverride=$PWD/.dependencies -skipMacroValidation -skipPackagePluginValidation -derivedDataPath $PWD/.derivedData build -scheme CoronaMath -destination generic/platform=xrOSBuild Log
========================================
RunAll
========================================
Builder version: 5.1.0
Interrupt handler set up.
========================================
Checkout
========================================
Clone URL: https://github.com/CooperCorona/CoronaMath.git
Reference: master
Initialized empty Git repository in /Users/admin/builder/spi-builder-workspace/.git/
From https://github.com/CooperCorona/CoronaMath
* branch master -> FETCH_HEAD
* [new branch] master -> origin/master
HEAD is now at 17ef2fb Add intersection and union methods to RectBase.
Cloned https://github.com/CooperCorona/CoronaMath.git
Revision (git rev-parse @):
17ef2fb286d235ab805f2f85116ca0b7276f5d5a
SUCCESS checkout https://github.com/CooperCorona/CoronaMath.git at master
========================================
Build
========================================
Selected platform: visionOS
Swift version: 6.4
Building package at path: $PWD
https://github.com/CooperCorona/CoronaMath.git
Command line invocation:
/Applications/Xcode-27.0.0-Release.Candidate.app/Contents/Developer/usr/bin/xcodebuild -IDEClonedSourcePackagesDirPathOverride=/Users/admin/builder/spi-builder-workspace/.dependencies -resolvePackageDependencies
Resolve Package Graph
Fetching from https://github.com/CooperCorona/COpenBlas
Fetching from https://github.com/CooperCorona/CoronaErrors.git
Creating working copy of package ‘CoronaErrors’
Checking out 2.0.4 of package ‘CoronaErrors’
Creating working copy of package ‘COpenBlas’
Checking out 1.1.0 of package ‘COpenBlas’
ignoring declared target(s) 'COpenBlas' in the system packagesystem packages are deprecated; use system library targets insteadResolve Package Graph
ignoring declared target(s) 'COpenBlas' in the system packagesystem packages are deprecated; use system library targets instead
Resolved source packages:
CoronaErrors: https://github.com/CooperCorona/CoronaErrors.git @ 2.0.4
COpenBlas: https://github.com/CooperCorona/COpenBlas @ 1.1.0
CoronaMath: /Users/admin/builder/spi-builder-workspace
resolved source packages: CoronaErrors, COpenBlas, CoronaMath
2026-09-21 10:47:02.865 xcodebuild[528:3048] [MT] IDERunDestination: Supported platforms for the buildables in the current scheme is empty.
{
"dependencies" : [
{
"identity" : "coronaerrors",
"requirement" : {
"range" : [
{
"lower_bound" : "2.0.0",
"upper_bound" : "3.0.0"
}
]
},
"type" : "sourceControl",
"url" : "https://github.com/CooperCorona/CoronaErrors.git"
},
{
"identity" : "copenblas",
"requirement" : {
"range" : [
{
"lower_bound" : "1.0.0",
"upper_bound" : "2.0.0"
}
]
},
"type" : "sourceControl",
"url" : "https://github.com/CooperCorona/COpenBlas"
}
],
"manifest_display_name" : "CoronaMath",
"name" : "CoronaMath",
"path" : "/Users/admin/builder/spi-builder-workspace",
"platforms" : [
],
"products" : [
{
"name" : "CoronaMath",
"targets" : [
"CoronaMath"
],
"type" : {
"library" : [
"automatic"
]
}
}
],
"targets" : [
{
"c99name" : "CoronaMathTests",
"module_type" : "SwiftTarget",
"name" : "CoronaMathTests",
"path" : "Tests/CoronaMathTests",
"product_dependencies" : [
"CoronaErrors",
"CoronaErrorsTestHooks"
],
"sources" : [
"IntPointTests.swift",
"Matrix3Tests.swift",
"Matrix4Tests.swift",
"PointTests.swift",
"RectTests.swift",
"SizeTests.swift",
"VariableSizeMatrixTests.swift",
"Vector3Tests.swift",
"Vector4Tests.swift",
"VectorTests.swift",
"XCTestManifests.swift"
],
"target_dependencies" : [
"CoronaMath"
],
"type" : "test"
},
{
"c99name" : "CoronaMath",
"module_type" : "SwiftTarget",
"name" : "CoronaMath",
"path" : "Sources/CoronaMath",
"product_dependencies" : [
"CoronaErrors",
"COpenBlas"
],
"product_memberships" : [
"CoronaMath"
],
"sources" : [
"Array+Extensions.swift",
"ContinuousNumber.swift",
"DiscreteNumber.swift",
"Exports.swift",
"FastOperations.swift",
"Matrix/ConstantSizeMatrix.swift",
"Matrix/Matrix3Base.swift",
"Matrix/Matrix4Base.swift",
"Matrix/MatrixBase.swift",
"Matrix/MatrixError.swift",
"Matrix/SizeBase+MatrixDimensions.swift",
"Matrix/SquareMatrix.swift",
"Matrix/VariableSizeMatrix/ConstantSizeMatrix+MatrixOperationsBase.swift",
"Matrix/VariableSizeMatrix/ContinuousMatrix.swift",
"Matrix/VariableSizeMatrix/Matrix3Base+MatrixOperationsBase.swift",
"Matrix/VariableSizeMatrix/Matrix4Base+MatrixOperationsBase.swift",
"Matrix/VariableSizeMatrix/MatrixOperationsBase.swift",
"Matrix/VariableSizeMatrix/VariableSizeMatrix.swift",
"Sequence+Extensions.swift",
"Vector/ConstantSizeContinuousVector.swift",
"Vector/ConstantSizeVector.swift",
"Vector/ContinuousVector.swift",
"Vector/IntPoint.swift",
"Vector/PointBase.swift",
"Vector/RectBase.swift",
"Vector/SizeBase.swift",
"Vector/Vector3Base+Color.swift",
"Vector/Vector3Base.swift",
"Vector/Vector4Base+Color.swift",
"Vector/Vector4Base.swift",
"Vector/VectorBase.swift"
],
"type" : "library"
}
],
"tools_version" : "5.0"
}
{
"workspace" : {
"name" : "CoronaMath",
"schemes" : [
"CoronaMath"
]
}
}
2026-09-21 10:47:44.259 xcodebuild[724:4498] [MT] IDERunDestination: Supported platforms for the buildables in the current scheme is empty.
Running build ...
env DEVELOPER_DIR=/Applications/Xcode-27.0.0-Release.Candidate.app xcrun xcodebuild -IDEClonedSourcePackagesDirPathOverride=$PWD/.dependencies -skipMacroValidation -skipPackagePluginValidation -derivedDataPath $PWD/.derivedData build -scheme CoronaMath -destination generic/platform=xrOS
Command line invocation:
/Applications/Xcode-27.0.0-Release.Candidate.app/Contents/Developer/usr/bin/xcodebuild -IDEClonedSourcePackagesDirPathOverride=/Users/admin/builder/spi-builder-workspace/.dependencies -skipMacroValidation -skipPackagePluginValidation -derivedDataPath /Users/admin/builder/spi-builder-workspace/.derivedData build -scheme CoronaMath -destination generic/platform=xrOS
Resolve Package Graph
ignoring declared target(s) 'COpenBlas' in the system packagesystem packages are deprecated; use system library targets instead
Resolve Package Graph
ignoring declared target(s) 'COpenBlas' in the system packagesystem packages are deprecated; use system library targets instead
Resolved source packages:
COpenBlas: https://github.com/CooperCorona/COpenBlas @ 1.1.0
CoronaErrors: https://github.com/CooperCorona/CoronaErrors.git @ 2.0.4
CoronaMath: /Users/admin/builder/spi-builder-workspace
ComputePackagePrebuildTargetDependencyGraph
Prepare packages
CreateBuildRequest
SendProjectDescription
CreateBuildOperation
ComputeTargetDependencyGraph
note: Building targets in dependency order
note: Target dependency graph (6 targets)
Target 'CoronaMath-product' in project 'CoronaMath'
➜ Explicit dependency on target 'CoronaMath' in project 'CoronaMath'
➜ Explicit dependency on target 'CoronaErrors-product' in project 'CoronaErrors'
➜ Explicit dependency on target 'COpenBlas-product' in project 'COpenBlas'
Target 'CoronaMath' in project 'CoronaMath'
➜ Explicit dependency on target 'COpenBlas' in project 'COpenBlas'
➜ Explicit dependency on target 'CoronaErrors-product' in project 'CoronaErrors'
➜ Explicit dependency on target 'COpenBlas-product' in project 'COpenBlas'
Target 'COpenBlas-product' in project 'COpenBlas'
➜ Explicit dependency on target 'COpenBlas' in project 'COpenBlas'
Target 'CoronaErrors-product' in project 'CoronaErrors'
➜ Explicit dependency on target 'CoronaErrors' in project 'CoronaErrors'
Target 'CoronaErrors' in project 'CoronaErrors' (no dependencies)
Target 'COpenBlas' in project 'COpenBlas' (no dependencies)
GatherProvisioningInputs
CreateBuildDescription
ExecuteExternalTool /Applications/Xcode-27.0.0-Release.Candidate.app/Contents/Developer/Toolchains/XcodeDefault.xctoolchain/usr/bin/clang -v -E -dM -isysroot /Applications/Xcode-27.0.0-Release.Candidate.app/Contents/Developer/Platforms/XROS.platform/Developer/SDKs/XROS27.0.sdk -x c -c /dev/null
ExecuteExternalTool /Applications/Xcode-27.0.0-Release.Candidate.app/Contents/Developer/Toolchains/XcodeDefault.xctoolchain/usr/bin/swiftc --version
ExecuteExternalTool /Applications/Xcode-27.0.0-Release.Candidate.app/Contents/Developer/Toolchains/XcodeDefault.xctoolchain/usr/bin/ld -version_details
Build description signature: 98d1fa61f20236eb5a2e3b431b26abf9
Build description path: /Users/admin/builder/spi-builder-workspace/.derivedData/Build/Intermediates.noindex/XCBuildData/98d1fa61f20236eb5a2e3b431b26abf9.xcbuilddata
CreateBuildDirectory /Users/admin/builder/spi-builder-workspace/.derivedData/SDKExplicitPrecompiledModules
cd /Users/admin/builder/spi-builder-workspace/.swiftpm/xcode
builtin-create-build-directory /Users/admin/builder/spi-builder-workspace/.derivedData/SDKExplicitPrecompiledModules
CreateBuildDirectory /Users/admin/builder/spi-builder-workspace/.derivedData/ModuleCache.noindex
cd /Users/admin/builder/spi-builder-workspace/.swiftpm/xcode
builtin-create-build-directory /Users/admin/builder/spi-builder-workspace/.derivedData/ModuleCache.noindex
CreateBuildDirectory /Users/admin/builder/spi-builder-workspace/.derivedData/CompilationCache.noindex
cd /Users/admin/builder/spi-builder-workspace/.swiftpm/xcode
builtin-create-build-directory /Users/admin/builder/spi-builder-workspace/.derivedData/CompilationCache.noindex
ClangStatCache /Applications/Xcode-27.0.0-Release.Candidate.app/Contents/Developer/Toolchains/XcodeDefault.xctoolchain/usr/bin/clang-stat-cache /Applications/Xcode-27.0.0-Release.Candidate.app/Contents/Developer/Platforms/XROS.platform/Developer/SDKs/XROS27.0.sdk /Users/admin/builder/spi-builder-workspace/.derivedData/SDKStatCaches.noindex/xros27.0-24M361-e829b21a6f8c9b70876ba0858053c044735bd543db762f57723cac368afd1ce4.sdkstatcache
cd /Users/admin/builder/spi-builder-workspace/.swiftpm/xcode
/Applications/Xcode-27.0.0-Release.Candidate.app/Contents/Developer/Toolchains/XcodeDefault.xctoolchain/usr/bin/clang-stat-cache /Applications/Xcode-27.0.0-Release.Candidate.app/Contents/Developer/Platforms/XROS.platform/Developer/SDKs/XROS27.0.sdk -o /Users/admin/builder/spi-builder-workspace/.derivedData/SDKStatCaches.noindex/xros27.0-24M361-e829b21a6f8c9b70876ba0858053c044735bd543db762f57723cac368afd1ce4.sdkstatcache
CreateBuildDirectory /Users/admin/builder/spi-builder-workspace/.derivedData/Build/Intermediates.noindex
cd /Users/admin/builder/spi-builder-workspace/.swiftpm/xcode
builtin-create-build-directory /Users/admin/builder/spi-builder-workspace/.derivedData/Build/Intermediates.noindex
CreateBuildDirectory /Users/admin/builder/spi-builder-workspace/.derivedData/Build/Products
cd /Users/admin/builder/spi-builder-workspace/.swiftpm/xcode
builtin-create-build-directory /Users/admin/builder/spi-builder-workspace/.derivedData/Build/Products
CreateBuildDirectory /Users/admin/builder/spi-builder-workspace/.derivedData/Build/Intermediates.noindex/SwiftExplicitPrecompiledModules
cd /Users/admin/builder/spi-builder-workspace/.swiftpm/xcode
builtin-create-build-directory /Users/admin/builder/spi-builder-workspace/.derivedData/Build/Intermediates.noindex/SwiftExplicitPrecompiledModules
CreateBuildDirectory /Users/admin/builder/spi-builder-workspace/.derivedData/Build/Intermediates.noindex/PrecompiledHeaders
cd /Users/admin/builder/spi-builder-workspace/.swiftpm/xcode
builtin-create-build-directory /Users/admin/builder/spi-builder-workspace/.derivedData/Build/Intermediates.noindex/PrecompiledHeaders
CreateBuildDirectory /Users/admin/builder/spi-builder-workspace/.derivedData/Build/Intermediates.noindex/ExplicitPrecompiledModules
cd /Users/admin/builder/spi-builder-workspace/.swiftpm/xcode
builtin-create-build-directory /Users/admin/builder/spi-builder-workspace/.derivedData/Build/Intermediates.noindex/ExplicitPrecompiledModules
CreateBuildDirectory /Users/admin/builder/spi-builder-workspace/.derivedData/Build/Intermediates.noindex/EagerLinkingTBDs/Debug-xros
cd /Users/admin/builder/spi-builder-workspace/.swiftpm/xcode
builtin-create-build-directory /Users/admin/builder/spi-builder-workspace/.derivedData/Build/Intermediates.noindex/EagerLinkingTBDs/Debug-xros
CreateBuildDirectory /Users/admin/builder/spi-builder-workspace/.derivedData/Build/Products/Debug-xros
cd /Users/admin/builder/spi-builder-workspace/.swiftpm/xcode
builtin-create-build-directory /Users/admin/builder/spi-builder-workspace/.derivedData/Build/Products/Debug-xros
CreateBuildDirectory /Users/admin/builder/spi-builder-workspace/.derivedData/Build/Products/Debug-xros/PackageFrameworks
cd /Users/admin/builder/spi-builder-workspace/.swiftpm/xcode
builtin-create-build-directory /Users/admin/builder/spi-builder-workspace/.derivedData/Build/Products/Debug-xros/PackageFrameworks
WriteAuxiliaryFile /Users/admin/builder/spi-builder-workspace/.derivedData/Build/Intermediates.noindex/CoronaErrors.build/Debug-xros/CoronaErrors-t.build/Objects-normal/arm64/CoronaErrors_const_extract_protocols.json (in target 'CoronaErrors' from project 'CoronaErrors')
cd /Users/admin/builder/spi-builder-workspace/.dependencies/checkouts/CoronaErrors
write-file /Users/admin/builder/spi-builder-workspace/.derivedData/Build/Intermediates.noindex/CoronaErrors.build/Debug-xros/CoronaErrors-t.build/Objects-normal/arm64/CoronaErrors_const_extract_protocols.json
WriteAuxiliaryFile /Users/admin/builder/spi-builder-workspace/.derivedData/Build/Intermediates.noindex/CoronaErrors.build/Debug-xros/CoronaErrors-t.build/Objects-normal/arm64/CoronaErrors.SwiftConstValuesFileList (in target 'CoronaErrors' from project 'CoronaErrors')
cd /Users/admin/builder/spi-builder-workspace/.dependencies/checkouts/CoronaErrors
write-file /Users/admin/builder/spi-builder-workspace/.derivedData/Build/Intermediates.noindex/CoronaErrors.build/Debug-xros/CoronaErrors-t.build/Objects-normal/arm64/CoronaErrors.SwiftConstValuesFileList
WriteAuxiliaryFile /Users/admin/builder/spi-builder-workspace/.derivedData/Build/Intermediates.noindex/CoronaErrors.build/Debug-xros/CoronaErrors-t.build/Objects-normal/arm64/CoronaErrors.SwiftFileList (in target 'CoronaErrors' from project 'CoronaErrors')
cd /Users/admin/builder/spi-builder-workspace/.dependencies/checkouts/CoronaErrors
write-file /Users/admin/builder/spi-builder-workspace/.derivedData/Build/Intermediates.noindex/CoronaErrors.build/Debug-xros/CoronaErrors-t.build/Objects-normal/arm64/CoronaErrors.SwiftFileList
WriteAuxiliaryFile /Users/admin/builder/spi-builder-workspace/.derivedData/Build/Intermediates.noindex/CoronaErrors.build/Debug-xros/CoronaErrors-t.build/Objects-normal/arm64/CoronaErrors.LinkFileList (in target 'CoronaErrors' from project 'CoronaErrors')
cd /Users/admin/builder/spi-builder-workspace/.dependencies/checkouts/CoronaErrors
write-file /Users/admin/builder/spi-builder-workspace/.derivedData/Build/Intermediates.noindex/CoronaErrors.build/Debug-xros/CoronaErrors-t.build/Objects-normal/arm64/CoronaErrors.LinkFileList
WriteAuxiliaryFile /Users/admin/builder/spi-builder-workspace/.derivedData/Build/Intermediates.noindex/CoronaMath.build/Debug-xros/CoronaMath-t.build/Objects-normal/arm64/CoronaMath.SwiftFileList (in target 'CoronaMath' from project 'CoronaMath')
cd /Users/admin/builder/spi-builder-workspace
write-file /Users/admin/builder/spi-builder-workspace/.derivedData/Build/Intermediates.noindex/CoronaMath.build/Debug-xros/CoronaMath-t.build/Objects-normal/arm64/CoronaMath.SwiftFileList
WriteAuxiliaryFile /Users/admin/builder/spi-builder-workspace/.derivedData/Build/Intermediates.noindex/CoronaMath.build/Debug-xros/CoronaMath-t.build/Objects-normal/arm64/CoronaMath_const_extract_protocols.json (in target 'CoronaMath' from project 'CoronaMath')
cd /Users/admin/builder/spi-builder-workspace
write-file /Users/admin/builder/spi-builder-workspace/.derivedData/Build/Intermediates.noindex/CoronaMath.build/Debug-xros/CoronaMath-t.build/Objects-normal/arm64/CoronaMath_const_extract_protocols.json
WriteAuxiliaryFile /Users/admin/builder/spi-builder-workspace/.derivedData/Build/Intermediates.noindex/CoronaMath.build/Debug-xros/CoronaMath-t.build/Objects-normal/arm64/CoronaMath.SwiftConstValuesFileList (in target 'CoronaMath' from project 'CoronaMath')
cd /Users/admin/builder/spi-builder-workspace
write-file /Users/admin/builder/spi-builder-workspace/.derivedData/Build/Intermediates.noindex/CoronaMath.build/Debug-xros/CoronaMath-t.build/Objects-normal/arm64/CoronaMath.SwiftConstValuesFileList
WriteAuxiliaryFile /Users/admin/builder/spi-builder-workspace/.derivedData/Build/Intermediates.noindex/CoronaMath.build/Debug-xros/CoronaMath-t.build/Objects-normal/arm64/CoronaMath.LinkFileList (in target 'CoronaMath' from project 'CoronaMath')
cd /Users/admin/builder/spi-builder-workspace
write-file /Users/admin/builder/spi-builder-workspace/.derivedData/Build/Intermediates.noindex/CoronaMath.build/Debug-xros/CoronaMath-t.build/Objects-normal/arm64/CoronaMath.LinkFileList
WriteAuxiliaryFile /Users/admin/builder/spi-builder-workspace/.derivedData/Build/Intermediates.noindex/CoronaMath.build/Debug-xros/CoronaMath-t.build/Objects-normal/arm64/CoronaMath-OutputFileMap.json (in target 'CoronaMath' from project 'CoronaMath')
cd /Users/admin/builder/spi-builder-workspace
write-file /Users/admin/builder/spi-builder-workspace/.derivedData/Build/Intermediates.noindex/CoronaMath.build/Debug-xros/CoronaMath-t.build/Objects-normal/arm64/CoronaMath-OutputFileMap.json
WriteAuxiliaryFile /Users/admin/builder/spi-builder-workspace/.derivedData/Build/Intermediates.noindex/CoronaMath.build/Debug-xros/CoronaMath-t.build/CoronaMath.modulemap (in target 'CoronaMath' from project 'CoronaMath')
cd /Users/admin/builder/spi-builder-workspace
write-file /Users/admin/builder/spi-builder-workspace/.derivedData/Build/Intermediates.noindex/CoronaMath.build/Debug-xros/CoronaMath-t.build/CoronaMath.modulemap
WriteAuxiliaryFile /Users/admin/builder/spi-builder-workspace/.derivedData/Build/Intermediates.noindex/CoronaMath.build/Debug-xros/CoronaMath-t.build/CoronaMath.DependencyStaticMetadataFileList (in target 'CoronaMath' from project 'CoronaMath')
cd /Users/admin/builder/spi-builder-workspace
write-file /Users/admin/builder/spi-builder-workspace/.derivedData/Build/Intermediates.noindex/CoronaMath.build/Debug-xros/CoronaMath-t.build/CoronaMath.DependencyStaticMetadataFileList
WriteAuxiliaryFile /Users/admin/builder/spi-builder-workspace/.derivedData/Build/Intermediates.noindex/CoronaMath.build/Debug-xros/CoronaMath-t.build/CoronaMath.DependencyMetadataFileList (in target 'CoronaMath' from project 'CoronaMath')
cd /Users/admin/builder/spi-builder-workspace
write-file /Users/admin/builder/spi-builder-workspace/.derivedData/Build/Intermediates.noindex/CoronaMath.build/Debug-xros/CoronaMath-t.build/CoronaMath.DependencyMetadataFileList
WriteAuxiliaryFile /Users/admin/builder/spi-builder-workspace/.derivedData/Build/Intermediates.noindex/CoronaErrors.build/Debug-xros/CoronaErrors-t.build/Objects-normal/arm64/CoronaErrors-OutputFileMap.json (in target 'CoronaErrors' from project 'CoronaErrors')
cd /Users/admin/builder/spi-builder-workspace/.dependencies/checkouts/CoronaErrors
write-file /Users/admin/builder/spi-builder-workspace/.derivedData/Build/Intermediates.noindex/CoronaErrors.build/Debug-xros/CoronaErrors-t.build/Objects-normal/arm64/CoronaErrors-OutputFileMap.json
WriteAuxiliaryFile /Users/admin/builder/spi-builder-workspace/.derivedData/Build/Intermediates.noindex/CoronaErrors.build/Debug-xros/CoronaErrors-t.build/CoronaErrors.modulemap (in target 'CoronaErrors' from project 'CoronaErrors')
cd /Users/admin/builder/spi-builder-workspace/.dependencies/checkouts/CoronaErrors
write-file /Users/admin/builder/spi-builder-workspace/.derivedData/Build/Intermediates.noindex/CoronaErrors.build/Debug-xros/CoronaErrors-t.build/CoronaErrors.modulemap
WriteAuxiliaryFile /Users/admin/builder/spi-builder-workspace/.derivedData/Build/Intermediates.noindex/CoronaErrors.build/Debug-xros/CoronaErrors-t.build/CoronaErrors.DependencyStaticMetadataFileList (in target 'CoronaErrors' from project 'CoronaErrors')
cd /Users/admin/builder/spi-builder-workspace/.dependencies/checkouts/CoronaErrors
write-file /Users/admin/builder/spi-builder-workspace/.derivedData/Build/Intermediates.noindex/CoronaErrors.build/Debug-xros/CoronaErrors-t.build/CoronaErrors.DependencyStaticMetadataFileList
WriteAuxiliaryFile /Users/admin/builder/spi-builder-workspace/.derivedData/Build/Intermediates.noindex/CoronaErrors.build/Debug-xros/CoronaErrors-t.build/CoronaErrors.DependencyMetadataFileList (in target 'CoronaErrors' from project 'CoronaErrors')
cd /Users/admin/builder/spi-builder-workspace/.dependencies/checkouts/CoronaErrors
write-file /Users/admin/builder/spi-builder-workspace/.derivedData/Build/Intermediates.noindex/CoronaErrors.build/Debug-xros/CoronaErrors-t.build/CoronaErrors.DependencyMetadataFileList
Copy /Users/admin/builder/spi-builder-workspace/.derivedData/Build/Intermediates.noindex/GeneratedModuleMaps-xros/CoronaMath.modulemap /Users/admin/builder/spi-builder-workspace/.derivedData/Build/Intermediates.noindex/CoronaMath.build/Debug-xros/CoronaMath-t.build/CoronaMath.modulemap (in target 'CoronaMath' from project 'CoronaMath')
cd /Users/admin/builder/spi-builder-workspace
builtin-copy -exclude .DS_Store -exclude CVS -exclude .svn -exclude .git -exclude .hg -resolve-src-symlinks /Users/admin/builder/spi-builder-workspace/.derivedData/Build/Intermediates.noindex/CoronaMath.build/Debug-xros/CoronaMath-t.build/CoronaMath.modulemap /Users/admin/builder/spi-builder-workspace/.derivedData/Build/Intermediates.noindex/GeneratedModuleMaps-xros
Copy /Users/admin/builder/spi-builder-workspace/.derivedData/Build/Intermediates.noindex/GeneratedModuleMaps-xros/CoronaErrors.modulemap /Users/admin/builder/spi-builder-workspace/.derivedData/Build/Intermediates.noindex/CoronaErrors.build/Debug-xros/CoronaErrors-t.build/CoronaErrors.modulemap (in target 'CoronaErrors' from project 'CoronaErrors')
cd /Users/admin/builder/spi-builder-workspace/.dependencies/checkouts/CoronaErrors
builtin-copy -exclude .DS_Store -exclude CVS -exclude .svn -exclude .git -exclude .hg -resolve-src-symlinks /Users/admin/builder/spi-builder-workspace/.derivedData/Build/Intermediates.noindex/CoronaErrors.build/Debug-xros/CoronaErrors-t.build/CoronaErrors.modulemap /Users/admin/builder/spi-builder-workspace/.derivedData/Build/Intermediates.noindex/GeneratedModuleMaps-xros
SwiftDriver CoronaErrors normal arm64 com.apple.xcode.tools.swift.compiler (in target 'CoronaErrors' from project 'CoronaErrors')
cd /Users/admin/builder/spi-builder-workspace/.swiftpm/xcode
builtin-SwiftDriver -- /Applications/Xcode-27.0.0-Release.Candidate.app/Contents/Developer/Toolchains/XcodeDefault.xctoolchain/usr/bin/swiftc -parse-as-library -module-name CoronaErrors -Onone @/Users/admin/builder/spi-builder-workspace/.derivedData/Build/Intermediates.noindex/CoronaErrors.build/Debug-xros/CoronaErrors-t.build/Objects-normal/arm64/CoronaErrors.SwiftFileList -DSWIFT_PACKAGE -DDEBUG -DSWIFT_MODULE_RESOURCE_BUNDLE_UNAVAILABLE -DXcode -plugin-path /Applications/Xcode-27.0.0-Release.Candidate.app/Contents/Developer/Toolchains/XcodeDefault.xctoolchain/usr/lib/swift/host/plugins/testing -enable-experimental-feature DebugDescriptionMacro -sdk /Applications/Xcode-27.0.0-Release.Candidate.app/Contents/Developer/Platforms/XROS.platform/Developer/SDKs/XROS27.0.sdk -target arm64-apple-xros1.0 -g -module-cache-path /Users/admin/builder/spi-builder-workspace/.derivedData/ModuleCache.noindex -Xfrontend -serialize-debugging-options -profile-coverage-mapping -profile-generate -enable-testing -suppress-warnings -index-store-path /Users/admin/builder/spi-builder-workspace/.derivedData/Index.noindex/DataStore -Xcc -D_LIBCPP_HARDENING_MODE\=_LIBCPP_HARDENING_MODE_DEBUG -swift-version 5 -I /Users/admin/builder/spi-builder-workspace/.derivedData/Build/Products/Debug-xros -Isystem /Applications/Xcode-27.0.0-Release.Candidate.app/Contents/Developer/Platforms/XROS.platform/Developer/usr/lib -F /Users/admin/builder/spi-builder-workspace/.derivedData/Build/Products/Debug-xros -F /Applications/Xcode-27.0.0-Release.Candidate.app/Contents/Developer/Platforms/XROS.platform/Developer/Library/Frameworks -F /Applications/Xcode-27.0.0-Release.Candidate.app/Contents/Developer/Platforms/XROS.platform/Developer/SDKs/XROS27.0.sdk/Developer/Library/Frameworks -c -j10 -enable-batch-mode -incremental -Xcc -ivfsstatcache -Xcc /Users/admin/builder/spi-builder-workspace/.derivedData/SDKStatCaches.noindex/xros27.0-24M361-e829b21a6f8c9b70876ba0858053c044735bd543db762f57723cac368afd1ce4.sdkstatcache -output-file-map /Users/admin/builder/spi-builder-workspace/.derivedData/Build/Intermediates.noindex/CoronaErrors.build/Debug-xros/CoronaErrors-t.build/Objects-normal/arm64/CoronaErrors-OutputFileMap.json -save-temps -no-color-diagnostics -explicit-module-build -module-cache-path /Users/admin/builder/spi-builder-workspace/.derivedData/Build/Intermediates.noindex/SwiftExplicitPrecompiledModules -clang-scanner-module-cache-path /Users/admin/builder/spi-builder-workspace/.derivedData/ModuleCache.noindex -sdk-module-cache-path /Users/admin/builder/spi-builder-workspace/.derivedData/SDKExplicitPrecompiledModules -emit-dependencies -emit-module -emit-module-path /Users/admin/builder/spi-builder-workspace/.derivedData/Build/Intermediates.noindex/CoronaErrors.build/Debug-xros/CoronaErrors-t.build/Objects-normal/arm64/CoronaErrors.swiftmodule -serialize-diagnostics -dependency-scan-serialize-diagnostics-path /Users/admin/builder/spi-builder-workspace/.derivedData/Build/Intermediates.noindex/CoronaErrors.build/Debug-xros/CoronaErrors-t.build/Objects-normal/arm64/CoronaErrors-dependency-scan.dia -validate-clang-modules-once -clang-build-session-file /Users/admin/builder/spi-builder-workspace/.derivedData/ModuleCache.noindex/Session.modulevalidation -Xcc -fmodules-prune-interval\=86400 -Xcc -fmodules-prune-after\=345600 -emit-const-values -const-gather-protocols-list /Users/admin/builder/spi-builder-workspace/.derivedData/Build/Intermediates.noindex/CoronaErrors.build/Debug-xros/CoronaErrors-t.build/Objects-normal/arm64/CoronaErrors_const_extract_protocols.json -Xcc -I/Users/admin/builder/spi-builder-workspace/.derivedData/Build/Products/Debug-xros/include -Xcc -I/Users/admin/builder/spi-builder-workspace/.derivedData/Build/Intermediates.noindex/CoronaErrors.build/Debug-xros/CoronaErrors-t.build/DerivedSources-normal/arm64 -Xcc -I/Users/admin/builder/spi-builder-workspace/.derivedData/Build/Intermediates.noindex/CoronaErrors.build/Debug-xros/CoronaErrors-t.build/DerivedSources/arm64 -Xcc -I/Users/admin/builder/spi-builder-workspace/.derivedData/Build/Intermediates.noindex/CoronaErrors.build/Debug-xros/CoronaErrors-t.build/DerivedSources -Xcc -DSWIFT_PACKAGE -Xcc -DDEBUG\=1 -emit-objc-header -emit-objc-header-path /Users/admin/builder/spi-builder-workspace/.derivedData/Build/Intermediates.noindex/CoronaErrors.build/Debug-xros/CoronaErrors-t.build/Objects-normal/arm64/CoronaErrors-Swift.h -working-directory /Users/admin/builder/spi-builder-workspace/.swiftpm/xcode -experimental-emit-module-separately -disable-cmo
SwiftExplicitDependencyGeneratePcm arm64 /Users/admin/builder/spi-builder-workspace/.derivedData/SDKExplicitPrecompiledModules/ptrauth-1WBA714DZSVUL5JQDJ08CLKZ.pcm
SwiftExplicitDependencyGeneratePcm arm64 /Users/admin/builder/spi-builder-workspace/.derivedData/SDKExplicitPrecompiledModules/_SwiftConcurrencyShims-C8XHKSHX96D5YYALNM4W70Z0O.pcm
SwiftExplicitDependencyGeneratePcm arm64 /Users/admin/builder/spi-builder-workspace/.derivedData/SDKExplicitPrecompiledModules/_Builtin_float-6WKHNW5S40U2QGHXXGETUDIRA.pcm
SwiftExplicitDependencyGeneratePcm arm64 /Users/admin/builder/spi-builder-workspace/.derivedData/SDKExplicitPrecompiledModules/_AvailabilityInternal-1Q8IQP6M38UWSGZ95UCEY2M44.pcm
SwiftExplicitDependencyGeneratePcm arm64 /Users/admin/builder/spi-builder-workspace/.derivedData/SDKExplicitPrecompiledModules/_Builtin_stddef-5NQ9Z1GV07GBSRQGAQCGXGVRI.pcm
SwiftExplicitDependencyGeneratePcm arm64 /Users/admin/builder/spi-builder-workspace/.derivedData/SDKExplicitPrecompiledModules/ptrcheck-BXA97MNLI4BB0HF5I8MJE403D.pcm
SwiftExplicitDependencyGeneratePcm arm64 /Users/admin/builder/spi-builder-workspace/.derivedData/SDKExplicitPrecompiledModules/_Builtin_stdbool-5BU2ADS7JXQMYENKQHW9X8XOU.pcm
SwiftExplicitDependencyGeneratePcm arm64 /Users/admin/builder/spi-builder-workspace/.derivedData/SDKExplicitPrecompiledModules/_Builtin_stdarg-CDA349K2K4US766844K8E0PVA.pcm
SwiftExplicitDependencyGeneratePcm arm64 /Users/admin/builder/spi-builder-workspace/.derivedData/SDKExplicitPrecompiledModules/SwiftShims-CI4H5RO9IYFFWQ2COB512Q2S9.pcm
SwiftExplicitDependencyGeneratePcm arm64 /Users/admin/builder/spi-builder-workspace/.derivedData/SDKExplicitPrecompiledModules/_DarwinFoundation1-5RGRVV2TZ6WC4WZW5IXF8NQ04.pcm
SwiftExplicitDependencyGeneratePcm arm64 /Users/admin/builder/spi-builder-workspace/.derivedData/SDKExplicitPrecompiledModules/_DarwinFoundation2-ENTECK156YEWITZRRBTOCE4KR.pcm
SwiftExplicitDependencyGeneratePcm arm64 /Users/admin/builder/spi-builder-workspace/.derivedData/SDKExplicitPrecompiledModules/_Builtin_limits-425JDMN5HPM3D0UEI8LEHP6NM.pcm
SwiftExplicitDependencyGeneratePcm arm64 /Users/admin/builder/spi-builder-workspace/.derivedData/SDKExplicitPrecompiledModules/_Builtin_stdint-8OR6T47OOYJA90ZBO3N1USDE.pcm
SwiftExplicitDependencyGeneratePcm arm64 /Users/admin/builder/spi-builder-workspace/.derivedData/SDKExplicitPrecompiledModules/sys_types-AYM0BHR77VKMWZCO2T0XGV2HF.pcm
SwiftExplicitDependencyGeneratePcm arm64 /Users/admin/builder/spi-builder-workspace/.derivedData/SDKExplicitPrecompiledModules/string_h-2GT67HHHHK5CF1V1S31LH0PU2.pcm
SwiftExplicitDependencyGeneratePcm arm64 /Users/admin/builder/spi-builder-workspace/.derivedData/SDKExplicitPrecompiledModules/_DarwinFoundation3-9ZHN6JKBS40BBA81RQMV8H0IC.pcm
SwiftExplicitDependencyGeneratePcm arm64 /Users/admin/builder/spi-builder-workspace/.derivedData/SDKExplicitPrecompiledModules/_Builtin_inttypes-11B64KJD36B3YOHBR1BBXBJY8.pcm
SwiftExplicitDependencyGeneratePcm arm64 /Users/admin/builder/spi-builder-workspace/.derivedData/SDKExplicitPrecompiledModules/Darwin-60P5LVNQO3ESRRM5DCJ05PFNK.pcm
SwiftExplicitDependencyGeneratePcm arm64 /Users/admin/builder/spi-builder-workspace/.derivedData/SDKExplicitPrecompiledModules/ObjectiveC-26TIBFYCEJZVP216ZZAU1X8KN.pcm
SwiftExplicitDependencyGeneratePcm arm64 /Users/admin/builder/spi-builder-workspace/.derivedData/SDKExplicitPrecompiledModules/os_object-692CJ8BG6RE5H04487EJJOVXW.pcm
SwiftExplicitDependencyGeneratePcm arm64 /Users/admin/builder/spi-builder-workspace/.derivedData/SDKExplicitPrecompiledModules/os_workgroup-4U1VXMWIZD80E7PRUQF2G7P9X.pcm
SwiftExplicitDependencyGeneratePcm arm64 /Users/admin/builder/spi-builder-workspace/.derivedData/SDKExplicitPrecompiledModules/Dispatch-CLT3466HKC22GCKAWSCNG0H7T.pcm
SwiftExplicitDependencyGeneratePcm arm64 /Users/admin/builder/spi-builder-workspace/.derivedData/SDKExplicitPrecompiledModules/CoreFoundation-AVLTZVCXBU2TO75JCN4AGU8XJ.pcm
SwiftExplicitDependencyGeneratePcm arm64 /Users/admin/builder/spi-builder-workspace/.derivedData/SDKExplicitPrecompiledModules/XPC-EP5EU7FNGP4VOA3EDM18P1KHO.pcm
SwiftExplicitDependencyGeneratePcm arm64 /Users/admin/builder/spi-builder-workspace/.derivedData/SDKExplicitPrecompiledModules/CFNetwork-5MI70N1VLDQSWTX4COWLMSIRO.pcm
SwiftExplicitDependencyGeneratePcm arm64 /Users/admin/builder/spi-builder-workspace/.derivedData/SDKExplicitPrecompiledModules/Security-8TH2M8WJIQMET4SADWX0N8372.pcm
SwiftExplicitDependencyGeneratePcm arm64 /Users/admin/builder/spi-builder-workspace/.derivedData/SDKExplicitPrecompiledModules/Foundation-8GON1KVEKRN3NOQI8RETBRWJP.pcm
SwiftEmitModule normal arm64 Emitting\ module\ for\ CoronaErrors (in target 'CoronaErrors' from project 'CoronaErrors')
SwiftCompile normal arm64 (in target 'CoronaErrors' from project 'CoronaErrors')
cd /Users/admin/builder/spi-builder-workspace/.swiftpm/xcode
SwiftCompile normal arm64 Compiling\ ParseException.swift /Users/admin/builder/spi-builder-workspace/.dependencies/checkouts/CoronaErrors/Sources/CoronaErrors/ParseException.swift (in target 'CoronaErrors' from project 'CoronaErrors')
SwiftCompile normal arm64 /Users/admin/builder/spi-builder-workspace/.dependencies/checkouts/CoronaErrors/Sources/CoronaErrors/ParseException.swift (in target 'CoronaErrors' from project 'CoronaErrors')
cd /Users/admin/builder/spi-builder-workspace/.swiftpm/xcode
builtin-SwiftPerFileCompile ParseException.swift
SwiftCompile normal arm64 Compiling\ ValueException.swift /Users/admin/builder/spi-builder-workspace/.dependencies/checkouts/CoronaErrors/Sources/CoronaErrors/ValueException.swift (in target 'CoronaErrors' from project 'CoronaErrors')
SwiftCompile normal arm64 /Users/admin/builder/spi-builder-workspace/.dependencies/checkouts/CoronaErrors/Sources/CoronaErrors/ValueException.swift (in target 'CoronaErrors' from project 'CoronaErrors')
cd /Users/admin/builder/spi-builder-workspace/.swiftpm/xcode
builtin-SwiftPerFileCompile ValueException.swift
SwiftCompile normal arm64 Compiling\ IOException.swift /Users/admin/builder/spi-builder-workspace/.dependencies/checkouts/CoronaErrors/Sources/CoronaErrors/IOException.swift (in target 'CoronaErrors' from project 'CoronaErrors')
SwiftCompile normal arm64 /Users/admin/builder/spi-builder-workspace/.dependencies/checkouts/CoronaErrors/Sources/CoronaErrors/IOException.swift (in target 'CoronaErrors' from project 'CoronaErrors')
cd /Users/admin/builder/spi-builder-workspace/.swiftpm/xcode
builtin-SwiftPerFileCompile IOException.swift
SwiftCompile normal arm64 Compiling\ CoronaErrors.swift,\ Exception.swift /Users/admin/builder/spi-builder-workspace/.dependencies/checkouts/CoronaErrors/Sources/CoronaErrors/CoronaErrors.swift /Users/admin/builder/spi-builder-workspace/.dependencies/checkouts/CoronaErrors/Sources/CoronaErrors/Exception.swift (in target 'CoronaErrors' from project 'CoronaErrors')
SwiftCompile normal arm64 /Users/admin/builder/spi-builder-workspace/.dependencies/checkouts/CoronaErrors/Sources/CoronaErrors/CoronaErrors.swift (in target 'CoronaErrors' from project 'CoronaErrors')
cd /Users/admin/builder/spi-builder-workspace/.swiftpm/xcode
builtin-SwiftPerFileCompile CoronaErrors.swift
SwiftCompile normal arm64 /Users/admin/builder/spi-builder-workspace/.dependencies/checkouts/CoronaErrors/Sources/CoronaErrors/Exception.swift (in target 'CoronaErrors' from project 'CoronaErrors')
cd /Users/admin/builder/spi-builder-workspace/.swiftpm/xcode
builtin-SwiftPerFileCompile Exception.swift
SwiftCompile normal arm64 Compiling\ ParseError.swift /Users/admin/builder/spi-builder-workspace/.dependencies/checkouts/CoronaErrors/Sources/CoronaErrors/ParseError.swift (in target 'CoronaErrors' from project 'CoronaErrors')
SwiftCompile normal arm64 /Users/admin/builder/spi-builder-workspace/.dependencies/checkouts/CoronaErrors/Sources/CoronaErrors/ParseError.swift (in target 'CoronaErrors' from project 'CoronaErrors')
cd /Users/admin/builder/spi-builder-workspace/.swiftpm/xcode
builtin-SwiftPerFileCompile ParseError.swift
SwiftCompile normal arm64 Compiling\ NilException.swift /Users/admin/builder/spi-builder-workspace/.dependencies/checkouts/CoronaErrors/Sources/CoronaErrors/NilException.swift (in target 'CoronaErrors' from project 'CoronaErrors')
SwiftCompile normal arm64 /Users/admin/builder/spi-builder-workspace/.dependencies/checkouts/CoronaErrors/Sources/CoronaErrors/NilException.swift (in target 'CoronaErrors' from project 'CoronaErrors')
cd /Users/admin/builder/spi-builder-workspace/.swiftpm/xcode
builtin-SwiftPerFileCompile NilException.swift
SwiftCompile normal arm64 Compiling\ ValueError.swift /Users/admin/builder/spi-builder-workspace/.dependencies/checkouts/CoronaErrors/Sources/CoronaErrors/ValueError.swift (in target 'CoronaErrors' from project 'CoronaErrors')
SwiftCompile normal arm64 /Users/admin/builder/spi-builder-workspace/.dependencies/checkouts/CoronaErrors/Sources/CoronaErrors/ValueError.swift (in target 'CoronaErrors' from project 'CoronaErrors')
cd /Users/admin/builder/spi-builder-workspace/.swiftpm/xcode
builtin-SwiftPerFileCompile ValueError.swift
SwiftCompile normal arm64 Compiling\ FileNotFoundException.swift,\ IOError.swift /Users/admin/builder/spi-builder-workspace/.dependencies/checkouts/CoronaErrors/Sources/CoronaErrors/FileNotFoundException.swift /Users/admin/builder/spi-builder-workspace/.dependencies/checkouts/CoronaErrors/Sources/CoronaErrors/IOError.swift (in target 'CoronaErrors' from project 'CoronaErrors')
SwiftCompile normal arm64 /Users/admin/builder/spi-builder-workspace/.dependencies/checkouts/CoronaErrors/Sources/CoronaErrors/FileNotFoundException.swift (in target 'CoronaErrors' from project 'CoronaErrors')
cd /Users/admin/builder/spi-builder-workspace/.swiftpm/xcode
builtin-SwiftPerFileCompile FileNotFoundException.swift
SwiftCompile normal arm64 /Users/admin/builder/spi-builder-workspace/.dependencies/checkouts/CoronaErrors/Sources/CoronaErrors/IOError.swift (in target 'CoronaErrors' from project 'CoronaErrors')
cd /Users/admin/builder/spi-builder-workspace/.swiftpm/xcode
builtin-SwiftPerFileCompile IOError.swift
SwiftCompile normal arm64 Compiling\ OperationException.swift /Users/admin/builder/spi-builder-workspace/.dependencies/checkouts/CoronaErrors/Sources/CoronaErrors/OperationException.swift (in target 'CoronaErrors' from project 'CoronaErrors')
SwiftCompile normal arm64 /Users/admin/builder/spi-builder-workspace/.dependencies/checkouts/CoronaErrors/Sources/CoronaErrors/OperationException.swift (in target 'CoronaErrors' from project 'CoronaErrors')
cd /Users/admin/builder/spi-builder-workspace/.swiftpm/xcode
builtin-SwiftPerFileCompile OperationException.swift
SwiftCompile normal arm64 Compiling\ OperationError.swift /Users/admin/builder/spi-builder-workspace/.dependencies/checkouts/CoronaErrors/Sources/CoronaErrors/OperationError.swift (in target 'CoronaErrors' from project 'CoronaErrors')
SwiftCompile normal arm64 /Users/admin/builder/spi-builder-workspace/.dependencies/checkouts/CoronaErrors/Sources/CoronaErrors/OperationError.swift (in target 'CoronaErrors' from project 'CoronaErrors')
cd /Users/admin/builder/spi-builder-workspace/.swiftpm/xcode
builtin-SwiftPerFileCompile OperationError.swift
SwiftDriverJobDiscovery normal arm64 Emitting module for CoronaErrors (in target 'CoronaErrors' from project 'CoronaErrors')
SwiftDriver\ Compilation\ Requirements CoronaErrors normal arm64 com.apple.xcode.tools.swift.compiler (in target 'CoronaErrors' from project 'CoronaErrors')
cd /Users/admin/builder/spi-builder-workspace/.swiftpm/xcode
builtin-Swift-Compilation-Requirements -- /Applications/Xcode-27.0.0-Release.Candidate.app/Contents/Developer/Toolchains/XcodeDefault.xctoolchain/usr/bin/swiftc -parse-as-library -module-name CoronaErrors -Onone @/Users/admin/builder/spi-builder-workspace/.derivedData/Build/Intermediates.noindex/CoronaErrors.build/Debug-xros/CoronaErrors-t.build/Objects-normal/arm64/CoronaErrors.SwiftFileList -DSWIFT_PACKAGE -DDEBUG -DSWIFT_MODULE_RESOURCE_BUNDLE_UNAVAILABLE -DXcode -plugin-path /Applications/Xcode-27.0.0-Release.Candidate.app/Contents/Developer/Toolchains/XcodeDefault.xctoolchain/usr/lib/swift/host/plugins/testing -enable-experimental-feature DebugDescriptionMacro -sdk /Applications/Xcode-27.0.0-Release.Candidate.app/Contents/Developer/Platforms/XROS.platform/Developer/SDKs/XROS27.0.sdk -target arm64-apple-xros1.0 -g -module-cache-path /Users/admin/builder/spi-builder-workspace/.derivedData/ModuleCache.noindex -Xfrontend -serialize-debugging-options -profile-coverage-mapping -profile-generate -enable-testing -suppress-warnings -index-store-path /Users/admin/builder/spi-builder-workspace/.derivedData/Index.noindex/DataStore -Xcc -D_LIBCPP_HARDENING_MODE\=_LIBCPP_HARDENING_MODE_DEBUG -swift-version 5 -I /Users/admin/builder/spi-builder-workspace/.derivedData/Build/Products/Debug-xros -Isystem /Applications/Xcode-27.0.0-Release.Candidate.app/Contents/Developer/Platforms/XROS.platform/Developer/usr/lib -F /Users/admin/builder/spi-builder-workspace/.derivedData/Build/Products/Debug-xros -F /Applications/Xcode-27.0.0-Release.Candidate.app/Contents/Developer/Platforms/XROS.platform/Developer/Library/Frameworks -F /Applications/Xcode-27.0.0-Release.Candidate.app/Contents/Developer/Platforms/XROS.platform/Developer/SDKs/XROS27.0.sdk/Developer/Library/Frameworks -c -j10 -enable-batch-mode -incremental -Xcc -ivfsstatcache -Xcc /Users/admin/builder/spi-builder-workspace/.derivedData/SDKStatCaches.noindex/xros27.0-24M361-e829b21a6f8c9b70876ba0858053c044735bd543db762f57723cac368afd1ce4.sdkstatcache -output-file-map /Users/admin/builder/spi-builder-workspace/.derivedData/Build/Intermediates.noindex/CoronaErrors.build/Debug-xros/CoronaErrors-t.build/Objects-normal/arm64/CoronaErrors-OutputFileMap.json -save-temps -no-color-diagnostics -explicit-module-build -module-cache-path /Users/admin/builder/spi-builder-workspace/.derivedData/Build/Intermediates.noindex/SwiftExplicitPrecompiledModules -clang-scanner-module-cache-path /Users/admin/builder/spi-builder-workspace/.derivedData/ModuleCache.noindex -sdk-module-cache-path /Users/admin/builder/spi-builder-workspace/.derivedData/SDKExplicitPrecompiledModules -emit-dependencies -emit-module -emit-module-path /Users/admin/builder/spi-builder-workspace/.derivedData/Build/Intermediates.noindex/CoronaErrors.build/Debug-xros/CoronaErrors-t.build/Objects-normal/arm64/CoronaErrors.swiftmodule -serialize-diagnostics -dependency-scan-serialize-diagnostics-path /Users/admin/builder/spi-builder-workspace/.derivedData/Build/Intermediates.noindex/CoronaErrors.build/Debug-xros/CoronaErrors-t.build/Objects-normal/arm64/CoronaErrors-dependency-scan.dia -validate-clang-modules-once -clang-build-session-file /Users/admin/builder/spi-builder-workspace/.derivedData/ModuleCache.noindex/Session.modulevalidation -Xcc -fmodules-prune-interval\=86400 -Xcc -fmodules-prune-after\=345600 -emit-const-values -const-gather-protocols-list /Users/admin/builder/spi-builder-workspace/.derivedData/Build/Intermediates.noindex/CoronaErrors.build/Debug-xros/CoronaErrors-t.build/Objects-normal/arm64/CoronaErrors_const_extract_protocols.json -Xcc -I/Users/admin/builder/spi-builder-workspace/.derivedData/Build/Products/Debug-xros/include -Xcc -I/Users/admin/builder/spi-builder-workspace/.derivedData/Build/Intermediates.noindex/CoronaErrors.build/Debug-xros/CoronaErrors-t.build/DerivedSources-normal/arm64 -Xcc -I/Users/admin/builder/spi-builder-workspace/.derivedData/Build/Intermediates.noindex/CoronaErrors.build/Debug-xros/CoronaErrors-t.build/DerivedSources/arm64 -Xcc -I/Users/admin/builder/spi-builder-workspace/.derivedData/Build/Intermediates.noindex/CoronaErrors.build/Debug-xros/CoronaErrors-t.build/DerivedSources -Xcc -DSWIFT_PACKAGE -Xcc -DDEBUG\=1 -emit-objc-header -emit-objc-header-path /Users/admin/builder/spi-builder-workspace/.derivedData/Build/Intermediates.noindex/CoronaErrors.build/Debug-xros/CoronaErrors-t.build/Objects-normal/arm64/CoronaErrors-Swift.h -working-directory /Users/admin/builder/spi-builder-workspace/.swiftpm/xcode -experimental-emit-module-separately -disable-cmo
SwiftDriverJobDiscovery normal arm64 Compiling CoronaErrors.swift, Exception.swift (in target 'CoronaErrors' from project 'CoronaErrors')
SwiftDriverJobDiscovery normal arm64 Compiling FileNotFoundException.swift, IOError.swift (in target 'CoronaErrors' from project 'CoronaErrors')
SwiftDriverJobDiscovery normal arm64 Compiling ParseException.swift (in target 'CoronaErrors' from project 'CoronaErrors')
SwiftDriverJobDiscovery normal arm64 Compiling OperationError.swift (in target 'CoronaErrors' from project 'CoronaErrors')
SwiftMergeGeneratedHeaders /Users/admin/builder/spi-builder-workspace/.derivedData/Build/Intermediates.noindex/GeneratedModuleMaps-xros/CoronaErrors-Swift.h /Users/admin/builder/spi-builder-workspace/.derivedData/Build/Intermediates.noindex/CoronaErrors.build/Debug-xros/CoronaErrors-t.build/Objects-normal/arm64/CoronaErrors-Swift.h (in target 'CoronaErrors' from project 'CoronaErrors')
cd /Users/admin/builder/spi-builder-workspace/.dependencies/checkouts/CoronaErrors
builtin-swiftHeaderTool -arch arm64 /Users/admin/builder/spi-builder-workspace/.derivedData/Build/Intermediates.noindex/CoronaErrors.build/Debug-xros/CoronaErrors-t.build/Objects-normal/arm64/CoronaErrors-Swift.h -o /Users/admin/builder/spi-builder-workspace/.derivedData/Build/Intermediates.noindex/GeneratedModuleMaps-xros/CoronaErrors-Swift.h
SwiftDriverJobDiscovery normal arm64 Compiling NilException.swift (in target 'CoronaErrors' from project 'CoronaErrors')
SwiftDriverJobDiscovery normal arm64 Compiling ValueError.swift (in target 'CoronaErrors' from project 'CoronaErrors')
SwiftDriverJobDiscovery normal arm64 Compiling ParseError.swift (in target 'CoronaErrors' from project 'CoronaErrors')
SwiftDriverJobDiscovery normal arm64 Compiling IOException.swift (in target 'CoronaErrors' from project 'CoronaErrors')
SwiftDriverJobDiscovery normal arm64 Compiling OperationException.swift (in target 'CoronaErrors' from project 'CoronaErrors')
SwiftDriverJobDiscovery normal arm64 Compiling ValueException.swift (in target 'CoronaErrors' from project 'CoronaErrors')
SwiftDriver\ Compilation CoronaErrors normal arm64 com.apple.xcode.tools.swift.compiler (in target 'CoronaErrors' from project 'CoronaErrors')
cd /Users/admin/builder/spi-builder-workspace/.swiftpm/xcode
builtin-Swift-Compilation -- /Applications/Xcode-27.0.0-Release.Candidate.app/Contents/Developer/Toolchains/XcodeDefault.xctoolchain/usr/bin/swiftc -parse-as-library -module-name CoronaErrors -Onone @/Users/admin/builder/spi-builder-workspace/.derivedData/Build/Intermediates.noindex/CoronaErrors.build/Debug-xros/CoronaErrors-t.build/Objects-normal/arm64/CoronaErrors.SwiftFileList -DSWIFT_PACKAGE -DDEBUG -DSWIFT_MODULE_RESOURCE_BUNDLE_UNAVAILABLE -DXcode -plugin-path /Applications/Xcode-27.0.0-Release.Candidate.app/Contents/Developer/Toolchains/XcodeDefault.xctoolchain/usr/lib/swift/host/plugins/testing -enable-experimental-feature DebugDescriptionMacro -sdk /Applications/Xcode-27.0.0-Release.Candidate.app/Contents/Developer/Platforms/XROS.platform/Developer/SDKs/XROS27.0.sdk -target arm64-apple-xros1.0 -g -module-cache-path /Users/admin/builder/spi-builder-workspace/.derivedData/ModuleCache.noindex -Xfrontend -serialize-debugging-options -profile-coverage-mapping -profile-generate -enable-testing -suppress-warnings -index-store-path /Users/admin/builder/spi-builder-workspace/.derivedData/Index.noindex/DataStore -Xcc -D_LIBCPP_HARDENING_MODE\=_LIBCPP_HARDENING_MODE_DEBUG -swift-version 5 -I /Users/admin/builder/spi-builder-workspace/.derivedData/Build/Products/Debug-xros -Isystem /Applications/Xcode-27.0.0-Release.Candidate.app/Contents/Developer/Platforms/XROS.platform/Developer/usr/lib -F /Users/admin/builder/spi-builder-workspace/.derivedData/Build/Products/Debug-xros -F /Applications/Xcode-27.0.0-Release.Candidate.app/Contents/Developer/Platforms/XROS.platform/Developer/Library/Frameworks -F /Applications/Xcode-27.0.0-Release.Candidate.app/Contents/Developer/Platforms/XROS.platform/Developer/SDKs/XROS27.0.sdk/Developer/Library/Frameworks -c -j10 -enable-batch-mode -incremental -Xcc -ivfsstatcache -Xcc /Users/admin/builder/spi-builder-workspace/.derivedData/SDKStatCaches.noindex/xros27.0-24M361-e829b21a6f8c9b70876ba0858053c044735bd543db762f57723cac368afd1ce4.sdkstatcache -output-file-map /Users/admin/builder/spi-builder-workspace/.derivedData/Build/Intermediates.noindex/CoronaErrors.build/Debug-xros/CoronaErrors-t.build/Objects-normal/arm64/CoronaErrors-OutputFileMap.json -save-temps -no-color-diagnostics -explicit-module-build -module-cache-path /Users/admin/builder/spi-builder-workspace/.derivedData/Build/Intermediates.noindex/SwiftExplicitPrecompiledModules -clang-scanner-module-cache-path /Users/admin/builder/spi-builder-workspace/.derivedData/ModuleCache.noindex -sdk-module-cache-path /Users/admin/builder/spi-builder-workspace/.derivedData/SDKExplicitPrecompiledModules -emit-dependencies -emit-module -emit-module-path /Users/admin/builder/spi-builder-workspace/.derivedData/Build/Intermediates.noindex/CoronaErrors.build/Debug-xros/CoronaErrors-t.build/Objects-normal/arm64/CoronaErrors.swiftmodule -serialize-diagnostics -dependency-scan-serialize-diagnostics-path /Users/admin/builder/spi-builder-workspace/.derivedData/Build/Intermediates.noindex/CoronaErrors.build/Debug-xros/CoronaErrors-t.build/Objects-normal/arm64/CoronaErrors-dependency-scan.dia -validate-clang-modules-once -clang-build-session-file /Users/admin/builder/spi-builder-workspace/.derivedData/ModuleCache.noindex/Session.modulevalidation -Xcc -fmodules-prune-interval\=86400 -Xcc -fmodules-prune-after\=345600 -emit-const-values -const-gather-protocols-list /Users/admin/builder/spi-builder-workspace/.derivedData/Build/Intermediates.noindex/CoronaErrors.build/Debug-xros/CoronaErrors-t.build/Objects-normal/arm64/CoronaErrors_const_extract_protocols.json -Xcc -I/Users/admin/builder/spi-builder-workspace/.derivedData/Build/Products/Debug-xros/include -Xcc -I/Users/admin/builder/spi-builder-workspace/.derivedData/Build/Intermediates.noindex/CoronaErrors.build/Debug-xros/CoronaErrors-t.build/DerivedSources-normal/arm64 -Xcc -I/Users/admin/builder/spi-builder-workspace/.derivedData/Build/Intermediates.noindex/CoronaErrors.build/Debug-xros/CoronaErrors-t.build/DerivedSources/arm64 -Xcc -I/Users/admin/builder/spi-builder-workspace/.derivedData/Build/Intermediates.noindex/CoronaErrors.build/Debug-xros/CoronaErrors-t.build/DerivedSources -Xcc -DSWIFT_PACKAGE -Xcc -DDEBUG\=1 -emit-objc-header -emit-objc-header-path /Users/admin/builder/spi-builder-workspace/.derivedData/Build/Intermediates.noindex/CoronaErrors.build/Debug-xros/CoronaErrors-t.build/Objects-normal/arm64/CoronaErrors-Swift.h -working-directory /Users/admin/builder/spi-builder-workspace/.swiftpm/xcode -experimental-emit-module-separately -disable-cmo
Copy /Users/admin/builder/spi-builder-workspace/.derivedData/Build/Products/Debug-xros/CoronaErrors.swiftmodule/arm64-apple-xros.swiftdoc /Users/admin/builder/spi-builder-workspace/.derivedData/Build/Intermediates.noindex/CoronaErrors.build/Debug-xros/CoronaErrors-t.build/Objects-normal/arm64/CoronaErrors.swiftdoc (in target 'CoronaErrors' from project 'CoronaErrors')
cd /Users/admin/builder/spi-builder-workspace/.dependencies/checkouts/CoronaErrors
builtin-copy -exclude .DS_Store -exclude CVS -exclude .svn -exclude .git -exclude .hg -resolve-src-symlinks -rename /Users/admin/builder/spi-builder-workspace/.derivedData/Build/Intermediates.noindex/CoronaErrors.build/Debug-xros/CoronaErrors-t.build/Objects-normal/arm64/CoronaErrors.swiftdoc /Users/admin/builder/spi-builder-workspace/.derivedData/Build/Products/Debug-xros/CoronaErrors.swiftmodule/arm64-apple-xros.swiftdoc
Copy /Users/admin/builder/spi-builder-workspace/.derivedData/Build/Products/Debug-xros/CoronaErrors.swiftmodule/arm64-apple-xros.swiftmodule /Users/admin/builder/spi-builder-workspace/.derivedData/Build/Intermediates.noindex/CoronaErrors.build/Debug-xros/CoronaErrors-t.build/Objects-normal/arm64/CoronaErrors.swiftmodule (in target 'CoronaErrors' from project 'CoronaErrors')
cd /Users/admin/builder/spi-builder-workspace/.dependencies/checkouts/CoronaErrors
builtin-copy -exclude .DS_Store -exclude CVS -exclude .svn -exclude .git -exclude .hg -resolve-src-symlinks -rename /Users/admin/builder/spi-builder-workspace/.derivedData/Build/Intermediates.noindex/CoronaErrors.build/Debug-xros/CoronaErrors-t.build/Objects-normal/arm64/CoronaErrors.swiftmodule /Users/admin/builder/spi-builder-workspace/.derivedData/Build/Products/Debug-xros/CoronaErrors.swiftmodule/arm64-apple-xros.swiftmodule
Copy /Users/admin/builder/spi-builder-workspace/.derivedData/Build/Products/Debug-xros/CoronaErrors.swiftmodule/arm64-apple-xros.abi.json /Users/admin/builder/spi-builder-workspace/.derivedData/Build/Intermediates.noindex/CoronaErrors.build/Debug-xros/CoronaErrors-t.build/Objects-normal/arm64/CoronaErrors.abi.json (in target 'CoronaErrors' from project 'CoronaErrors')
cd /Users/admin/builder/spi-builder-workspace/.dependencies/checkouts/CoronaErrors
builtin-copy -exclude .DS_Store -exclude CVS -exclude .svn -exclude .git -exclude .hg -resolve-src-symlinks -rename /Users/admin/builder/spi-builder-workspace/.derivedData/Build/Intermediates.noindex/CoronaErrors.build/Debug-xros/CoronaErrors-t.build/Objects-normal/arm64/CoronaErrors.abi.json /Users/admin/builder/spi-builder-workspace/.derivedData/Build/Products/Debug-xros/CoronaErrors.swiftmodule/arm64-apple-xros.abi.json
Copy /Users/admin/builder/spi-builder-workspace/.derivedData/Build/Products/Debug-xros/CoronaErrors.swiftmodule/Project/arm64-apple-xros.swiftsourceinfo /Users/admin/builder/spi-builder-workspace/.derivedData/Build/Intermediates.noindex/CoronaErrors.build/Debug-xros/CoronaErrors-t.build/Objects-normal/arm64/CoronaErrors.swiftsourceinfo (in target 'CoronaErrors' from project 'CoronaErrors')
cd /Users/admin/builder/spi-builder-workspace/.dependencies/checkouts/CoronaErrors
builtin-copy -exclude .DS_Store -exclude CVS -exclude .svn -exclude .git -exclude .hg -resolve-src-symlinks -rename /Users/admin/builder/spi-builder-workspace/.derivedData/Build/Intermediates.noindex/CoronaErrors.build/Debug-xros/CoronaErrors-t.build/Objects-normal/arm64/CoronaErrors.swiftsourceinfo /Users/admin/builder/spi-builder-workspace/.derivedData/Build/Products/Debug-xros/CoronaErrors.swiftmodule/Project/arm64-apple-xros.swiftsourceinfo
Ld /Users/admin/builder/spi-builder-workspace/.derivedData/Build/Products/Debug-xros/CoronaErrors.o normal (in target 'CoronaErrors' from project 'CoronaErrors')
cd /Users/admin/builder/spi-builder-workspace/.dependencies/checkouts/CoronaErrors
/Applications/Xcode-27.0.0-Release.Candidate.app/Contents/Developer/Toolchains/XcodeDefault.xctoolchain/usr/bin/clang -Xlinker -reproducible -target arm64-apple-xros1.0 -r -isysroot /Applications/Xcode-27.0.0-Release.Candidate.app/Contents/Developer/Platforms/XROS.platform/Developer/SDKs/XROS27.0.sdk -O0 -w -Xlinker -no_warn_duplicate_libraries -F/Users/admin/builder/spi-builder-workspace/.derivedData/Build/Intermediates.noindex/EagerLinkingTBDs/Debug-xros -F/Users/admin/builder/spi-builder-workspace/.derivedData/Build/Products/Debug-xros -iframework /Applications/Xcode-27.0.0-Release.Candidate.app/Contents/Developer/Platforms/XROS.platform/Developer/Library/Frameworks -iframework /Applications/Xcode-27.0.0-Release.Candidate.app/Contents/Developer/Platforms/XROS.platform/Developer/SDKs/XROS27.0.sdk/Developer/Library/Frameworks -filelist /Users/admin/builder/spi-builder-workspace/.derivedData/Build/Intermediates.noindex/CoronaErrors.build/Debug-xros/CoronaErrors-t.build/Objects-normal/arm64/CoronaErrors.LinkFileList -nostdlib -Xlinker -object_path_lto -Xlinker /Users/admin/builder/spi-builder-workspace/.derivedData/Build/Intermediates.noindex/CoronaErrors.build/Debug-xros/CoronaErrors-t.build/Objects-normal/arm64/CoronaErrors_lto.o -Xlinker -no_deduplicate -Xlinker -debug_variant -Xlinker -dependency_info -Xlinker /Users/admin/builder/spi-builder-workspace/.derivedData/Build/Intermediates.noindex/CoronaErrors.build/Debug-xros/CoronaErrors-t.build/Objects-normal/arm64/CoronaErrors_dependency_info.dat -fobjc-link-runtime -L/Applications/Xcode-27.0.0-Release.Candidate.app/Contents/Developer/Toolchains/XcodeDefault.xctoolchain/usr/lib/swift/xros -L/usr/lib/swift -Xlinker -add_ast_path -Xlinker /Users/admin/builder/spi-builder-workspace/.derivedData/Build/Intermediates.noindex/CoronaErrors.build/Debug-xros/CoronaErrors-t.build/Objects-normal/arm64/CoronaErrors.swiftmodule -o /Users/admin/builder/spi-builder-workspace/.derivedData/Build/Products/Debug-xros/CoronaErrors.o
SwiftDriver CoronaMath normal arm64 com.apple.xcode.tools.swift.compiler (in target 'CoronaMath' from project 'CoronaMath')
cd /Users/admin/builder/spi-builder-workspace/.swiftpm/xcode
builtin-SwiftDriver -- /Applications/Xcode-27.0.0-Release.Candidate.app/Contents/Developer/Toolchains/XcodeDefault.xctoolchain/usr/bin/swiftc -parse-as-library -module-name CoronaMath -Onone @/Users/admin/builder/spi-builder-workspace/.derivedData/Build/Intermediates.noindex/CoronaMath.build/Debug-xros/CoronaMath-t.build/Objects-normal/arm64/CoronaMath.SwiftFileList -DSWIFT_PACKAGE -DDEBUG -DSWIFT_MODULE_RESOURCE_BUNDLE_UNAVAILABLE -Xcc -fmodule-map-file\=/Users/admin/builder/spi-builder-workspace/.dependencies/checkouts/COpenBlas/module.modulemap -DXcode -plugin-path /Applications/Xcode-27.0.0-Release.Candidate.app/Contents/Developer/Toolchains/XcodeDefault.xctoolchain/usr/lib/swift/host/plugins/testing -enable-experimental-feature DebugDescriptionMacro -sdk /Applications/Xcode-27.0.0-Release.Candidate.app/Contents/Developer/Platforms/XROS.platform/Developer/SDKs/XROS27.0.sdk -target arm64-apple-xros1.0 -g -module-cache-path /Users/admin/builder/spi-builder-workspace/.derivedData/ModuleCache.noindex -Xfrontend -serialize-debugging-options -profile-coverage-mapping -profile-generate -enable-testing -index-store-path /Users/admin/builder/spi-builder-workspace/.derivedData/Index.noindex/DataStore -Xcc -D_LIBCPP_HARDENING_MODE\=_LIBCPP_HARDENING_MODE_DEBUG -swift-version 5 -I /Users/admin/builder/spi-builder-workspace/.derivedData/Build/Products/Debug-xros -Isystem /Applications/Xcode-27.0.0-Release.Candidate.app/Contents/Developer/Platforms/XROS.platform/Developer/usr/lib -F /Users/admin/builder/spi-builder-workspace/.derivedData/Build/Products/Debug-xros/PackageFrameworks -F /Users/admin/builder/spi-builder-workspace/.derivedData/Build/Products/Debug-xros -F /Applications/Xcode-27.0.0-Release.Candidate.app/Contents/Developer/Platforms/XROS.platform/Developer/Library/Frameworks -F /Applications/Xcode-27.0.0-Release.Candidate.app/Contents/Developer/Platforms/XROS.platform/Developer/SDKs/XROS27.0.sdk/Developer/Library/Frameworks -c -j10 -enable-batch-mode -incremental -Xcc -ivfsstatcache -Xcc /Users/admin/builder/spi-builder-workspace/.derivedData/SDKStatCaches.noindex/xros27.0-24M361-e829b21a6f8c9b70876ba0858053c044735bd543db762f57723cac368afd1ce4.sdkstatcache -output-file-map /Users/admin/builder/spi-builder-workspace/.derivedData/Build/Intermediates.noindex/CoronaMath.build/Debug-xros/CoronaMath-t.build/Objects-normal/arm64/CoronaMath-OutputFileMap.json -save-temps -no-color-diagnostics -explicit-module-build -module-cache-path /Users/admin/builder/spi-builder-workspace/.derivedData/Build/Intermediates.noindex/SwiftExplicitPrecompiledModules -clang-scanner-module-cache-path /Users/admin/builder/spi-builder-workspace/.derivedData/ModuleCache.noindex -sdk-module-cache-path /Users/admin/builder/spi-builder-workspace/.derivedData/SDKExplicitPrecompiledModules -emit-dependencies -emit-module -emit-module-path /Users/admin/builder/spi-builder-workspace/.derivedData/Build/Intermediates.noindex/CoronaMath.build/Debug-xros/CoronaMath-t.build/Objects-normal/arm64/CoronaMath.swiftmodule -serialize-diagnostics -dependency-scan-serialize-diagnostics-path /Users/admin/builder/spi-builder-workspace/.derivedData/Build/Intermediates.noindex/CoronaMath.build/Debug-xros/CoronaMath-t.build/Objects-normal/arm64/CoronaMath-dependency-scan.dia -validate-clang-modules-once -clang-build-session-file /Users/admin/builder/spi-builder-workspace/.derivedData/ModuleCache.noindex/Session.modulevalidation -Xcc -fmodules-prune-interval\=86400 -Xcc -fmodules-prune-after\=345600 -emit-const-values -const-gather-protocols-list /Users/admin/builder/spi-builder-workspace/.derivedData/Build/Intermediates.noindex/CoronaMath.build/Debug-xros/CoronaMath-t.build/Objects-normal/arm64/CoronaMath_const_extract_protocols.json -Xcc -I/Users/admin/builder/spi-builder-workspace/.derivedData/Build/Products/Debug-xros/include -Xcc -I/Users/admin/builder/spi-builder-workspace/.derivedData/Build/Intermediates.noindex/CoronaMath.build/Debug-xros/CoronaMath-t.build/DerivedSources-normal/arm64 -Xcc -I/Users/admin/builder/spi-builder-workspace/.derivedData/Build/Intermediates.noindex/CoronaMath.build/Debug-xros/CoronaMath-t.build/DerivedSources/arm64 -Xcc -I/Users/admin/builder/spi-builder-workspace/.derivedData/Build/Intermediates.noindex/CoronaMath.build/Debug-xros/CoronaMath-t.build/DerivedSources -Xcc -DSWIFT_PACKAGE -Xcc -DDEBUG\=1 -emit-objc-header -emit-objc-header-path /Users/admin/builder/spi-builder-workspace/.derivedData/Build/Intermediates.noindex/CoronaMath.build/Debug-xros/CoronaMath-t.build/Objects-normal/arm64/CoronaMath-Swift.h -working-directory /Users/admin/builder/spi-builder-workspace/.swiftpm/xcode -experimental-emit-module-separately -disable-cmo
error: Clang dependency scanning failure: /Users/admin/builder/spi-builder-workspace/.dependencies/checkouts/COpenBlas/module.modulemap:10:10: error: header '/usr/include/x86_64-linux-gnu/cblas-openblas.h' not found
module-include.input:1:1: fatal error: could not build module 'COpenBlas86_64'
(in target 'CoronaMath' from project 'CoronaMath')
error: Clang dependency scanning failure: /Users/admin/builder/spi-builder-workspace/.dependencies/checkouts/COpenBlas/module.modulemap:10:10: error: header '/usr/include/x86_64-linux-gnu/cblas-openblas.h' not found
module-include.input:1:3: fatal error: could not build module 'COpenBlas86_64'
(in target 'CoronaMath' from project 'CoronaMath')
/Users/admin/builder/spi-builder-workspace/Sources/CoronaMath/FastOperations.swift:12:16: error: Unable to resolve module dependency: 'COpenBlas86_64' (in target 'CoronaMath' from project 'CoronaMath')
note: A dependency of main module 'CoronaMath'
error: Clang dependency scanning failure: /Users/admin/builder/spi-builder-workspace/.dependencies/checkouts/COpenBlas/module.modulemap:10:10: error: header '/usr/include/x86_64-linux-gnu/cblas-openblas.h' not found
module-include.input:1:1: fatal error: could not build module 'COpenBlas86_64'
(in target 'CoronaMath' from project 'CoronaMath')
error: Clang dependency scanning failure: /Users/admin/builder/spi-builder-workspace/.dependencies/checkouts/COpenBlas/module.modulemap:10:10: error: header '/usr/include/x86_64-linux-gnu/cblas-openblas.h' not found
module-include.input:1:3: fatal error: could not build module 'COpenBlas86_64'
(in target 'CoronaMath' from project 'CoronaMath')
/Users/admin/builder/spi-builder-workspace/Sources/CoronaMath/FastOperations.swift:12:16: note: A dependency of main module 'CoronaMath'
import COpenBlas86_64
^ (in target 'CoronaMath' from project 'CoronaMath')
ExtractAppIntentsMetadata (in target 'CoronaErrors' from project 'CoronaErrors')
cd /Users/admin/builder/spi-builder-workspace/.dependencies/checkouts/CoronaErrors
/Applications/Xcode-27.0.0-Release.Candidate.app/Contents/Developer/Toolchains/XcodeDefault.xctoolchain/usr/bin/appintentsmetadataprocessor --toolchain-dir /var/run/com.apple.security.cryptexd/mnt/com.apple.MobileAsset.MetalToolchain-v27.1.266.1.eVW06X/Metal.xctoolchain --module-name CoronaErrors --sdk-root /Applications/Xcode-27.0.0-Release.Candidate.app/Contents/Developer/Platforms/XROS.platform/Developer/SDKs/XROS27.0.sdk --xcode-version 27A266a --platform-family xrOS --deployment-target 1.0 --bundle-identifier coronaerrors.CoronaErrors --output /Users/admin/builder/spi-builder-workspace/.derivedData/Build/Products/Debug-xros/CoronaErrors.appintents --target-triple arm64-apple-xros1.0 --binary-file /Users/admin/builder/spi-builder-workspace/.derivedData/Build/Products/Debug-xros/CoronaErrors.o --dependency-file /Users/admin/builder/spi-builder-workspace/.derivedData/Build/Intermediates.noindex/CoronaErrors.build/Debug-xros/CoronaErrors-t.build/Objects-normal/arm64/CoronaErrors_dependency_info.dat --stringsdata-file /Users/admin/builder/spi-builder-workspace/.derivedData/Build/Intermediates.noindex/CoronaErrors.build/Debug-xros/CoronaErrors-t.build/Objects-normal/arm64/ExtractedAppShortcutsMetadata.stringsdata --source-file-list /Users/admin/builder/spi-builder-workspace/.derivedData/Build/Intermediates.noindex/CoronaErrors.build/Debug-xros/CoronaErrors-t.build/Objects-normal/arm64/CoronaErrors.SwiftFileList --metadata-file-list /Users/admin/builder/spi-builder-workspace/.derivedData/Build/Intermediates.noindex/CoronaErrors.build/Debug-xros/CoronaErrors-t.build/CoronaErrors.DependencyMetadataFileList --static-metadata-file-list /Users/admin/builder/spi-builder-workspace/.derivedData/Build/Intermediates.noindex/CoronaErrors.build/Debug-xros/CoronaErrors-t.build/CoronaErrors.DependencyStaticMetadataFileList --swift-const-vals-list /Users/admin/builder/spi-builder-workspace/.derivedData/Build/Intermediates.noindex/CoronaErrors.build/Debug-xros/CoronaErrors-t.build/Objects-normal/arm64/CoronaErrors.SwiftConstValuesFileList --force --compile-time-extraction --deployment-aware-processing --no-app-shortcuts-localization
2026-09-21 10:47:53.872 appintentsmetadataprocessor[811:4913] Starting appintentsmetadataprocessor export
2026-09-21 10:47:53.963 appintentsmetadataprocessor[811:4913] Extracted no relevant App Intents symbols, skipping writing output
PruneExplicitPrecompiledModules /Users/admin/builder/spi-builder-workspace/.derivedData/Build/Intermediates.noindex/ExplicitPrecompiledModules
PruneExplicitPrecompiledModules /Users/admin/builder/spi-builder-workspace/.derivedData/SDKExplicitPrecompiledModules
PruneExplicitPrecompiledModules /Users/admin/builder/spi-builder-workspace/.derivedData/Build/Intermediates.noindex/SwiftExplicitPrecompiledModules
2026-09-21 10:47:46.821 xcodebuild[725:4547] [MT] IDERunDestination: Supported platforms for the buildables in the current scheme is empty.
** BUILD FAILED **
The following build commands failed:
SwiftDriver CoronaMath normal arm64 com.apple.xcode.tools.swift.compiler (in target 'CoronaMath' from project 'CoronaMath')
Building workspace CoronaMath with scheme CoronaMath
(2 failures)
Command line invocation:
/Applications/Xcode-27.0.0-Release.Candidate.app/Contents/Developer/usr/bin/xcodebuild -IDEClonedSourcePackagesDirPathOverride=/Users/admin/builder/spi-builder-workspace/.dependencies -resolvePackageDependencies
Resolve Package Graph
ignoring declared target(s) 'COpenBlas' in the system packagesystem packages are deprecated; use system library targets instead
Resolved source packages:
COpenBlas: https://github.com/CooperCorona/COpenBlas @ 1.1.0
CoronaErrors: https://github.com/CooperCorona/CoronaErrors.git @ 2.0.4
CoronaMath: /Users/admin/builder/spi-builder-workspace
resolved source packages: COpenBlas, CoronaErrors, CoronaMath
2026-09-21 10:47:54.994 xcodebuild[812:4971] [MT] IDERunDestination: Supported platforms for the buildables in the current scheme is empty.
{
"dependencies" : [
{
"identity" : "coronaerrors",
"requirement" : {
"range" : [
{
"lower_bound" : "2.0.0",
"upper_bound" : "3.0.0"
}
]
},
"type" : "sourceControl",
"url" : "https://github.com/CooperCorona/CoronaErrors.git"
},
{
"identity" : "copenblas",
"requirement" : {
"range" : [
{
"lower_bound" : "1.0.0",
"upper_bound" : "2.0.0"
}
]
},
"type" : "sourceControl",
"url" : "https://github.com/CooperCorona/COpenBlas"
}
],
"manifest_display_name" : "CoronaMath",
"name" : "CoronaMath",
"path" : "/Users/admin/builder/spi-builder-workspace",
"platforms" : [
],
"products" : [
{
"name" : "CoronaMath",
"targets" : [
"CoronaMath"
],
"type" : {
"library" : [
"automatic"
]
}
}
],
"targets" : [
{
"c99name" : "CoronaMathTests",
"module_type" : "SwiftTarget",
"name" : "CoronaMathTests",
"path" : "Tests/CoronaMathTests",
"product_dependencies" : [
"CoronaErrors",
"CoronaErrorsTestHooks"
],
"sources" : [
"IntPointTests.swift",
"Matrix3Tests.swift",
"Matrix4Tests.swift",
"PointTests.swift",
"RectTests.swift",
"SizeTests.swift",
"VariableSizeMatrixTests.swift",
"Vector3Tests.swift",
"Vector4Tests.swift",
"VectorTests.swift",
"XCTestManifests.swift"
],
"target_dependencies" : [
"CoronaMath"
],
"type" : "test"
},
{
"c99name" : "CoronaMath",
"module_type" : "SwiftTarget",
"name" : "CoronaMath",
"path" : "Sources/CoronaMath",
"product_dependencies" : [
"CoronaErrors",
"COpenBlas"
],
"product_memberships" : [
"CoronaMath"
],
"sources" : [
"Array+Extensions.swift",
"ContinuousNumber.swift",
"DiscreteNumber.swift",
"Exports.swift",
"FastOperations.swift",
"Matrix/ConstantSizeMatrix.swift",
"Matrix/Matrix3Base.swift",
"Matrix/Matrix4Base.swift",
"Matrix/MatrixBase.swift",
"Matrix/MatrixError.swift",
"Matrix/SizeBase+MatrixDimensions.swift",
"Matrix/SquareMatrix.swift",
"Matrix/VariableSizeMatrix/ConstantSizeMatrix+MatrixOperationsBase.swift",
"Matrix/VariableSizeMatrix/ContinuousMatrix.swift",
"Matrix/VariableSizeMatrix/Matrix3Base+MatrixOperationsBase.swift",
"Matrix/VariableSizeMatrix/Matrix4Base+MatrixOperationsBase.swift",
"Matrix/VariableSizeMatrix/MatrixOperationsBase.swift",
"Matrix/VariableSizeMatrix/VariableSizeMatrix.swift",
"Sequence+Extensions.swift",
"Vector/ConstantSizeContinuousVector.swift",
"Vector/ConstantSizeVector.swift",
"Vector/ContinuousVector.swift",
"Vector/IntPoint.swift",
"Vector/PointBase.swift",
"Vector/RectBase.swift",
"Vector/SizeBase.swift",
"Vector/Vector3Base+Color.swift",
"Vector/Vector3Base.swift",
"Vector/Vector4Base+Color.swift",
"Vector/Vector4Base.swift",
"Vector/VectorBase.swift"
],
"type" : "library"
}
],
"tools_version" : "5.0"
}
{
"workspace" : {
"name" : "CoronaMath",
"schemes" : [
"CoronaMath"
]
}
}
2026-09-21 10:47:56.188 xcodebuild[820:5038] [MT] IDERunDestination: Supported platforms for the buildables in the current scheme is empty.
Running build ...
env DEVELOPER_DIR=/Applications/Xcode-27.0.0-Release.Candidate.app xcrun xcodebuild -IDEClonedSourcePackagesDirPathOverride=$PWD/.dependencies -skipMacroValidation -skipPackagePluginValidation -derivedDataPath $PWD/.derivedData build -scheme CoronaMath -destination generic/platform=xrOS
Command line invocation:
/Applications/Xcode-27.0.0-Release.Candidate.app/Contents/Developer/usr/bin/xcodebuild -IDEClonedSourcePackagesDirPathOverride=/Users/admin/builder/spi-builder-workspace/.dependencies -skipMacroValidation -skipPackagePluginValidation -derivedDataPath /Users/admin/builder/spi-builder-workspace/.derivedData build -scheme CoronaMath -destination generic/platform=xrOS
Resolve Package Graph
ignoring declared target(s) 'COpenBlas' in the system packagesystem packages are deprecated; use system library targets instead
Resolved source packages:
CoronaErrors: https://github.com/CooperCorona/CoronaErrors.git @ 2.0.4
CoronaMath: /Users/admin/builder/spi-builder-workspace
COpenBlas: https://github.com/CooperCorona/COpenBlas @ 1.1.0
ComputePackagePrebuildTargetDependencyGraph
Prepare packages
CreateBuildRequest
SendProjectDescription
CreateBuildOperation
ComputeTargetDependencyGraph
note: Building targets in dependency order
note: Target dependency graph (6 targets)
Target 'CoronaMath-product' in project 'CoronaMath'
➜ Explicit dependency on target 'CoronaMath' in project 'CoronaMath'
➜ Explicit dependency on target 'CoronaErrors-product' in project 'CoronaErrors'
➜ Explicit dependency on target 'COpenBlas-product' in project 'COpenBlas'
Target 'CoronaMath' in project 'CoronaMath'
➜ Explicit dependency on target 'COpenBlas' in project 'COpenBlas'
➜ Explicit dependency on target 'CoronaErrors-product' in project 'CoronaErrors'
➜ Explicit dependency on target 'COpenBlas-product' in project 'COpenBlas'
Target 'COpenBlas-product' in project 'COpenBlas'
➜ Explicit dependency on target 'COpenBlas' in project 'COpenBlas'
Target 'CoronaErrors-product' in project 'CoronaErrors'
➜ Explicit dependency on target 'CoronaErrors' in project 'CoronaErrors'
Target 'CoronaErrors' in project 'CoronaErrors' (no dependencies)
Target 'COpenBlas' in project 'COpenBlas' (no dependencies)
GatherProvisioningInputs
CreateBuildDescription
ClangStatCache /Applications/Xcode-27.0.0-Release.Candidate.app/Contents/Developer/Toolchains/XcodeDefault.xctoolchain/usr/bin/clang-stat-cache /Applications/Xcode-27.0.0-Release.Candidate.app/Contents/Developer/Platforms/XROS.platform/Developer/SDKs/XROS27.0.sdk /Users/admin/builder/spi-builder-workspace/.derivedData/SDKStatCaches.noindex/xros27.0-24M361-e829b21a6f8c9b70876ba0858053c044735bd543db762f57723cac368afd1ce4.sdkstatcache
cd /Users/admin/builder/spi-builder-workspace/.swiftpm/xcode
/Applications/Xcode-27.0.0-Release.Candidate.app/Contents/Developer/Toolchains/XcodeDefault.xctoolchain/usr/bin/clang-stat-cache /Applications/Xcode-27.0.0-Release.Candidate.app/Contents/Developer/Platforms/XROS.platform/Developer/SDKs/XROS27.0.sdk -o /Users/admin/builder/spi-builder-workspace/.derivedData/SDKStatCaches.noindex/xros27.0-24M361-e829b21a6f8c9b70876ba0858053c044735bd543db762f57723cac368afd1ce4.sdkstatcache
SwiftDriver CoronaMath normal arm64 com.apple.xcode.tools.swift.compiler (in target 'CoronaMath' from project 'CoronaMath')
cd /Users/admin/builder/spi-builder-workspace/.swiftpm/xcode
builtin-SwiftDriver -- /Applications/Xcode-27.0.0-Release.Candidate.app/Contents/Developer/Toolchains/XcodeDefault.xctoolchain/usr/bin/swiftc -parse-as-library -module-name CoronaMath -Onone @/Users/admin/builder/spi-builder-workspace/.derivedData/Build/Intermediates.noindex/CoronaMath.build/Debug-xros/CoronaMath-t.build/Objects-normal/arm64/CoronaMath.SwiftFileList -DSWIFT_PACKAGE -DDEBUG -DSWIFT_MODULE_RESOURCE_BUNDLE_UNAVAILABLE -Xcc -fmodule-map-file\=/Users/admin/builder/spi-builder-workspace/.dependencies/checkouts/COpenBlas/module.modulemap -DXcode -plugin-path /Applications/Xcode-27.0.0-Release.Candidate.app/Contents/Developer/Toolchains/XcodeDefault.xctoolchain/usr/lib/swift/host/plugins/testing -enable-experimental-feature DebugDescriptionMacro -sdk /Applications/Xcode-27.0.0-Release.Candidate.app/Contents/Developer/Platforms/XROS.platform/Developer/SDKs/XROS27.0.sdk -target arm64-apple-xros1.0 -g -module-cache-path /Users/admin/builder/spi-builder-workspace/.derivedData/ModuleCache.noindex -Xfrontend -serialize-debugging-options -profile-coverage-mapping -profile-generate -enable-testing -index-store-path /Users/admin/builder/spi-builder-workspace/.derivedData/Index.noindex/DataStore -Xcc -D_LIBCPP_HARDENING_MODE\=_LIBCPP_HARDENING_MODE_DEBUG -swift-version 5 -I /Users/admin/builder/spi-builder-workspace/.derivedData/Build/Products/Debug-xros -Isystem /Applications/Xcode-27.0.0-Release.Candidate.app/Contents/Developer/Platforms/XROS.platform/Developer/usr/lib -F /Users/admin/builder/spi-builder-workspace/.derivedData/Build/Products/Debug-xros/PackageFrameworks -F /Users/admin/builder/spi-builder-workspace/.derivedData/Build/Products/Debug-xros -F /Applications/Xcode-27.0.0-Release.Candidate.app/Contents/Developer/Platforms/XROS.platform/Developer/Library/Frameworks -F /Applications/Xcode-27.0.0-Release.Candidate.app/Contents/Developer/Platforms/XROS.platform/Developer/SDKs/XROS27.0.sdk/Developer/Library/Frameworks -c -j10 -enable-batch-mode -incremental -Xcc -ivfsstatcache -Xcc /Users/admin/builder/spi-builder-workspace/.derivedData/SDKStatCaches.noindex/xros27.0-24M361-e829b21a6f8c9b70876ba0858053c044735bd543db762f57723cac368afd1ce4.sdkstatcache -output-file-map /Users/admin/builder/spi-builder-workspace/.derivedData/Build/Intermediates.noindex/CoronaMath.build/Debug-xros/CoronaMath-t.build/Objects-normal/arm64/CoronaMath-OutputFileMap.json -save-temps -no-color-diagnostics -explicit-module-build -module-cache-path /Users/admin/builder/spi-builder-workspace/.derivedData/Build/Intermediates.noindex/SwiftExplicitPrecompiledModules -clang-scanner-module-cache-path /Users/admin/builder/spi-builder-workspace/.derivedData/ModuleCache.noindex -sdk-module-cache-path /Users/admin/builder/spi-builder-workspace/.derivedData/SDKExplicitPrecompiledModules -emit-dependencies -emit-module -emit-module-path /Users/admin/builder/spi-builder-workspace/.derivedData/Build/Intermediates.noindex/CoronaMath.build/Debug-xros/CoronaMath-t.build/Objects-normal/arm64/CoronaMath.swiftmodule -serialize-diagnostics -dependency-scan-serialize-diagnostics-path /Users/admin/builder/spi-builder-workspace/.derivedData/Build/Intermediates.noindex/CoronaMath.build/Debug-xros/CoronaMath-t.build/Objects-normal/arm64/CoronaMath-dependency-scan.dia -validate-clang-modules-once -clang-build-session-file /Users/admin/builder/spi-builder-workspace/.derivedData/ModuleCache.noindex/Session.modulevalidation -Xcc -fmodules-prune-interval\=86400 -Xcc -fmodules-prune-after\=345600 -emit-const-values -const-gather-protocols-list /Users/admin/builder/spi-builder-workspace/.derivedData/Build/Intermediates.noindex/CoronaMath.build/Debug-xros/CoronaMath-t.build/Objects-normal/arm64/CoronaMath_const_extract_protocols.json -Xcc -I/Users/admin/builder/spi-builder-workspace/.derivedData/Build/Products/Debug-xros/include -Xcc -I/Users/admin/builder/spi-builder-workspace/.derivedData/Build/Intermediates.noindex/CoronaMath.build/Debug-xros/CoronaMath-t.build/DerivedSources-normal/arm64 -Xcc -I/Users/admin/builder/spi-builder-workspace/.derivedData/Build/Intermediates.noindex/CoronaMath.build/Debug-xros/CoronaMath-t.build/DerivedSources/arm64 -Xcc -I/Users/admin/builder/spi-builder-workspace/.derivedData/Build/Intermediates.noindex/CoronaMath.build/Debug-xros/CoronaMath-t.build/DerivedSources -Xcc -DSWIFT_PACKAGE -Xcc -DDEBUG\=1 -emit-objc-header -emit-objc-header-path /Users/admin/builder/spi-builder-workspace/.derivedData/Build/Intermediates.noindex/CoronaMath.build/Debug-xros/CoronaMath-t.build/Objects-normal/arm64/CoronaMath-Swift.h -working-directory /Users/admin/builder/spi-builder-workspace/.swiftpm/xcode -experimental-emit-module-separately -disable-cmo
error: Clang dependency scanning failure: /Users/admin/builder/spi-builder-workspace/.dependencies/checkouts/COpenBlas/module.modulemap:10:10: error: header '/usr/include/x86_64-linux-gnu/cblas-openblas.h' not found
module-include.input:1:1: fatal error: could not build module 'COpenBlas86_64'
(in target 'CoronaMath' from project 'CoronaMath')
error: Clang dependency scanning failure: (in target 'CoronaMath' from project 'CoronaMath')
/Users/admin/builder/spi-builder-workspace/Sources/CoronaMath/FastOperations.swift:12:16: error: Unable to resolve module dependency: 'COpenBlas86_64' (in target 'CoronaMath' from project 'CoronaMath')
note: A dependency of main module 'CoronaMath'
error: Clang dependency scanning failure: /Users/admin/builder/spi-builder-workspace/.dependencies/checkouts/COpenBlas/module.modulemap:10:10: error: header '/usr/include/x86_64-linux-gnu/cblas-openblas.h' not found
module-include.input:1:1: fatal error: could not build module 'COpenBlas86_64'
(in target 'CoronaMath' from project 'CoronaMath')
/Users/admin/builder/spi-builder-workspace/Sources/CoronaMath/FastOperations.swift:12:16: note: A dependency of main module 'CoronaMath'
import COpenBlas86_64
^ (in target 'CoronaMath' from project 'CoronaMath')
PruneExplicitPrecompiledModules /Users/admin/builder/spi-builder-workspace/.derivedData/Build/Intermediates.noindex/SwiftExplicitPrecompiledModules
PruneExplicitPrecompiledModules /Users/admin/builder/spi-builder-workspace/.derivedData/Build/Intermediates.noindex/ExplicitPrecompiledModules
PruneExplicitPrecompiledModules /Users/admin/builder/spi-builder-workspace/.derivedData/SDKExplicitPrecompiledModules
2026-09-21 10:47:57.094 xcodebuild[821:5063] [MT] IDERunDestination: Supported platforms for the buildables in the current scheme is empty.
** BUILD FAILED **
The following build commands failed:
SwiftDriver CoronaMath normal arm64 com.apple.xcode.tools.swift.compiler (in target 'CoronaMath' from project 'CoronaMath')
Building workspace CoronaMath with scheme CoronaMath
(2 failures)
BUILD FAILURE 6.4 visionOS