Build Information
Failed to build SwiftMail, reference main (5ed501), with Swift 6.3 for Android on 16 Oct 2026 05:22:19 UTC.
Build Command
bash -c docker run --pull=always --rm -v "checkouts-53886769-0":/host -w "$PWD" -e JAVA_HOME="/root/.sdkman/candidates/java/current" -e SPI_BUILD="1" -e SPI_PROCESSING="1" registry.gitlab.com/saguaro1/spi-images:android-6.3-latest swift build --swift-sdk aarch64-unknown-linux-android28 2>&1Build Log
========================================
RunAll
========================================
Builder version: 5.1.3
Interrupt handler set up.
========================================
Checkout
========================================
Clone URL: https://github.com/Cocoanetics/SwiftMail.git
Reference: main
Initialized empty Git repository in /host/spi-builder-workspace/.git/
hint: Using 'master' as the name for the initial branch. This default branch name
hint: is subject to change. To configure the initial branch name to use in all
hint: of your new repositories, which will suppress this warning, call:
hint:
hint: git config --global init.defaultBranch <name>
hint:
hint: Names commonly chosen instead of 'master' are 'main', 'trunk' and
hint: 'development'. The just-created branch can be renamed via this command:
hint:
hint: git branch -m <name>
From https://github.com/Cocoanetics/SwiftMail
* branch main -> FETCH_HEAD
* [new branch] main -> origin/main
HEAD is now at 5ed5014 Make SMTP connection timeouts configurable and wait five minutes for the greeting (#256)
Cloned https://github.com/Cocoanetics/SwiftMail.git
Revision (git rev-parse @):
5ed5014074e6ee4940acfab18895628ffe45f166
SPI manifest file found: $PWD/.spi.yml
SUCCESS checkout https://github.com/Cocoanetics/SwiftMail.git at main
========================================
Build
========================================
Selected platform: android
Swift version: 6.3
Building package at path: $PWD
https://github.com/Cocoanetics/SwiftMail.git
Running build ...
bash -c docker run --pull=always --rm -v "checkouts-53886769-0":/host -w "$PWD" -e JAVA_HOME="/root/.sdkman/candidates/java/current" -e SPI_BUILD="1" -e SPI_PROCESSING="1" registry.gitlab.com/saguaro1/spi-images:android-6.3-latest swift build --swift-sdk aarch64-unknown-linux-android28 2>&1
android-6.3-latest: Pulling from saguaro1/spi-images
Digest: sha256:ec170ed262d75c9e928493cd00a486dad2d4f04db1b55d884efec7db42d0226b
Status: Image is up to date for registry.gitlab.com/saguaro1/spi-images:android-6.3-latest
Fetching https://github.com/apple/swift-nio-imap
[1/38048] Fetching swift-nio-imap
Fetched https://github.com/apple/swift-nio-imap from cache (1.23s)
Fetching https://github.com/apple/swift-log
Fetching https://github.com/apple/swift-nio-ssl
Fetching https://github.com/apple/swift-testing
Fetching https://github.com/apple/swift-nio
Fetching https://github.com/apple/swift-argument-parser
Fetching https://github.com/apple/swift-collections
[1/16889] Fetching swift-nio-ssl
[677/25194] Fetching swift-nio-ssl, swift-log
[11178/44308] Fetching swift-nio-ssl, swift-log, swift-argument-parser
[23877/73167] Fetching swift-nio-ssl, swift-log, swift-argument-parser, swift-collections
[46633/117980] Fetching swift-nio-ssl, swift-log, swift-argument-parser, swift-collections, swift-testing
[91270/204468] Fetching swift-nio-ssl, swift-log, swift-argument-parser, swift-collections, swift-testing, swift-nio
Fetched https://github.com/apple/swift-collections from cache (1.42s)
Fetching https://github.com/thebarndog/swift-dotenv
[101396/175609] Fetching swift-nio-ssl, swift-log, swift-argument-parser, swift-testing, swift-nio
[131502/176140] Fetching swift-nio-ssl, swift-log, swift-argument-parser, swift-testing, swift-nio, swift-dotenv
Fetched https://github.com/thebarndog/swift-dotenv from cache (0.34s)
Fetching https://github.com/Cocoanetics/SwiftCross
[136690/175609] Fetching swift-nio-ssl, swift-log, swift-argument-parser, swift-testing, swift-nio
[146205/175729] Fetching swift-nio-ssl, swift-log, swift-argument-parser, swift-testing, swift-nio, swiftcross
Fetched https://github.com/Cocoanetics/SwiftCross from cache (0.42s)
Fetching https://github.com/apple/swift-nio-extras
[147068/175609] Fetching swift-nio-ssl, swift-log, swift-argument-parser, swift-testing, swift-nio
[148799/182314] Fetching swift-nio-ssl, swift-log, swift-argument-parser, swift-testing, swift-nio, swift-nio-extras
Fetched https://github.com/apple/swift-nio-extras from cache (0.55s)
[150528/175609] Fetching swift-nio-ssl, swift-log, swift-argument-parser, swift-testing, swift-nio
Fetched https://github.com/apple/swift-log from cache (5.17s)
Fetched https://github.com/apple/swift-argument-parser from cache (5.17s)
Fetched https://github.com/apple/swift-nio-ssl from cache (5.18s)
Fetched https://github.com/apple/swift-testing from cache (5.19s)
Fetched https://github.com/apple/swift-nio from cache (5.21s)
Computing version for https://github.com/apple/swift-testing
Computed https://github.com/apple/swift-testing at 6.3.2 (6.47s)
Fetching https://github.com/swiftlang/swift-syntax.git
[1/80787] Fetching swift-syntax
Fetched https://github.com/swiftlang/swift-syntax.git from cache (3.50s)
Computing version for https://github.com/Cocoanetics/SwiftCross
Computed https://github.com/Cocoanetics/SwiftCross at 1.2.0 (3.64s)
Computing version for https://github.com/thebarndog/swift-dotenv
Computed https://github.com/thebarndog/swift-dotenv at 2.1.0 (0.12s)
Computing version for https://github.com/apple/swift-nio
Computed https://github.com/apple/swift-nio at 2.104.0 (0.25s)
Fetching https://github.com/apple/swift-system.git
Fetching https://github.com/apple/swift-atomics.git
[1/1889] Fetching swift-atomics
[1890/9177] Fetching swift-atomics, swift-system
Fetched https://github.com/apple/swift-atomics.git from cache (0.65s)
Fetched https://github.com/apple/swift-system.git from cache (0.65s)
Computing version for https://github.com/apple/swift-atomics.git
Computed https://github.com/apple/swift-atomics.git at 1.3.1 (0.80s)
Computing version for https://github.com/apple/swift-log
Computed https://github.com/apple/swift-log at 1.16.1 (0.15s)
Computing version for https://github.com/apple/swift-nio-ssl
Computed https://github.com/apple/swift-nio-ssl at 2.37.5 (0.18s)
Computing version for https://github.com/apple/swift-collections
Computed https://github.com/apple/swift-collections at 1.7.3 (0.22s)
Computing version for https://github.com/apple/swift-argument-parser
Computed https://github.com/apple/swift-argument-parser at 1.8.2 (0.14s)
Computing version for https://github.com/apple/swift-system.git
Computed https://github.com/apple/swift-system.git at 1.8.1 (0.17s)
Computing version for https://github.com/apple/swift-nio-extras
Computed https://github.com/apple/swift-nio-extras at 1.35.1 (0.95s)
Fetching https://github.com/apple/swift-certificates.git
Fetching https://github.com/apple/swift-async-algorithms.git
Fetching https://github.com/apple/swift-asn1.git
Fetching https://github.com/swift-server/swift-service-lifecycle.git
Fetching https://github.com/apple/swift-http-types.git
Fetching https://github.com/apple/swift-http-structured-headers.git
[1/1939] Fetching swift-http-types
[40/3223] Fetching swift-http-types, swift-http-structured-headers
[3224/10836] Fetching swift-http-types, swift-http-structured-headers, swift-certificates
[10685/17657] Fetching swift-http-types, swift-http-structured-headers, swift-certificates, swift-async-algorithms
Fetched https://github.com/apple/swift-certificates.git from cache (0.56s)
[9362/10044] Fetching swift-http-types, swift-http-structured-headers, swift-async-algorithms
Fetching https://github.com/apple/swift-nio-http2.git
Fetched https://github.com/apple/swift-http-structured-headers.git from cache (0.63s)
Fetched https://github.com/apple/swift-http-types.git from cache (0.64s)
Fetched https://github.com/apple/swift-async-algorithms.git from cache (0.64s)
Fetching https://github.com/apple/swift-algorithms.git
[1/2874] Fetching swift-service-lifecycle
[2875/4925] Fetching swift-service-lifecycle, swift-asn1
Fetched https://github.com/swift-server/swift-service-lifecycle.git from cache (0.85s)
[21/2051] Fetching swift-asn1
[2052/14345] Fetching swift-asn1, swift-nio-http2
Fetched https://github.com/apple/swift-asn1.git from cache (1.04s)
[123/12294] Fetching swift-nio-http2
[2583/18453] Fetching swift-nio-http2, swift-algorithms
Fetched https://github.com/apple/swift-algorithms.git from cache (0.75s)
Fetched https://github.com/apple/swift-nio-http2.git from cache (0.96s)
Computing version for https://github.com/apple/swift-algorithms.git
Computed https://github.com/apple/swift-algorithms.git at 1.2.1 (2.38s)
Fetching https://github.com/apple/swift-numerics.git
[1/6756] Fetching swift-numerics
Fetched https://github.com/apple/swift-numerics.git from cache (0.60s)
Computing version for https://github.com/apple/swift-numerics.git
Computed https://github.com/apple/swift-numerics.git at 1.1.1 (0.73s)
Computing version for https://github.com/apple/swift-http-structured-headers.git
Computed https://github.com/apple/swift-http-structured-headers.git at 1.7.0 (0.13s)
Computing version for https://github.com/apple/swift-http-types.git
Computed https://github.com/apple/swift-http-types.git at 1.8.0 (0.16s)
Computing version for https://github.com/swift-server/swift-service-lifecycle.git
Computed https://github.com/swift-server/swift-service-lifecycle.git at 2.13.0 (0.13s)
Computing version for https://github.com/apple/swift-async-algorithms.git
Computed https://github.com/apple/swift-async-algorithms.git at 1.1.7 (0.17s)
Computing version for https://github.com/apple/swift-asn1.git
Computed https://github.com/apple/swift-asn1.git at 1.7.3 (0.16s)
Computing version for https://github.com/apple/swift-certificates.git
Computed https://github.com/apple/swift-certificates.git at 1.21.0 (0.19s)
Fetching https://github.com/apple/swift-crypto.git
[1/18642] Fetching swift-crypto
Fetched https://github.com/apple/swift-crypto.git from cache (1.29s)
Computing version for https://github.com/apple/swift-crypto.git
Computed https://github.com/apple/swift-crypto.git at 5.0.1 (1.53s)
Computing version for https://github.com/apple/swift-nio-http2.git
Computed https://github.com/apple/swift-nio-http2.git at 1.46.0 (0.16s)
Computing version for https://github.com/swiftlang/swift-syntax.git
Computed https://github.com/swiftlang/swift-syntax.git at 603.0.2 (0.26s)
Creating working copy for https://github.com/apple/swift-http-structured-headers.git
Working copy of https://github.com/apple/swift-http-structured-headers.git resolved at 1.7.0
Creating working copy for https://github.com/apple/swift-nio-ssl
Working copy of https://github.com/apple/swift-nio-ssl resolved at 2.37.5
Creating working copy for https://github.com/swiftlang/swift-syntax.git
Working copy of https://github.com/swiftlang/swift-syntax.git resolved at 603.0.2
Creating working copy for https://github.com/apple/swift-nio-imap
Working copy of https://github.com/apple/swift-nio-imap resolved at 14ad3887dab9ca5aba38ee0ace18fddf40e9491f
Creating working copy for https://github.com/apple/swift-algorithms.git
Working copy of https://github.com/apple/swift-algorithms.git resolved at 1.2.1
Creating working copy for https://github.com/Cocoanetics/SwiftCross
Working copy of https://github.com/Cocoanetics/SwiftCross resolved at 1.2.0
Creating working copy for https://github.com/apple/swift-crypto.git
Working copy of https://github.com/apple/swift-crypto.git resolved at 5.0.1
Creating working copy for https://github.com/apple/swift-async-algorithms.git
Working copy of https://github.com/apple/swift-async-algorithms.git resolved at 1.1.7
Creating working copy for https://github.com/apple/swift-argument-parser
Working copy of https://github.com/apple/swift-argument-parser resolved at 1.8.2
Creating working copy for https://github.com/swift-server/swift-service-lifecycle.git
Working copy of https://github.com/swift-server/swift-service-lifecycle.git resolved at 2.13.0
Creating working copy for https://github.com/apple/swift-nio-extras
Working copy of https://github.com/apple/swift-nio-extras resolved at 1.35.1
Creating working copy for https://github.com/apple/swift-nio-http2.git
Working copy of https://github.com/apple/swift-nio-http2.git resolved at 1.46.0
Creating working copy for https://github.com/apple/swift-certificates.git
Working copy of https://github.com/apple/swift-certificates.git resolved at 1.21.0
Creating working copy for https://github.com/apple/swift-http-types.git
Working copy of https://github.com/apple/swift-http-types.git resolved at 1.8.0
Creating working copy for https://github.com/thebarndog/swift-dotenv
Working copy of https://github.com/thebarndog/swift-dotenv resolved at 2.1.0
Creating working copy for https://github.com/apple/swift-collections
Working copy of https://github.com/apple/swift-collections resolved at 1.7.3
Creating working copy for https://github.com/apple/swift-log
Working copy of https://github.com/apple/swift-log resolved at 1.16.1
Creating working copy for https://github.com/apple/swift-nio
Working copy of https://github.com/apple/swift-nio resolved at 2.104.0
Creating working copy for https://github.com/apple/swift-numerics.git
Working copy of https://github.com/apple/swift-numerics.git resolved at 1.1.1
Creating working copy for https://github.com/apple/swift-testing
Working copy of https://github.com/apple/swift-testing resolved at 6.3.2
Creating working copy for https://github.com/apple/swift-atomics.git
Working copy of https://github.com/apple/swift-atomics.git resolved at 1.3.1
Creating working copy for https://github.com/apple/swift-system.git
Working copy of https://github.com/apple/swift-system.git resolved at 1.8.1
Creating working copy for https://github.com/apple/swift-asn1.git
Working copy of https://github.com/apple/swift-asn1.git resolved at 1.7.3
Downloading package prebuilt https://download.swift.org/prebuilts/swift-syntax/603.0.2/swift-6.3.2-RELEASE-ubuntu_noble_x86_64-MacroSupport.tar.gz
Downloaded https://download.swift.org/prebuilts/swift-syntax/603.0.2/swift-6.3.2-RELEASE-ubuntu_noble_x86_64-MacroSupport.tar.gz (0.33s)
[1/1] Compiling plugin GenerateManual
[2/2] Compiling plugin GenerateDoccReference
Building for debugging...
[2/467] Compiling co-586-apple.S
[3/467] Compiling bn-armv8-linux.S
[4/467] Compiling bsaes-armv7-linux.S
[5/467] Write sources
[5/467] Compiling ghash-ssse3-x86-linux.S
[8/467] Write sources
[15/467] Compiling _AtomicsShims.c
[16/467] Write sources
[26/467] Write swift-version-272D24FF697CF451.txt
[28/467] Write sources
[29/467] Compiling CNIOWindows shim.c
[30/467] Compiling CNIOWASI CNIOWASI.c
[31/467] Compiling CNIOWindows WSAStartup.c
[32/500] Compiling base64.cc
[33/500] Compiling asn_pack.cc
[34/500] Compiling CNIOPosix event_loop_id.c
[35/500] Compiling CNIOOpenBSD shim.c
[36/509] Compiling e_aesgcmsiv.cc
[37/528] Compiling CNIOLinux shim.c
[38/528] Compiling CNIOLinux liburing_shims.c
[39/528] Compiling CNIOFreeBSD shim.c
[40/528] Compiling CNIODarwin shim.c
[41/528] Compiling fiat_p256_adx_sqr.S
[42/528] Compiling fiat_p256_adx_mul.S
[43/528] Compiling fiat_curve25519_adx_square.S
[44/528] Compiling fiat_curve25519_adx_mul.S
[45/528] Compiling CNIOBoringSSLShims shims.c
[47/528] Emitting module InternalCollectionsUtilities
[47/531] Compiling tls_record.cc
[48/531] Compiling tls_method.cc
error: emit-module command failed with exit code 1 (use -v to see invocation)
[50/531] Emitting module SwiftDotenv
/host/spi-builder-workspace/.build/checkouts/swift-dotenv/Sources/Dotenv.swift:4:8: error: no such module 'Darwin'
2 | import Glibc
3 | #else
4 | import Darwin
| `- error: no such module 'Darwin'
5 | #endif
6 | import Foundation
[51/531] Emitting module SwiftCross
[52/532] Compiling InternalCollectionsUtilities Strideable+LimitHelpers.swift
[53/532] Compiling InternalCollectionsUtilities String+Padding.swift
[54/532] Compiling InternalCollectionsUtilities TemporaryAllocation.swift
[55/532] Compiling InternalCollectionsUtilities _UnsafeBitSet+Index.swift
[56/532] Compiling InternalCollectionsUtilities Iterable+CopyContents.swift
[57/532] Compiling InternalCollectionsUtilities Iterable+Equality.swift
[58/532] Compiling InternalCollectionsUtilities LifetimeOverride.swift
[59/532] Compiling InternalCollectionsUtilities MutableRef.swift
[60/532] Compiling _NIOBase64 Base64.swift
[61/532] Emitting module _NIOBase64
[62/532] Compiling InternalCollectionsUtilities UnsafeRawBufferPointer+Extras.swift
[63/532] Compiling InternalCollectionsUtilities _SortedCollection.swift
[64/532] Compiling InternalCollectionsUtilities _UniqueCollection.swift
[66/533] Compiling InternalCollectionsUtilities FixedWidthInteger+roundUpToPowerOfTwo.swift
[67/533] Compiling InternalCollectionsUtilities Integer rank.swift
[68/533] Compiling InternalCollectionsUtilities UInt+first and last set bit.swift
[69/533] Compiling InternalCollectionsUtilities UInt+reversed.swift
[69/533] Compiling tls13_server.cc
[71/533] Compiling InternalCollectionsUtilities MutableSpan+Extras.swift
[72/533] Compiling InternalCollectionsUtilities OutputSpan+Extras.swift
[73/533] Compiling InternalCollectionsUtilities RandomAccessCollection+Offsets.swift
[74/533] Compiling InternalCollectionsUtilities Span+Extras.swift
[74/533] Compiling tls13_enc.cc
[75/533] Wrapping AST for _NIOBase64 for debugging
[76/533] Compiling InternalCollectionsUtilities BorrowingIteratorProtocol+Equality.swift
[77/533] Compiling InternalCollectionsUtilities BorrowingIteratorProtocol+Extras.swift
[78/533] Compiling InternalCollectionsUtilities Debugging.swift
[79/533] Compiling InternalCollectionsUtilities Descriptions.swift
[81/533] Compiling InternalCollectionsUtilities UnsafeMutablePointer+Extras.swift
[82/533] Compiling InternalCollectionsUtilities UnsafeMutableRawBufferPointer+Extras.swift
[83/533] Compiling InternalCollectionsUtilities UnsafePointer+Extras.swift
[84/533] Compiling InternalCollectionsUtilities _UnsafeBitSet+_Word.swift
[85/533] Compiling InternalCollectionsUtilities _UnsafeBitSet.swift
[86/533] Compiling InternalCollectionsUtilities UnsafeBufferPointer+Extras.swift
[87/533] Compiling InternalCollectionsUtilities UnsafeMutableBufferPointer+Extras.swift
[89/534] Compiling _NIODataStructures _TinyArray.swift
[90/534] Compiling _NIODataStructures PriorityQueue.swift
[91/534] Compiling _NIODataStructures Heap.swift
[92/534] Emitting module _NIODataStructures
[95/535] Compiling Logging Logger+Attributes.swift
[97/536] Compiling Logging LoggingSystem.swift
[98/536] Compiling Logging Logger+With.swift
[99/536] Compiling Logging Logger.swift
[100/540] Compiling SpanPreview OutputSpan+InputSpanHelpers.swift
[101/540] Compiling SpanPreview MutableSpan+InputSpanHelpers.swift
[102/540] Emitting module SpanPreview
[103/540] Compiling SpanPreview InputSpan.swift
[104/598] Compiling tls13_client.cc
[105/640] Compiling tls13_both.cc
[106/640] Wrapping AST for _NIODataStructures for debugging
[107/640] Wrapping AST for SpanPreview for debugging
[109/640] Compiling DequeModule UniqueDeque+Descriptions.swift
[110/640] Compiling DequeModule UniqueDeque+Equatable.swift
[111/640] Compiling DequeModule UniqueDeque+Hashable.swift
[112/640] Compiling DequeModule RigidDeque+Descriptions.swift
[113/640] Compiling DequeModule RigidDeque+Equatable.swift
[114/640] Compiling DequeModule RigidDeque+Hashable.swift
[115/640] Compiling DequeModule RigidDeque+Initializers.swift
[116/640] Compiling DequeModule RigidDeque+Insertions.swift
[117/640] Compiling DequeModule RigidDeque+Iterable.swift
[118/640] Compiling OrderedCollections OrderedSet+Partial SetAlgebra subtract.swift
[119/640] Compiling OrderedCollections OrderedSet+Partial SetAlgebra subtracting.swift
[120/640] Compiling OrderedCollections OrderedSet+Partial SetAlgebra symmetricDifference.swift
[121/640] Compiling OrderedCollections OrderedSet+Partial SetAlgebra union.swift
[122/640] Compiling OrderedCollections OrderedSet+Partial SetAlgebra+Basics.swift
[123/640] Compiling OrderedCollections OrderedSet+RandomAccessCollection.swift
[124/640] Compiling OrderedCollections OrderedSet+ReserveCapacity.swift
[125/647] Compiling DequeModule Deque+Codable.swift
[126/647] Compiling DequeModule Deque+Collection.swift
[127/647] Compiling DequeModule Deque+CustomReflectable.swift
[128/647] Compiling DequeModule Deque+Descriptions.swift
[129/647] Compiling DequeModule Deque+Equatable.swift
[130/647] Compiling DequeModule Deque+ExpressibleByArrayLiteral.swift
[131/647] Compiling DequeModule Deque+Extras.swift
[132/647] Compiling DequeModule Deque+Hashable.swift
[132/647] Wrapping AST for InternalCollectionsUtilities for debugging
[133/647] Compiling t1_enc.cc
[135/647] Compiling DequeModule RigidDeque+ContainerOperations.swift
[136/647] Compiling DequeModule RigidDeque+Deprecations.swift
[137/647] Compiling DequeModule RigidDeque+Prepend.swift
[138/647] Compiling DequeModule RigidDeque+Removals.swift
[139/647] Compiling DequeModule RigidDeque+Replacements.swift
[140/647] Compiling DequeModule RigidDeque+Testing.swift
[141/647] Compiling DequeModule RigidDeque.swift
[142/647] Compiling DequeModule UniqueDeque+Append.swift
[143/647] Compiling DequeModule _DequeBuffer.swift
[144/647] Compiling DequeModule _DequeBufferHeader.swift
[145/647] Compiling DequeModule RigidDeque+Append.swift
[146/647] Compiling DequeModule RigidDeque+Consumption.swift
[149/652] Compiling OrderedCollections OrderedDictionary+Values.swift
[150/652] Compiling OrderedCollections OrderedDictionary.swift
[151/652] Compiling OrderedCollections OrderedSet+Codable.swift
[152/652] Compiling OrderedCollections OrderedSet+CustomReflectable.swift
[153/652] Compiling OrderedCollections OrderedSet+Descriptions.swift
[154/652] Compiling OrderedCollections OrderedSet+Diffing.swift
[155/652] Compiling OrderedCollections OrderedSet+Equatable.swift
[156/652] Compiling OrderedCollections OrderedSet+ExpressibleByArrayLiteral.swift
[163/652] Compiling DequeModule UniqueDeque+Consumption.swift
[164/652] Compiling DequeModule UniqueDeque+ContainerOperations.swift
[165/652] Compiling DequeModule UniqueDeque+Deprecations.swift
[168/652] Compiling ssl_x509.cc
[170/652] Compiling DequeModule UniqueDeque+Initializers.swift
[171/652] Compiling DequeModule UniqueDeque+Insertions.swift
[172/652] Compiling DequeModule UniqueDeque+Iterable.swift
[173/652] Compiling DequeModule UniqueDeque+Prepend.swift
[174/652] Compiling DequeModule UniqueDeque+Removals.swift
[183/652] Emitting module Logging
[194/652] Compiling DequeModule Deque+Testing.swift
[195/652] Compiling DequeModule Deque._Storage.swift
[196/652] Compiling DequeModule Deque._UnsafeHandle.swift
[197/652] Compiling DequeModule Deque.swift
[206/652] Compiling Logging MetadataProvider.swift
[216/653] Compiling SwiftDotenv String+CamelCase.swift
/host/spi-builder-workspace/.build/checkouts/swift-dotenv/Sources/Dotenv.swift:4:8: error: no such module 'Darwin'
2 | import Glibc
3 | #else
4 | import Darwin
| `- error: no such module 'Darwin'
5 | #endif
6 | import Foundation
[217/653] Compiling SwiftDotenv Dotenv.swift
/host/spi-builder-workspace/.build/checkouts/swift-dotenv/Sources/Dotenv.swift:4:8: error: no such module 'Darwin'
2 | import Glibc
3 | #else
4 | import Darwin
| `- error: no such module 'Darwin'
5 | #endif
6 | import Foundation
[217/653] Compiling ssl_transcript.cc
[218/653] Wrapping AST for Logging for debugging
[218/653] Compiling ssl_session.cc
[218/653] Compiling ssl_stat.cc
[218/653] Compiling ssl_versions.cc
BUILD FAILURE 6.3 android