The Swift Package Index logo.Swift Package Index

Build Information

Failed to build AlgoliaSearchClient, reference 9.50.1 (72344c), with Swift 6.1 for Android on 14 Oct 2026 02:21:56 UTC.

Build Command

bash -c docker run --pull=always --rm -v "checkouts-53886768-0":/host -w "$PWD" -e JAVA_HOME="/root/.sdkman/candidates/java/current" -e SPI_BUILD="1" -e SPI_PROCESSING="1" registry.gitlab.com/saguaro1/spi-images:android-6.1-latest swift build --swift-sdk aarch64-unknown-linux-android24 2>&1

Build Log

========================================
RunAll
========================================
Builder version: 5.1.2
Interrupt handler set up.
========================================
Checkout
========================================
Clone URL: https://github.com/algolia/algoliasearch-client-swift.git
Reference: 9.50.1
Initialized empty Git repository in /host/spi-builder-workspace/.git/
hint: Using 'master' as the name for the initial branch. This default branch name
hint: is subject to change. To configure the initial branch name to use in all
hint: of your new repositories, which will suppress this warning, call:
hint:
hint: 	git config --global init.defaultBranch <name>
hint:
hint: Names commonly chosen instead of 'master' are 'main', 'trunk' and
hint: 'development'. The just-created branch can be renamed via this command:
hint:
hint: 	git branch -m <name>
From https://github.com/algolia/algoliasearch-client-swift
 * tag               9.50.1     -> FETCH_HEAD
HEAD is now at 72344c5 chore: release 9.50.1
Cloned https://github.com/algolia/algoliasearch-client-swift.git
Revision (git rev-parse @):
72344c58aeaa32ce4c91047ff13b083c73b690f2
SUCCESS checkout https://github.com/algolia/algoliasearch-client-swift.git at 9.50.1
========================================
Build
========================================
Selected platform:         android
Swift version:             6.1
Building package at path:  $PWD
https://github.com/algolia/algoliasearch-client-swift.git
https://github.com/algolia/algoliasearch-client-swift.git
WARNING: environment variable SUPPRESS_SWIFT_6_FLAGS is not set
Running build ...
bash -c docker run --pull=always --rm -v "checkouts-53886768-0":/host -w "$PWD" -e JAVA_HOME="/root/.sdkman/candidates/java/current" -e SPI_BUILD="1" -e SPI_PROCESSING="1" registry.gitlab.com/saguaro1/spi-images:android-6.1-latest swift build --swift-sdk aarch64-unknown-linux-android24 -Xswiftc -Xfrontend -Xswiftc -stats-output-dir -Xswiftc -Xfrontend -Xswiftc .stats -Xswiftc -strict-concurrency=complete -Xswiftc -enable-upcoming-feature -Xswiftc StrictConcurrency -Xswiftc -enable-upcoming-feature -Xswiftc DisableOutwardActorInference -Xswiftc -enable-upcoming-feature -Xswiftc GlobalActorIsolatedTypesUsability -Xswiftc -enable-upcoming-feature -Xswiftc InferSendableFromCaptures 2>&1
android-6.1-latest: Pulling from saguaro1/spi-images
Digest: sha256:396310cef4466ceb116ed5462b0b92d4deb353c0dad749b406b7fd226f6db9af
Status: Image is up to date for registry.gitlab.com/saguaro1/spi-images:android-6.1-latest
Fetching https://github.com/apple/swift-crypto.git
Fetching https://github.com/apple/swift-log.git
[1/18643] Fetching swift-crypto
Fetched https://github.com/apple/swift-crypto.git from cache (1.33s)
[1/8291] Fetching swift-log
Fetched https://github.com/apple/swift-log.git from cache (1.59s)
Computing version for https://github.com/apple/swift-log.git
Computed https://github.com/apple/swift-log.git at 1.15.1 (0.24s)
Computing version for https://github.com/apple/swift-crypto.git
Computed https://github.com/apple/swift-crypto.git at 3.15.1 (1.37s)
Fetching https://github.com/apple/swift-asn1.git
[1/2041] Fetching swift-asn1
Fetched https://github.com/apple/swift-asn1.git from cache (0.40s)
Computing version for https://github.com/apple/swift-asn1.git
Computed https://github.com/apple/swift-asn1.git at 1.7.3 (1.32s)
Creating working copy for https://github.com/apple/swift-asn1.git
Working copy of https://github.com/apple/swift-asn1.git resolved at 1.7.3
Creating working copy for https://github.com/apple/swift-crypto.git
Working copy of https://github.com/apple/swift-crypto.git resolved at 3.15.1
Creating working copy for https://github.com/apple/swift-log.git
Working copy of https://github.com/apple/swift-log.git resolved at 1.15.1
Building for debugging...
[0/384] Write sources
[3/384] Compiling fiat_p256_adx_mul.S
[4/384] Compiling ghashv8-armv7-linux.S
[4/384] Compiling fiat_p256_adx_sqr.S
[6/384] Compiling sha512-armv8-linux.S
[7/384] Compiling fiat_curve25519_adx_square.S
[8/384] Compiling fiat_curve25519_adx_mul.S
[9/384] Compiling md5-x86_64-linux.S
[10/384] Compiling md5-586-linux.S
[11/384] Compiling md5-x86_64-apple.S
[12/384] Compiling md5-586-apple.S
[13/384] Compiling chacha20_poly1305_x86_64-linux.S
[14/384] Compiling chacha20_poly1305_x86_64-apple.S
[15/384] Compiling chacha20_poly1305_armv8-win.S
[16/384] Compiling chacha20_poly1305_armv8-apple.S
[17/384] Compiling chacha-x86_64-linux.S
[18/384] Compiling chacha20_poly1305_armv8-linux.S
[19/384] Compiling chacha-x86_64-apple.S
[20/384] Compiling chacha-x86-linux.S
[21/384] Compiling chacha-x86-apple.S
[22/384] Compiling chacha-armv8-win.S
[23/384] Compiling chacha-armv8-apple.S
[24/384] Compiling CCryptoBoringSSLShims shims.c
[25/384] Compiling chacha-armv8-linux.S
[26/384] Compiling chacha-armv4-linux.S
[27/384] Compiling aes128gcmsiv-x86_64-linux.S
[28/384] Compiling aes128gcmsiv-x86_64-apple.S
[29/384] Compiling x86_64-mont5-linux.S
[30/384] Compiling x86_64-mont5-apple.S
[31/384] Compiling x86_64-mont-linux.S
[32/384] Compiling x86_64-mont-apple.S
[33/384] Compiling x86-mont-linux.S
[33/384] Compiling x86-mont-apple.S
[35/384] Compiling vpaes-x86_64-linux.S
[36/384] Compiling vpaes-x86_64-apple.S
[37/384] Compiling vpaes-x86-linux.S
[38/384] Compiling vpaes-x86-apple.S
[39/384] Compiling vpaes-armv8-win.S
[40/384] Compiling vpaes-armv8-linux.S
[41/384] Compiling vpaes-armv7-linux.S
[42/384] Compiling vpaes-armv8-apple.S
[43/384] Compiling sha512-x86_64-linux.S
[44/384] Compiling sha512-x86_64-apple.S
[45/384] Compiling sha512-armv8-win.S
[46/384] Compiling sha512-armv8-apple.S
[46/384] Compiling sha512-armv4-linux.S
[48/384] Compiling sha512-586-linux.S
[49/384] Compiling sha512-586-apple.S
[50/384] Compiling sha256-x86_64-linux.S
[51/384] Compiling sha256-x86_64-apple.S
[52/384] Compiling sha256-armv8-win.S
[53/384] Compiling sha256-armv4-linux.S
[54/384] Compiling sha256-armv8-apple.S
[55/384] Compiling sha256-armv8-linux.S
[56/384] Compiling err_data.cc
[57/384] Compiling sha256-586-linux.S
[58/384] Compiling sha256-586-apple.S
[59/384] Compiling sha1-x86_64-linux.S
[60/384] Compiling sha1-x86_64-apple.S
[61/384] Compiling sha1-armv8-win.S
[62/384] Compiling sha1-armv8-apple.S
[63/384] Compiling sha1-armv4-large-linux.S
[64/384] Compiling sha1-armv8-linux.S
[65/384] Compiling a_bool.cc
[66/384] Compiling sha1-586-linux.S
[67/384] Compiling sha1-586-apple.S
[68/384] Compiling rsaz-avx2-linux.S
[69/384] Compiling rsaz-avx2-apple.S
[70/384] Compiling rdrand-x86_64-apple.S
[71/384] Compiling rdrand-x86_64-linux.S
[72/384] Compiling p256_beeu-x86_64-asm-linux.S
[73/384] Compiling p256_beeu-x86_64-asm-apple.S
[74/384] Compiling p256_beeu-armv8-asm-win.S
[75/384] Write swift-version-24593BA9C3E375BF.txt
[76/384] Compiling a_bitstr.cc
[77/384] Compiling p256_beeu-armv8-asm-linux.S
[78/384] Compiling p256-x86_64-asm-linux.S
[79/384] Compiling p256_beeu-armv8-asm-apple.S
[80/384] Compiling p256-armv8-asm-win.S
[81/384] Compiling p256-x86_64-asm-apple.S
[82/384] Compiling p256-armv8-asm-apple.S
[83/384] Compiling ghashv8-armv8-win.S
[84/384] Compiling ghashv8-armv8-apple.S
[85/384] Compiling p256-armv8-asm-linux.S
[86/384] Compiling ghashv8-armv8-linux.S
[87/384] Compiling ghash-x86_64-apple.S
[88/384] Compiling ghash-x86_64-linux.S
[89/384] Compiling ghash-x86-apple.S
[90/384] Compiling ghash-x86-linux.S
[91/384] Compiling ghash-ssse3-x86_64-linux.S
[92/384] Compiling ghash-ssse3-x86_64-apple.S
[93/384] Compiling ghash-ssse3-x86-linux.S
[94/384] Compiling ghash-ssse3-x86-apple.S
[95/384] Compiling ghash-neon-armv8-win.S
[96/384] Compiling ghash-neon-armv8-apple.S
[97/384] Compiling ghash-neon-armv8-linux.S
[97/384] Compiling ghash-armv4-linux.S
[99/384] Compiling co-586-linux.S
[100/391] Compiling co-586-apple.S
[101/391] Compiling bn-armv8-win.S
[102/392] Compiling bsaes-armv7-linux.S
[103/395] Compiling bn-armv8-apple.S
[104/395] Compiling bn-586-linux.S
[105/395] Compiling bn-586-apple.S
[106/395] Compiling bn-armv8-linux.S
[107/395] Compiling armv8-mont-apple.S
[108/395] Compiling armv8-mont-win.S
[109/395] Compiling armv8-mont-linux.S
[110/395] Compiling armv4-mont-linux.S
[111/395] Compiling aesv8-gcm-armv8-apple.S
[112/395] Compiling aesv8-gcm-armv8-win.S
[113/395] Compiling aesv8-armv8-win.S
[114/395] Compiling aesv8-gcm-armv8-linux.S
[115/395] Compiling aesv8-armv8-linux.S
[116/395] Compiling aesv8-armv8-apple.S
[116/395] Compiling aesv8-armv7-linux.S
[118/395] Compiling aesni-x86_64-linux.S
[119/395] Compiling aesni-x86-linux.S
[120/395] Compiling aesni-x86_64-apple.S
[121/395] Compiling aesni-x86-apple.S
[122/395] Compiling aesni-gcm-x86_64-apple.S
[123/395] Compiling aesni-gcm-x86_64-linux.S
[124/395] Compiling aes-gcm-avx512-x86_64-linux.S
[125/395] Compiling aes-gcm-avx512-x86_64-apple.S
[126/395] Compiling aes-gcm-avx2-x86_64-linux.S
[127/395] Compiling aes-gcm-avx2-x86_64-apple.S
[128/395] Compiling xwing.cc
[129/395] Compiling x_x509a.cc
[130/395] Compiling x_sig.cc
[131/395] Compiling x_spki.cc
[132/395] Compiling x_pubkey.cc
[133/395] Compiling x_req.cc
[133/395] Compiling x_x509.cc
[135/395] Compiling x_name.cc
[136/395] Compiling x_exten.cc
[137/395] Compiling x_crl.cc
[138/395] Compiling x_attrib.cc
[139/395] Compiling x509spki.cc
[140/395] Compiling x_algor.cc
[141/395] Compiling x_all.cc
[142/395] Compiling x509rset.cc
[143/395] Compiling x509cset.cc
[144/395] Compiling x509name.cc
[145/395] Compiling x509_vpm.cc
[146/395] Compiling x509_v3.cc
[147/395] Compiling x509_txt.cc
[148/395] Compiling x509_vfy.cc
[149/395] Compiling x509_trs.cc
[150/395] Compiling x509_set.cc
[152/395] Compiling Logging Logger+With.swift
unable to find node: pound
unable to find node: pound
<unknown>:0: warning: upcoming feature 'InferSendableFromCaptures' is already enabled as of Swift version 6
<unknown>:0: warning: upcoming feature 'GlobalActorIsolatedTypesUsability' is already enabled as of Swift version 6
<unknown>:0: warning: upcoming feature 'DisableOutwardActorInference' is already enabled as of Swift version 6
[152/396] Compiling x509_req.cc
[153/396] Compiling x509_obj.cc
[155/396] Compiling Logging LoggingSystem.swift
<unknown>:0: warning: upcoming feature 'InferSendableFromCaptures' is already enabled as of Swift version 6
<unknown>:0: warning: upcoming feature 'GlobalActorIsolatedTypesUsability' is already enabled as of Swift version 6
<unknown>:0: warning: upcoming feature 'DisableOutwardActorInference' is already enabled as of Swift version 6
[155/396] Compiling x509_lu.cc
[156/396] Compiling x509_def.cc
[158/396] Compiling Logging LogEvent.swift
<unknown>:0: warning: upcoming feature 'InferSendableFromCaptures' is already enabled as of Swift version 6
<unknown>:0: warning: upcoming feature 'GlobalActorIsolatedTypesUsability' is already enabled as of Swift version 6
<unknown>:0: warning: upcoming feature 'DisableOutwardActorInference' is already enabled as of Swift version 6
[159/396] Compiling Logging LogHandler.swift
<unknown>:0: warning: upcoming feature 'InferSendableFromCaptures' is already enabled as of Swift version 6
<unknown>:0: warning: upcoming feature 'GlobalActorIsolatedTypesUsability' is already enabled as of Swift version 6
<unknown>:0: warning: upcoming feature 'DisableOutwardActorInference' is already enabled as of Swift version 6
[160/396] Compiling Logging Logger+Attributes.swift
<unknown>:0: warning: upcoming feature 'InferSendableFromCaptures' is already enabled as of Swift version 6
<unknown>:0: warning: upcoming feature 'GlobalActorIsolatedTypesUsability' is already enabled as of Swift version 6
<unknown>:0: warning: upcoming feature 'DisableOutwardActorInference' is already enabled as of Swift version 6
[161/396] Compiling Logging Logger.swift
<unknown>:0: warning: upcoming feature 'InferSendableFromCaptures' is already enabled as of Swift version 6
<unknown>:0: warning: upcoming feature 'GlobalActorIsolatedTypesUsability' is already enabled as of Swift version 6
<unknown>:0: warning: upcoming feature 'DisableOutwardActorInference' is already enabled as of Swift version 6
[161/396] Compiling x509_ext.cc
[162/396] Compiling x509_d2.cc
[163/396] Compiling x509_cmp.cc
[164/396] Compiling x509.cc
[165/396] Compiling x509_att.cc
[166/396] Compiling v3_skey.cc
[167/396] Compiling v3_purp.cc
[168/396] Compiling v3_utl.cc
[169/396] Compiling v3_prn.cc
[170/396] Compiling v3_pmaps.cc
[171/396] Compiling v3_pcons.cc
[172/396] Compiling v3_ocsp.cc
[174/396] Compiling Logging MetadataProvider.swift
<unknown>:0: warning: upcoming feature 'InferSendableFromCaptures' is already enabled as of Swift version 6
<unknown>:0: warning: upcoming feature 'GlobalActorIsolatedTypesUsability' is already enabled as of Swift version 6
<unknown>:0: warning: upcoming feature 'DisableOutwardActorInference' is already enabled as of Swift version 6
[174/396] Compiling v3_ncons.cc
[176/396] Emitting module Logging
unable to find node: pound
unable to find node: pound
<unknown>:0: warning: upcoming feature 'InferSendableFromCaptures' is already enabled as of Swift version 6
<unknown>:0: warning: upcoming feature 'GlobalActorIsolatedTypesUsability' is already enabled as of Swift version 6
<unknown>:0: warning: upcoming feature 'DisableOutwardActorInference' is already enabled as of Swift version 6
[176/396] Compiling v3_lib.cc
[177/396] Compiling v3_int.cc
[179/396] Compiling Logging MultiplexLogHandler.swift
<unknown>:0: warning: upcoming feature 'InferSendableFromCaptures' is already enabled as of Swift version 6
<unknown>:0: warning: upcoming feature 'GlobalActorIsolatedTypesUsability' is already enabled as of Swift version 6
<unknown>:0: warning: upcoming feature 'DisableOutwardActorInference' is already enabled as of Swift version 6
[180/396] Compiling Logging StreamLogHandler.swift
<unknown>:0: warning: upcoming feature 'InferSendableFromCaptures' is already enabled as of Swift version 6
<unknown>:0: warning: upcoming feature 'GlobalActorIsolatedTypesUsability' is already enabled as of Swift version 6
<unknown>:0: warning: upcoming feature 'DisableOutwardActorInference' is already enabled as of Swift version 6
[181/396] Compiling Logging SwiftLogNoOpLogHandler.swift
<unknown>:0: warning: upcoming feature 'InferSendableFromCaptures' is already enabled as of Swift version 6
<unknown>:0: warning: upcoming feature 'GlobalActorIsolatedTypesUsability' is already enabled as of Swift version 6
<unknown>:0: warning: upcoming feature 'DisableOutwardActorInference' is already enabled as of Swift version 6
[182/396] Compiling Logging Locks.swift
<unknown>:0: warning: upcoming feature 'InferSendableFromCaptures' is already enabled as of Swift version 6
<unknown>:0: warning: upcoming feature 'GlobalActorIsolatedTypesUsability' is already enabled as of Swift version 6
<unknown>:0: warning: upcoming feature 'DisableOutwardActorInference' is already enabled as of Swift version 6
[183/397] Compiling v3_info.cc
[184/397] Compiling v3_ia5.cc
[185/397] Compiling v3_genn.cc
[186/397] Compiling v3_extku.cc
[187/397] Compiling v3_cpols.cc
[188/397] Compiling v3_enum.cc
[189/397] Compiling v3_crld.cc
[190/397] Compiling v3_conf.cc
[191/397] Compiling v3_bitst.cc
[192/397] Compiling v3_bcons.cc
[193/397] Compiling v3_alt.cc
[194/397] Compiling v3_akeya.cc
[195/397] Compiling v3_akey.cc
[196/397] Compiling t_x509a.cc
[197/397] Compiling t_x509.cc
[198/397] Compiling t_req.cc
[199/397] Compiling t_crl.cc
[200/397] Compiling i2d_pr.cc
[201/397] Compiling rsa_pss.cc
[202/397] Compiling name_print.cc
[203/397] Compiling policy.cc
[204/397] Compiling by_file.cc
[205/397] Compiling by_dir.cc
[206/397] Compiling asn1_gen.cc
[206/397] Compiling algorithm.cc
[208/397] Compiling a_verify.cc
[209/397] Compiling a_digest.cc
[210/397] Compiling voprf.cc
[211/397] Compiling a_sign.cc
[212/397] Compiling trust_token.cc
[213/397] Compiling thread_win.cc
[214/397] Compiling thread_pthread.cc
[215/397] Compiling pmbtoken.cc
[216/397] Compiling thread_none.cc
[217/397] Compiling thread.cc
[218/397] Compiling stack.cc
[219/397] Compiling sha512.cc
[220/397] Compiling siphash.cc
[221/397] Compiling sha256.cc
[222/397] Compiling sha1.cc
[223/397] Compiling slhdsa.cc
[224/397] Compiling spake2plus.cc
[225/397] Compiling rsa_print.cc
[226/397] Compiling rsa_extra.cc
[227/397] Compiling rc4.cc
[228/397] Compiling refcount.cc
[229/397] Compiling rsa_crypt.cc
[230/397] Compiling windows.cc
[231/397] Compiling urandom.cc
[232/397] Compiling trusty.cc
[233/397] Compiling rand.cc
[234/397] Compiling rsa_asn1.cc
[235/397] Compiling ios.cc
[236/397] Compiling passive.cc
[237/397] Compiling getentropy.cc
[238/397] Compiling poly1305_arm_asm.S
[239/397] Compiling forkunsafe.cc
[240/397] Compiling fork_detect.cc
[241/397] Compiling deterministic.cc
[242/397] Compiling poly1305_vec.cc
[243/397] Compiling pool.cc
[244/397] Compiling poly1305_arm.cc
[245/397] Compiling poly1305.cc
[246/397] Compiling pkcs8_x509.cc
[247/397] Compiling p5_pbev2.cc
[248/397] Compiling pkcs8.cc
[249/397] Compiling pkcs7_x509.cc
[250/397] Compiling pkcs7.cc
[251/397] Compiling pem_x509.cc
[252/397] Compiling pem_xaux.cc
[253/397] Compiling pem_pkey.cc
[254/397] Compiling mlkem.cc
[255/397] Compiling pem_oth.cc
[256/397] Compiling pem_pk8.cc
[257/397] Compiling pem_info.cc
[258/397] Compiling pem_lib.cc
[259/397] Compiling obj_xref.cc
[260/397] Compiling pem_all.cc
[261/397] Compiling obj.cc
[262/397] Compiling poly_rq_mul.S
[263/397] Compiling mldsa.cc
[264/397] Compiling mem.cc
[265/397] Compiling fips_shared_support.cc
[266/397] Compiling lhash.cc
[267/397] Compiling md5.cc
[268/397] Compiling md4.cc
[269/397] Compiling fuzzer_mode.cc
[269/397] Compiling kyber.cc
[271/397] Compiling hrss.cc
[272/397] Compiling ex_data.cc
[273/397] Compiling hpke.cc
[274/397] Compiling scrypt.cc
[275/397] Compiling sign.cc
[276/397] Compiling pbkdf.cc
[277/397] Compiling print.cc
[278/397] Compiling p_x25519_asn1.cc
[279/397] Compiling p_x25519.cc
[280/397] Compiling p_rsa_asn1.cc
[281/397] Compiling p_rsa.cc
[282/397] Compiling p_ed25519.cc
[283/397] Compiling p_hkdf.cc
[284/397] Compiling p_ed25519_asn1.cc
[285/397] Compiling p_ec_asn1.cc
[286/397] Compiling p_ec.cc
[287/397] Compiling p_dsa_asn1.cc
[288/397] Compiling p_dh_asn1.cc
[289/397] Compiling p_dh.cc
[290/397] Compiling evp_ctx.cc
[291/397] Compiling err.cc
[292/397] Compiling evp_asn1.cc
[293/397] Compiling engine.cc
[293/397] Compiling ecdsa_p1363.cc
[295/397] Compiling evp.cc
[296/397] Compiling ecdsa_asn1.cc
[297/397] Compiling ecdh.cc
[298/397] Compiling ec_derive.cc
[299/397] Compiling hash_to_curve.cc
[300/397] Compiling dsa.cc
[301/397] Compiling dsa_asn1.cc
[302/397] Compiling digest_extra.cc
[303/397] Compiling ec_asn1.cc
[304/397] Compiling x25519-asm-arm.S
[305/397] Compiling params.cc
[306/397] Compiling des.cc
[307/397] Compiling dh_asn1.cc
[308/397] Compiling curve25519_64_adx.cc
[309/397] Compiling spake25519.cc
[310/397] Compiling cpu_intel.cc
[311/397] Compiling crypto.cc
[312/397] Compiling curve25519.cc
[313/397] Compiling cpu_arm_linux.cc
[314/397] Compiling cpu_arm_freebsd.cc
[315/397] Compiling cpu_aarch64_win.cc
[316/397] Compiling cpu_aarch64_sysreg.cc
[317/397] Compiling cpu_aarch64_openbsd.cc
[318/397] Compiling cpu_aarch64_fuchsia.cc
[319/397] Compiling cpu_aarch64_linux.cc
[320/397] Compiling cpu_aarch64_apple.cc
[321/397] Compiling conf.cc
[322/397] Compiling e_tls.cc
[323/397] Compiling get_cipher.cc
[323/397] Compiling tls_cbc.cc
[325/397] Compiling e_rc4.cc
[326/397] Compiling e_rc2.cc
[327/397] Compiling cms.cc
[328/397] Compiling e_null.cc
[329/397] Compiling e_des.cc
[330/397] Compiling e_aesgcmsiv.cc
[331/397] Compiling e_chacha20poly1305.cc
[332/397] Compiling e_aeseax.cc
[333/397] Compiling derive_key.cc
[334/397] Compiling e_aesctrhmac.cc
[335/397] Compiling chacha.cc
[336/397] Compiling unicode.cc
[337/397] Compiling cbb.cc
[338/397] Compiling cbs.cc
[339/397] Compiling ber.cc
[340/397] Compiling buf.cc
[341/397] Compiling sqrt.cc
[342/397] Compiling exponentiation.cc
[343/397] Compiling asn1_compat.cc
[344/397] Compiling div.cc
[345/397] Compiling blake2.cc
[346/397] Compiling printf.cc
[347/397] Compiling pair.cc
[348/397] Compiling bn_asn1.cc
[349/397] Compiling hexdump.cc
[350/397] Compiling convert.cc
[351/397] Compiling file.cc
[352/397] Compiling fd.cc
[353/397] Compiling errno.cc
[354/397] Compiling bio_mem.cc
[355/397] Compiling base64.cc
[356/397] Compiling bio.cc
[357/397] Compiling tasn_utl.cc
[358/397] Compiling tasn_typ.cc
[359/397] Compiling tasn_fre.cc
[360/397] Compiling tasn_enc.cc
[361/397] Compiling tasn_new.cc
[362/397] Compiling posix_time.cc
[363/397] Compiling f_string.cc
[364/397] Compiling tasn_dec.cc
[365/397] Compiling f_int.cc
[366/397] Compiling asn_pack.cc
[367/397] Compiling asn1_par.cc
[368/397] Compiling a_utctm.cc
[369/397] Compiling asn1_lib.cc
[370/397] Compiling a_octet.cc
[371/397] Compiling bcm.cc
[372/397] Compiling a_time.cc
[373/397] Compiling a_type.cc
[374/397] Compiling a_strnid.cc
[375/397] Compiling a_strex.cc
[376/397] Compiling a_mbstr.cc
[376/397] Write sources
[390/397] Compiling a_i2d_fp.cc
[391/397] Compiling a_object.cc
[392/397] Compiling a_dup.cc
[393/397] Compiling a_d2i_fp.cc
[394/397] Compiling aes.cc
[395/397] Compiling a_int.cc
[396/397] Compiling a_gentm.cc
[398/405] Compiling CryptoBoringWrapper RandomBytes.swift
[399/405] Compiling CryptoBoringWrapper EllipticCurve.swift
[400/405] Compiling CryptoBoringWrapper CryptoKitErrors_boring.swift
[401/405] Emitting module CryptoBoringWrapper
[402/405] Compiling CryptoBoringWrapper FiniteFieldArithmeticContext.swift
[403/405] Compiling CryptoBoringWrapper EllipticCurvePoint.swift
[404/405] Compiling CryptoBoringWrapper ArbitraryPrecisionInteger.swift
[405/405] Compiling CryptoBoringWrapper BoringSSLAEAD.swift
[407/477] Compiling Crypto HPKE-Errors.swift
[408/477] Compiling Crypto HPKE.swift
[409/477] Compiling Crypto HPKE-Context.swift
[410/477] Compiling Crypto HPKE-KeySchedule.swift
[411/477] Compiling Crypto HPKE-Modes.swift
[412/477] Compiling Crypto Insecure.swift
[413/477] Compiling Crypto Insecure_HashFunctions.swift
[414/477] Compiling Crypto KEM.swift
[415/477] Compiling Crypto ECDH_boring.swift
[416/477] Compiling Crypto DH.swift
[417/487] Compiling Crypto X25519Keys.swift
[418/487] Compiling Crypto SymmetricKeys.swift
[419/487] Compiling Crypto HMAC.swift
[420/487] Compiling Crypto MACFunctions.swift
[421/487] Compiling Crypto MessageAuthenticationCode.swift
[422/487] Compiling Crypto AES.swift
[423/487] Compiling Crypto ECDSASignature_boring.swift
[424/487] Compiling Crypto ECDSA_boring.swift
[425/487] Compiling Crypto EdDSA_boring.swift
[426/487] Compiling Crypto ECDSA.swift
[427/487] Compiling Crypto AES-GCM.swift
[428/487] Compiling Crypto AES-GCM_boring.swift
[429/487] Compiling Crypto ChaChaPoly_boring.swift
[430/487] Compiling Crypto ChaChaPoly.swift
[431/487] Compiling Crypto Cipher.swift
[432/487] Compiling Crypto Nonces.swift
[433/487] Compiling Crypto ASN1.swift
[434/487] Compiling Crypto ASN1Any.swift
[435/487] Compiling Crypto ASN1BitString.swift
[436/487] Compiling Crypto ASN1Boolean.swift
[437/487] Emitting module Crypto
[438/487] Compiling Crypto ECDH.swift
[439/487] Compiling Crypto HKDF.swift
[440/487] Compiling Crypto AESWrap.swift
[441/487] Compiling Crypto AESWrap_boring.swift
[442/487] Compiling Crypto Ed25519_boring.swift
[443/487] Compiling Crypto NISTCurvesKeys_boring.swift
[444/487] Compiling Crypto X25519Keys_boring.swift
[445/487] Compiling Crypto Curve25519.swift
[446/487] Compiling Crypto Ed25519Keys.swift
[447/487] Compiling Crypto NISTCurvesKeys.swift
[448/487] Compiling Crypto PKCS8PrivateKey.swift
[449/487] Compiling Crypto SEC1PrivateKey.swift
[450/487] Compiling Crypto SubjectPublicKeyInfo.swift
[451/487] Compiling Crypto CryptoError_boring.swift
[452/487] Compiling Crypto CryptoKitErrors.swift
[453/487] Compiling Crypto Digest_boring.swift
[454/487] Compiling Crypto Digest.swift
[455/487] Compiling Crypto Digests.swift
[456/487] Compiling Crypto HashFunctions.swift
[457/487] Compiling Crypto HashFunctions_SHA2.swift
[458/487] Compiling Crypto HPKE-AEAD.swift
[459/487] Compiling Crypto HPKE-Ciphersuite.swift
[460/487] Compiling Crypto HPKE-KDF.swift
[461/487] Compiling Crypto HPKE-KexKeyDerivation.swift
[462/487] Compiling Crypto HPKE-LabeledExtract.swift
[463/487] Compiling Crypto HPKE-Utils.swift
[464/487] Compiling Crypto DHKEM.swift
[465/487] Compiling Crypto HPKE-KEM-Curve25519.swift
[466/487] Compiling Crypto HPKE-NIST-EC-KEMs.swift
[467/487] Compiling Crypto HPKE-KEM.swift
[468/487] Compiling Crypto ASN1Identifier.swift
[469/487] Compiling Crypto ASN1Integer.swift
[470/487] Compiling Crypto ASN1Null.swift
[471/487] Compiling Crypto ASN1OctetString.swift
[472/487] Compiling Crypto ASN1Strings.swift
[473/487] Compiling Crypto ArraySliceBigint.swift
[474/487] Compiling Crypto GeneralizedTime.swift
[475/487] Compiling Crypto ObjectIdentifier.swift
[476/487] Compiling Crypto ECDSASignature.swift
[477/487] Compiling Crypto PEMDocument.swift
[478/487] Compiling Crypto Ed25519.swift
[479/487] Compiling Crypto Signature.swift
[480/487] Compiling Crypto CryptoKitErrors_boring.swift
[481/487] Compiling Crypto RNG_boring.swift
[482/487] Compiling Crypto SafeCompare_boring.swift
[483/487] Compiling Crypto Zeroization_boring.swift
[484/487] Compiling Crypto PrettyBytes.swift
[485/487] Compiling Crypto SafeCompare.swift
[486/487] Compiling Crypto SecureBytes.swift
[487/487] Compiling Crypto Zeroization.swift
error: emit-module command failed with exit code 1 (use -v to see invocation)
[489/528] Emitting module AlgoliaCore
/host/spi-builder-workspace/Sources/Core/Common/Logging.swift:14:12: error: no such module 'OSLog'
 12 |     typealias SwiftLog = Logging.Logger
 13 | #else
 14 |     import OSLog
    |            `- error: no such module 'OSLog'
 15 |
 16 |     typealias SwiftLog = os.Logger
[490/533] Compiling AlgoliaCore HTTPMethod.swift
/host/spi-builder-workspace/Sources/Core/Common/Logging.swift:14:12: error: no such module 'OSLog'
 12 |     typealias SwiftLog = Logging.Logger
 13 | #else
 14 |     import OSLog
    |            `- error: no such module 'OSLog'
 15 |
 16 |     typealias SwiftLog = os.Logger
[491/533] Compiling AlgoliaCore HTTPStatusCode.swift
/host/spi-builder-workspace/Sources/Core/Common/Logging.swift:14:12: error: no such module 'OSLog'
 12 |     typealias SwiftLog = Logging.Logger
 13 | #else
 14 |     import OSLog
    |            `- error: no such module 'OSLog'
 15 |
 16 |     typealias SwiftLog = os.Logger
[492/533] Compiling AlgoliaCore RateLimitRetry.swift
/host/spi-builder-workspace/Sources/Core/Common/Logging.swift:14:12: error: no such module 'OSLog'
 12 |     typealias SwiftLog = Logging.Logger
 13 | #else
 14 |     import OSLog
    |            `- error: no such module 'OSLog'
 15 |
 16 |     typealias SwiftLog = os.Logger
[493/533] Compiling AlgoliaCore EchoRequestBuilder.swift
/host/spi-builder-workspace/Sources/Core/Common/Logging.swift:14:12: error: no such module 'OSLog'
 12 |     typealias SwiftLog = Logging.Logger
 13 | #else
 14 |     import OSLog
    |            `- error: no such module 'OSLog'
 15 |
 16 |     typealias SwiftLog = os.Logger
[494/533] Compiling AlgoliaCore RequestBuilder.swift
/host/spi-builder-workspace/Sources/Core/Common/Logging.swift:14:12: error: no such module 'OSLog'
 12 |     typealias SwiftLog = Logging.Logger
 13 | #else
 14 |     import OSLog
    |            `- error: no such module 'OSLog'
 15 |
 16 |     typealias SwiftLog = os.Logger
[495/533] Compiling AlgoliaCore URLSessionRequestBuilder.swift
/host/spi-builder-workspace/Sources/Core/Common/Logging.swift:14:12: error: no such module 'OSLog'
 12 |     typealias SwiftLog = Logging.Logger
 13 | #else
 14 |     import OSLog
    |            `- error: no such module 'OSLog'
 15 |
 16 |     typealias SwiftLog = os.Logger
[496/533] Compiling AlgoliaCore RequestID.swift
/host/spi-builder-workspace/Sources/Core/Common/Logging.swift:14:12: error: no such module 'OSLog'
 12 |     typealias SwiftLog = Logging.Logger
 13 | #else
 14 |     import OSLog
    |            `- error: no such module 'OSLog'
 15 |
 16 |     typealias SwiftLog = os.Logger
[497/533] Compiling AlgoliaCore AlgoliaRetryStrategy.swift
/host/spi-builder-workspace/Sources/Core/Common/Logging.swift:14:12: error: no such module 'OSLog'
 12 |     typealias SwiftLog = Logging.Logger
 13 | #else
 14 |     import OSLog
    |            `- error: no such module 'OSLog'
 15 |
 16 |     typealias SwiftLog = os.Logger
[498/533] Compiling AlgoliaCore HostIterator.swift
/host/spi-builder-workspace/Sources/Core/Common/Logging.swift:14:12: error: no such module 'OSLog'
 12 |     typealias SwiftLog = Logging.Logger
 13 | #else
 14 |     import OSLog
    |            `- error: no such module 'OSLog'
 15 |
 16 |     typealias SwiftLog = os.Logger
[499/533] Compiling AlgoliaCore RetryStrategy.swift
/host/spi-builder-workspace/Sources/Core/Common/Logging.swift:14:12: error: no such module 'OSLog'
 12 |     typealias SwiftLog = Logging.Logger
 13 | #else
 14 |     import OSLog
    |            `- error: no such module 'OSLog'
 15 |
 16 |     typealias SwiftLog = os.Logger
[500/533] Compiling AlgoliaCore APIHelper.swift
/host/spi-builder-workspace/Sources/Core/Common/Logging.swift:14:12: error: no such module 'OSLog'
 12 |     typealias SwiftLog = Logging.Logger
 13 | #else
 14 |     import OSLog
    |            `- error: no such module 'OSLog'
 15 |
 16 |     typealias SwiftLog = os.Logger
[501/533] Compiling AlgoliaCore CharacterSet.swift
/host/spi-builder-workspace/Sources/Core/Common/Logging.swift:14:12: error: no such module 'OSLog'
 12 |     typealias SwiftLog = Logging.Logger
 13 | #else
 14 |     import OSLog
    |            `- error: no such module 'OSLog'
 15 |
 16 |     typealias SwiftLog = os.Logger
[502/533] Compiling AlgoliaCore CodableHelper.swift
/host/spi-builder-workspace/Sources/Core/Common/Logging.swift:14:12: error: no such module 'OSLog'
 12 |     typealias SwiftLog = Logging.Logger
 13 | #else
 14 |     import OSLog
    |            `- error: no such module 'OSLog'
 15 |
 16 |     typealias SwiftLog = os.Logger
[503/533] Compiling AlgoliaCore Encoding.swift
/host/spi-builder-workspace/Sources/Core/Common/Logging.swift:14:12: error: no such module 'OSLog'
 12 |     typealias SwiftLog = Logging.Logger
 13 | #else
 14 |     import OSLog
    |            `- error: no such module 'OSLog'
 15 |
 16 |     typealias SwiftLog = os.Logger
[504/533] Compiling AlgoliaCore Extensions.swift
/host/spi-builder-workspace/Sources/Core/Common/Logging.swift:14:12: error: no such module 'OSLog'
 12 |     typealias SwiftLog = Logging.Logger
 13 | #else
 14 |     import OSLog
    |            `- error: no such module 'OSLog'
 15 |
 16 |     typealias SwiftLog = os.Logger
[505/533] Compiling AlgoliaCore Iterable.swift
/host/spi-builder-workspace/Sources/Core/Common/Logging.swift:14:12: error: no such module 'OSLog'
 12 |     typealias SwiftLog = Logging.Logger
 13 | #else
 14 |     import OSLog
    |            `- error: no such module 'OSLog'
 15 |
 16 |     typealias SwiftLog = os.Logger
[506/533] Compiling AlgoliaCore Models.swift
/host/spi-builder-workspace/Sources/Core/Common/Logging.swift:14:12: error: no such module 'OSLog'
 12 |     typealias SwiftLog = Logging.Logger
 13 | #else
 14 |     import OSLog
    |            `- error: no such module 'OSLog'
 15 |
 16 |     typealias SwiftLog = os.Logger
[507/533] Compiling AlgoliaCore OpenISO8601DateFormatter.swift
/host/spi-builder-workspace/Sources/Core/Common/Logging.swift:14:12: error: no such module 'OSLog'
 12 |     typealias SwiftLog = Logging.Logger
 13 | #else
 14 |     import OSLog
    |            `- error: no such module 'OSLog'
 15 |
 16 |     typealias SwiftLog = os.Logger
[508/533] Compiling AlgoliaCore Random.swift
/host/spi-builder-workspace/Sources/Core/Common/Logging.swift:14:12: error: no such module 'OSLog'
 12 |     typealias SwiftLog = Logging.Logger
 13 | #else
 14 |     import OSLog
    |            `- error: no such module 'OSLog'
 15 |
 16 |     typealias SwiftLog = os.Logger
[509/533] Compiling AlgoliaCore SynchronizedDictionary.swift
/host/spi-builder-workspace/Sources/Core/Common/Logging.swift:14:12: error: no such module 'OSLog'
 12 |     typealias SwiftLog = Logging.Logger
 13 | #else
 14 |     import OSLog
    |            `- error: no such module 'OSLog'
 15 |
 16 |     typealias SwiftLog = os.Logger
[510/533] Compiling AlgoliaCore TimeInterval.swift
/host/spi-builder-workspace/Sources/Core/Common/Logging.swift:14:12: error: no such module 'OSLog'
 12 |     typealias SwiftLog = Logging.Logger
 13 | #else
 14 |     import OSLog
    |            `- error: no such module 'OSLog'
 15 |
 16 |     typealias SwiftLog = os.Logger
[511/533] Compiling AlgoliaCore Version.swift
/host/spi-builder-workspace/Sources/Core/Common/Logging.swift:14:12: error: no such module 'OSLog'
 12 |     typealias SwiftLog = Logging.Logger
 13 | #else
 14 |     import OSLog
    |            `- error: no such module 'OSLog'
 15 |
 16 |     typealias SwiftLog = os.Logger
[512/533] Compiling AlgoliaCore DecodingErrorPrettyPrinter.swift
/host/spi-builder-workspace/Sources/Core/Common/Logging.swift:14:12: error: no such module 'OSLog'
 12 |     typealias SwiftLog = Logging.Logger
 13 | #else
 14 |     import OSLog
    |            `- error: no such module 'OSLog'
 15 |
 16 |     typealias SwiftLog = os.Logger
[513/533] Compiling AlgoliaCore ErrorMessage.swift
/host/spi-builder-workspace/Sources/Core/Common/Logging.swift:14:12: error: no such module 'OSLog'
 12 |     typealias SwiftLog = Logging.Logger
 13 | #else
 14 |     import OSLog
    |            `- error: no such module 'OSLog'
 15 |
 16 |     typealias SwiftLog = os.Logger
[514/533] Compiling AlgoliaCore Logging.swift
/host/spi-builder-workspace/Sources/Core/Common/Logging.swift:14:12: error: no such module 'OSLog'
 12 |     typealias SwiftLog = Logging.Logger
 13 | #else
 14 |     import OSLog
    |            `- error: no such module 'OSLog'
 15 |
 16 |     typealias SwiftLog = os.Logger
[515/533] Compiling AlgoliaCore Region.swift
/host/spi-builder-workspace/Sources/Core/Common/Logging.swift:14:12: error: no such module 'OSLog'
 12 |     typealias SwiftLog = Logging.Logger
 13 | #else
 14 |     import OSLog
    |            `- error: no such module 'OSLog'
 15 |
 16 |     typealias SwiftLog = os.Logger
[516/533] Compiling AlgoliaCore RequestOptions.swift
/host/spi-builder-workspace/Sources/Core/Common/Logging.swift:14:12: error: no such module 'OSLog'
 12 |     typealias SwiftLog = Logging.Logger
 13 | #else
 14 |     import OSLog
    |            `- error: no such module 'OSLog'
 15 |
 16 |     typealias SwiftLog = os.Logger
[517/533] Compiling AlgoliaCore StringOption.swift
/host/spi-builder-workspace/Sources/Core/Common/Logging.swift:14:12: error: no such module 'OSLog'
 12 |     typealias SwiftLog = Logging.Logger
 13 | #else
 14 |     import OSLog
    |            `- error: no such module 'OSLog'
 15 |
 16 |     typealias SwiftLog = os.Logger
[518/533] Compiling AlgoliaCore RetryableHost.swift
/host/spi-builder-workspace/Sources/Core/Common/Logging.swift:14:12: error: no such module 'OSLog'
 12 |     typealias SwiftLog = Logging.Logger
 13 | #else
 14 |     import OSLog
    |            `- error: no such module 'OSLog'
 15 |
 16 |     typealias SwiftLog = os.Logger
[519/533] Compiling AlgoliaCore Transporter.swift
/host/spi-builder-workspace/Sources/Core/Common/Logging.swift:14:12: error: no such module 'OSLog'
 12 |     typealias SwiftLog = Logging.Logger
 13 | #else
 14 |     import OSLog
    |            `- error: no such module 'OSLog'
 15 |
 16 |     typealias SwiftLog = os.Logger
[520/533] Compiling AlgoliaCore URLSessionLinux.swift
/host/spi-builder-workspace/Sources/Core/Common/Logging.swift:14:12: error: no such module 'OSLog'
 12 |     typealias SwiftLog = Logging.Logger
 13 | #else
 14 |     import OSLog
    |            `- error: no such module 'OSLog'
 15 |
 16 |     typealias SwiftLog = os.Logger
[521/533] Compiling AlgoliaCore UserAgent.swift
/host/spi-builder-workspace/Sources/Core/Common/Logging.swift:14:12: error: no such module 'OSLog'
 12 |     typealias SwiftLog = Logging.Logger
 13 | #else
 14 |     import OSLog
    |            `- error: no such module 'OSLog'
 15 |
 16 |     typealias SwiftLog = os.Logger
[522/533] Compiling AlgoliaCore UserAgentController.swift
/host/spi-builder-workspace/Sources/Core/Common/Logging.swift:14:12: error: no such module 'OSLog'
 12 |     typealias SwiftLog = Logging.Logger
 13 | #else
 14 |     import OSLog
    |            `- error: no such module 'OSLog'
 15 |
 16 |     typealias SwiftLog = os.Logger
[523/533] Compiling AlgoliaCore BaseConfiguration.swift
/host/spi-builder-workspace/Sources/Core/Common/Logging.swift:14:12: error: no such module 'OSLog'
 12 |     typealias SwiftLog = Logging.Logger
 13 | #else
 14 |     import OSLog
    |            `- error: no such module 'OSLog'
 15 |
 16 |     typealias SwiftLog = os.Logger
[524/533] Compiling AlgoliaCore CompressionAlgorithm.swift
/host/spi-builder-workspace/Sources/Core/Common/Logging.swift:14:12: error: no such module 'OSLog'
 12 |     typealias SwiftLog = Logging.Logger
 13 | #else
 14 |     import OSLog
    |            `- error: no such module 'OSLog'
 15 |
 16 |     typealias SwiftLog = os.Logger
[525/533] Compiling AlgoliaCore Gzip.swift
/host/spi-builder-workspace/Sources/Core/Common/Logging.swift:14:12: error: no such module 'OSLog'
 12 |     typealias SwiftLog = Logging.Logger
 13 | #else
 14 |     import OSLog
    |            `- error: no such module 'OSLog'
 15 |
 16 |     typealias SwiftLog = os.Logger
[526/533] Compiling AlgoliaCore AlgoliaError.swift
/host/spi-builder-workspace/Sources/Core/Common/Logging.swift:14:12: error: no such module 'OSLog'
 12 |     typealias SwiftLog = Logging.Logger
 13 | #else
 14 |     import OSLog
    |            `- error: no such module 'OSLog'
 15 |
 16 |     typealias SwiftLog = os.Logger
[527/533] Compiling AlgoliaCore HTTPError.swift
/host/spi-builder-workspace/Sources/Core/Common/Logging.swift:14:12: error: no such module 'OSLog'
 12 |     typealias SwiftLog = Logging.Logger
 13 | #else
 14 |     import OSLog
    |            `- error: no such module 'OSLog'
 15 |
 16 |     typealias SwiftLog = os.Logger
[528/533] Compiling AlgoliaCore AnyCodable.swift
/host/spi-builder-workspace/Sources/Core/Common/Logging.swift:14:12: error: no such module 'OSLog'
 12 |     typealias SwiftLog = Logging.Logger
 13 | #else
 14 |     import OSLog
    |            `- error: no such module 'OSLog'
 15 |
 16 |     typealias SwiftLog = os.Logger
[529/533] Compiling AlgoliaCore AnyDecodable.swift
/host/spi-builder-workspace/Sources/Core/Common/Logging.swift:14:12: error: no such module 'OSLog'
 12 |     typealias SwiftLog = Logging.Logger
 13 | #else
 14 |     import OSLog
    |            `- error: no such module 'OSLog'
 15 |
 16 |     typealias SwiftLog = os.Logger
[530/533] Compiling AlgoliaCore AnyEncodable.swift
/host/spi-builder-workspace/Sources/Core/Common/Logging.swift:14:12: error: no such module 'OSLog'
 12 |     typealias SwiftLog = Logging.Logger
 13 | #else
 14 |     import OSLog
    |            `- error: no such module 'OSLog'
 15 |
 16 |     typealias SwiftLog = os.Logger
[531/533] Compiling AlgoliaCore BridgedTask.swift
/host/spi-builder-workspace/Sources/Core/Common/Logging.swift:14:12: error: no such module 'OSLog'
 12 |     typealias SwiftLog = Logging.Logger
 13 | #else
 14 |     import OSLog
    |            `- error: no such module 'OSLog'
 15 |
 16 |     typealias SwiftLog = os.Logger
[532/533] Compiling AlgoliaCore CallType.swift
/host/spi-builder-workspace/Sources/Core/Common/Logging.swift:14:12: error: no such module 'OSLog'
 12 |     typealias SwiftLog = Logging.Logger
 13 | #else
 14 |     import OSLog
    |            `- error: no such module 'OSLog'
 15 |
 16 |     typealias SwiftLog = os.Logger
[533/533] Compiling AlgoliaCore Credentials.swift
/host/spi-builder-workspace/Sources/Core/Common/Logging.swift:14:12: error: no such module 'OSLog'
 12 |     typealias SwiftLog = Logging.Logger
 13 | #else
 14 |     import OSLog
    |            `- error: no such module 'OSLog'
 15 |
 16 |     typealias SwiftLog = os.Logger
Running build ...
bash -c docker run --pull=always --rm -v "checkouts-53886768-0":/host -w "$PWD" -e JAVA_HOME="/root/.sdkman/candidates/java/current" -e SPI_BUILD="1" -e SPI_PROCESSING="1" registry.gitlab.com/saguaro1/spi-images:android-6.1-latest swift build --swift-sdk aarch64-unknown-linux-android24 2>&1
android-6.1-latest: Pulling from saguaro1/spi-images
Digest: sha256:396310cef4466ceb116ed5462b0b92d4deb353c0dad749b406b7fd226f6db9af
Status: Image is up to date for registry.gitlab.com/saguaro1/spi-images:android-6.1-latest
[0/1] Planning build
Building for debugging...
[0/1] Write swift-version-24593BA9C3E375BF.txt
[2/20] Compiling CryptoBoringWrapper RandomBytes.swift
[3/20] Compiling CryptoBoringWrapper FiniteFieldArithmeticContext.swift
[4/20] Compiling Logging LoggingSystem.swift
[5/21] Compiling Logging Logger+With.swift
unable to find node: pound
unable to find node: pound
[6/21] Compiling Logging Logger.swift
[7/21] Compiling Logging LogEvent.swift
[8/21] Compiling Logging LogHandler.swift
[9/21] Compiling Logging Logger+Attributes.swift
[10/21] Compiling Logging SwiftLogNoOpLogHandler.swift
[11/21] Compiling Logging Locks.swift
[12/21] Compiling Logging MetadataProvider.swift
[13/21] Compiling CryptoBoringWrapper CryptoKitErrors_boring.swift
[14/21] Compiling CryptoBoringWrapper BoringSSLAEAD.swift
[15/21] Compiling CryptoBoringWrapper EllipticCurve.swift
[16/21] Compiling CryptoBoringWrapper EllipticCurvePoint.swift
[17/21] Compiling CryptoBoringWrapper ArbitraryPrecisionInteger.swift
[18/21] Emitting module CryptoBoringWrapper
[19/22] Emitting module Logging
unable to find node: pound
unable to find node: pound
[20/22] Compiling Logging MultiplexLogHandler.swift
[21/22] Compiling Logging StreamLogHandler.swift
[24/94] Compiling Crypto PKCS8PrivateKey.swift
[25/94] Compiling Crypto SEC1PrivateKey.swift
[26/94] Compiling Crypto SubjectPublicKeyInfo.swift
[27/94] Compiling Crypto CryptoError_boring.swift
[28/94] Compiling Crypto CryptoKitErrors.swift
[29/94] Compiling Crypto Digest_boring.swift
[30/94] Compiling Crypto Digest.swift
[31/94] Compiling Crypto Digests.swift
[32/94] Compiling Crypto HashFunctions.swift
[33/94] Compiling Crypto HashFunctions_SHA2.swift
[34/104] Emitting module Crypto
[35/104] Compiling Crypto HPKE-Errors.swift
[36/104] Compiling Crypto HPKE.swift
[37/104] Compiling Crypto HPKE-Context.swift
[38/104] Compiling Crypto HPKE-KeySchedule.swift
[39/104] Compiling Crypto HPKE-Modes.swift
[40/104] Compiling Crypto Insecure.swift
[41/104] Compiling Crypto Insecure_HashFunctions.swift
[42/104] Compiling Crypto KEM.swift
[43/104] Compiling Crypto ECDH_boring.swift
[44/104] Compiling Crypto DH.swift
[45/104] Compiling Crypto AES-GCM.swift
[46/104] Compiling Crypto AES-GCM_boring.swift
[47/104] Compiling Crypto ChaChaPoly_boring.swift
[48/104] Compiling Crypto ChaChaPoly.swift
[49/104] Compiling Crypto Cipher.swift
[50/104] Compiling Crypto Nonces.swift
[51/104] Compiling Crypto ASN1.swift
[52/104] Compiling Crypto ASN1Any.swift
[53/104] Compiling Crypto ASN1BitString.swift
[54/104] Compiling Crypto ASN1Boolean.swift
[55/104] Compiling Crypto X25519Keys.swift
[56/104] Compiling Crypto SymmetricKeys.swift
[57/104] Compiling Crypto HMAC.swift
[58/104] Compiling Crypto MACFunctions.swift
[59/104] Compiling Crypto MessageAuthenticationCode.swift
[60/104] Compiling Crypto AES.swift
[61/104] Compiling Crypto ECDSASignature_boring.swift
[62/104] Compiling Crypto ECDSA_boring.swift
[63/104] Compiling Crypto EdDSA_boring.swift
[64/104] Compiling Crypto ECDSA.swift
[65/104] Compiling Crypto ECDH.swift
[66/104] Compiling Crypto HKDF.swift
[67/104] Compiling Crypto AESWrap.swift
[68/104] Compiling Crypto AESWrap_boring.swift
[69/104] Compiling Crypto Ed25519_boring.swift
[70/104] Compiling Crypto NISTCurvesKeys_boring.swift
[71/104] Compiling Crypto X25519Keys_boring.swift
[72/104] Compiling Crypto Curve25519.swift
[73/104] Compiling Crypto Ed25519Keys.swift
[74/104] Compiling Crypto NISTCurvesKeys.swift
[75/104] Compiling Crypto HPKE-AEAD.swift
[76/104] Compiling Crypto HPKE-Ciphersuite.swift
[77/104] Compiling Crypto HPKE-KDF.swift
[78/104] Compiling Crypto HPKE-KexKeyDerivation.swift
[79/104] Compiling Crypto HPKE-LabeledExtract.swift
[80/104] Compiling Crypto HPKE-Utils.swift
[81/104] Compiling Crypto DHKEM.swift
[82/104] Compiling Crypto HPKE-KEM-Curve25519.swift
[83/104] Compiling Crypto HPKE-NIST-EC-KEMs.swift
[84/104] Compiling Crypto HPKE-KEM.swift
[85/104] Compiling Crypto ASN1Identifier.swift
[86/104] Compiling Crypto ASN1Integer.swift
[87/104] Compiling Crypto ASN1Null.swift
[88/104] Compiling Crypto ASN1OctetString.swift
[89/104] Compiling Crypto ASN1Strings.swift
[90/104] Compiling Crypto ArraySliceBigint.swift
[91/104] Compiling Crypto GeneralizedTime.swift
[92/104] Compiling Crypto ObjectIdentifier.swift
[93/104] Compiling Crypto ECDSASignature.swift
[94/104] Compiling Crypto PEMDocument.swift
[95/104] Compiling Crypto Ed25519.swift
[96/104] Compiling Crypto Signature.swift
[97/104] Compiling Crypto CryptoKitErrors_boring.swift
[98/104] Compiling Crypto RNG_boring.swift
[99/104] Compiling Crypto SafeCompare_boring.swift
[100/104] Compiling Crypto Zeroization_boring.swift
[101/104] Compiling Crypto PrettyBytes.swift
[102/104] Compiling Crypto SafeCompare.swift
[103/104] Compiling Crypto SecureBytes.swift
[104/104] Compiling Crypto Zeroization.swift
[106/145] Compiling AlgoliaCore DecodingErrorPrettyPrinter.swift
/host/spi-builder-workspace/Sources/Core/Common/Logging.swift:14:12: error: no such module 'OSLog'
 12 |     typealias SwiftLog = Logging.Logger
 13 | #else
 14 |     import OSLog
    |            `- error: no such module 'OSLog'
 15 |
 16 |     typealias SwiftLog = os.Logger
[107/145] Compiling AlgoliaCore ErrorMessage.swift
/host/spi-builder-workspace/Sources/Core/Common/Logging.swift:14:12: error: no such module 'OSLog'
 12 |     typealias SwiftLog = Logging.Logger
 13 | #else
 14 |     import OSLog
    |            `- error: no such module 'OSLog'
 15 |
 16 |     typealias SwiftLog = os.Logger
[108/145] Compiling AlgoliaCore Logging.swift
/host/spi-builder-workspace/Sources/Core/Common/Logging.swift:14:12: error: no such module 'OSLog'
 12 |     typealias SwiftLog = Logging.Logger
 13 | #else
 14 |     import OSLog
    |            `- error: no such module 'OSLog'
 15 |
 16 |     typealias SwiftLog = os.Logger
[109/145] Compiling AlgoliaCore Region.swift
/host/spi-builder-workspace/Sources/Core/Common/Logging.swift:14:12: error: no such module 'OSLog'
 12 |     typealias SwiftLog = Logging.Logger
 13 | #else
 14 |     import OSLog
    |            `- error: no such module 'OSLog'
 15 |
 16 |     typealias SwiftLog = os.Logger
[110/145] Compiling AlgoliaCore RequestOptions.swift
/host/spi-builder-workspace/Sources/Core/Common/Logging.swift:14:12: error: no such module 'OSLog'
 12 |     typealias SwiftLog = Logging.Logger
 13 | #else
 14 |     import OSLog
    |            `- error: no such module 'OSLog'
 15 |
 16 |     typealias SwiftLog = os.Logger
[111/145] Compiling AlgoliaCore StringOption.swift
/host/spi-builder-workspace/Sources/Core/Common/Logging.swift:14:12: error: no such module 'OSLog'
 12 |     typealias SwiftLog = Logging.Logger
 13 | #else
 14 |     import OSLog
    |            `- error: no such module 'OSLog'
 15 |
 16 |     typealias SwiftLog = os.Logger
[112/150] Compiling AlgoliaCore URLSessionRequestBuilder.swift
/host/spi-builder-workspace/Sources/Core/Common/Logging.swift:14:12: error: no such module 'OSLog'
 12 |     typealias SwiftLog = Logging.Logger
 13 | #else
 14 |     import OSLog
    |            `- error: no such module 'OSLog'
 15 |
 16 |     typealias SwiftLog = os.Logger
[113/150] Compiling AlgoliaCore RequestID.swift
/host/spi-builder-workspace/Sources/Core/Common/Logging.swift:14:12: error: no such module 'OSLog'
 12 |     typealias SwiftLog = Logging.Logger
 13 | #else
 14 |     import OSLog
    |            `- error: no such module 'OSLog'
 15 |
 16 |     typealias SwiftLog = os.Logger
[114/150] Compiling AlgoliaCore AlgoliaRetryStrategy.swift
/host/spi-builder-workspace/Sources/Core/Common/Logging.swift:14:12: error: no such module 'OSLog'
 12 |     typealias SwiftLog = Logging.Logger
 13 | #else
 14 |     import OSLog
    |            `- error: no such module 'OSLog'
 15 |
 16 |     typealias SwiftLog = os.Logger
[115/150] Compiling AlgoliaCore HostIterator.swift
/host/spi-builder-workspace/Sources/Core/Common/Logging.swift:14:12: error: no such module 'OSLog'
 12 |     typealias SwiftLog = Logging.Logger
 13 | #else
 14 |     import OSLog
    |            `- error: no such module 'OSLog'
 15 |
 16 |     typealias SwiftLog = os.Logger
[116/150] Compiling AlgoliaCore RetryStrategy.swift
/host/spi-builder-workspace/Sources/Core/Common/Logging.swift:14:12: error: no such module 'OSLog'
 12 |     typealias SwiftLog = Logging.Logger
 13 | #else
 14 |     import OSLog
    |            `- error: no such module 'OSLog'
 15 |
 16 |     typealias SwiftLog = os.Logger
error: emit-module command failed with exit code 1 (use -v to see invocation)
[117/150] Emitting module AlgoliaCore
/host/spi-builder-workspace/Sources/Core/Common/Logging.swift:14:12: error: no such module 'OSLog'
 12 |     typealias SwiftLog = Logging.Logger
 13 | #else
 14 |     import OSLog
    |            `- error: no such module 'OSLog'
 15 |
 16 |     typealias SwiftLog = os.Logger
[118/150] Compiling AlgoliaCore APIHelper.swift
/host/spi-builder-workspace/Sources/Core/Common/Logging.swift:14:12: error: no such module 'OSLog'
 12 |     typealias SwiftLog = Logging.Logger
 13 | #else
 14 |     import OSLog
    |            `- error: no such module 'OSLog'
 15 |
 16 |     typealias SwiftLog = os.Logger
[119/150] Compiling AlgoliaCore CharacterSet.swift
/host/spi-builder-workspace/Sources/Core/Common/Logging.swift:14:12: error: no such module 'OSLog'
 12 |     typealias SwiftLog = Logging.Logger
 13 | #else
 14 |     import OSLog
    |            `- error: no such module 'OSLog'
 15 |
 16 |     typealias SwiftLog = os.Logger
[120/150] Compiling AlgoliaCore CodableHelper.swift
/host/spi-builder-workspace/Sources/Core/Common/Logging.swift:14:12: error: no such module 'OSLog'
 12 |     typealias SwiftLog = Logging.Logger
 13 | #else
 14 |     import OSLog
    |            `- error: no such module 'OSLog'
 15 |
 16 |     typealias SwiftLog = os.Logger
[121/150] Compiling AlgoliaCore Encoding.swift
/host/spi-builder-workspace/Sources/Core/Common/Logging.swift:14:12: error: no such module 'OSLog'
 12 |     typealias SwiftLog = Logging.Logger
 13 | #else
 14 |     import OSLog
    |            `- error: no such module 'OSLog'
 15 |
 16 |     typealias SwiftLog = os.Logger
[122/150] Compiling AlgoliaCore Extensions.swift
/host/spi-builder-workspace/Sources/Core/Common/Logging.swift:14:12: error: no such module 'OSLog'
 12 |     typealias SwiftLog = Logging.Logger
 13 | #else
 14 |     import OSLog
    |            `- error: no such module 'OSLog'
 15 |
 16 |     typealias SwiftLog = os.Logger
[123/150] Compiling AlgoliaCore Iterable.swift
/host/spi-builder-workspace/Sources/Core/Common/Logging.swift:14:12: error: no such module 'OSLog'
 12 |     typealias SwiftLog = Logging.Logger
 13 | #else
 14 |     import OSLog
    |            `- error: no such module 'OSLog'
 15 |
 16 |     typealias SwiftLog = os.Logger
[124/150] Compiling AlgoliaCore HTTPMethod.swift
/host/spi-builder-workspace/Sources/Core/Common/Logging.swift:14:12: error: no such module 'OSLog'
 12 |     typealias SwiftLog = Logging.Logger
 13 | #else
 14 |     import OSLog
    |            `- error: no such module 'OSLog'
 15 |
 16 |     typealias SwiftLog = os.Logger
[125/150] Compiling AlgoliaCore HTTPStatusCode.swift
/host/spi-builder-workspace/Sources/Core/Common/Logging.swift:14:12: error: no such module 'OSLog'
 12 |     typealias SwiftLog = Logging.Logger
 13 | #else
 14 |     import OSLog
    |            `- error: no such module 'OSLog'
 15 |
 16 |     typealias SwiftLog = os.Logger
[126/150] Compiling AlgoliaCore RateLimitRetry.swift
/host/spi-builder-workspace/Sources/Core/Common/Logging.swift:14:12: error: no such module 'OSLog'
 12 |     typealias SwiftLog = Logging.Logger
 13 | #else
 14 |     import OSLog
    |            `- error: no such module 'OSLog'
 15 |
 16 |     typealias SwiftLog = os.Logger
[127/150] Compiling AlgoliaCore EchoRequestBuilder.swift
/host/spi-builder-workspace/Sources/Core/Common/Logging.swift:14:12: error: no such module 'OSLog'
 12 |     typealias SwiftLog = Logging.Logger
 13 | #else
 14 |     import OSLog
    |            `- error: no such module 'OSLog'
 15 |
 16 |     typealias SwiftLog = os.Logger
[128/150] Compiling AlgoliaCore RequestBuilder.swift
/host/spi-builder-workspace/Sources/Core/Common/Logging.swift:14:12: error: no such module 'OSLog'
 12 |     typealias SwiftLog = Logging.Logger
 13 | #else
 14 |     import OSLog
    |            `- error: no such module 'OSLog'
 15 |
 16 |     typealias SwiftLog = os.Logger
[129/150] Compiling AlgoliaCore Models.swift
/host/spi-builder-workspace/Sources/Core/Common/Logging.swift:14:12: error: no such module 'OSLog'
 12 |     typealias SwiftLog = Logging.Logger
 13 | #else
 14 |     import OSLog
    |            `- error: no such module 'OSLog'
 15 |
 16 |     typealias SwiftLog = os.Logger
[130/150] Compiling AlgoliaCore OpenISO8601DateFormatter.swift
/host/spi-builder-workspace/Sources/Core/Common/Logging.swift:14:12: error: no such module 'OSLog'
 12 |     typealias SwiftLog = Logging.Logger
 13 | #else
 14 |     import OSLog
    |            `- error: no such module 'OSLog'
 15 |
 16 |     typealias SwiftLog = os.Logger
[131/150] Compiling AlgoliaCore Random.swift
/host/spi-builder-workspace/Sources/Core/Common/Logging.swift:14:12: error: no such module 'OSLog'
 12 |     typealias SwiftLog = Logging.Logger
 13 | #else
 14 |     import OSLog
    |            `- error: no such module 'OSLog'
 15 |
 16 |     typealias SwiftLog = os.Logger
[132/150] Compiling AlgoliaCore SynchronizedDictionary.swift
/host/spi-builder-workspace/Sources/Core/Common/Logging.swift:14:12: error: no such module 'OSLog'
 12 |     typealias SwiftLog = Logging.Logger
 13 | #else
 14 |     import OSLog
    |            `- error: no such module 'OSLog'
 15 |
 16 |     typealias SwiftLog = os.Logger
[133/150] Compiling AlgoliaCore TimeInterval.swift
/host/spi-builder-workspace/Sources/Core/Common/Logging.swift:14:12: error: no such module 'OSLog'
 12 |     typealias SwiftLog = Logging.Logger
 13 | #else
 14 |     import OSLog
    |            `- error: no such module 'OSLog'
 15 |
 16 |     typealias SwiftLog = os.Logger
[134/150] Compiling AlgoliaCore Version.swift
/host/spi-builder-workspace/Sources/Core/Common/Logging.swift:14:12: error: no such module 'OSLog'
 12 |     typealias SwiftLog = Logging.Logger
 13 | #else
 14 |     import OSLog
    |            `- error: no such module 'OSLog'
 15 |
 16 |     typealias SwiftLog = os.Logger
[135/150] Compiling AlgoliaCore AnyCodable.swift
/host/spi-builder-workspace/Sources/Core/Common/Logging.swift:14:12: error: no such module 'OSLog'
 12 |     typealias SwiftLog = Logging.Logger
 13 | #else
 14 |     import OSLog
    |            `- error: no such module 'OSLog'
 15 |
 16 |     typealias SwiftLog = os.Logger
[136/150] Compiling AlgoliaCore AnyDecodable.swift
/host/spi-builder-workspace/Sources/Core/Common/Logging.swift:14:12: error: no such module 'OSLog'
 12 |     typealias SwiftLog = Logging.Logger
 13 | #else
 14 |     import OSLog
    |            `- error: no such module 'OSLog'
 15 |
 16 |     typealias SwiftLog = os.Logger
[137/150] Compiling AlgoliaCore AnyEncodable.swift
/host/spi-builder-workspace/Sources/Core/Common/Logging.swift:14:12: error: no such module 'OSLog'
 12 |     typealias SwiftLog = Logging.Logger
 13 | #else
 14 |     import OSLog
    |            `- error: no such module 'OSLog'
 15 |
 16 |     typealias SwiftLog = os.Logger
[138/150] Compiling AlgoliaCore BridgedTask.swift
/host/spi-builder-workspace/Sources/Core/Common/Logging.swift:14:12: error: no such module 'OSLog'
 12 |     typealias SwiftLog = Logging.Logger
 13 | #else
 14 |     import OSLog
    |            `- error: no such module 'OSLog'
 15 |
 16 |     typealias SwiftLog = os.Logger
[139/150] Compiling AlgoliaCore CallType.swift
/host/spi-builder-workspace/Sources/Core/Common/Logging.swift:14:12: error: no such module 'OSLog'
 12 |     typealias SwiftLog = Logging.Logger
 13 | #else
 14 |     import OSLog
    |            `- error: no such module 'OSLog'
 15 |
 16 |     typealias SwiftLog = os.Logger
[140/150] Compiling AlgoliaCore Credentials.swift
/host/spi-builder-workspace/Sources/Core/Common/Logging.swift:14:12: error: no such module 'OSLog'
 12 |     typealias SwiftLog = Logging.Logger
 13 | #else
 14 |     import OSLog
    |            `- error: no such module 'OSLog'
 15 |
 16 |     typealias SwiftLog = os.Logger
[141/150] Compiling AlgoliaCore RetryableHost.swift
/host/spi-builder-workspace/Sources/Core/Common/Logging.swift:14:12: error: no such module 'OSLog'
 12 |     typealias SwiftLog = Logging.Logger
 13 | #else
 14 |     import OSLog
    |            `- error: no such module 'OSLog'
 15 |
 16 |     typealias SwiftLog = os.Logger
[142/150] Compiling AlgoliaCore Transporter.swift
/host/spi-builder-workspace/Sources/Core/Common/Logging.swift:14:12: error: no such module 'OSLog'
 12 |     typealias SwiftLog = Logging.Logger
 13 | #else
 14 |     import OSLog
    |            `- error: no such module 'OSLog'
 15 |
 16 |     typealias SwiftLog = os.Logger
[143/150] Compiling AlgoliaCore URLSessionLinux.swift
/host/spi-builder-workspace/Sources/Core/Common/Logging.swift:14:12: error: no such module 'OSLog'
 12 |     typealias SwiftLog = Logging.Logger
 13 | #else
 14 |     import OSLog
    |            `- error: no such module 'OSLog'
 15 |
 16 |     typealias SwiftLog = os.Logger
[144/150] Compiling AlgoliaCore UserAgent.swift
/host/spi-builder-workspace/Sources/Core/Common/Logging.swift:14:12: error: no such module 'OSLog'
 12 |     typealias SwiftLog = Logging.Logger
 13 | #else
 14 |     import OSLog
    |            `- error: no such module 'OSLog'
 15 |
 16 |     typealias SwiftLog = os.Logger
[145/150] Compiling AlgoliaCore UserAgentController.swift
/host/spi-builder-workspace/Sources/Core/Common/Logging.swift:14:12: error: no such module 'OSLog'
 12 |     typealias SwiftLog = Logging.Logger
 13 | #else
 14 |     import OSLog
    |            `- error: no such module 'OSLog'
 15 |
 16 |     typealias SwiftLog = os.Logger
[146/150] Compiling AlgoliaCore BaseConfiguration.swift
/host/spi-builder-workspace/Sources/Core/Common/Logging.swift:14:12: error: no such module 'OSLog'
 12 |     typealias SwiftLog = Logging.Logger
 13 | #else
 14 |     import OSLog
    |            `- error: no such module 'OSLog'
 15 |
 16 |     typealias SwiftLog = os.Logger
[147/150] Compiling AlgoliaCore CompressionAlgorithm.swift
/host/spi-builder-workspace/Sources/Core/Common/Logging.swift:14:12: error: no such module 'OSLog'
 12 |     typealias SwiftLog = Logging.Logger
 13 | #else
 14 |     import OSLog
    |            `- error: no such module 'OSLog'
 15 |
 16 |     typealias SwiftLog = os.Logger
[148/150] Compiling AlgoliaCore Gzip.swift
/host/spi-builder-workspace/Sources/Core/Common/Logging.swift:14:12: error: no such module 'OSLog'
 12 |     typealias SwiftLog = Logging.Logger
 13 | #else
 14 |     import OSLog
    |            `- error: no such module 'OSLog'
 15 |
 16 |     typealias SwiftLog = os.Logger
[149/150] Compiling AlgoliaCore AlgoliaError.swift
/host/spi-builder-workspace/Sources/Core/Common/Logging.swift:14:12: error: no such module 'OSLog'
 12 |     typealias SwiftLog = Logging.Logger
 13 | #else
 14 |     import OSLog
    |            `- error: no such module 'OSLog'
 15 |
 16 |     typealias SwiftLog = os.Logger
[150/150] Compiling AlgoliaCore HTTPError.swift
/host/spi-builder-workspace/Sources/Core/Common/Logging.swift:14:12: error: no such module 'OSLog'
 12 |     typealias SwiftLog = Logging.Logger
 13 | #else
 14 |     import OSLog
    |            `- error: no such module 'OSLog'
 15 |
 16 |     typealias SwiftLog = os.Logger
BUILD FAILURE 6.1 android