The Swift Package Index logo.Swift Package Index

Build Information

Failed to build StackListView, reference 1.0.1 (2d63b6), with Swift 6.4 for watchOS using Xcode 27.0 on 26 Sep 2026 18:21:15 UTC.

Build Command

env DEVELOPER_DIR=/Applications/Xcode-27.0.0-Release.Candidate.app xcrun xcodebuild -IDEClonedSourcePackagesDirPathOverride=$PWD/.dependencies -skipMacroValidation -skipPackagePluginValidation -derivedDataPath $PWD/.derivedData build -scheme StackListView -destination generic/platform=watchOS

Build Log

========================================
RunAll
========================================
Builder version: 5.1.0
Interrupt handler set up.
========================================
Checkout
========================================
Clone URL: https://github.com/moslienko/StackListView.git
Reference: 1.0.1
Initialized empty Git repository in /Users/admin/builder/spi-builder-workspace/.git/
From https://github.com/moslienko/StackListView
 * tag               1.0.1      -> FETCH_HEAD
HEAD is now at 2d63b6c Merge pull request #1 from moslienko/develop
Cloned https://github.com/moslienko/StackListView.git
Revision (git rev-parse @):
2d63b6cadd7e4a2ecb6013322ba3eeb388d0c16d
SUCCESS checkout https://github.com/moslienko/StackListView.git at 1.0.1
========================================
Build
========================================
Selected platform:         watchOS
Swift version:             6.4
Building package at path:  $PWD
https://github.com/moslienko/StackListView.git
Command line invocation:
    /Applications/Xcode-27.0.0-Release.Candidate.app/Contents/Developer/usr/bin/xcodebuild -IDEClonedSourcePackagesDirPathOverride=/Users/admin/builder/spi-builder-workspace/.dependencies -resolvePackageDependencies
Resolve Package Graph
Fetching from https://github.com/moslienko/AppViewUtilits.git
Creating working copy of package ‘AppViewUtilits’
Checking out 1.3.1 of package ‘AppViewUtilits’
Resolved source packages:
  AppViewUtilits: https://github.com/moslienko/AppViewUtilits.git @ 1.3.1
resolved source packages: AppViewUtilits
{
  "dependencies" : [
    {
      "identity" : "appviewutilits",
      "requirement" : {
        "range" : [
          {
            "lower_bound" : "1.2.1",
            "upper_bound" : "2.0.0"
          }
        ]
      },
      "type" : "sourceControl",
      "url" : "https://github.com/moslienko/AppViewUtilits.git"
    }
  ],
  "manifest_display_name" : "StackListView",
  "name" : "StackListView",
  "path" : "/Users/admin/builder/spi-builder-workspace",
  "platforms" : [
    {
      "name" : "ios",
      "version" : "11.0"
    }
  ],
  "products" : [
    {
      "name" : "StackListView",
      "targets" : [
        "StackListView"
      ],
      "type" : {
        "library" : [
          "automatic"
        ]
      }
    }
  ],
  "targets" : [
    {
      "c99name" : "StackListViewTests",
      "module_type" : "SwiftTarget",
      "name" : "StackListViewTests",
      "path" : "Tests",
      "sources" : [
        "LinuxMain.swift",
        "StackListViewTests.swift"
      ],
      "target_dependencies" : [
        "StackListView"
      ],
      "type" : "test"
    },
    {
      "c99name" : "StackListView",
      "module_type" : "SwiftTarget",
      "name" : "StackListView",
      "path" : "Sources",
      "product_dependencies" : [
        "AppViewUtilits"
      ],
      "product_memberships" : [
        "StackListView"
      ],
      "sources" : [
        "StackListView/Extensions/Extension+AppViewModel.swift",
        "StackListView/Extensions/Extension+Equatable.swift",
        "StackListView/Extensions/Extension+Hashable.swift",
        "StackListView/Extensions/Extension+StackSectionModel.swift",
        "StackListView/Models/AppViewModelPresentable.swift",
        "StackListView/Models/StackSectionModel.swift",
        "StackListView/Protocols/StackListViewProtocols.swift",
        "StackListView/StackListAdapter.swift",
        "StackListView/StackListView.swift"
      ],
      "type" : "library"
    }
  ],
  "tools_version" : "5.3"
}
{
  "project" : {
    "configurations" : [
      "Debug",
      "Release"
    ],
    "name" : "StackListView",
    "schemes" : [
      "Example",
      "StackListView-iOS",
      "StackListView-macOS",
      "StackListView-tvOS",
      "StackListView-watchOS"
    ],
    "targets" : [
      "StackListView-iOS",
      "StackListView-tvOS",
      "StackListView-watchOS",
      "StackListView-macOS",
      "StackListView-iOSTests",
      "StackListView-tvOSTests",
      "StackListView-macOSTests",
      "Example"
    ]
  }
}
{
  "workspace" : {
    "name" : "StackListView",
    "schemes" : [
      "StackListView"
    ]
  }
}
2026-09-26 14:21:05.989 xcodebuild[693:4429] [MT] IDERunDestination: Supported platforms for the buildables in the current scheme is empty.
Running build ...
env DEVELOPER_DIR=/Applications/Xcode-27.0.0-Release.Candidate.app xcrun xcodebuild -IDEClonedSourcePackagesDirPathOverride=$PWD/.dependencies -skipMacroValidation -skipPackagePluginValidation -derivedDataPath $PWD/.derivedData build -scheme StackListView -destination generic/platform=watchOS
Command line invocation:
    /Applications/Xcode-27.0.0-Release.Candidate.app/Contents/Developer/usr/bin/xcodebuild -IDEClonedSourcePackagesDirPathOverride=/Users/admin/builder/spi-builder-workspace/.dependencies -skipMacroValidation -skipPackagePluginValidation -derivedDataPath /Users/admin/builder/spi-builder-workspace/.derivedData build -scheme StackListView -destination generic/platform=watchOS
Resolve Package Graph
Resolve Package Graph
Resolved source packages:
  AppViewUtilits: https://github.com/moslienko/AppViewUtilits.git @ 1.3.1
  StackListView: /Users/admin/builder/spi-builder-workspace
ComputePackagePrebuildTargetDependencyGraph
Prepare packages
CreateBuildRequest
SendProjectDescription
CreateBuildOperation
ComputeTargetDependencyGraph
note: Building targets in dependency order
note: Target dependency graph (4 targets)
    Target 'StackListView-product' in project 'StackListView'
        ➜ Explicit dependency on target 'StackListView' in project 'StackListView'
        ➜ Explicit dependency on target 'AppViewUtilits-product' in project 'AppViewUtilits'
    Target 'StackListView' in project 'StackListView'
        ➜ Explicit dependency on target 'AppViewUtilits-product' in project 'AppViewUtilits'
    Target 'AppViewUtilits-product' in project 'AppViewUtilits'
        ➜ Explicit dependency on target 'AppViewUtilits' in project 'AppViewUtilits'
    Target 'AppViewUtilits' in project 'AppViewUtilits' (no dependencies)
GatherProvisioningInputs
CreateBuildDescription
ExecuteExternalTool /Applications/Xcode-27.0.0-Release.Candidate.app/Contents/Developer/Toolchains/XcodeDefault.xctoolchain/usr/bin/clang -v -E -dM -isysroot /Applications/Xcode-27.0.0-Release.Candidate.app/Contents/Developer/Platforms/WatchOS.platform/Developer/SDKs/WatchOS27.0.sdk -x c -c /dev/null
ExecuteExternalTool /Applications/Xcode-27.0.0-Release.Candidate.app/Contents/Developer/Toolchains/XcodeDefault.xctoolchain/usr/bin/swiftc --version
ExecuteExternalTool /Applications/Xcode-27.0.0-Release.Candidate.app/Contents/Developer/Toolchains/XcodeDefault.xctoolchain/usr/bin/ld -version_details
Build description signature: 39d7e001e453683288cbecd0af35da5b
Build description path: /Users/admin/builder/spi-builder-workspace/.derivedData/Build/Intermediates.noindex/XCBuildData/39d7e001e453683288cbecd0af35da5b.xcbuilddata
CreateBuildDirectory /Users/admin/builder/spi-builder-workspace/.derivedData/ModuleCache.noindex
    cd /Users/admin/builder/spi-builder-workspace/.swiftpm/xcode
    builtin-create-build-directory /Users/admin/builder/spi-builder-workspace/.derivedData/ModuleCache.noindex
CreateBuildDirectory /Users/admin/builder/spi-builder-workspace/.derivedData/SDKExplicitPrecompiledModules
    cd /Users/admin/builder/spi-builder-workspace/.swiftpm/xcode
    builtin-create-build-directory /Users/admin/builder/spi-builder-workspace/.derivedData/SDKExplicitPrecompiledModules
CreateBuildDirectory /Users/admin/builder/spi-builder-workspace/.derivedData/CompilationCache.noindex
    cd /Users/admin/builder/spi-builder-workspace/.swiftpm/xcode
    builtin-create-build-directory /Users/admin/builder/spi-builder-workspace/.derivedData/CompilationCache.noindex
ClangStatCache /Applications/Xcode-27.0.0-Release.Candidate.app/Contents/Developer/Toolchains/XcodeDefault.xctoolchain/usr/bin/clang-stat-cache /Applications/Xcode-27.0.0-Release.Candidate.app/Contents/Developer/Platforms/WatchOS.platform/Developer/SDKs/WatchOS27.0.sdk /Users/admin/builder/spi-builder-workspace/.derivedData/SDKStatCaches.noindex/watchos27.0-24R360-e829b21a6f8c9b70876ba0858053c04477534ef55a1706bf4c1112bbb242f0a2.sdkstatcache
    cd /Users/admin/builder/spi-builder-workspace/.swiftpm/xcode
    /Applications/Xcode-27.0.0-Release.Candidate.app/Contents/Developer/Toolchains/XcodeDefault.xctoolchain/usr/bin/clang-stat-cache /Applications/Xcode-27.0.0-Release.Candidate.app/Contents/Developer/Platforms/WatchOS.platform/Developer/SDKs/WatchOS27.0.sdk -o /Users/admin/builder/spi-builder-workspace/.derivedData/SDKStatCaches.noindex/watchos27.0-24R360-e829b21a6f8c9b70876ba0858053c04477534ef55a1706bf4c1112bbb242f0a2.sdkstatcache
CreateBuildDirectory /Users/admin/builder/spi-builder-workspace/.derivedData/Build/Products
    cd /Users/admin/builder/spi-builder-workspace/.swiftpm/xcode
    builtin-create-build-directory /Users/admin/builder/spi-builder-workspace/.derivedData/Build/Products
CreateBuildDirectory /Users/admin/builder/spi-builder-workspace/.derivedData/Build/Intermediates.noindex
    cd /Users/admin/builder/spi-builder-workspace/.swiftpm/xcode
    builtin-create-build-directory /Users/admin/builder/spi-builder-workspace/.derivedData/Build/Intermediates.noindex
CreateBuildDirectory /Users/admin/builder/spi-builder-workspace/.derivedData/Build/Intermediates.noindex/SwiftExplicitPrecompiledModules
    cd /Users/admin/builder/spi-builder-workspace/.swiftpm/xcode
    builtin-create-build-directory /Users/admin/builder/spi-builder-workspace/.derivedData/Build/Intermediates.noindex/SwiftExplicitPrecompiledModules
CreateBuildDirectory /Users/admin/builder/spi-builder-workspace/.derivedData/Build/Products/Debug-watchos
    cd /Users/admin/builder/spi-builder-workspace/.swiftpm/xcode
    builtin-create-build-directory /Users/admin/builder/spi-builder-workspace/.derivedData/Build/Products/Debug-watchos
CreateBuildDirectory /Users/admin/builder/spi-builder-workspace/.derivedData/Build/Intermediates.noindex/PrecompiledHeaders
    cd /Users/admin/builder/spi-builder-workspace/.swiftpm/xcode
    builtin-create-build-directory /Users/admin/builder/spi-builder-workspace/.derivedData/Build/Intermediates.noindex/PrecompiledHeaders
CreateBuildDirectory /Users/admin/builder/spi-builder-workspace/.derivedData/Build/Intermediates.noindex/ExplicitPrecompiledModules
    cd /Users/admin/builder/spi-builder-workspace/.swiftpm/xcode
    builtin-create-build-directory /Users/admin/builder/spi-builder-workspace/.derivedData/Build/Intermediates.noindex/ExplicitPrecompiledModules
CreateBuildDirectory /Users/admin/builder/spi-builder-workspace/.derivedData/Build/Intermediates.noindex/EagerLinkingTBDs/Debug-watchos
    cd /Users/admin/builder/spi-builder-workspace/.swiftpm/xcode
    builtin-create-build-directory /Users/admin/builder/spi-builder-workspace/.derivedData/Build/Intermediates.noindex/EagerLinkingTBDs/Debug-watchos
CreateBuildDirectory /Users/admin/builder/spi-builder-workspace/.derivedData/Build/Products/Debug-watchos/PackageFrameworks
    cd /Users/admin/builder/spi-builder-workspace/.swiftpm/xcode
    builtin-create-build-directory /Users/admin/builder/spi-builder-workspace/.derivedData/Build/Products/Debug-watchos/PackageFrameworks
WriteAuxiliaryFile /Users/admin/builder/spi-builder-workspace/.derivedData/Build/Intermediates.noindex/StackListView.build/Debug-watchos/StackListView-t.build/StackListView.DependencyStaticMetadataFileList (in target 'StackListView' from project 'StackListView')
    cd /Users/admin/builder/spi-builder-workspace
    write-file /Users/admin/builder/spi-builder-workspace/.derivedData/Build/Intermediates.noindex/StackListView.build/Debug-watchos/StackListView-t.build/StackListView.DependencyStaticMetadataFileList
WriteAuxiliaryFile /Users/admin/builder/spi-builder-workspace/.derivedData/Build/Intermediates.noindex/StackListView.build/Debug-watchos/StackListView-t.build/StackListView.modulemap (in target 'StackListView' from project 'StackListView')
    cd /Users/admin/builder/spi-builder-workspace
    write-file /Users/admin/builder/spi-builder-workspace/.derivedData/Build/Intermediates.noindex/StackListView.build/Debug-watchos/StackListView-t.build/StackListView.modulemap
WriteAuxiliaryFile /Users/admin/builder/spi-builder-workspace/.derivedData/Build/Intermediates.noindex/StackListView.build/Debug-watchos/StackListView-t.build/StackListView.DependencyMetadataFileList (in target 'StackListView' from project 'StackListView')
    cd /Users/admin/builder/spi-builder-workspace
    write-file /Users/admin/builder/spi-builder-workspace/.derivedData/Build/Intermediates.noindex/StackListView.build/Debug-watchos/StackListView-t.build/StackListView.DependencyMetadataFileList
WriteAuxiliaryFile /Users/admin/builder/spi-builder-workspace/.derivedData/Build/Intermediates.noindex/StackListView.build/Debug-watchos/StackListView-t.build/Objects-normal/arm64_32/StackListView-OutputFileMap.json (in target 'StackListView' from project 'StackListView')
    cd /Users/admin/builder/spi-builder-workspace
    write-file /Users/admin/builder/spi-builder-workspace/.derivedData/Build/Intermediates.noindex/StackListView.build/Debug-watchos/StackListView-t.build/Objects-normal/arm64_32/StackListView-OutputFileMap.json
WriteAuxiliaryFile /Users/admin/builder/spi-builder-workspace/.derivedData/Build/Intermediates.noindex/StackListView.build/Debug-watchos/StackListView-t.build/Objects-normal/arm64_32/StackListView.SwiftFileList (in target 'StackListView' from project 'StackListView')
    cd /Users/admin/builder/spi-builder-workspace
    write-file /Users/admin/builder/spi-builder-workspace/.derivedData/Build/Intermediates.noindex/StackListView.build/Debug-watchos/StackListView-t.build/Objects-normal/arm64_32/StackListView.SwiftFileList
WriteAuxiliaryFile /Users/admin/builder/spi-builder-workspace/.derivedData/Build/Intermediates.noindex/StackListView.build/Debug-watchos/StackListView-t.build/Objects-normal/arm64/StackListView-OutputFileMap.json (in target 'StackListView' from project 'StackListView')
    cd /Users/admin/builder/spi-builder-workspace
    write-file /Users/admin/builder/spi-builder-workspace/.derivedData/Build/Intermediates.noindex/StackListView.build/Debug-watchos/StackListView-t.build/Objects-normal/arm64/StackListView-OutputFileMap.json
WriteAuxiliaryFile /Users/admin/builder/spi-builder-workspace/.derivedData/Build/Intermediates.noindex/StackListView.build/Debug-watchos/StackListView-t.build/Objects-normal/arm64_32/StackListView_const_extract_protocols.json (in target 'StackListView' from project 'StackListView')
    cd /Users/admin/builder/spi-builder-workspace
    write-file /Users/admin/builder/spi-builder-workspace/.derivedData/Build/Intermediates.noindex/StackListView.build/Debug-watchos/StackListView-t.build/Objects-normal/arm64_32/StackListView_const_extract_protocols.json
WriteAuxiliaryFile /Users/admin/builder/spi-builder-workspace/.derivedData/Build/Intermediates.noindex/StackListView.build/Debug-watchos/StackListView-t.build/Objects-normal/arm64/StackListView_const_extract_protocols.json (in target 'StackListView' from project 'StackListView')
    cd /Users/admin/builder/spi-builder-workspace
    write-file /Users/admin/builder/spi-builder-workspace/.derivedData/Build/Intermediates.noindex/StackListView.build/Debug-watchos/StackListView-t.build/Objects-normal/arm64/StackListView_const_extract_protocols.json
WriteAuxiliaryFile /Users/admin/builder/spi-builder-workspace/.derivedData/Build/Intermediates.noindex/StackListView.build/Debug-watchos/StackListView-t.build/Objects-normal/arm64_32/StackListView.SwiftConstValuesFileList (in target 'StackListView' from project 'StackListView')
    cd /Users/admin/builder/spi-builder-workspace
    write-file /Users/admin/builder/spi-builder-workspace/.derivedData/Build/Intermediates.noindex/StackListView.build/Debug-watchos/StackListView-t.build/Objects-normal/arm64_32/StackListView.SwiftConstValuesFileList
WriteAuxiliaryFile /Users/admin/builder/spi-builder-workspace/.derivedData/Build/Intermediates.noindex/StackListView.build/Debug-watchos/StackListView-t.build/Objects-normal/arm64_32/StackListView.LinkFileList (in target 'StackListView' from project 'StackListView')
    cd /Users/admin/builder/spi-builder-workspace
    write-file /Users/admin/builder/spi-builder-workspace/.derivedData/Build/Intermediates.noindex/StackListView.build/Debug-watchos/StackListView-t.build/Objects-normal/arm64_32/StackListView.LinkFileList
WriteAuxiliaryFile /Users/admin/builder/spi-builder-workspace/.derivedData/Build/Intermediates.noindex/StackListView.build/Debug-watchos/StackListView-t.build/Objects-normal/arm64/StackListView.SwiftFileList (in target 'StackListView' from project 'StackListView')
    cd /Users/admin/builder/spi-builder-workspace
    write-file /Users/admin/builder/spi-builder-workspace/.derivedData/Build/Intermediates.noindex/StackListView.build/Debug-watchos/StackListView-t.build/Objects-normal/arm64/StackListView.SwiftFileList
WriteAuxiliaryFile /Users/admin/builder/spi-builder-workspace/.derivedData/Build/Intermediates.noindex/StackListView.build/Debug-watchos/StackListView-t.build/Objects-normal/arm64/StackListView.SwiftConstValuesFileList (in target 'StackListView' from project 'StackListView')
    cd /Users/admin/builder/spi-builder-workspace
    write-file /Users/admin/builder/spi-builder-workspace/.derivedData/Build/Intermediates.noindex/StackListView.build/Debug-watchos/StackListView-t.build/Objects-normal/arm64/StackListView.SwiftConstValuesFileList
WriteAuxiliaryFile /Users/admin/builder/spi-builder-workspace/.derivedData/Build/Intermediates.noindex/StackListView.build/Debug-watchos/StackListView-t.build/Objects-normal/arm64/StackListView.LinkFileList (in target 'StackListView' from project 'StackListView')
    cd /Users/admin/builder/spi-builder-workspace
    write-file /Users/admin/builder/spi-builder-workspace/.derivedData/Build/Intermediates.noindex/StackListView.build/Debug-watchos/StackListView-t.build/Objects-normal/arm64/StackListView.LinkFileList
WriteAuxiliaryFile /Users/admin/builder/spi-builder-workspace/.derivedData/Build/Intermediates.noindex/AppViewUtilits.build/Debug-watchos/AppViewUtilits-t.build/Objects-normal/arm64_32/AppViewUtilits_const_extract_protocols.json (in target 'AppViewUtilits' from project 'AppViewUtilits')
    cd /Users/admin/builder/spi-builder-workspace/.dependencies/checkouts/AppViewUtilits
    write-file /Users/admin/builder/spi-builder-workspace/.derivedData/Build/Intermediates.noindex/AppViewUtilits.build/Debug-watchos/AppViewUtilits-t.build/Objects-normal/arm64_32/AppViewUtilits_const_extract_protocols.json
WriteAuxiliaryFile /Users/admin/builder/spi-builder-workspace/.derivedData/Build/Intermediates.noindex/AppViewUtilits.build/Debug-watchos/AppViewUtilits-t.build/Objects-normal/arm64_32/AppViewUtilits.SwiftFileList (in target 'AppViewUtilits' from project 'AppViewUtilits')
    cd /Users/admin/builder/spi-builder-workspace/.dependencies/checkouts/AppViewUtilits
    write-file /Users/admin/builder/spi-builder-workspace/.derivedData/Build/Intermediates.noindex/AppViewUtilits.build/Debug-watchos/AppViewUtilits-t.build/Objects-normal/arm64_32/AppViewUtilits.SwiftFileList
Copy /Users/admin/builder/spi-builder-workspace/.derivedData/Build/Intermediates.noindex/GeneratedModuleMaps-watchos/StackListView.modulemap /Users/admin/builder/spi-builder-workspace/.derivedData/Build/Intermediates.noindex/StackListView.build/Debug-watchos/StackListView-t.build/StackListView.modulemap (in target 'StackListView' from project 'StackListView')
    cd /Users/admin/builder/spi-builder-workspace
    builtin-copy -exclude .DS_Store -exclude CVS -exclude .svn -exclude .git -exclude .hg -resolve-src-symlinks /Users/admin/builder/spi-builder-workspace/.derivedData/Build/Intermediates.noindex/StackListView.build/Debug-watchos/StackListView-t.build/StackListView.modulemap /Users/admin/builder/spi-builder-workspace/.derivedData/Build/Intermediates.noindex/GeneratedModuleMaps-watchos
WriteAuxiliaryFile /Users/admin/builder/spi-builder-workspace/.derivedData/Build/Intermediates.noindex/AppViewUtilits.build/Debug-watchos/AppViewUtilits-t.build/Objects-normal/arm64_32/AppViewUtilits.SwiftConstValuesFileList (in target 'AppViewUtilits' from project 'AppViewUtilits')
    cd /Users/admin/builder/spi-builder-workspace/.dependencies/checkouts/AppViewUtilits
    write-file /Users/admin/builder/spi-builder-workspace/.derivedData/Build/Intermediates.noindex/AppViewUtilits.build/Debug-watchos/AppViewUtilits-t.build/Objects-normal/arm64_32/AppViewUtilits.SwiftConstValuesFileList
WriteAuxiliaryFile /Users/admin/builder/spi-builder-workspace/.derivedData/Build/Intermediates.noindex/AppViewUtilits.build/Debug-watchos/AppViewUtilits-t.build/Objects-normal/arm64_32/AppViewUtilits.LinkFileList (in target 'AppViewUtilits' from project 'AppViewUtilits')
    cd /Users/admin/builder/spi-builder-workspace/.dependencies/checkouts/AppViewUtilits
    write-file /Users/admin/builder/spi-builder-workspace/.derivedData/Build/Intermediates.noindex/AppViewUtilits.build/Debug-watchos/AppViewUtilits-t.build/Objects-normal/arm64_32/AppViewUtilits.LinkFileList
WriteAuxiliaryFile /Users/admin/builder/spi-builder-workspace/.derivedData/Build/Intermediates.noindex/AppViewUtilits.build/Debug-watchos/AppViewUtilits-t.build/Objects-normal/arm64_32/AppViewUtilits-OutputFileMap.json (in target 'AppViewUtilits' from project 'AppViewUtilits')
    cd /Users/admin/builder/spi-builder-workspace/.dependencies/checkouts/AppViewUtilits
    write-file /Users/admin/builder/spi-builder-workspace/.derivedData/Build/Intermediates.noindex/AppViewUtilits.build/Debug-watchos/AppViewUtilits-t.build/Objects-normal/arm64_32/AppViewUtilits-OutputFileMap.json
WriteAuxiliaryFile /Users/admin/builder/spi-builder-workspace/.derivedData/Build/Intermediates.noindex/AppViewUtilits.build/Debug-watchos/AppViewUtilits-t.build/Objects-normal/arm64/AppViewUtilits_const_extract_protocols.json (in target 'AppViewUtilits' from project 'AppViewUtilits')
    cd /Users/admin/builder/spi-builder-workspace/.dependencies/checkouts/AppViewUtilits
    write-file /Users/admin/builder/spi-builder-workspace/.derivedData/Build/Intermediates.noindex/AppViewUtilits.build/Debug-watchos/AppViewUtilits-t.build/Objects-normal/arm64/AppViewUtilits_const_extract_protocols.json
WriteAuxiliaryFile /Users/admin/builder/spi-builder-workspace/.derivedData/Build/Intermediates.noindex/AppViewUtilits.build/Debug-watchos/AppViewUtilits-t.build/Objects-normal/arm64/AppViewUtilits.SwiftFileList (in target 'AppViewUtilits' from project 'AppViewUtilits')
    cd /Users/admin/builder/spi-builder-workspace/.dependencies/checkouts/AppViewUtilits
    write-file /Users/admin/builder/spi-builder-workspace/.derivedData/Build/Intermediates.noindex/AppViewUtilits.build/Debug-watchos/AppViewUtilits-t.build/Objects-normal/arm64/AppViewUtilits.SwiftFileList
WriteAuxiliaryFile /Users/admin/builder/spi-builder-workspace/.derivedData/Build/Intermediates.noindex/AppViewUtilits.build/Debug-watchos/AppViewUtilits-t.build/Objects-normal/arm64/AppViewUtilits.SwiftConstValuesFileList (in target 'AppViewUtilits' from project 'AppViewUtilits')
    cd /Users/admin/builder/spi-builder-workspace/.dependencies/checkouts/AppViewUtilits
    write-file /Users/admin/builder/spi-builder-workspace/.derivedData/Build/Intermediates.noindex/AppViewUtilits.build/Debug-watchos/AppViewUtilits-t.build/Objects-normal/arm64/AppViewUtilits.SwiftConstValuesFileList
WriteAuxiliaryFile /Users/admin/builder/spi-builder-workspace/.derivedData/Build/Intermediates.noindex/AppViewUtilits.build/Debug-watchos/AppViewUtilits-t.build/Objects-normal/arm64/AppViewUtilits.LinkFileList (in target 'AppViewUtilits' from project 'AppViewUtilits')
    cd /Users/admin/builder/spi-builder-workspace/.dependencies/checkouts/AppViewUtilits
    write-file /Users/admin/builder/spi-builder-workspace/.derivedData/Build/Intermediates.noindex/AppViewUtilits.build/Debug-watchos/AppViewUtilits-t.build/Objects-normal/arm64/AppViewUtilits.LinkFileList
WriteAuxiliaryFile /Users/admin/builder/spi-builder-workspace/.derivedData/Build/Intermediates.noindex/AppViewUtilits.build/Debug-watchos/AppViewUtilits-t.build/Objects-normal/arm64/AppViewUtilits-OutputFileMap.json (in target 'AppViewUtilits' from project 'AppViewUtilits')
    cd /Users/admin/builder/spi-builder-workspace/.dependencies/checkouts/AppViewUtilits
    write-file /Users/admin/builder/spi-builder-workspace/.derivedData/Build/Intermediates.noindex/AppViewUtilits.build/Debug-watchos/AppViewUtilits-t.build/Objects-normal/arm64/AppViewUtilits-OutputFileMap.json
WriteAuxiliaryFile /Users/admin/builder/spi-builder-workspace/.derivedData/Build/Intermediates.noindex/AppViewUtilits.build/Debug-watchos/AppViewUtilits-t.build/AppViewUtilits.modulemap (in target 'AppViewUtilits' from project 'AppViewUtilits')
    cd /Users/admin/builder/spi-builder-workspace/.dependencies/checkouts/AppViewUtilits
    write-file /Users/admin/builder/spi-builder-workspace/.derivedData/Build/Intermediates.noindex/AppViewUtilits.build/Debug-watchos/AppViewUtilits-t.build/AppViewUtilits.modulemap
WriteAuxiliaryFile /Users/admin/builder/spi-builder-workspace/.derivedData/Build/Intermediates.noindex/AppViewUtilits.build/Debug-watchos/AppViewUtilits-t.build/AppViewUtilits.DependencyStaticMetadataFileList (in target 'AppViewUtilits' from project 'AppViewUtilits')
    cd /Users/admin/builder/spi-builder-workspace/.dependencies/checkouts/AppViewUtilits
    write-file /Users/admin/builder/spi-builder-workspace/.derivedData/Build/Intermediates.noindex/AppViewUtilits.build/Debug-watchos/AppViewUtilits-t.build/AppViewUtilits.DependencyStaticMetadataFileList
WriteAuxiliaryFile /Users/admin/builder/spi-builder-workspace/.derivedData/Build/Intermediates.noindex/AppViewUtilits.build/Debug-watchos/AppViewUtilits-t.build/AppViewUtilits.DependencyMetadataFileList (in target 'AppViewUtilits' from project 'AppViewUtilits')
    cd /Users/admin/builder/spi-builder-workspace/.dependencies/checkouts/AppViewUtilits
    write-file /Users/admin/builder/spi-builder-workspace/.derivedData/Build/Intermediates.noindex/AppViewUtilits.build/Debug-watchos/AppViewUtilits-t.build/AppViewUtilits.DependencyMetadataFileList
Copy /Users/admin/builder/spi-builder-workspace/.derivedData/Build/Intermediates.noindex/GeneratedModuleMaps-watchos/AppViewUtilits.modulemap /Users/admin/builder/spi-builder-workspace/.derivedData/Build/Intermediates.noindex/AppViewUtilits.build/Debug-watchos/AppViewUtilits-t.build/AppViewUtilits.modulemap (in target 'AppViewUtilits' from project 'AppViewUtilits')
    cd /Users/admin/builder/spi-builder-workspace/.dependencies/checkouts/AppViewUtilits
    builtin-copy -exclude .DS_Store -exclude CVS -exclude .svn -exclude .git -exclude .hg -resolve-src-symlinks /Users/admin/builder/spi-builder-workspace/.derivedData/Build/Intermediates.noindex/AppViewUtilits.build/Debug-watchos/AppViewUtilits-t.build/AppViewUtilits.modulemap /Users/admin/builder/spi-builder-workspace/.derivedData/Build/Intermediates.noindex/GeneratedModuleMaps-watchos
SwiftDriver AppViewUtilits normal arm64 com.apple.xcode.tools.swift.compiler (in target 'AppViewUtilits' from project 'AppViewUtilits')
    cd /Users/admin/builder/spi-builder-workspace/.swiftpm/xcode
    builtin-SwiftDriver -- /Applications/Xcode-27.0.0-Release.Candidate.app/Contents/Developer/Toolchains/XcodeDefault.xctoolchain/usr/bin/swiftc -parse-as-library -module-name AppViewUtilits -Onone @/Users/admin/builder/spi-builder-workspace/.derivedData/Build/Intermediates.noindex/AppViewUtilits.build/Debug-watchos/AppViewUtilits-t.build/Objects-normal/arm64/AppViewUtilits.SwiftFileList -DSWIFT_PACKAGE -DDEBUG -DSWIFT_MODULE_RESOURCE_BUNDLE_UNAVAILABLE -DXcode -plugin-path /Applications/Xcode-27.0.0-Release.Candidate.app/Contents/Developer/Toolchains/XcodeDefault.xctoolchain/usr/lib/swift/host/plugins/testing -enable-experimental-feature DebugDescriptionMacro -sdk /Applications/Xcode-27.0.0-Release.Candidate.app/Contents/Developer/Platforms/WatchOS.platform/Developer/SDKs/WatchOS27.0.sdk -target arm64-apple-watchos9.0 -g -module-cache-path /Users/admin/builder/spi-builder-workspace/.derivedData/ModuleCache.noindex -Xfrontend -serialize-debugging-options -profile-coverage-mapping -profile-generate -enable-testing -suppress-warnings -index-store-path /Users/admin/builder/spi-builder-workspace/.derivedData/Index.noindex/DataStore -Xcc -D_LIBCPP_HARDENING_MODE\=_LIBCPP_HARDENING_MODE_DEBUG -swift-version 5 -I /Users/admin/builder/spi-builder-workspace/.derivedData/Build/Products/Debug-watchos -Isystem /Applications/Xcode-27.0.0-Release.Candidate.app/Contents/Developer/Platforms/WatchOS.platform/Developer/usr/lib -F /Users/admin/builder/spi-builder-workspace/.derivedData/Build/Products/Debug-watchos -F /Applications/Xcode-27.0.0-Release.Candidate.app/Contents/Developer/Platforms/WatchOS.platform/Developer/Library/Frameworks -F /Applications/Xcode-27.0.0-Release.Candidate.app/Contents/Developer/Platforms/WatchOS.platform/Developer/SDKs/WatchOS27.0.sdk/Developer/Library/Frameworks -c -j10 -enable-batch-mode -incremental -Xcc -ivfsstatcache -Xcc /Users/admin/builder/spi-builder-workspace/.derivedData/SDKStatCaches.noindex/watchos27.0-24R360-e829b21a6f8c9b70876ba0858053c04477534ef55a1706bf4c1112bbb242f0a2.sdkstatcache -output-file-map /Users/admin/builder/spi-builder-workspace/.derivedData/Build/Intermediates.noindex/AppViewUtilits.build/Debug-watchos/AppViewUtilits-t.build/Objects-normal/arm64/AppViewUtilits-OutputFileMap.json -save-temps -no-color-diagnostics -explicit-module-build -module-cache-path /Users/admin/builder/spi-builder-workspace/.derivedData/Build/Intermediates.noindex/SwiftExplicitPrecompiledModules -clang-scanner-module-cache-path /Users/admin/builder/spi-builder-workspace/.derivedData/ModuleCache.noindex -sdk-module-cache-path /Users/admin/builder/spi-builder-workspace/.derivedData/SDKExplicitPrecompiledModules -emit-dependencies -emit-module -emit-module-path /Users/admin/builder/spi-builder-workspace/.derivedData/Build/Intermediates.noindex/AppViewUtilits.build/Debug-watchos/AppViewUtilits-t.build/Objects-normal/arm64/AppViewUtilits.swiftmodule -serialize-diagnostics -dependency-scan-serialize-diagnostics-path /Users/admin/builder/spi-builder-workspace/.derivedData/Build/Intermediates.noindex/AppViewUtilits.build/Debug-watchos/AppViewUtilits-t.build/Objects-normal/arm64/AppViewUtilits-dependency-scan.dia -validate-clang-modules-once -clang-build-session-file /Users/admin/builder/spi-builder-workspace/.derivedData/ModuleCache.noindex/Session.modulevalidation -Xcc -fmodules-prune-interval\=86400 -Xcc -fmodules-prune-after\=345600 -emit-const-values -const-gather-protocols-list /Users/admin/builder/spi-builder-workspace/.derivedData/Build/Intermediates.noindex/AppViewUtilits.build/Debug-watchos/AppViewUtilits-t.build/Objects-normal/arm64/AppViewUtilits_const_extract_protocols.json -Xcc -I/Users/admin/builder/spi-builder-workspace/.derivedData/Build/Products/Debug-watchos/include -Xcc -I/Users/admin/builder/spi-builder-workspace/.derivedData/Build/Intermediates.noindex/AppViewUtilits.build/Debug-watchos/AppViewUtilits-t.build/DerivedSources-normal/arm64 -Xcc -I/Users/admin/builder/spi-builder-workspace/.derivedData/Build/Intermediates.noindex/AppViewUtilits.build/Debug-watchos/AppViewUtilits-t.build/DerivedSources/arm64 -Xcc -I/Users/admin/builder/spi-builder-workspace/.derivedData/Build/Intermediates.noindex/AppViewUtilits.build/Debug-watchos/AppViewUtilits-t.build/DerivedSources -Xcc -DSWIFT_PACKAGE -Xcc -DDEBUG\=1 -emit-objc-header -emit-objc-header-path /Users/admin/builder/spi-builder-workspace/.derivedData/Build/Intermediates.noindex/AppViewUtilits.build/Debug-watchos/AppViewUtilits-t.build/Objects-normal/arm64/AppViewUtilits-Swift.h -working-directory /Users/admin/builder/spi-builder-workspace/.swiftpm/xcode -experimental-emit-module-separately -disable-cmo
/Users/admin/builder/spi-builder-workspace/.dependencies/checkouts/AppViewUtilits/Sources/AppViewUtilits/Helpers/Reachability.swift:8:8: error: Unable to resolve module dependency: 'SystemConfiguration' (in target 'AppViewUtilits' from project 'AppViewUtilits')
    note: A dependency of main module 'AppViewUtilits'
/Users/admin/builder/spi-builder-workspace/.dependencies/checkouts/AppViewUtilits/Sources/AppViewUtilits/Helpers/Reachability.swift:8:8: note: A dependency of main module 'AppViewUtilits'
import SystemConfiguration
       ^ (in target 'AppViewUtilits' from project 'AppViewUtilits')
SwiftDriver AppViewUtilits normal arm64_32 com.apple.xcode.tools.swift.compiler (in target 'AppViewUtilits' from project 'AppViewUtilits')
    cd /Users/admin/builder/spi-builder-workspace/.swiftpm/xcode
    builtin-SwiftDriver -- /Applications/Xcode-27.0.0-Release.Candidate.app/Contents/Developer/Toolchains/XcodeDefault.xctoolchain/usr/bin/swiftc -parse-as-library -module-name AppViewUtilits -Onone @/Users/admin/builder/spi-builder-workspace/.derivedData/Build/Intermediates.noindex/AppViewUtilits.build/Debug-watchos/AppViewUtilits-t.build/Objects-normal/arm64_32/AppViewUtilits.SwiftFileList -DSWIFT_PACKAGE -DDEBUG -DSWIFT_MODULE_RESOURCE_BUNDLE_UNAVAILABLE -DXcode -plugin-path /Applications/Xcode-27.0.0-Release.Candidate.app/Contents/Developer/Toolchains/XcodeDefault.xctoolchain/usr/lib/swift/host/plugins/testing -enable-experimental-feature DebugDescriptionMacro -sdk /Applications/Xcode-27.0.0-Release.Candidate.app/Contents/Developer/Platforms/WatchOS.platform/Developer/SDKs/WatchOS27.0.sdk -target arm64_32-apple-watchos9.0 -g -module-cache-path /Users/admin/builder/spi-builder-workspace/.derivedData/ModuleCache.noindex -Xfrontend -serialize-debugging-options -profile-coverage-mapping -profile-generate -enable-testing -suppress-warnings -index-store-path /Users/admin/builder/spi-builder-workspace/.derivedData/Index.noindex/DataStore -Xcc -D_LIBCPP_HARDENING_MODE\=_LIBCPP_HARDENING_MODE_DEBUG -swift-version 5 -I /Users/admin/builder/spi-builder-workspace/.derivedData/Build/Products/Debug-watchos -Isystem /Applications/Xcode-27.0.0-Release.Candidate.app/Contents/Developer/Platforms/WatchOS.platform/Developer/usr/lib -F /Users/admin/builder/spi-builder-workspace/.derivedData/Build/Products/Debug-watchos -F /Applications/Xcode-27.0.0-Release.Candidate.app/Contents/Developer/Platforms/WatchOS.platform/Developer/Library/Frameworks -F /Applications/Xcode-27.0.0-Release.Candidate.app/Contents/Developer/Platforms/WatchOS.platform/Developer/SDKs/WatchOS27.0.sdk/Developer/Library/Frameworks -c -j10 -enable-batch-mode -incremental -Xcc -ivfsstatcache -Xcc /Users/admin/builder/spi-builder-workspace/.derivedData/SDKStatCaches.noindex/watchos27.0-24R360-e829b21a6f8c9b70876ba0858053c04477534ef55a1706bf4c1112bbb242f0a2.sdkstatcache -output-file-map /Users/admin/builder/spi-builder-workspace/.derivedData/Build/Intermediates.noindex/AppViewUtilits.build/Debug-watchos/AppViewUtilits-t.build/Objects-normal/arm64_32/AppViewUtilits-OutputFileMap.json -save-temps -no-color-diagnostics -explicit-module-build -module-cache-path /Users/admin/builder/spi-builder-workspace/.derivedData/Build/Intermediates.noindex/SwiftExplicitPrecompiledModules -clang-scanner-module-cache-path /Users/admin/builder/spi-builder-workspace/.derivedData/ModuleCache.noindex -sdk-module-cache-path /Users/admin/builder/spi-builder-workspace/.derivedData/SDKExplicitPrecompiledModules -emit-dependencies -emit-module -emit-module-path /Users/admin/builder/spi-builder-workspace/.derivedData/Build/Intermediates.noindex/AppViewUtilits.build/Debug-watchos/AppViewUtilits-t.build/Objects-normal/arm64_32/AppViewUtilits.swiftmodule -serialize-diagnostics -dependency-scan-serialize-diagnostics-path /Users/admin/builder/spi-builder-workspace/.derivedData/Build/Intermediates.noindex/AppViewUtilits.build/Debug-watchos/AppViewUtilits-t.build/Objects-normal/arm64_32/AppViewUtilits-dependency-scan.dia -validate-clang-modules-once -clang-build-session-file /Users/admin/builder/spi-builder-workspace/.derivedData/ModuleCache.noindex/Session.modulevalidation -Xcc -fmodules-prune-interval\=86400 -Xcc -fmodules-prune-after\=345600 -emit-const-values -const-gather-protocols-list /Users/admin/builder/spi-builder-workspace/.derivedData/Build/Intermediates.noindex/AppViewUtilits.build/Debug-watchos/AppViewUtilits-t.build/Objects-normal/arm64_32/AppViewUtilits_const_extract_protocols.json -Xcc -I/Users/admin/builder/spi-builder-workspace/.derivedData/Build/Products/Debug-watchos/include -Xcc -I/Users/admin/builder/spi-builder-workspace/.derivedData/Build/Intermediates.noindex/AppViewUtilits.build/Debug-watchos/AppViewUtilits-t.build/DerivedSources-normal/arm64_32 -Xcc -I/Users/admin/builder/spi-builder-workspace/.derivedData/Build/Intermediates.noindex/AppViewUtilits.build/Debug-watchos/AppViewUtilits-t.build/DerivedSources/arm64_32 -Xcc -I/Users/admin/builder/spi-builder-workspace/.derivedData/Build/Intermediates.noindex/AppViewUtilits.build/Debug-watchos/AppViewUtilits-t.build/DerivedSources -Xcc -DSWIFT_PACKAGE -Xcc -DDEBUG\=1 -emit-objc-header -emit-objc-header-path /Users/admin/builder/spi-builder-workspace/.derivedData/Build/Intermediates.noindex/AppViewUtilits.build/Debug-watchos/AppViewUtilits-t.build/Objects-normal/arm64_32/AppViewUtilits-Swift.h -working-directory /Users/admin/builder/spi-builder-workspace/.swiftpm/xcode -experimental-emit-module-separately -disable-cmo
/Users/admin/builder/spi-builder-workspace/.dependencies/checkouts/AppViewUtilits/Sources/AppViewUtilits/Helpers/Reachability.swift:8:8: error: Unable to resolve module dependency: 'SystemConfiguration' (in target 'AppViewUtilits' from project 'AppViewUtilits')
    note: A dependency of main module 'AppViewUtilits'
/Users/admin/builder/spi-builder-workspace/.dependencies/checkouts/AppViewUtilits/Sources/AppViewUtilits/Helpers/Reachability.swift:8:8: note: A dependency of main module 'AppViewUtilits'
import SystemConfiguration
       ^ (in target 'AppViewUtilits' from project 'AppViewUtilits')
PruneExplicitPrecompiledModules /Users/admin/builder/spi-builder-workspace/.derivedData/Build/Intermediates.noindex/SwiftExplicitPrecompiledModules
PruneExplicitPrecompiledModules /Users/admin/builder/spi-builder-workspace/.derivedData/SDKExplicitPrecompiledModules
PruneExplicitPrecompiledModules /Users/admin/builder/spi-builder-workspace/.derivedData/Build/Intermediates.noindex/ExplicitPrecompiledModules
2026-09-26 14:21:08.259 xcodebuild[702:4502] [MT] IDERunDestination: Supported platforms for the buildables in the current scheme is empty.
** BUILD FAILED **
The following build commands failed:
	SwiftDriver AppViewUtilits normal arm64 com.apple.xcode.tools.swift.compiler (in target 'AppViewUtilits' from project 'AppViewUtilits')
	SwiftDriver AppViewUtilits normal arm64_32 com.apple.xcode.tools.swift.compiler (in target 'AppViewUtilits' from project 'AppViewUtilits')
	Building workspace StackListView with scheme StackListView
(3 failures)
Command line invocation:
    /Applications/Xcode-27.0.0-Release.Candidate.app/Contents/Developer/usr/bin/xcodebuild -IDEClonedSourcePackagesDirPathOverride=/Users/admin/builder/spi-builder-workspace/.dependencies -resolvePackageDependencies
Resolve Package Graph
Resolved source packages:
  AppViewUtilits: https://github.com/moslienko/AppViewUtilits.git @ 1.3.1
  StackListView: /Users/admin/builder/spi-builder-workspace
resolved source packages: AppViewUtilits, StackListView
2026-09-26 14:21:11.951 xcodebuild[725:4814] [MT] IDERunDestination: Supported platforms for the buildables in the current scheme is empty.
{
  "dependencies" : [
    {
      "identity" : "appviewutilits",
      "requirement" : {
        "range" : [
          {
            "lower_bound" : "1.2.1",
            "upper_bound" : "2.0.0"
          }
        ]
      },
      "type" : "sourceControl",
      "url" : "https://github.com/moslienko/AppViewUtilits.git"
    }
  ],
  "manifest_display_name" : "StackListView",
  "name" : "StackListView",
  "path" : "/Users/admin/builder/spi-builder-workspace",
  "platforms" : [
    {
      "name" : "ios",
      "version" : "11.0"
    }
  ],
  "products" : [
    {
      "name" : "StackListView",
      "targets" : [
        "StackListView"
      ],
      "type" : {
        "library" : [
          "automatic"
        ]
      }
    }
  ],
  "targets" : [
    {
      "c99name" : "StackListViewTests",
      "module_type" : "SwiftTarget",
      "name" : "StackListViewTests",
      "path" : "Tests",
      "sources" : [
        "LinuxMain.swift",
        "StackListViewTests.swift"
      ],
      "target_dependencies" : [
        "StackListView"
      ],
      "type" : "test"
    },
    {
      "c99name" : "StackListView",
      "module_type" : "SwiftTarget",
      "name" : "StackListView",
      "path" : "Sources",
      "product_dependencies" : [
        "AppViewUtilits"
      ],
      "product_memberships" : [
        "StackListView"
      ],
      "sources" : [
        "StackListView/Extensions/Extension+AppViewModel.swift",
        "StackListView/Extensions/Extension+Equatable.swift",
        "StackListView/Extensions/Extension+Hashable.swift",
        "StackListView/Extensions/Extension+StackSectionModel.swift",
        "StackListView/Models/AppViewModelPresentable.swift",
        "StackListView/Models/StackSectionModel.swift",
        "StackListView/Protocols/StackListViewProtocols.swift",
        "StackListView/StackListAdapter.swift",
        "StackListView/StackListView.swift"
      ],
      "type" : "library"
    }
  ],
  "tools_version" : "5.3"
}
{
  "workspace" : {
    "name" : "StackListView",
    "schemes" : [
      "StackListView"
    ]
  }
}
2026-09-26 14:21:13.226 xcodebuild[733:4874] [MT] IDERunDestination: Supported platforms for the buildables in the current scheme is empty.
Running build ...
env DEVELOPER_DIR=/Applications/Xcode-27.0.0-Release.Candidate.app xcrun xcodebuild -IDEClonedSourcePackagesDirPathOverride=$PWD/.dependencies -skipMacroValidation -skipPackagePluginValidation -derivedDataPath $PWD/.derivedData build -scheme StackListView -destination generic/platform=watchOS
Command line invocation:
    /Applications/Xcode-27.0.0-Release.Candidate.app/Contents/Developer/usr/bin/xcodebuild -IDEClonedSourcePackagesDirPathOverride=/Users/admin/builder/spi-builder-workspace/.dependencies -skipMacroValidation -skipPackagePluginValidation -derivedDataPath /Users/admin/builder/spi-builder-workspace/.derivedData build -scheme StackListView -destination generic/platform=watchOS
Resolve Package Graph
Resolved source packages:
  StackListView: /Users/admin/builder/spi-builder-workspace
  AppViewUtilits: https://github.com/moslienko/AppViewUtilits.git @ 1.3.1
ComputePackagePrebuildTargetDependencyGraph
Prepare packages
CreateBuildRequest
SendProjectDescription
CreateBuildOperation
ComputeTargetDependencyGraph
note: Building targets in dependency order
note: Target dependency graph (4 targets)
    Target 'StackListView-product' in project 'StackListView'
        ➜ Explicit dependency on target 'StackListView' in project 'StackListView'
        ➜ Explicit dependency on target 'AppViewUtilits-product' in project 'AppViewUtilits'
    Target 'StackListView' in project 'StackListView'
        ➜ Explicit dependency on target 'AppViewUtilits-product' in project 'AppViewUtilits'
    Target 'AppViewUtilits-product' in project 'AppViewUtilits'
        ➜ Explicit dependency on target 'AppViewUtilits' in project 'AppViewUtilits'
    Target 'AppViewUtilits' in project 'AppViewUtilits' (no dependencies)
GatherProvisioningInputs
CreateBuildDescription
ClangStatCache /Applications/Xcode-27.0.0-Release.Candidate.app/Contents/Developer/Toolchains/XcodeDefault.xctoolchain/usr/bin/clang-stat-cache /Applications/Xcode-27.0.0-Release.Candidate.app/Contents/Developer/Platforms/WatchOS.platform/Developer/SDKs/WatchOS27.0.sdk /Users/admin/builder/spi-builder-workspace/.derivedData/SDKStatCaches.noindex/watchos27.0-24R360-e829b21a6f8c9b70876ba0858053c04477534ef55a1706bf4c1112bbb242f0a2.sdkstatcache
    cd /Users/admin/builder/spi-builder-workspace/.swiftpm/xcode
    /Applications/Xcode-27.0.0-Release.Candidate.app/Contents/Developer/Toolchains/XcodeDefault.xctoolchain/usr/bin/clang-stat-cache /Applications/Xcode-27.0.0-Release.Candidate.app/Contents/Developer/Platforms/WatchOS.platform/Developer/SDKs/WatchOS27.0.sdk -o /Users/admin/builder/spi-builder-workspace/.derivedData/SDKStatCaches.noindex/watchos27.0-24R360-e829b21a6f8c9b70876ba0858053c04477534ef55a1706bf4c1112bbb242f0a2.sdkstatcache
SwiftDriver AppViewUtilits normal arm64 com.apple.xcode.tools.swift.compiler (in target 'AppViewUtilits' from project 'AppViewUtilits')
    cd /Users/admin/builder/spi-builder-workspace/.swiftpm/xcode
    builtin-SwiftDriver -- /Applications/Xcode-27.0.0-Release.Candidate.app/Contents/Developer/Toolchains/XcodeDefault.xctoolchain/usr/bin/swiftc -parse-as-library -module-name AppViewUtilits -Onone @/Users/admin/builder/spi-builder-workspace/.derivedData/Build/Intermediates.noindex/AppViewUtilits.build/Debug-watchos/AppViewUtilits-t.build/Objects-normal/arm64/AppViewUtilits.SwiftFileList -DSWIFT_PACKAGE -DDEBUG -DSWIFT_MODULE_RESOURCE_BUNDLE_UNAVAILABLE -DXcode -plugin-path /Applications/Xcode-27.0.0-Release.Candidate.app/Contents/Developer/Toolchains/XcodeDefault.xctoolchain/usr/lib/swift/host/plugins/testing -enable-experimental-feature DebugDescriptionMacro -sdk /Applications/Xcode-27.0.0-Release.Candidate.app/Contents/Developer/Platforms/WatchOS.platform/Developer/SDKs/WatchOS27.0.sdk -target arm64-apple-watchos9.0 -g -module-cache-path /Users/admin/builder/spi-builder-workspace/.derivedData/ModuleCache.noindex -Xfrontend -serialize-debugging-options -profile-coverage-mapping -profile-generate -enable-testing -suppress-warnings -index-store-path /Users/admin/builder/spi-builder-workspace/.derivedData/Index.noindex/DataStore -Xcc -D_LIBCPP_HARDENING_MODE\=_LIBCPP_HARDENING_MODE_DEBUG -swift-version 5 -I /Users/admin/builder/spi-builder-workspace/.derivedData/Build/Products/Debug-watchos -Isystem /Applications/Xcode-27.0.0-Release.Candidate.app/Contents/Developer/Platforms/WatchOS.platform/Developer/usr/lib -F /Users/admin/builder/spi-builder-workspace/.derivedData/Build/Products/Debug-watchos -F /Applications/Xcode-27.0.0-Release.Candidate.app/Contents/Developer/Platforms/WatchOS.platform/Developer/Library/Frameworks -F /Applications/Xcode-27.0.0-Release.Candidate.app/Contents/Developer/Platforms/WatchOS.platform/Developer/SDKs/WatchOS27.0.sdk/Developer/Library/Frameworks -c -j10 -enable-batch-mode -incremental -Xcc -ivfsstatcache -Xcc /Users/admin/builder/spi-builder-workspace/.derivedData/SDKStatCaches.noindex/watchos27.0-24R360-e829b21a6f8c9b70876ba0858053c04477534ef55a1706bf4c1112bbb242f0a2.sdkstatcache -output-file-map /Users/admin/builder/spi-builder-workspace/.derivedData/Build/Intermediates.noindex/AppViewUtilits.build/Debug-watchos/AppViewUtilits-t.build/Objects-normal/arm64/AppViewUtilits-OutputFileMap.json -save-temps -no-color-diagnostics -explicit-module-build -module-cache-path /Users/admin/builder/spi-builder-workspace/.derivedData/Build/Intermediates.noindex/SwiftExplicitPrecompiledModules -clang-scanner-module-cache-path /Users/admin/builder/spi-builder-workspace/.derivedData/ModuleCache.noindex -sdk-module-cache-path /Users/admin/builder/spi-builder-workspace/.derivedData/SDKExplicitPrecompiledModules -emit-dependencies -emit-module -emit-module-path /Users/admin/builder/spi-builder-workspace/.derivedData/Build/Intermediates.noindex/AppViewUtilits.build/Debug-watchos/AppViewUtilits-t.build/Objects-normal/arm64/AppViewUtilits.swiftmodule -serialize-diagnostics -dependency-scan-serialize-diagnostics-path /Users/admin/builder/spi-builder-workspace/.derivedData/Build/Intermediates.noindex/AppViewUtilits.build/Debug-watchos/AppViewUtilits-t.build/Objects-normal/arm64/AppViewUtilits-dependency-scan.dia -validate-clang-modules-once -clang-build-session-file /Users/admin/builder/spi-builder-workspace/.derivedData/ModuleCache.noindex/Session.modulevalidation -Xcc -fmodules-prune-interval\=86400 -Xcc -fmodules-prune-after\=345600 -emit-const-values -const-gather-protocols-list /Users/admin/builder/spi-builder-workspace/.derivedData/Build/Intermediates.noindex/AppViewUtilits.build/Debug-watchos/AppViewUtilits-t.build/Objects-normal/arm64/AppViewUtilits_const_extract_protocols.json -Xcc -I/Users/admin/builder/spi-builder-workspace/.derivedData/Build/Products/Debug-watchos/include -Xcc -I/Users/admin/builder/spi-builder-workspace/.derivedData/Build/Intermediates.noindex/AppViewUtilits.build/Debug-watchos/AppViewUtilits-t.build/DerivedSources-normal/arm64 -Xcc -I/Users/admin/builder/spi-builder-workspace/.derivedData/Build/Intermediates.noindex/AppViewUtilits.build/Debug-watchos/AppViewUtilits-t.build/DerivedSources/arm64 -Xcc -I/Users/admin/builder/spi-builder-workspace/.derivedData/Build/Intermediates.noindex/AppViewUtilits.build/Debug-watchos/AppViewUtilits-t.build/DerivedSources -Xcc -DSWIFT_PACKAGE -Xcc -DDEBUG\=1 -emit-objc-header -emit-objc-header-path /Users/admin/builder/spi-builder-workspace/.derivedData/Build/Intermediates.noindex/AppViewUtilits.build/Debug-watchos/AppViewUtilits-t.build/Objects-normal/arm64/AppViewUtilits-Swift.h -working-directory /Users/admin/builder/spi-builder-workspace/.swiftpm/xcode -experimental-emit-module-separately -disable-cmo
/Users/admin/builder/spi-builder-workspace/.dependencies/checkouts/AppViewUtilits/Sources/AppViewUtilits/Helpers/Reachability.swift:8:8: error: Unable to resolve module dependency: 'SystemConfiguration' (in target 'AppViewUtilits' from project 'AppViewUtilits')
    note: A dependency of main module 'AppViewUtilits'
/Users/admin/builder/spi-builder-workspace/.dependencies/checkouts/AppViewUtilits/Sources/AppViewUtilits/Helpers/Reachability.swift:8:8: note: A dependency of main module 'AppViewUtilits'
import SystemConfiguration
       ^ (in target 'AppViewUtilits' from project 'AppViewUtilits')
SwiftDriver AppViewUtilits normal arm64_32 com.apple.xcode.tools.swift.compiler (in target 'AppViewUtilits' from project 'AppViewUtilits')
    cd /Users/admin/builder/spi-builder-workspace/.swiftpm/xcode
    builtin-SwiftDriver -- /Applications/Xcode-27.0.0-Release.Candidate.app/Contents/Developer/Toolchains/XcodeDefault.xctoolchain/usr/bin/swiftc -parse-as-library -module-name AppViewUtilits -Onone @/Users/admin/builder/spi-builder-workspace/.derivedData/Build/Intermediates.noindex/AppViewUtilits.build/Debug-watchos/AppViewUtilits-t.build/Objects-normal/arm64_32/AppViewUtilits.SwiftFileList -DSWIFT_PACKAGE -DDEBUG -DSWIFT_MODULE_RESOURCE_BUNDLE_UNAVAILABLE -DXcode -plugin-path /Applications/Xcode-27.0.0-Release.Candidate.app/Contents/Developer/Toolchains/XcodeDefault.xctoolchain/usr/lib/swift/host/plugins/testing -enable-experimental-feature DebugDescriptionMacro -sdk /Applications/Xcode-27.0.0-Release.Candidate.app/Contents/Developer/Platforms/WatchOS.platform/Developer/SDKs/WatchOS27.0.sdk -target arm64_32-apple-watchos9.0 -g -module-cache-path /Users/admin/builder/spi-builder-workspace/.derivedData/ModuleCache.noindex -Xfrontend -serialize-debugging-options -profile-coverage-mapping -profile-generate -enable-testing -suppress-warnings -index-store-path /Users/admin/builder/spi-builder-workspace/.derivedData/Index.noindex/DataStore -Xcc -D_LIBCPP_HARDENING_MODE\=_LIBCPP_HARDENING_MODE_DEBUG -swift-version 5 -I /Users/admin/builder/spi-builder-workspace/.derivedData/Build/Products/Debug-watchos -Isystem /Applications/Xcode-27.0.0-Release.Candidate.app/Contents/Developer/Platforms/WatchOS.platform/Developer/usr/lib -F /Users/admin/builder/spi-builder-workspace/.derivedData/Build/Products/Debug-watchos -F /Applications/Xcode-27.0.0-Release.Candidate.app/Contents/Developer/Platforms/WatchOS.platform/Developer/Library/Frameworks -F /Applications/Xcode-27.0.0-Release.Candidate.app/Contents/Developer/Platforms/WatchOS.platform/Developer/SDKs/WatchOS27.0.sdk/Developer/Library/Frameworks -c -j10 -enable-batch-mode -incremental -Xcc -ivfsstatcache -Xcc /Users/admin/builder/spi-builder-workspace/.derivedData/SDKStatCaches.noindex/watchos27.0-24R360-e829b21a6f8c9b70876ba0858053c04477534ef55a1706bf4c1112bbb242f0a2.sdkstatcache -output-file-map /Users/admin/builder/spi-builder-workspace/.derivedData/Build/Intermediates.noindex/AppViewUtilits.build/Debug-watchos/AppViewUtilits-t.build/Objects-normal/arm64_32/AppViewUtilits-OutputFileMap.json -save-temps -no-color-diagnostics -explicit-module-build -module-cache-path /Users/admin/builder/spi-builder-workspace/.derivedData/Build/Intermediates.noindex/SwiftExplicitPrecompiledModules -clang-scanner-module-cache-path /Users/admin/builder/spi-builder-workspace/.derivedData/ModuleCache.noindex -sdk-module-cache-path /Users/admin/builder/spi-builder-workspace/.derivedData/SDKExplicitPrecompiledModules -emit-dependencies -emit-module -emit-module-path /Users/admin/builder/spi-builder-workspace/.derivedData/Build/Intermediates.noindex/AppViewUtilits.build/Debug-watchos/AppViewUtilits-t.build/Objects-normal/arm64_32/AppViewUtilits.swiftmodule -serialize-diagnostics -dependency-scan-serialize-diagnostics-path /Users/admin/builder/spi-builder-workspace/.derivedData/Build/Intermediates.noindex/AppViewUtilits.build/Debug-watchos/AppViewUtilits-t.build/Objects-normal/arm64_32/AppViewUtilits-dependency-scan.dia -validate-clang-modules-once -clang-build-session-file /Users/admin/builder/spi-builder-workspace/.derivedData/ModuleCache.noindex/Session.modulevalidation -Xcc -fmodules-prune-interval\=86400 -Xcc -fmodules-prune-after\=345600 -emit-const-values -const-gather-protocols-list /Users/admin/builder/spi-builder-workspace/.derivedData/Build/Intermediates.noindex/AppViewUtilits.build/Debug-watchos/AppViewUtilits-t.build/Objects-normal/arm64_32/AppViewUtilits_const_extract_protocols.json -Xcc -I/Users/admin/builder/spi-builder-workspace/.derivedData/Build/Products/Debug-watchos/include -Xcc -I/Users/admin/builder/spi-builder-workspace/.derivedData/Build/Intermediates.noindex/AppViewUtilits.build/Debug-watchos/AppViewUtilits-t.build/DerivedSources-normal/arm64_32 -Xcc -I/Users/admin/builder/spi-builder-workspace/.derivedData/Build/Intermediates.noindex/AppViewUtilits.build/Debug-watchos/AppViewUtilits-t.build/DerivedSources/arm64_32 -Xcc -I/Users/admin/builder/spi-builder-workspace/.derivedData/Build/Intermediates.noindex/AppViewUtilits.build/Debug-watchos/AppViewUtilits-t.build/DerivedSources -Xcc -DSWIFT_PACKAGE -Xcc -DDEBUG\=1 -emit-objc-header -emit-objc-header-path /Users/admin/builder/spi-builder-workspace/.derivedData/Build/Intermediates.noindex/AppViewUtilits.build/Debug-watchos/AppViewUtilits-t.build/Objects-normal/arm64_32/AppViewUtilits-Swift.h -working-directory /Users/admin/builder/spi-builder-workspace/.swiftpm/xcode -experimental-emit-module-separately -disable-cmo
/Users/admin/builder/spi-builder-workspace/.dependencies/checkouts/AppViewUtilits/Sources/AppViewUtilits/Helpers/Reachability.swift:8:8: error: Unable to resolve module dependency: 'SystemConfiguration' (in target 'AppViewUtilits' from project 'AppViewUtilits')
    note: A dependency of main module 'AppViewUtilits'
/Users/admin/builder/spi-builder-workspace/.dependencies/checkouts/AppViewUtilits/Sources/AppViewUtilits/Helpers/Reachability.swift:8:8: note: A dependency of main module 'AppViewUtilits'
import SystemConfiguration
       ^ (in target 'AppViewUtilits' from project 'AppViewUtilits')
PruneExplicitPrecompiledModules /Users/admin/builder/spi-builder-workspace/.derivedData/Build/Intermediates.noindex/SwiftExplicitPrecompiledModules
PruneExplicitPrecompiledModules /Users/admin/builder/spi-builder-workspace/.derivedData/SDKExplicitPrecompiledModules
PruneExplicitPrecompiledModules /Users/admin/builder/spi-builder-workspace/.derivedData/Build/Intermediates.noindex/ExplicitPrecompiledModules
2026-09-26 14:21:14.290 xcodebuild[734:4902] [MT] IDERunDestination: Supported platforms for the buildables in the current scheme is empty.
** BUILD FAILED **
The following build commands failed:
	SwiftDriver AppViewUtilits normal arm64 com.apple.xcode.tools.swift.compiler (in target 'AppViewUtilits' from project 'AppViewUtilits')
	SwiftDriver AppViewUtilits normal arm64_32 com.apple.xcode.tools.swift.compiler (in target 'AppViewUtilits' from project 'AppViewUtilits')
	Building workspace StackListView with scheme StackListView
(3 failures)
BUILD FAILURE 6.4 watchOS