Build Information
Failed to build hokusai, reference v1.0.0 (638263), with Swift 6.2 for Wasm on 12 Aug 2026 21:02:01 UTC.
Build Command
bash -c docker run --pull=always --rm -v "checkouts-54344843-1":/host -w "$PWD" -e JAVA_HOME="/root/.sdkman/candidates/java/current" -e SPI_BUILD="1" -e SPI_PROCESSING="1" registry.gitlab.com/saguaro1/spi-images:wasm-6.2-latest swift build --swift-sdk swift-6.2-RELEASE_wasm 2>&1Build Log
========================================
RunAll
========================================
Builder version: 5.0.1
Interrupt handler set up.
========================================
Checkout
========================================
Clone URL: https://github.com/ivantokar/hokusai.git
Reference: v1.0.0
Initialized empty Git repository in /host/spi-builder-workspace/.git/
hint: Using 'master' as the name for the initial branch. This default branch name
hint: is subject to change. To configure the initial branch name to use in all
hint: of your new repositories, which will suppress this warning, call:
hint:
hint: git config --global init.defaultBranch <name>
hint:
hint: Names commonly chosen instead of 'master' are 'main', 'trunk' and
hint: 'development'. The just-created branch can be renamed via this command:
hint:
hint: git branch -m <name>
From https://github.com/ivantokar/hokusai
* tag v1.0.0 -> FETCH_HEAD
HEAD is now at 638263f release: prepare hokusai v1.0.0 (#14)
Cloned https://github.com/ivantokar/hokusai.git
Revision (git rev-parse @):
638263f123a8a4bcf58d1588b8970f641487e265
SUCCESS checkout https://github.com/ivantokar/hokusai.git at v1.0.0
========================================
Build
========================================
Selected platform: wasm
Swift version: 6.2
Building package at path: $PWD
https://github.com/ivantokar/hokusai.git
Running build ...
bash -c docker run --pull=always --rm -v "checkouts-54344843-1":/host -w "$PWD" -e JAVA_HOME="/root/.sdkman/candidates/java/current" -e SPI_BUILD="1" -e SPI_PROCESSING="1" registry.gitlab.com/saguaro1/spi-images:wasm-6.2-latest swift build --swift-sdk swift-6.2-RELEASE_wasm 2>&1
wasm-6.2-latest: Pulling from saguaro1/spi-images
Digest: sha256:70428a4f4110aef5b17a27427e965f31cf3855e8cf1dfdc416ed61c780337965
Status: Image is up to date for registry.gitlab.com/saguaro1/spi-images:wasm-6.2-latest
Fetching https://github.com/apple/swift-nio.git
Fetching https://github.com/apple/swift-argument-parser.git
Fetching https://github.com/ivantokar/prompt.git
[1/76] Fetching prompt
[77/18360] Fetching prompt, swift-argument-parser
Fetched https://github.com/apple/swift-argument-parser.git from cache (1.10s)
[1/85273] Fetching swift-nio
Fetched https://github.com/ivantokar/prompt.git from cache (3.70s)
Fetched https://github.com/apple/swift-nio.git from cache (3.74s)
Computing version for https://github.com/ivantokar/prompt.git
Computed https://github.com/ivantokar/prompt.git at 1.1.2 (3.89s)
Fetching https://github.com/onevcat/Rainbow.git
[1/1478] Fetching rainbow
Fetched https://github.com/onevcat/Rainbow.git from cache (0.71s)
Computing version for https://github.com/onevcat/Rainbow.git
Computed https://github.com/onevcat/Rainbow.git at 4.2.1 (1.57s)
Computing version for https://github.com/apple/swift-argument-parser.git
Computed https://github.com/apple/swift-argument-parser.git at 1.8.2 (0.15s)
Computing version for https://github.com/apple/swift-nio.git
Computed https://github.com/apple/swift-nio.git at 2.101.3 (0.34s)
Fetching https://github.com/apple/swift-system.git
Fetching https://github.com/apple/swift-atomics.git
Fetching https://github.com/apple/swift-collections.git
[1/1875] Fetching swift-atomics
[508/8715] Fetching swift-atomics, swift-system
[5638/35354] Fetching swift-atomics, swift-system, swift-collections
Fetched https://github.com/apple/swift-system.git from cache (0.75s)
[4007/28514] Fetching swift-atomics, swift-collections
Fetched https://github.com/apple/swift-atomics.git from cache (1.38s)
Fetched https://github.com/apple/swift-collections.git from cache (1.40s)
Computing version for https://github.com/apple/swift-atomics.git
Computed https://github.com/apple/swift-atomics.git at 1.3.1 (1.67s)
Computing version for https://github.com/apple/swift-collections.git
Computed https://github.com/apple/swift-collections.git at 1.6.0 (0.38s)
Computing version for https://github.com/apple/swift-system.git
Computed https://github.com/apple/swift-system.git at 1.8.0 (0.28s)
Creating working copy for https://github.com/apple/swift-argument-parser.git
Working copy of https://github.com/apple/swift-argument-parser.git resolved at 1.8.2
Creating working copy for https://github.com/apple/swift-system.git
Working copy of https://github.com/apple/swift-system.git resolved at 1.8.0
Creating working copy for https://github.com/apple/swift-nio.git
Working copy of https://github.com/apple/swift-nio.git resolved at 2.101.3
Creating working copy for https://github.com/ivantokar/prompt.git
Working copy of https://github.com/ivantokar/prompt.git resolved at 1.1.2
Creating working copy for https://github.com/apple/swift-atomics.git
Working copy of https://github.com/apple/swift-atomics.git resolved at 1.3.1
Creating working copy for https://github.com/apple/swift-collections.git
Working copy of https://github.com/apple/swift-collections.git resolved at 1.6.0
Creating working copy for https://github.com/onevcat/Rainbow.git
Working copy of https://github.com/onevcat/Rainbow.git resolved at 4.2.1
warning: you may be able to install cairo using your system-packager:
apt-get install libcairo2-dev
warning: you may be able to install vips using your system-packager:
apt-get install libvips-dev
warning: you may be able to install cairo using your system-packager:
apt-get install libcairo2-dev
warning: you may be able to install vips using your system-packager:
apt-get install libvips-dev
[1/1] Compiling plugin GenerateManual
[2/2] Compiling plugin GenerateDoccReference
Building for debugging...
[2/38] Write sources
[15/38] Compiling CNIOWASI CNIOWASI.c
[16/38] Compiling CNIOWindows WSAStartup.c
[17/38] Compiling CNIOWindows shim.c
[17/38] Compiling CNIOLinux shim.c
[17/38] Compiling CNIOLinux liburing_shims.c
[17/38] Write sources
[17/38] Compiling CNIOOpenBSD shim.c
[17/38] Write sources
[17/38] Compiling _AtomicsShims.c
[25/38] Compiling CNIODarwin shim.c
[26/38] Compiling CNIOFreeBSD shim.c
[27/38] Write swift-version-24593BA9C3E375BF.txt
[28/116] Compiling c-nioatomics.c
[29/116] Compiling c-atomics.c
[31/125] Emitting module InternalCollectionsUtilities
[32/127] Compiling NIOConcurrencyHelpers NIOLockedValueBox.swift
[33/127] Emitting module _NIOBase64
[34/127] Compiling _NIOBase64 Base64.swift
[36/128] Compiling InternalCollectionsUtilities _SortedCollection.swift
[37/128] Compiling InternalCollectionsUtilities _UniqueCollection.swift
[38/128] Compiling InternalCollectionsUtilities UnsafeBufferPointer+Extras.swift
[39/128] Compiling InternalCollectionsUtilities UnsafeMutableBufferPointer+Extras.swift
[40/130] Compiling InternalCollectionsUtilities LifetimeOverride.swift
[41/130] Compiling InternalCollectionsUtilities RandomAccessCollection+Offsets.swift
[42/130] Compiling InternalCollectionsUtilities Span+Extras.swift
[43/130] Compiling InternalCollectionsUtilities UnsafeRawBufferPointer+Extras.swift
[45/131] Compiling InternalCollectionsUtilities _UnsafeBitSet+_Word.swift
[46/131] Compiling InternalCollectionsUtilities _UnsafeBitSet.swift
[47/131] Compiling _NIODataStructures _TinyArray.swift
[50/131] Compiling InternalCollectionsUtilities UnsafeMutableRawBufferPointer+Extras.swift
[52/131] Compiling InternalCollectionsUtilities String+Padding.swift
[53/131] Compiling InternalCollectionsUtilities _UnsafeBitSet+Index.swift
[54/131] Compiling _NIODataStructures PriorityQueue.swift
[57/131] Emitting module Atomics
[58/131] Compiling InternalCollectionsUtilities Integer rank.swift
[59/131] Compiling InternalCollectionsUtilities UInt+first and last set bit.swift
[60/131] Compiling InternalCollectionsUtilities UInt+reversed.swift
[61/131] Compiling InternalCollectionsUtilities Debugging.swift
[62/131] Compiling InternalCollectionsUtilities Descriptions.swift
[63/131] Compiling InternalCollectionsUtilities FixedWidthInteger+roundUpToPowerOfTwo.swift
[80/132] Compiling Atomics IntegerOperations.swift
[81/132] Compiling Atomics Unmanaged extensions.swift
[83/169] Compiling ArgumentParserToolInfo ToolInfo.swift
[84/169] Emitting module ArgumentParserToolInfo
[85/170] Compiling ContainersPreview Producer+Map.swift
[86/170] Compiling ContainersPreview Producer+Reduce.swift
[87/170] Compiling ContainersPreview Producer.swift
[88/170] Compiling ContainersPreview InputSpan.swift
[89/170] Compiling ContainersPreview MutableRef.swift
[90/170] Compiling ContainersPreview Drain+Map.swift
[91/170] Compiling ContainersPreview Drain+Reduce.swift
[92/170] Compiling ContainersPreview Drain.swift
[93/170] Compiling ContainersPreview Producer+Collect.swift
[94/170] Compiling ContainersPreview Producer+Filter.swift
[95/174] Compiling ContainersPreview BorrowingIteratorProtocol+Map.swift
[96/174] Compiling ContainersPreview BorrowingIteratorProtocol+Reduce.swift
[97/174] Compiling ContainersPreview BorrowingIteratorProtocol+SpanwiseZip.swift
[98/174] Compiling ContainersPreview BorrowingIteratorProtocol.swift
[99/174] Compiling ContainersPreview BorrowingSequence+Algorithms.swift
[101/174] Compiling ContainersPreview Container+SpanwiseZip.swift
[102/174] Compiling ContainersPreview Container.swift
[103/174] Compiling ContainersPreview ContainerIterator.swift
[104/174] Compiling ContainersPreview DynamicContainer.swift
[105/174] Compiling ContainersPreview MutableContainer.swift
[106/174] Compiling ContainersPreview PermutableContainer.swift
[107/174] Compiling ContainersPreview RandomAccessContainer.swift
[108/174] Compiling ContainersPreview RangeExpression2.swift
[109/174] Compiling ContainersPreview RangeReplaceableContainer.swift
[110/174] Compiling ContainersPreview Strideable+Limits.swift
[111/174] Compiling ContainersPreview BorrowingSequence+Standard Conformances.swift
[112/174] Compiling ContainersPreview BorrowingSequence+Utilities.swift
[113/174] Compiling ContainersPreview BorrowingSequence.swift
[114/174] Compiling ContainersPreview BidirectionalContainer.swift
[115/174] Compiling ContainersPreview Container+Filter.swift
[115/174] Wrapping AST for ArgumentParserToolInfo for debugging
[117/175] Emitting module ContainersPreview
[118/181] Compiling ArgumentParser ArgumentDiscussion.swift
[119/181] Compiling ContainersPreview TemporaryAllocation.swift
[120/181] Compiling ContainersPreview BorrowingIteratorProtocol+Copy.swift
[121/181] Compiling ContainersPreview BorrowingIteratorProtocol+ElementsEqual.swift
[122/181] Compiling ContainersPreview BorrowingIteratorProtocol+Filter.swift
[123/204] Compiling ContainersPreview Ref.swift
[124/204] Compiling ContainersPreview Shared.swift
[125/204] Compiling ContainersPreview SpanIterator.swift
[126/204] Compiling ContainersPreview UniqueBox.swift
[127/222] Compiling _NIODataStructures Heap.swift
[128/222] Emitting module _NIODataStructures
[130/223] Compiling NIOConcurrencyHelpers lock.swift
error: emit-module command failed with exit code 1 (use -v to see invocation)
[132/223] Emitting module Hokusai
<module-includes>:1:10: note: in file included from <module-includes>:1:
1 | #include "shim.h"
| `- note: in file included from <module-includes>:1:
2 |
/host/spi-builder-workspace/Sources/CVips/shim.h:4:10: error: 'vips/vips.h' file not found
2 | #define CVIPS_SHIM_H
3 |
4 | #include <vips/vips.h>
| `- error: 'vips/vips.h' file not found
5 | #include <cairo/cairo-pdf.h>
6 |
/host/spi-builder-workspace/Sources/Hokusai/Backend/ThumbnailSupport.swift:1:8: error: could not build C module 'CVips'
1 | import CVips
| `- error: could not build C module 'CVips'
2 |
3 | /// PURPOSE: Single home for thumbnail argument validation and the mapping
[133/225] Compiling ArgumentParser FishCompletionsGenerator.swift
[134/225] Compiling ArgumentParser ZshCompletionsGenerator.swift
[135/225] Compiling ArgumentParser BashCompletionsGenerator.swift
[136/225] Compiling ArgumentParser CompletionsGenerator.swift
[137/231] Compiling Rainbow StyledStringBuilder.swift
[138/238] Compiling ArgumentParser ParentCommand.swift
<module-includes>:1:10: note: in file included from <module-includes>:1:
1 | #include "shim.h"
| `- note: in file included from <module-includes>:1:
2 |
/host/spi-builder-workspace/Sources/CVips/shim.h:4:10: error: 'vips/vips.h' file not found
2 | #define CVIPS_SHIM_H
3 |
4 | #include <vips/vips.h>
| `- error: 'vips/vips.h' file not found
5 | #include <cairo/cairo-pdf.h>
6 |
/host/spi-builder-workspace/Sources/Hokusai/Backend/ThumbnailSupport.swift:1:8: error: could not build C module 'CVips'
1 | import CVips
| `- error: could not build C module 'CVips'
2 |
3 | /// PURPOSE: Single home for thumbnail argument validation and the mapping
[139/238] Compiling ArgumentParser AsyncParsableCommand.swift
<module-includes>:1:10: note: in file included from <module-includes>:1:
1 | #include "shim.h"
| `- note: in file included from <module-includes>:1:
2 |
/host/spi-builder-workspace/Sources/CVips/shim.h:4:10: error: 'vips/vips.h' file not found
2 | #define CVIPS_SHIM_H
3 |
4 | #include <vips/vips.h>
| `- error: 'vips/vips.h' file not found
5 | #include <cairo/cairo-pdf.h>
6 |
/host/spi-builder-workspace/Sources/Hokusai/Backend/ThumbnailSupport.swift:1:8: error: could not build C module 'CVips'
1 | import CVips
| `- error: could not build C module 'CVips'
2 |
3 | /// PURPOSE: Single home for thumbnail argument validation and the mapping
[140/238] Compiling ArgumentParser CommandConfiguration.swift
<module-includes>:1:10: note: in file included from <module-includes>:1:
1 | #include "shim.h"
| `- note: in file included from <module-includes>:1:
2 |
/host/spi-builder-workspace/Sources/CVips/shim.h:4:10: error: 'vips/vips.h' file not found
2 | #define CVIPS_SHIM_H
3 |
4 | #include <vips/vips.h>
| `- error: 'vips/vips.h' file not found
5 | #include <cairo/cairo-pdf.h>
6 |
/host/spi-builder-workspace/Sources/Hokusai/Backend/ThumbnailSupport.swift:1:8: error: could not build C module 'CVips'
1 | import CVips
| `- error: could not build C module 'CVips'
2 |
3 | /// PURPOSE: Single home for thumbnail argument validation and the mapping
[141/238] Compiling ArgumentParser CommandGroup.swift
<module-includes>:1:10: note: in file included from <module-includes>:1:
1 | #include "shim.h"
| `- note: in file included from <module-includes>:1:
2 |
/host/spi-builder-workspace/Sources/CVips/shim.h:4:10: error: 'vips/vips.h' file not found
2 | #define CVIPS_SHIM_H
3 |
4 | #include <vips/vips.h>
| `- error: 'vips/vips.h' file not found
5 | #include <cairo/cairo-pdf.h>
6 |
/host/spi-builder-workspace/Sources/Hokusai/Backend/ThumbnailSupport.swift:1:8: error: could not build C module 'CVips'
1 | import CVips
| `- error: could not build C module 'CVips'
2 |
3 | /// PURPOSE: Single home for thumbnail argument validation and the mapping
[142/238] Compiling ArgumentParser EnumerableFlag.swift
<module-includes>:1:10: note: in file included from <module-includes>:1:
1 | #include "shim.h"
| `- note: in file included from <module-includes>:1:
2 |
/host/spi-builder-workspace/Sources/CVips/shim.h:4:10: error: 'vips/vips.h' file not found
2 | #define CVIPS_SHIM_H
3 |
4 | #include <vips/vips.h>
| `- error: 'vips/vips.h' file not found
5 | #include <cairo/cairo-pdf.h>
6 |
/host/spi-builder-workspace/Sources/Hokusai/Backend/ThumbnailSupport.swift:1:8: error: could not build C module 'CVips'
1 | import CVips
| `- error: could not build C module 'CVips'
2 |
3 | /// PURPOSE: Single home for thumbnail argument validation and the mapping
[143/238] Compiling ArgumentParser ExpressibleByArgument.swift
<module-includes>:1:10: note: in file included from <module-includes>:1:
1 | #include "shim.h"
| `- note: in file included from <module-includes>:1:
2 |
/host/spi-builder-workspace/Sources/CVips/shim.h:4:10: error: 'vips/vips.h' file not found
2 | #define CVIPS_SHIM_H
3 |
4 | #include <vips/vips.h>
| `- error: 'vips/vips.h' file not found
5 | #include <cairo/cairo-pdf.h>
6 |
/host/spi-builder-workspace/Sources/Hokusai/Backend/ThumbnailSupport.swift:1:8: error: could not build C module 'CVips'
1 | import CVips
| `- error: could not build C module 'CVips'
2 |
3 | /// PURPOSE: Single home for thumbnail argument validation and the mapping
[144/243] Compiling DequeModule _DequeBuffer.swift
<module-includes>:1:10: note: in file included from <module-includes>:1:
1 | #include "shim.h"
| `- note: in file included from <module-includes>:1:
2 |
/host/spi-builder-workspace/Sources/CVips/shim.h:4:10: error: 'vips/vips.h' file not found
2 | #define CVIPS_SHIM_H
3 |
4 | #include <vips/vips.h>
| `- error: 'vips/vips.h' file not found
5 | #include <cairo/cairo-pdf.h>
6 |
/host/spi-builder-workspace/Sources/Hokusai/Backend/ThumbnailSupport.swift:1:8: error: could not build C module 'CVips'
1 | import CVips
| `- error: could not build C module 'CVips'
2 |
3 | /// PURPOSE: Single home for thumbnail argument validation and the mapping
[145/243] Compiling DequeModule _DequeBufferHeader.swift
<module-includes>:1:10: note: in file included from <module-includes>:1:
1 | #include "shim.h"
| `- note: in file included from <module-includes>:1:
2 |
/host/spi-builder-workspace/Sources/CVips/shim.h:4:10: error: 'vips/vips.h' file not found
2 | #define CVIPS_SHIM_H
3 |
4 | #include <vips/vips.h>
| `- error: 'vips/vips.h' file not found
5 | #include <cairo/cairo-pdf.h>
6 |
/host/spi-builder-workspace/Sources/Hokusai/Backend/ThumbnailSupport.swift:1:8: error: could not build C module 'CVips'
1 | import CVips
| `- error: could not build C module 'CVips'
2 |
3 | /// PURPOSE: Single home for thumbnail argument validation and the mapping
[146/259] Compiling DequeModule RigidDeque+Hashable.swift
[147/259] Compiling DequeModule RigidDeque+Initializers.swift
[148/259] Emitting module Rainbow
[149/259] Compiling DequeModule Deque+Equatable.swift
[150/259] Compiling DequeModule Deque+ExpressibleByArrayLiteral.swift
[151/265] Compiling DequeModule RigidDeque+Equatable.swift
[152/265] Compiling DequeModule RigidDeque+Experimental.swift
[153/267] Compiling DequeModule Deque+Descriptions.swift
<module-includes>:1:10: note: in file included from <module-includes>:1:
1 | #include "shim.h"
| `- note: in file included from <module-includes>:1:
2 |
/host/spi-builder-workspace/Sources/CVips/shim.h:4:10: error: 'vips/vips.h' file not found
2 | #define CVIPS_SHIM_H
3 |
4 | #include <vips/vips.h>
| `- error: 'vips/vips.h' file not found
5 | #include <cairo/cairo-pdf.h>
6 |
/host/spi-builder-workspace/Sources/Hokusai/Backend/ThumbnailSupport.swift:1:8: error: could not build C module 'CVips'
1 | import CVips
| `- error: could not build C module 'CVips'
2 |
3 | /// PURPOSE: Single home for thumbnail argument validation and the mapping
<module-includes>:1:10: note: in file included from <module-includes>:1:
1 | #include "shim.h"
| `- note: in file included from <module-includes>:1:
2 |
/host/spi-builder-workspace/Sources/CVips/shim.h:4:10: error: 'vips/vips.h' file not found
2 | #define CVIPS_SHIM_H
3 |
4 | #include <vips/vips.h>
| `- error: 'vips/vips.h' file not found
5 | #include <cairo/cairo-pdf.h>
6 |
/host/spi-builder-workspace/Sources/Hokusai/Backend/ThumbnailSupport.swift:1:8: error: could not build C module 'CVips'
1 | import CVips
| `- error: could not build C module 'CVips'
2 |
3 | /// PURPOSE: Single home for thumbnail argument validation and the mapping
<module-includes>:1:10: note: in file included from <module-includes>:1:
1 | #include "shim.h"
| `- note: in file included from <module-includes>:1:
2 |
/host/spi-builder-workspace/Sources/CVips/shim.h:4:10: error: 'vips/vips.h' file not found
2 | #define CVIPS_SHIM_H
3 |
4 | #include <vips/vips.h>
| `- error: 'vips/vips.h' file not found
5 | #include <cairo/cairo-pdf.h>
6 |
/host/spi-builder-workspace/Sources/Hokusai/Backend/ThumbnailSupport.swift:1:8: error: could not build C module 'CVips'
1 | import CVips
| `- error: could not build C module 'CVips'
2 |
3 | /// PURPOSE: Single home for thumbnail argument validation and the mapping
[156/267] Compiling DequeModule Deque+Codable.swift
<module-includes>:1:10: note: in file included from <module-includes>:1:
1 | #include "shim.h"
| `- note: in file included from <module-includes>:1:
2 |
/host/spi-builder-workspace/Sources/CVips/shim.h:4:10: error: 'vips/vips.h' file not found
2 | #define CVIPS_SHIM_H
3 |
4 | #include <vips/vips.h>
| `- error: 'vips/vips.h' file not found
5 | #include <cairo/cairo-pdf.h>
6 |
/host/spi-builder-workspace/Sources/Hokusai/Backend/ThumbnailSupport.swift:1:8: error: could not build C module 'CVips'
1 | import CVips
| `- error: could not build C module 'CVips'
2 |
3 | /// PURPOSE: Single home for thumbnail argument validation and the mapping
[157/267] Compiling DequeModule Deque+Collection.swift
<module-includes>:1:10: note: in file included from <module-includes>:1:
1 | #include "shim.h"
| `- note: in file included from <module-includes>:1:
2 |
/host/spi-builder-workspace/Sources/CVips/shim.h:4:10: error: 'vips/vips.h' file not found
2 | #define CVIPS_SHIM_H
3 |
4 | #include <vips/vips.h>
| `- error: 'vips/vips.h' file not found
5 | #include <cairo/cairo-pdf.h>
6 |
/host/spi-builder-workspace/Sources/Hokusai/Backend/ThumbnailSupport.swift:1:8: error: could not build C module 'CVips'
1 | import CVips
| `- error: could not build C module 'CVips'
2 |
3 | /// PURPOSE: Single home for thumbnail argument validation and the mapping
[158/267] Compiling DequeModule Deque+CustomReflectable.swift
<module-includes>:1:10: note: in file included from <module-includes>:1:
1 | #include "shim.h"
| `- note: in file included from <module-includes>:1:
2 |
/host/spi-builder-workspace/Sources/CVips/shim.h:4:10: error: 'vips/vips.h' file not found
2 | #define CVIPS_SHIM_H
3 |
4 | #include <vips/vips.h>
| `- error: 'vips/vips.h' file not found
5 | #include <cairo/cairo-pdf.h>
6 |
/host/spi-builder-workspace/Sources/Hokusai/Backend/ThumbnailSupport.swift:1:8: error: could not build C module 'CVips'
1 | import CVips
| `- error: could not build C module 'CVips'
2 |
3 | /// PURPOSE: Single home for thumbnail argument validation and the mapping
<module-includes>:1:10: note: in file included from <module-includes>:1:
1 | #include "shim.h"
| `- note: in file included from <module-includes>:1:
2 |
/host/spi-builder-workspace/Sources/CVips/shim.h:4:10: error: 'vips/vips.h' file not found
2 | #define CVIPS_SHIM_H
3 |
4 | #include <vips/vips.h>
| `- error: 'vips/vips.h' file not found
5 | #include <cairo/cairo-pdf.h>
6 |
/host/spi-builder-workspace/Sources/Hokusai/Backend/ThumbnailSupport.swift:1:8: error: could not build C module 'CVips'
1 | import CVips
| `- error: could not build C module 'CVips'
2 |
3 | /// PURPOSE: Single home for thumbnail argument validation and the mapping
[160/267] Compiling DequeModule RigidDeque+Insertions.swift
<module-includes>:1:10: note: in file included from <module-includes>:1:
1 | #include "shim.h"
| `- note: in file included from <module-includes>:1:
2 |
/host/spi-builder-workspace/Sources/CVips/shim.h:4:10: error: 'vips/vips.h' file not found
2 | #define CVIPS_SHIM_H
3 |
4 | #include <vips/vips.h>
| `- error: 'vips/vips.h' file not found
5 | #include <cairo/cairo-pdf.h>
6 |
/host/spi-builder-workspace/Sources/Hokusai/Backend/ThumbnailSupport.swift:1:8: error: could not build C module 'CVips'
1 | import CVips
| `- error: could not build C module 'CVips'
2 |
3 | /// PURPOSE: Single home for thumbnail argument validation and the mapping
[161/267] Compiling DequeModule RigidDeque+Prepend.swift
<module-includes>:1:10: note: in file included from <module-includes>:1:
1 | #include "shim.h"
| `- note: in file included from <module-includes>:1:
2 |
/host/spi-builder-workspace/Sources/CVips/shim.h:4:10: error: 'vips/vips.h' file not found
2 | #define CVIPS_SHIM_H
3 |
4 | #include <vips/vips.h>
| `- error: 'vips/vips.h' file not found
5 | #include <cairo/cairo-pdf.h>
6 |
/host/spi-builder-workspace/Sources/Hokusai/Backend/ThumbnailSupport.swift:1:8: error: could not build C module 'CVips'
1 | import CVips
| `- error: could not build C module 'CVips'
2 |
3 | /// PURPOSE: Single home for thumbnail argument validation and the mapping
<module-includes>:1:10: note: in file included from <module-includes>:1:
1 | #include "shim.h"
| `- note: in file included from <module-includes>:1:
2 |
/host/spi-builder-workspace/Sources/CVips/shim.h:4:10: error: 'vips/vips.h' file not found
2 | #define CVIPS_SHIM_H
3 |
4 | #include <vips/vips.h>
| `- error: 'vips/vips.h' file not found
5 | #include <cairo/cairo-pdf.h>
6 |
/host/spi-builder-workspace/Sources/Hokusai/Backend/ThumbnailSupport.swift:1:8: error: could not build C module 'CVips'
1 | import CVips
| `- error: could not build C module 'CVips'
2 |
3 | /// PURPOSE: Single home for thumbnail argument validation and the mapping
<module-includes>:1:10: note: in file included from <module-includes>:1:
1 | #include "shim.h"
| `- note: in file included from <module-includes>:1:
2 |
/host/spi-builder-workspace/Sources/CVips/shim.h:4:10: error: 'vips/vips.h' file not found
2 | #define CVIPS_SHIM_H
3 |
4 | #include <vips/vips.h>
| `- error: 'vips/vips.h' file not found
5 | #include <cairo/cairo-pdf.h>
6 |
/host/spi-builder-workspace/Sources/Hokusai/Backend/ThumbnailSupport.swift:1:8: error: could not build C module 'CVips'
1 | import CVips
| `- error: could not build C module 'CVips'
2 |
3 | /// PURPOSE: Single home for thumbnail argument validation and the mapping
<module-includes>:1:10: note: in file included from <module-includes>:1:
1 | #include "shim.h"
| `- note: in file included from <module-includes>:1:
2 |
/host/spi-builder-workspace/Sources/CVips/shim.h:4:10: error: 'vips/vips.h' file not found
2 | #define CVIPS_SHIM_H
3 |
4 | #include <vips/vips.h>
| `- error: 'vips/vips.h' file not found
5 | #include <cairo/cairo-pdf.h>
6 |
/host/spi-builder-workspace/Sources/Hokusai/Backend/ThumbnailSupport.swift:1:8: error: could not build C module 'CVips'
1 | import CVips
| `- error: could not build C module 'CVips'
2 |
3 | /// PURPOSE: Single home for thumbnail argument validation and the mapping
[165/267] Compiling NIOConcurrencyHelpers NIOLock.swift
[166/267] Emitting module NIOConcurrencyHelpers
[167/267] Compiling NIOConcurrencyHelpers NIOAtomic.swift
[169/267] Compiling NIOConcurrencyHelpers atomics.swift
[170/267] Compiling NIOConcurrencyHelpers NIOThreadPoolWorkAvailable.swift
[171/268] Wrapping AST for Rainbow for debugging
[173/268] Compiling DequeModule UniqueDeque+Container.swift
[174/268] Compiling DequeModule UniqueDeque+Deprecated.swift
[175/268] Compiling DequeModule UniqueDeque+Descriptions.swift
[176/268] Compiling DequeModule UniqueDeque+Equatable.swift
[177/268] Compiling DequeModule UniqueDeque+Experimental.swift
[178/275] Compiling DequeModule Deque+Testing.swift
<module-includes>:1:10: note: in file included from <module-includes>:1:
1 | #include "shim.h"
| `- note: in file included from <module-includes>:1:
2 |
/host/spi-builder-workspace/Sources/CVips/shim.h:4:10: error: 'vips/vips.h' file not found
2 | #define CVIPS_SHIM_H
3 |
4 | #include <vips/vips.h>
| `- error: 'vips/vips.h' file not found
5 | #include <cairo/cairo-pdf.h>
6 |
/host/spi-builder-workspace/Sources/Hokusai/Backend/ThumbnailSupport.swift:1:8: error: could not build C module 'CVips'
1 | import CVips
| `- error: could not build C module 'CVips'
2 |
3 | /// PURPOSE: Single home for thumbnail argument validation and the mapping
[179/275] Compiling DequeModule Deque._Storage.swift
<module-includes>:1:10: note: in file included from <module-includes>:1:
1 | #include "shim.h"
| `- note: in file included from <module-includes>:1:
2 |
/host/spi-builder-workspace/Sources/CVips/shim.h:4:10: error: 'vips/vips.h' file not found
2 | #define CVIPS_SHIM_H
3 |
4 | #include <vips/vips.h>
| `- error: 'vips/vips.h' file not found
5 | #include <cairo/cairo-pdf.h>
6 |
/host/spi-builder-workspace/Sources/Hokusai/Backend/ThumbnailSupport.swift:1:8: error: could not build C module 'CVips'
1 | import CVips
| `- error: could not build C module 'CVips'
2 |
3 | /// PURPOSE: Single home for thumbnail argument validation and the mapping
BUILD FAILURE 6.2 wasm