The Swift Package Index logo.Swift Package Index

Build Information

Failed to build AECAudioStream, reference 1.0.1 (c5d16b), with Swift 6.4 for watchOS using Xcode 27.0 on 19 Sep 2026 07:39:08 UTC.

Build Command

env DEVELOPER_DIR=/Applications/Xcode-27.0.0-Release.Candidate.app xcrun xcodebuild -IDEClonedSourcePackagesDirPathOverride=$PWD/.dependencies -skipMacroValidation -skipPackagePluginValidation -derivedDataPath $PWD/.derivedData build -scheme AECAudioStream -destination generic/platform=watchOS

Build Log

========================================
RunAll
========================================
Builder version: 5.1.0
Interrupt handler set up.
========================================
Checkout
========================================
Clone URL: https://github.com/kasimok/AECAudioStream.git
Reference: 1.0.1
Initialized empty Git repository in /Users/admin/builder/spi-builder-workspace/.git/
From https://github.com/kasimok/AECAudioStream
 * tag               1.0.1      -> FETCH_HEAD
HEAD is now at c5d16bb fix audio render issue when devices is stopped
Cloned https://github.com/kasimok/AECAudioStream.git
Revision (git rev-parse @):
c5d16bbb9f3c4282523d6d6039c0009480b72c25
SUCCESS checkout https://github.com/kasimok/AECAudioStream.git at 1.0.1
========================================
Build
========================================
Selected platform:         watchOS
Swift version:             6.4
Building package at path:  $PWD
https://github.com/kasimok/AECAudioStream.git
Command line invocation:
    /Applications/Xcode-27.0.0-Release.Candidate.app/Contents/Developer/usr/bin/xcodebuild -IDEClonedSourcePackagesDirPathOverride=/Users/admin/builder/spi-builder-workspace/.dependencies -resolvePackageDependencies
Resolve Package Graph
Resolve Package Graph
Resolved source packages:
  AECAudioStream: /Users/admin/builder/spi-builder-workspace
resolved source packages: AECAudioStream
2026-09-19 03:38:27.355 xcodebuild[529:3039] [MT] IDERunDestination: Supported platforms for the buildables in the current scheme is empty.
{
  "dependencies" : [
  ],
  "manifest_display_name" : "AECAudioStream",
  "name" : "AECAudioStream",
  "path" : "/Users/admin/builder/spi-builder-workspace",
  "platforms" : [
    {
      "name" : "macos",
      "version" : "12.0"
    },
    {
      "name" : "ios",
      "version" : "15.0"
    },
    {
      "name" : "tvos",
      "version" : "15.0"
    }
  ],
  "products" : [
    {
      "name" : "AECAudioStream",
      "targets" : [
        "AECAudioStream"
      ],
      "type" : {
        "library" : [
          "automatic"
        ]
      }
    }
  ],
  "targets" : [
    {
      "c99name" : "AECAudioStreamTests",
      "module_type" : "SwiftTarget",
      "name" : "AECAudioStreamTests",
      "path" : "Tests/AECAudioStreamTests",
      "sources" : [
        "AECAudioStreamTests.swift"
      ],
      "target_dependencies" : [
        "AECAudioStream"
      ],
      "type" : "test"
    },
    {
      "c99name" : "AECAudioStream",
      "module_type" : "SwiftTarget",
      "name" : "AECAudioStream",
      "path" : "Sources/AECAudioStream",
      "product_memberships" : [
        "AECAudioStream"
      ],
      "sources" : [
        "AECAudioStream.swift",
        "AECAudioStreamError.swift"
      ],
      "type" : "library"
    }
  ],
  "tools_version" : "5.8"
}
{
  "workspace" : {
    "name" : "AECAudioStream",
    "schemes" : [
      "AECAudioStream"
    ]
  }
}
2026-09-19 03:38:58.893 xcodebuild[626:3857] [MT] IDERunDestination: Supported platforms for the buildables in the current scheme is empty.
Running build ...
env DEVELOPER_DIR=/Applications/Xcode-27.0.0-Release.Candidate.app xcrun xcodebuild -IDEClonedSourcePackagesDirPathOverride=$PWD/.dependencies -skipMacroValidation -skipPackagePluginValidation -derivedDataPath $PWD/.derivedData build -scheme AECAudioStream -destination generic/platform=watchOS
Command line invocation:
    /Applications/Xcode-27.0.0-Release.Candidate.app/Contents/Developer/usr/bin/xcodebuild -IDEClonedSourcePackagesDirPathOverride=/Users/admin/builder/spi-builder-workspace/.dependencies -skipMacroValidation -skipPackagePluginValidation -derivedDataPath /Users/admin/builder/spi-builder-workspace/.derivedData build -scheme AECAudioStream -destination generic/platform=watchOS
Resolve Package Graph
Resolved source packages:
  AECAudioStream: /Users/admin/builder/spi-builder-workspace
ComputePackagePrebuildTargetDependencyGraph
Prepare packages
CreateBuildRequest
SendProjectDescription
CreateBuildOperation
ComputeTargetDependencyGraph
note: Building targets in dependency order
note: Target dependency graph (2 targets)
    Target 'AECAudioStream-product' in project 'AECAudioStream'
        ➜ Explicit dependency on target 'AECAudioStream' in project 'AECAudioStream'
    Target 'AECAudioStream' in project 'AECAudioStream' (no dependencies)
GatherProvisioningInputs
CreateBuildDescription
ExecuteExternalTool /Applications/Xcode-27.0.0-Release.Candidate.app/Contents/Developer/Toolchains/XcodeDefault.xctoolchain/usr/bin/clang -v -E -dM -isysroot /Applications/Xcode-27.0.0-Release.Candidate.app/Contents/Developer/Platforms/WatchOS.platform/Developer/SDKs/WatchOS27.0.sdk -x c -c /dev/null
ExecuteExternalTool /Applications/Xcode-27.0.0-Release.Candidate.app/Contents/Developer/Toolchains/XcodeDefault.xctoolchain/usr/bin/swiftc --version
ExecuteExternalTool /Applications/Xcode-27.0.0-Release.Candidate.app/Contents/Developer/Toolchains/XcodeDefault.xctoolchain/usr/bin/ld -version_details
ReadFileContents /Applications/Xcode-27.0.0-Release.Candidate.app/Contents/Developer/Toolchains/XcodeDefault.xctoolchain/usr/share/docc/features.json
Build description signature: 944fca24664020ebfab21dcdfb90f5bb
Build description path: /Users/admin/builder/spi-builder-workspace/.derivedData/Build/Intermediates.noindex/XCBuildData/944fca24664020ebfab21dcdfb90f5bb.xcbuilddata
CreateBuildDirectory /Users/admin/builder/spi-builder-workspace/.derivedData/SDKExplicitPrecompiledModules
    cd /Users/admin/builder/spi-builder-workspace/.swiftpm/xcode
    builtin-create-build-directory /Users/admin/builder/spi-builder-workspace/.derivedData/SDKExplicitPrecompiledModules
CreateBuildDirectory /Users/admin/builder/spi-builder-workspace/.derivedData/ModuleCache.noindex
    cd /Users/admin/builder/spi-builder-workspace/.swiftpm/xcode
    builtin-create-build-directory /Users/admin/builder/spi-builder-workspace/.derivedData/ModuleCache.noindex
CreateBuildDirectory /Users/admin/builder/spi-builder-workspace/.derivedData/Build/Intermediates.noindex
    cd /Users/admin/builder/spi-builder-workspace/.swiftpm/xcode
    builtin-create-build-directory /Users/admin/builder/spi-builder-workspace/.derivedData/Build/Intermediates.noindex
CreateBuildDirectory /Users/admin/builder/spi-builder-workspace/.derivedData/CompilationCache.noindex
    cd /Users/admin/builder/spi-builder-workspace/.swiftpm/xcode
    builtin-create-build-directory /Users/admin/builder/spi-builder-workspace/.derivedData/CompilationCache.noindex
CreateBuildDirectory /Users/admin/builder/spi-builder-workspace/.derivedData/Build/Products
    cd /Users/admin/builder/spi-builder-workspace/.swiftpm/xcode
    builtin-create-build-directory /Users/admin/builder/spi-builder-workspace/.derivedData/Build/Products
ClangStatCache /Applications/Xcode-27.0.0-Release.Candidate.app/Contents/Developer/Toolchains/XcodeDefault.xctoolchain/usr/bin/clang-stat-cache /Applications/Xcode-27.0.0-Release.Candidate.app/Contents/Developer/Platforms/WatchOS.platform/Developer/SDKs/WatchOS27.0.sdk /Users/admin/builder/spi-builder-workspace/.derivedData/SDKStatCaches.noindex/watchos27.0-24R360-e829b21a6f8c9b70876ba0858053c04477534ef55a1706bf4c1112bbb242f0a2.sdkstatcache
    cd /Users/admin/builder/spi-builder-workspace/.swiftpm/xcode
    /Applications/Xcode-27.0.0-Release.Candidate.app/Contents/Developer/Toolchains/XcodeDefault.xctoolchain/usr/bin/clang-stat-cache /Applications/Xcode-27.0.0-Release.Candidate.app/Contents/Developer/Platforms/WatchOS.platform/Developer/SDKs/WatchOS27.0.sdk -o /Users/admin/builder/spi-builder-workspace/.derivedData/SDKStatCaches.noindex/watchos27.0-24R360-e829b21a6f8c9b70876ba0858053c04477534ef55a1706bf4c1112bbb242f0a2.sdkstatcache
CreateBuildDirectory /Users/admin/builder/spi-builder-workspace/.derivedData/Build/Products/Debug-watchos
    cd /Users/admin/builder/spi-builder-workspace/.swiftpm/xcode
    builtin-create-build-directory /Users/admin/builder/spi-builder-workspace/.derivedData/Build/Products/Debug-watchos
CreateBuildDirectory /Users/admin/builder/spi-builder-workspace/.derivedData/Build/Intermediates.noindex/SwiftExplicitPrecompiledModules
    cd /Users/admin/builder/spi-builder-workspace/.swiftpm/xcode
    builtin-create-build-directory /Users/admin/builder/spi-builder-workspace/.derivedData/Build/Intermediates.noindex/SwiftExplicitPrecompiledModules
CreateBuildDirectory /Users/admin/builder/spi-builder-workspace/.derivedData/Build/Intermediates.noindex/PrecompiledHeaders
    cd /Users/admin/builder/spi-builder-workspace/.swiftpm/xcode
    builtin-create-build-directory /Users/admin/builder/spi-builder-workspace/.derivedData/Build/Intermediates.noindex/PrecompiledHeaders
CreateBuildDirectory /Users/admin/builder/spi-builder-workspace/.derivedData/Build/Intermediates.noindex/ExplicitPrecompiledModules
    cd /Users/admin/builder/spi-builder-workspace/.swiftpm/xcode
    builtin-create-build-directory /Users/admin/builder/spi-builder-workspace/.derivedData/Build/Intermediates.noindex/ExplicitPrecompiledModules
CreateBuildDirectory /Users/admin/builder/spi-builder-workspace/.derivedData/Build/Intermediates.noindex/EagerLinkingTBDs/Debug-watchos
    cd /Users/admin/builder/spi-builder-workspace/.swiftpm/xcode
    builtin-create-build-directory /Users/admin/builder/spi-builder-workspace/.derivedData/Build/Intermediates.noindex/EagerLinkingTBDs/Debug-watchos
CreateBuildDirectory /Users/admin/builder/spi-builder-workspace/.derivedData/Build/Products/Debug-watchos/PackageFrameworks
    cd /Users/admin/builder/spi-builder-workspace/.swiftpm/xcode
    builtin-create-build-directory /Users/admin/builder/spi-builder-workspace/.derivedData/Build/Products/Debug-watchos/PackageFrameworks
WriteAuxiliaryFile /Users/admin/builder/spi-builder-workspace/.derivedData/Build/Intermediates.noindex/AECAudioStream.build/Debug-watchos/AECAudioStream-t.build/AECAudioStream.modulemap (in target 'AECAudioStream' from project 'AECAudioStream')
    cd /Users/admin/builder/spi-builder-workspace
    write-file /Users/admin/builder/spi-builder-workspace/.derivedData/Build/Intermediates.noindex/AECAudioStream.build/Debug-watchos/AECAudioStream-t.build/AECAudioStream.modulemap
WriteAuxiliaryFile /Users/admin/builder/spi-builder-workspace/.derivedData/Build/Intermediates.noindex/AECAudioStream.build/Debug-watchos/AECAudioStream-t.build/Objects-normal/arm64/AECAudioStream_const_extract_protocols.json (in target 'AECAudioStream' from project 'AECAudioStream')
    cd /Users/admin/builder/spi-builder-workspace
    write-file /Users/admin/builder/spi-builder-workspace/.derivedData/Build/Intermediates.noindex/AECAudioStream.build/Debug-watchos/AECAudioStream-t.build/Objects-normal/arm64/AECAudioStream_const_extract_protocols.json
WriteAuxiliaryFile /Users/admin/builder/spi-builder-workspace/.derivedData/Build/Intermediates.noindex/AECAudioStream.build/Debug-watchos/AECAudioStream-t.build/Objects-normal/arm64/AECAudioStream.SwiftConstValuesFileList (in target 'AECAudioStream' from project 'AECAudioStream')
    cd /Users/admin/builder/spi-builder-workspace
    write-file /Users/admin/builder/spi-builder-workspace/.derivedData/Build/Intermediates.noindex/AECAudioStream.build/Debug-watchos/AECAudioStream-t.build/Objects-normal/arm64/AECAudioStream.SwiftConstValuesFileList
WriteAuxiliaryFile /Users/admin/builder/spi-builder-workspace/.derivedData/Build/Intermediates.noindex/AECAudioStream.build/Debug-watchos/AECAudioStream-t.build/Objects-normal/arm64_32/AECAudioStream-OutputFileMap.json (in target 'AECAudioStream' from project 'AECAudioStream')
    cd /Users/admin/builder/spi-builder-workspace
    write-file /Users/admin/builder/spi-builder-workspace/.derivedData/Build/Intermediates.noindex/AECAudioStream.build/Debug-watchos/AECAudioStream-t.build/Objects-normal/arm64_32/AECAudioStream-OutputFileMap.json
WriteAuxiliaryFile /Users/admin/builder/spi-builder-workspace/.derivedData/Build/Intermediates.noindex/AECAudioStream.build/Debug-watchos/AECAudioStream-t.build/Objects-normal/arm64_32/AECAudioStream_const_extract_protocols.json (in target 'AECAudioStream' from project 'AECAudioStream')
    cd /Users/admin/builder/spi-builder-workspace
    write-file /Users/admin/builder/spi-builder-workspace/.derivedData/Build/Intermediates.noindex/AECAudioStream.build/Debug-watchos/AECAudioStream-t.build/Objects-normal/arm64_32/AECAudioStream_const_extract_protocols.json
WriteAuxiliaryFile /Users/admin/builder/spi-builder-workspace/.derivedData/Build/Intermediates.noindex/AECAudioStream.build/Debug-watchos/AECAudioStream-t.build/Objects-normal/arm64_32/AECAudioStream.SwiftFileList (in target 'AECAudioStream' from project 'AECAudioStream')
    cd /Users/admin/builder/spi-builder-workspace
    write-file /Users/admin/builder/spi-builder-workspace/.derivedData/Build/Intermediates.noindex/AECAudioStream.build/Debug-watchos/AECAudioStream-t.build/Objects-normal/arm64_32/AECAudioStream.SwiftFileList
WriteAuxiliaryFile /Users/admin/builder/spi-builder-workspace/.derivedData/Build/Intermediates.noindex/AECAudioStream.build/Debug-watchos/AECAudioStream-t.build/Objects-normal/arm64/AECAudioStream-OutputFileMap.json (in target 'AECAudioStream' from project 'AECAudioStream')
    cd /Users/admin/builder/spi-builder-workspace
    write-file /Users/admin/builder/spi-builder-workspace/.derivedData/Build/Intermediates.noindex/AECAudioStream.build/Debug-watchos/AECAudioStream-t.build/Objects-normal/arm64/AECAudioStream-OutputFileMap.json
WriteAuxiliaryFile /Users/admin/builder/spi-builder-workspace/.derivedData/Build/Intermediates.noindex/AECAudioStream.build/Debug-watchos/AECAudioStream-t.build/Objects-normal/arm64_32/AECAudioStream.SwiftConstValuesFileList (in target 'AECAudioStream' from project 'AECAudioStream')
    cd /Users/admin/builder/spi-builder-workspace
    write-file /Users/admin/builder/spi-builder-workspace/.derivedData/Build/Intermediates.noindex/AECAudioStream.build/Debug-watchos/AECAudioStream-t.build/Objects-normal/arm64_32/AECAudioStream.SwiftConstValuesFileList
WriteAuxiliaryFile /Users/admin/builder/spi-builder-workspace/.derivedData/Build/Intermediates.noindex/AECAudioStream.build/Debug-watchos/AECAudioStream-t.build/Objects-normal/arm64_32/AECAudioStream.LinkFileList (in target 'AECAudioStream' from project 'AECAudioStream')
    cd /Users/admin/builder/spi-builder-workspace
    write-file /Users/admin/builder/spi-builder-workspace/.derivedData/Build/Intermediates.noindex/AECAudioStream.build/Debug-watchos/AECAudioStream-t.build/Objects-normal/arm64_32/AECAudioStream.LinkFileList
WriteAuxiliaryFile /Users/admin/builder/spi-builder-workspace/.derivedData/Build/Intermediates.noindex/AECAudioStream.build/Debug-watchos/AECAudioStream-t.build/Objects-normal/arm64/AECAudioStream.SwiftFileList (in target 'AECAudioStream' from project 'AECAudioStream')
    cd /Users/admin/builder/spi-builder-workspace
    write-file /Users/admin/builder/spi-builder-workspace/.derivedData/Build/Intermediates.noindex/AECAudioStream.build/Debug-watchos/AECAudioStream-t.build/Objects-normal/arm64/AECAudioStream.SwiftFileList
WriteAuxiliaryFile /Users/admin/builder/spi-builder-workspace/.derivedData/Build/Intermediates.noindex/AECAudioStream.build/Debug-watchos/AECAudioStream-t.build/AECAudioStream.DependencyStaticMetadataFileList (in target 'AECAudioStream' from project 'AECAudioStream')
    cd /Users/admin/builder/spi-builder-workspace
    write-file /Users/admin/builder/spi-builder-workspace/.derivedData/Build/Intermediates.noindex/AECAudioStream.build/Debug-watchos/AECAudioStream-t.build/AECAudioStream.DependencyStaticMetadataFileList
WriteAuxiliaryFile /Users/admin/builder/spi-builder-workspace/.derivedData/Build/Intermediates.noindex/AECAudioStream.build/Debug-watchos/AECAudioStream-t.build/Objects-normal/arm64/AECAudioStream.LinkFileList (in target 'AECAudioStream' from project 'AECAudioStream')
    cd /Users/admin/builder/spi-builder-workspace
    write-file /Users/admin/builder/spi-builder-workspace/.derivedData/Build/Intermediates.noindex/AECAudioStream.build/Debug-watchos/AECAudioStream-t.build/Objects-normal/arm64/AECAudioStream.LinkFileList
WriteAuxiliaryFile /Users/admin/builder/spi-builder-workspace/.derivedData/Build/Intermediates.noindex/AECAudioStream.build/Debug-watchos/AECAudioStream-t.build/AECAudioStream.DependencyMetadataFileList (in target 'AECAudioStream' from project 'AECAudioStream')
    cd /Users/admin/builder/spi-builder-workspace
    write-file /Users/admin/builder/spi-builder-workspace/.derivedData/Build/Intermediates.noindex/AECAudioStream.build/Debug-watchos/AECAudioStream-t.build/AECAudioStream.DependencyMetadataFileList
Copy /Users/admin/builder/spi-builder-workspace/.derivedData/Build/Intermediates.noindex/GeneratedModuleMaps-watchos/AECAudioStream.modulemap /Users/admin/builder/spi-builder-workspace/.derivedData/Build/Intermediates.noindex/AECAudioStream.build/Debug-watchos/AECAudioStream-t.build/AECAudioStream.modulemap (in target 'AECAudioStream' from project 'AECAudioStream')
    cd /Users/admin/builder/spi-builder-workspace
    builtin-copy -exclude .DS_Store -exclude CVS -exclude .svn -exclude .git -exclude .hg -resolve-src-symlinks /Users/admin/builder/spi-builder-workspace/.derivedData/Build/Intermediates.noindex/AECAudioStream.build/Debug-watchos/AECAudioStream-t.build/AECAudioStream.modulemap /Users/admin/builder/spi-builder-workspace/.derivedData/Build/Intermediates.noindex/GeneratedModuleMaps-watchos
SwiftDriver AECAudioStream normal arm64_32 com.apple.xcode.tools.swift.compiler (in target 'AECAudioStream' from project 'AECAudioStream')
    cd /Users/admin/builder/spi-builder-workspace/.swiftpm/xcode
    builtin-SwiftDriver -- /Applications/Xcode-27.0.0-Release.Candidate.app/Contents/Developer/Toolchains/XcodeDefault.xctoolchain/usr/bin/swiftc -parse-as-library -module-name AECAudioStream -Onone @/Users/admin/builder/spi-builder-workspace/.derivedData/Build/Intermediates.noindex/AECAudioStream.build/Debug-watchos/AECAudioStream-t.build/Objects-normal/arm64_32/AECAudioStream.SwiftFileList -DSWIFT_PACKAGE -DDEBUG -DSWIFT_MODULE_RESOURCE_BUNDLE_UNAVAILABLE -DXcode -plugin-path /Applications/Xcode-27.0.0-Release.Candidate.app/Contents/Developer/Toolchains/XcodeDefault.xctoolchain/usr/lib/swift/host/plugins/testing -enable-experimental-feature DebugDescriptionMacro -sdk /Applications/Xcode-27.0.0-Release.Candidate.app/Contents/Developer/Platforms/WatchOS.platform/Developer/SDKs/WatchOS27.0.sdk -target arm64_32-apple-watchos9.0 -g -module-cache-path /Users/admin/builder/spi-builder-workspace/.derivedData/ModuleCache.noindex -Xfrontend -serialize-debugging-options -profile-coverage-mapping -profile-generate -enable-testing -index-store-path /Users/admin/builder/spi-builder-workspace/.derivedData/Index.noindex/DataStore -Xcc -D_LIBCPP_HARDENING_MODE\=_LIBCPP_HARDENING_MODE_DEBUG -swift-version 5 -I /Users/admin/builder/spi-builder-workspace/.derivedData/Build/Products/Debug-watchos -Isystem /Applications/Xcode-27.0.0-Release.Candidate.app/Contents/Developer/Platforms/WatchOS.platform/Developer/usr/lib -F /Users/admin/builder/spi-builder-workspace/.derivedData/Build/Products/Debug-watchos -F /Applications/Xcode-27.0.0-Release.Candidate.app/Contents/Developer/Platforms/WatchOS.platform/Developer/Library/Frameworks -F /Applications/Xcode-27.0.0-Release.Candidate.app/Contents/Developer/Platforms/WatchOS.platform/Developer/SDKs/WatchOS27.0.sdk/Developer/Library/Frameworks -c -j10 -enable-batch-mode -incremental -Xcc -ivfsstatcache -Xcc /Users/admin/builder/spi-builder-workspace/.derivedData/SDKStatCaches.noindex/watchos27.0-24R360-e829b21a6f8c9b70876ba0858053c04477534ef55a1706bf4c1112bbb242f0a2.sdkstatcache -output-file-map /Users/admin/builder/spi-builder-workspace/.derivedData/Build/Intermediates.noindex/AECAudioStream.build/Debug-watchos/AECAudioStream-t.build/Objects-normal/arm64_32/AECAudioStream-OutputFileMap.json -save-temps -no-color-diagnostics -explicit-module-build -module-cache-path /Users/admin/builder/spi-builder-workspace/.derivedData/Build/Intermediates.noindex/SwiftExplicitPrecompiledModules -clang-scanner-module-cache-path /Users/admin/builder/spi-builder-workspace/.derivedData/ModuleCache.noindex -sdk-module-cache-path /Users/admin/builder/spi-builder-workspace/.derivedData/SDKExplicitPrecompiledModules -emit-dependencies -emit-module -emit-module-path /Users/admin/builder/spi-builder-workspace/.derivedData/Build/Intermediates.noindex/AECAudioStream.build/Debug-watchos/AECAudioStream-t.build/Objects-normal/arm64_32/AECAudioStream.swiftmodule -serialize-diagnostics -dependency-scan-serialize-diagnostics-path /Users/admin/builder/spi-builder-workspace/.derivedData/Build/Intermediates.noindex/AECAudioStream.build/Debug-watchos/AECAudioStream-t.build/Objects-normal/arm64_32/AECAudioStream-dependency-scan.dia -validate-clang-modules-once -clang-build-session-file /Users/admin/builder/spi-builder-workspace/.derivedData/ModuleCache.noindex/Session.modulevalidation -Xcc -fmodules-prune-interval\=86400 -Xcc -fmodules-prune-after\=345600 -emit-const-values -const-gather-protocols-list /Users/admin/builder/spi-builder-workspace/.derivedData/Build/Intermediates.noindex/AECAudioStream.build/Debug-watchos/AECAudioStream-t.build/Objects-normal/arm64_32/AECAudioStream_const_extract_protocols.json -Xcc -I/Users/admin/builder/spi-builder-workspace/.derivedData/Build/Products/Debug-watchos/include -Xcc -I/Users/admin/builder/spi-builder-workspace/.derivedData/Build/Intermediates.noindex/AECAudioStream.build/Debug-watchos/AECAudioStream-t.build/DerivedSources-normal/arm64_32 -Xcc -I/Users/admin/builder/spi-builder-workspace/.derivedData/Build/Intermediates.noindex/AECAudioStream.build/Debug-watchos/AECAudioStream-t.build/DerivedSources/arm64_32 -Xcc -I/Users/admin/builder/spi-builder-workspace/.derivedData/Build/Intermediates.noindex/AECAudioStream.build/Debug-watchos/AECAudioStream-t.build/DerivedSources -Xcc -DSWIFT_PACKAGE -Xcc -DDEBUG\=1 -emit-objc-header -emit-objc-header-path /Users/admin/builder/spi-builder-workspace/.derivedData/Build/Intermediates.noindex/AECAudioStream.build/Debug-watchos/AECAudioStream-t.build/Objects-normal/arm64_32/AECAudioStream-Swift.h -working-directory /Users/admin/builder/spi-builder-workspace/.swiftpm/xcode -experimental-emit-module-separately -disable-cmo
SwiftDriver AECAudioStream normal arm64 com.apple.xcode.tools.swift.compiler (in target 'AECAudioStream' from project 'AECAudioStream')
    cd /Users/admin/builder/spi-builder-workspace/.swiftpm/xcode
    builtin-SwiftDriver -- /Applications/Xcode-27.0.0-Release.Candidate.app/Contents/Developer/Toolchains/XcodeDefault.xctoolchain/usr/bin/swiftc -parse-as-library -module-name AECAudioStream -Onone @/Users/admin/builder/spi-builder-workspace/.derivedData/Build/Intermediates.noindex/AECAudioStream.build/Debug-watchos/AECAudioStream-t.build/Objects-normal/arm64/AECAudioStream.SwiftFileList -DSWIFT_PACKAGE -DDEBUG -DSWIFT_MODULE_RESOURCE_BUNDLE_UNAVAILABLE -DXcode -plugin-path /Applications/Xcode-27.0.0-Release.Candidate.app/Contents/Developer/Toolchains/XcodeDefault.xctoolchain/usr/lib/swift/host/plugins/testing -enable-experimental-feature DebugDescriptionMacro -sdk /Applications/Xcode-27.0.0-Release.Candidate.app/Contents/Developer/Platforms/WatchOS.platform/Developer/SDKs/WatchOS27.0.sdk -target arm64-apple-watchos9.0 -g -module-cache-path /Users/admin/builder/spi-builder-workspace/.derivedData/ModuleCache.noindex -Xfrontend -serialize-debugging-options -profile-coverage-mapping -profile-generate -enable-testing -index-store-path /Users/admin/builder/spi-builder-workspace/.derivedData/Index.noindex/DataStore -Xcc -D_LIBCPP_HARDENING_MODE\=_LIBCPP_HARDENING_MODE_DEBUG -swift-version 5 -I /Users/admin/builder/spi-builder-workspace/.derivedData/Build/Products/Debug-watchos -Isystem /Applications/Xcode-27.0.0-Release.Candidate.app/Contents/Developer/Platforms/WatchOS.platform/Developer/usr/lib -F /Users/admin/builder/spi-builder-workspace/.derivedData/Build/Products/Debug-watchos -F /Applications/Xcode-27.0.0-Release.Candidate.app/Contents/Developer/Platforms/WatchOS.platform/Developer/Library/Frameworks -F /Applications/Xcode-27.0.0-Release.Candidate.app/Contents/Developer/Platforms/WatchOS.platform/Developer/SDKs/WatchOS27.0.sdk/Developer/Library/Frameworks -c -j10 -enable-batch-mode -incremental -Xcc -ivfsstatcache -Xcc /Users/admin/builder/spi-builder-workspace/.derivedData/SDKStatCaches.noindex/watchos27.0-24R360-e829b21a6f8c9b70876ba0858053c04477534ef55a1706bf4c1112bbb242f0a2.sdkstatcache -output-file-map /Users/admin/builder/spi-builder-workspace/.derivedData/Build/Intermediates.noindex/AECAudioStream.build/Debug-watchos/AECAudioStream-t.build/Objects-normal/arm64/AECAudioStream-OutputFileMap.json -save-temps -no-color-diagnostics -explicit-module-build -module-cache-path /Users/admin/builder/spi-builder-workspace/.derivedData/Build/Intermediates.noindex/SwiftExplicitPrecompiledModules -clang-scanner-module-cache-path /Users/admin/builder/spi-builder-workspace/.derivedData/ModuleCache.noindex -sdk-module-cache-path /Users/admin/builder/spi-builder-workspace/.derivedData/SDKExplicitPrecompiledModules -emit-dependencies -emit-module -emit-module-path /Users/admin/builder/spi-builder-workspace/.derivedData/Build/Intermediates.noindex/AECAudioStream.build/Debug-watchos/AECAudioStream-t.build/Objects-normal/arm64/AECAudioStream.swiftmodule -serialize-diagnostics -dependency-scan-serialize-diagnostics-path /Users/admin/builder/spi-builder-workspace/.derivedData/Build/Intermediates.noindex/AECAudioStream.build/Debug-watchos/AECAudioStream-t.build/Objects-normal/arm64/AECAudioStream-dependency-scan.dia -validate-clang-modules-once -clang-build-session-file /Users/admin/builder/spi-builder-workspace/.derivedData/ModuleCache.noindex/Session.modulevalidation -Xcc -fmodules-prune-interval\=86400 -Xcc -fmodules-prune-after\=345600 -emit-const-values -const-gather-protocols-list /Users/admin/builder/spi-builder-workspace/.derivedData/Build/Intermediates.noindex/AECAudioStream.build/Debug-watchos/AECAudioStream-t.build/Objects-normal/arm64/AECAudioStream_const_extract_protocols.json -Xcc -I/Users/admin/builder/spi-builder-workspace/.derivedData/Build/Products/Debug-watchos/include -Xcc -I/Users/admin/builder/spi-builder-workspace/.derivedData/Build/Intermediates.noindex/AECAudioStream.build/Debug-watchos/AECAudioStream-t.build/DerivedSources-normal/arm64 -Xcc -I/Users/admin/builder/spi-builder-workspace/.derivedData/Build/Intermediates.noindex/AECAudioStream.build/Debug-watchos/AECAudioStream-t.build/DerivedSources/arm64 -Xcc -I/Users/admin/builder/spi-builder-workspace/.derivedData/Build/Intermediates.noindex/AECAudioStream.build/Debug-watchos/AECAudioStream-t.build/DerivedSources -Xcc -DSWIFT_PACKAGE -Xcc -DDEBUG\=1 -emit-objc-header -emit-objc-header-path /Users/admin/builder/spi-builder-workspace/.derivedData/Build/Intermediates.noindex/AECAudioStream.build/Debug-watchos/AECAudioStream-t.build/Objects-normal/arm64/AECAudioStream-Swift.h -working-directory /Users/admin/builder/spi-builder-workspace/.swiftpm/xcode -experimental-emit-module-separately -disable-cmo
SwiftExplicitDependencyGeneratePcm arm64_32 /Users/admin/builder/spi-builder-workspace/.derivedData/SDKExplicitPrecompiledModules/_Builtin_stdarg-D305JG44A2WPI6CJY37X3QJE8.pcm
SwiftExplicitDependencyGeneratePcm arm64_32 /Users/admin/builder/spi-builder-workspace/.derivedData/SDKExplicitPrecompiledModules/_Builtin_stdbool-A967K8W8YUYEC9SN52KJ7OO88.pcm
SwiftExplicitDependencyGeneratePcm arm64_32 /Users/admin/builder/spi-builder-workspace/.derivedData/SDKExplicitPrecompiledModules/_Builtin_float-6KO8O3PEWRCA4WC6PPLOYO6WJ.pcm
SwiftExplicitDependencyGeneratePcm arm64_32 /Users/admin/builder/spi-builder-workspace/.derivedData/SDKExplicitPrecompiledModules/_Builtin_stddef-H44EFHQX6XSS5MZ7QP6YJZ76.pcm
SwiftExplicitDependencyGeneratePcm arm64_32 /Users/admin/builder/spi-builder-workspace/.derivedData/SDKExplicitPrecompiledModules/_SwiftConcurrencyShims-6RTBPQ03V7BM9SPRK8SUE055H.pcm
SwiftExplicitDependencyGeneratePcm arm64 /Users/admin/builder/spi-builder-workspace/.derivedData/SDKExplicitPrecompiledModules/ptrauth-3TZ9WJCGLYD25HQPWH4968ONX.pcm
SwiftExplicitDependencyGeneratePcm arm64_32 /Users/admin/builder/spi-builder-workspace/.derivedData/SDKExplicitPrecompiledModules/SwiftShims-9CQQGWTSNTN9EB5NSHDWUJICH.pcm
SwiftExplicitDependencyGeneratePcm arm64_32 /Users/admin/builder/spi-builder-workspace/.derivedData/SDKExplicitPrecompiledModules/ptrauth-BFXF358ME5AK535N5A9Z766WU.pcm
SwiftExplicitDependencyGeneratePcm arm64 /Users/admin/builder/spi-builder-workspace/.derivedData/SDKExplicitPrecompiledModules/_SwiftConcurrencyShims-659N52XSKR5F0QSB880BH2FJR.pcm
SwiftExplicitDependencyGeneratePcm arm64_32 /Users/admin/builder/spi-builder-workspace/.derivedData/SDKExplicitPrecompiledModules/_AvailabilityInternal-244WAN3Z1QBT7PIA64EZEFY1R.pcm
SwiftExplicitDependencyGeneratePcm arm64 /Users/admin/builder/spi-builder-workspace/.derivedData/SDKExplicitPrecompiledModules/_Builtin_stdarg-A7UU8LE6MP85SM26YO7PBZNUQ.pcm
SwiftExplicitDependencyGeneratePcm arm64 /Users/admin/builder/spi-builder-workspace/.derivedData/SDKExplicitPrecompiledModules/_Builtin_stddef-1FU30Y8SWFB7OUUHMJQH5J6FM.pcm
SwiftExplicitDependencyGeneratePcm arm64 /Users/admin/builder/spi-builder-workspace/.derivedData/SDKExplicitPrecompiledModules/_AvailabilityInternal-BUNV3UXM65NT37THI4W1AM0SF.pcm
SwiftExplicitDependencyGeneratePcm arm64 /Users/admin/builder/spi-builder-workspace/.derivedData/SDKExplicitPrecompiledModules/SwiftShims-4MXFZPV6FEB0XBYXCGPWAMQGL.pcm
SwiftExplicitDependencyGeneratePcm arm64 /Users/admin/builder/spi-builder-workspace/.derivedData/SDKExplicitPrecompiledModules/_Builtin_float-C0CW5Q4HGBQYKE77TC42IAFB5.pcm
SwiftExplicitDependencyGeneratePcm arm64 /Users/admin/builder/spi-builder-workspace/.derivedData/SDKExplicitPrecompiledModules/ptrcheck-AIF0NDOYZ8ORBNHQAQR5NNB8M.pcm
SwiftExplicitDependencyGeneratePcm arm64 /Users/admin/builder/spi-builder-workspace/.derivedData/SDKExplicitPrecompiledModules/_Builtin_stdbool-83J96QSOFE9VX04AAS6310UAE.pcm
SwiftExplicitDependencyGeneratePcm arm64_32 /Users/admin/builder/spi-builder-workspace/.derivedData/SDKExplicitPrecompiledModules/ptrcheck-7ELIH9BTIGVKX3UBITM9N72WD.pcm
SwiftExplicitDependencyGeneratePcm arm64_32 /Users/admin/builder/spi-builder-workspace/.derivedData/SDKExplicitPrecompiledModules/_DarwinFoundation1-2GWF9RFMPLQW4PDHS3NARVI3G.pcm
SwiftExplicitDependencyGeneratePcm arm64 /Users/admin/builder/spi-builder-workspace/.derivedData/SDKExplicitPrecompiledModules/_DarwinFoundation1-7SPX3MD0HMP55E4OLNCPNDQ53.pcm
SwiftExplicitDependencyGeneratePcm arm64_32 /Users/admin/builder/spi-builder-workspace/.derivedData/SDKExplicitPrecompiledModules/_Builtin_limits-3VKBU2AFTD65PAJZ5CJ3LHFM2.pcm
SwiftExplicitDependencyGeneratePcm arm64_32 /Users/admin/builder/spi-builder-workspace/.derivedData/SDKExplicitPrecompiledModules/_DarwinFoundation2-9MY8GOSYRO0M9MKNXF6D3MBNK.pcm
SwiftExplicitDependencyGeneratePcm arm64 /Users/admin/builder/spi-builder-workspace/.derivedData/SDKExplicitPrecompiledModules/_Builtin_limits-9GWPA2B0H20DYUNYHYCWKABJG.pcm
SwiftExplicitDependencyGeneratePcm arm64 /Users/admin/builder/spi-builder-workspace/.derivedData/SDKExplicitPrecompiledModules/_DarwinFoundation2-D0XAPJU49S5E9XMKYOFGSTB1Q.pcm
SwiftExplicitDependencyGeneratePcm arm64_32 /Users/admin/builder/spi-builder-workspace/.derivedData/SDKExplicitPrecompiledModules/_Builtin_stdint-1HMXWI3V0V4TXHRWZOMZGZ80Y.pcm
SwiftExplicitDependencyGeneratePcm arm64_32 /Users/admin/builder/spi-builder-workspace/.derivedData/SDKExplicitPrecompiledModules/string_h-BFVLUQUSBZWYMLCU9QI7VZALW.pcm
SwiftExplicitDependencyGeneratePcm arm64_32 /Users/admin/builder/spi-builder-workspace/.derivedData/SDKExplicitPrecompiledModules/_Builtin_tgmath-23PGCKURCQILXMK0MYZRYDCOU.pcm
SwiftExplicitDependencyGeneratePcm arm64_32 /Users/admin/builder/spi-builder-workspace/.derivedData/SDKExplicitPrecompiledModules/sys_types-8TLLMW08ZJWDGIIPKOYFGHHZW.pcm
SwiftExplicitDependencyGeneratePcm arm64 /Users/admin/builder/spi-builder-workspace/.derivedData/SDKExplicitPrecompiledModules/sys_types-2KXQLI78OUCDP779AE68GZJ2.pcm
SwiftExplicitDependencyGeneratePcm arm64 /Users/admin/builder/spi-builder-workspace/.derivedData/SDKExplicitPrecompiledModules/string_h-E6PRXK75PHIPCZFWOFCQ3QBMK.pcm
SwiftExplicitDependencyGeneratePcm arm64 /Users/admin/builder/spi-builder-workspace/.derivedData/SDKExplicitPrecompiledModules/_Builtin_stdint-8XMILLJZEGRN2XG7XZUXZ5RLX.pcm
SwiftExplicitDependencyGeneratePcm arm64 /Users/admin/builder/spi-builder-workspace/.derivedData/SDKExplicitPrecompiledModules/_Builtin_tgmath-8NQ96OZ0YHXEC24JI95P01UF8.pcm
SwiftExplicitDependencyGeneratePcm arm64_32 /Users/admin/builder/spi-builder-workspace/.derivedData/SDKExplicitPrecompiledModules/_Builtin_intrinsics-196IIAKDQVU42DLOZP9OQCV76.pcm
SwiftExplicitDependencyGeneratePcm arm64_32 /Users/admin/builder/spi-builder-workspace/.derivedData/SDKExplicitPrecompiledModules/_Builtin_stdatomic-1TY035TURL76BF2U98PZPPZRX.pcm
SwiftExplicitDependencyGeneratePcm arm64_32 /Users/admin/builder/spi-builder-workspace/.derivedData/SDKExplicitPrecompiledModules/_DarwinFoundation3-3DUTYQDQSD9HUAAVY947NMWOI.pcm
SwiftExplicitDependencyGeneratePcm arm64 /Users/admin/builder/spi-builder-workspace/.derivedData/SDKExplicitPrecompiledModules/_DarwinFoundation3-B97LRG0E9GON2NUE65TVG81HU.pcm
SwiftExplicitDependencyGeneratePcm arm64 /Users/admin/builder/spi-builder-workspace/.derivedData/SDKExplicitPrecompiledModules/_Builtin_stdatomic-7JEFA3KBJJJN6TKJWY3OG1VG5.pcm
SwiftExplicitDependencyGeneratePcm arm64 /Users/admin/builder/spi-builder-workspace/.derivedData/SDKExplicitPrecompiledModules/_Builtin_intrinsics-75960HIPCIYA06IUW8FIIPQT.pcm
SwiftExplicitDependencyGeneratePcm arm64_32 /Users/admin/builder/spi-builder-workspace/.derivedData/SDKExplicitPrecompiledModules/_Builtin_inttypes-D2KPCR4PEX9AQA33NGLUT5SBR.pcm
SwiftExplicitDependencyGeneratePcm arm64 /Users/admin/builder/spi-builder-workspace/.derivedData/SDKExplicitPrecompiledModules/_Builtin_inttypes-3UQSCM7WNM9EK4HZML8TY5J3D.pcm
SwiftExplicitDependencyGeneratePcm arm64_32 /Users/admin/builder/spi-builder-workspace/.derivedData/SDKExplicitPrecompiledModules/Darwin-3FVT1SKLN2ZQ5RVOABMTQBB34.pcm
SwiftExplicitDependencyGeneratePcm arm64 /Users/admin/builder/spi-builder-workspace/.derivedData/SDKExplicitPrecompiledModules/Darwin-3984OXKFNSPE77NT743WK8SEX.pcm
SwiftExplicitDependencyGeneratePcm arm64_32 /Users/admin/builder/spi-builder-workspace/.derivedData/SDKExplicitPrecompiledModules/simd-21UNWYOBUZI1LVSQ99S1XBLMO.pcm
SwiftExplicitDependencyGeneratePcm arm64 /Users/admin/builder/spi-builder-workspace/.derivedData/SDKExplicitPrecompiledModules/simd-EH08NODU6574T74ZKU61VP9BW.pcm
SwiftExplicitDependencyGeneratePcm arm64_32 /Users/admin/builder/spi-builder-workspace/.derivedData/SDKExplicitPrecompiledModules/MachO-56838ZJ0NC1EBAJ0O6O8QMPDX.pcm
SwiftExplicitDependencyGeneratePcm arm64_32 /Users/admin/builder/spi-builder-workspace/.derivedData/SDKExplicitPrecompiledModules/ObjectiveC-6IJNELR2E80E7LUKESVCP2KET.pcm
SwiftExplicitDependencyGeneratePcm arm64 /Users/admin/builder/spi-builder-workspace/.derivedData/SDKExplicitPrecompiledModules/MachO-2U90NNSAQILBNBPS1SA4F8TYP.pcm
SwiftExplicitDependencyGeneratePcm arm64 /Users/admin/builder/spi-builder-workspace/.derivedData/SDKExplicitPrecompiledModules/ObjectiveC-72IVD3VS2RS8Q28D9PIMY0KQP.pcm
SwiftExplicitDependencyGeneratePcm arm64_32 /Users/admin/builder/spi-builder-workspace/.derivedData/SDKExplicitPrecompiledModules/os_object-5YWTC6L4756IWSTPGXS5NM0D0.pcm
SwiftExplicitDependencyGeneratePcm arm64 /Users/admin/builder/spi-builder-workspace/.derivedData/SDKExplicitPrecompiledModules/os_object-3SDKD7F87FTZ26OON37DRYT6O.pcm
SwiftExplicitDependencyGeneratePcm arm64_32 /Users/admin/builder/spi-builder-workspace/.derivedData/SDKExplicitPrecompiledModules/os_workgroup-5JHTPDMNBUNHLJI8LPHKQK1JK.pcm
SwiftExplicitDependencyGeneratePcm arm64 /Users/admin/builder/spi-builder-workspace/.derivedData/SDKExplicitPrecompiledModules/os_workgroup-89GG5G7YC2D0ZTK6AZXXQ20DH.pcm
SwiftExplicitDependencyGeneratePcm arm64_32 /Users/admin/builder/spi-builder-workspace/.derivedData/SDKExplicitPrecompiledModules/Dispatch-2P62F1T4XV63S4P99TUDTOK2Q.pcm
SwiftExplicitDependencyGeneratePcm arm64 /Users/admin/builder/spi-builder-workspace/.derivedData/SDKExplicitPrecompiledModules/Dispatch-1NLJOVAK60XP0DUB05XA59EIM.pcm
SwiftExplicitDependencyGeneratePcm arm64_32 /Users/admin/builder/spi-builder-workspace/.derivedData/SDKExplicitPrecompiledModules/CoreFoundation-8E6Y4BA3EXYKUGJ24GT9LGV3N.pcm
SwiftExplicitDependencyGeneratePcm arm64_32 /Users/admin/builder/spi-builder-workspace/.derivedData/SDKExplicitPrecompiledModules/XPC-81Y45QFY96XYYFCW2GT6FY8S4.pcm
SwiftExplicitDependencyGeneratePcm arm64 /Users/admin/builder/spi-builder-workspace/.derivedData/SDKExplicitPrecompiledModules/CoreFoundation-8T2L24YC5NU7WO6WQJWRY7W08.pcm
SwiftExplicitDependencyGeneratePcm arm64 /Users/admin/builder/spi-builder-workspace/.derivedData/SDKExplicitPrecompiledModules/XPC-40DR0X1DHKGCV4J1IOLFS8MOU.pcm
SwiftExplicitDependencyGeneratePcm arm64_32 /Users/admin/builder/spi-builder-workspace/.derivedData/SDKExplicitPrecompiledModules/os-E5IGB442IA6SBB25TTCOLK2OC.pcm
SwiftExplicitDependencyGeneratePcm arm64 /Users/admin/builder/spi-builder-workspace/.derivedData/SDKExplicitPrecompiledModules/os-5DIL6Z9LFIGLMZAHM7X2T5435.pcm
SwiftExplicitDependencyGeneratePcm arm64_32 /Users/admin/builder/spi-builder-workspace/.derivedData/SDKExplicitPrecompiledModules/CoreGraphics-9FDXYX6BKBUT6TJ2VF819E7T5.pcm
SwiftExplicitDependencyGeneratePcm arm64_32 /Users/admin/builder/spi-builder-workspace/.derivedData/SDKExplicitPrecompiledModules/CoreAudioTypes-9GVB1DHA32M46R4A9NWSI3I2K.pcm
SwiftExplicitDependencyGeneratePcm arm64_32 /Users/admin/builder/spi-builder-workspace/.derivedData/SDKExplicitPrecompiledModules/Security-D7TOWF88VWF67TB9HAFP5UWB1.pcm
SwiftExplicitDependencyGeneratePcm arm64 /Users/admin/builder/spi-builder-workspace/.derivedData/SDKExplicitPrecompiledModules/Security-6RZ6YBRU8WCUHRFFRVUK5WKMM.pcm
SwiftExplicitDependencyGeneratePcm arm64 /Users/admin/builder/spi-builder-workspace/.derivedData/SDKExplicitPrecompiledModules/CoreAudioTypes-A9MF7N5LT63G21HNFVM6BT14B.pcm
SwiftExplicitDependencyGeneratePcm arm64 /Users/admin/builder/spi-builder-workspace/.derivedData/SDKExplicitPrecompiledModules/CoreGraphics-DWNZ73GEH98SBJXZ7DEXB420K.pcm
SwiftExplicitDependencyGeneratePcm arm64_32 /Users/admin/builder/spi-builder-workspace/.derivedData/SDKExplicitPrecompiledModules/CoreAudio-5W6MX6OUPWBMUR8VD5LHT1PZF.pcm
SwiftExplicitDependencyGeneratePcm arm64 /Users/admin/builder/spi-builder-workspace/.derivedData/SDKExplicitPrecompiledModules/CoreAudio-1B79RJJTP71GE6UY9WLESAN3C.pcm
SwiftExplicitDependencyGeneratePcm arm64_32 /Users/admin/builder/spi-builder-workspace/.derivedData/SDKExplicitPrecompiledModules/CoreVideo-2P8HI0403J99LBDPKNFJ5D4DL.pcm
SwiftExplicitDependencyGeneratePcm arm64_32 /Users/admin/builder/spi-builder-workspace/.derivedData/SDKExplicitPrecompiledModules/Foundation-BJ2VQGI3OGR34500MEQ1VKHPH.pcm
SwiftExplicitDependencyGeneratePcm arm64 /Users/admin/builder/spi-builder-workspace/.derivedData/SDKExplicitPrecompiledModules/Foundation-DLBKUSGXN8QHAT8W0OARR9S8A.pcm
SwiftExplicitDependencyGeneratePcm arm64 /Users/admin/builder/spi-builder-workspace/.derivedData/SDKExplicitPrecompiledModules/CoreVideo-8MRR5MNWUOAW2DBPGUQ8FKK4.pcm
SwiftExplicitDependencyGeneratePcm arm64_32 /Users/admin/builder/spi-builder-workspace/.derivedData/SDKExplicitPrecompiledModules/CoreMedia-AO387T8CHWTTZODD1DGT0UAFA.pcm
SwiftExplicitDependencyGeneratePcm arm64 /Users/admin/builder/spi-builder-workspace/.derivedData/SDKExplicitPrecompiledModules/CoreMedia-1AJVCUZNAO74KIKMFVFUUHWDI.pcm
SwiftExplicitDependencyGeneratePcm arm64_32 /Users/admin/builder/spi-builder-workspace/.derivedData/SDKExplicitPrecompiledModules/CoreMIDI-8Q3SSIDM9J726670QKKYTPP3W.pcm
SwiftExplicitDependencyGeneratePcm arm64_32 /Users/admin/builder/spi-builder-workspace/.derivedData/SDKExplicitPrecompiledModules/OSLog-D9AVFY0KWO7RVBIQ73CBIJVCN.pcm
SwiftExplicitDependencyGeneratePcm arm64 /Users/admin/builder/spi-builder-workspace/.derivedData/SDKExplicitPrecompiledModules/OSLog-B7VGO357Y3GJG35TST7DKDSI3.pcm
SwiftExplicitDependencyGeneratePcm arm64 /Users/admin/builder/spi-builder-workspace/.derivedData/SDKExplicitPrecompiledModules/CoreMIDI-DMNFPOXYVF7STUO5GNB3DF2BQ.pcm
SwiftExplicitDependencyGeneratePcm arm64 /Users/admin/builder/spi-builder-workspace/.derivedData/SDKExplicitPrecompiledModules/AVFAudio-6A028BJEJQTO3623H6QZ4E26C.pcm
SwiftExplicitDependencyGeneratePcm arm64_32 /Users/admin/builder/spi-builder-workspace/.derivedData/SDKExplicitPrecompiledModules/AVFAudio-E592LPPEJNCSUD5VBNV0IP3RS.pcm
SwiftCompile normal arm64 Compiling\ AECAudioStream.swift /Users/admin/builder/spi-builder-workspace/Sources/AECAudioStream/AECAudioStream.swift (in target 'AECAudioStream' from project 'AECAudioStream')
SwiftCompile normal arm64 (in target 'AECAudioStream' from project 'AECAudioStream')
    cd /Users/admin/builder/spi-builder-workspace/.swiftpm/xcode

/Users/admin/builder/spi-builder-workspace/Sources/AECAudioStream/AECAudioStream.swift:21:31: error: cannot find type 'AudioUnit' in scope
 19 | public class AECAudioStream {
 20 |
 21 |   private(set) var audioUnit: AudioUnit!
    |                               `- error: cannot find type 'AudioUnit' in scope
 22 |
 23 |   private(set) var graph: AUGraph!
/Users/admin/builder/spi-builder-workspace/Sources/AECAudioStream/AECAudioStream.swift:23:27: error: cannot find type 'AUGraph' in scope
 21 |   private(set) var audioUnit: AudioUnit!
 22 |
 23 |   private(set) var graph: AUGraph!
    |                           `- error: cannot find type 'AUGraph' in scope
 24 |
 25 |   private(set) var streamBasicDescription: AudioStreamBasicDescription
/Users/admin/builder/spi-builder-workspace/Sources/AECAudioStream/AECAudioStream.swift:282:64: error: cannot find type 'AudioUnitRenderActionFlags' in scope
280 |
281 | private func kInputCallback(inRefCon:UnsafeMutableRawPointer,
282 |                             ioActionFlags:UnsafeMutablePointer<AudioUnitRenderActionFlags>,
    |                                                                `- error: cannot find type 'AudioUnitRenderActionFlags' in scope
283 |                             inTimeStamp:UnsafePointer<AudioTimeStamp>,
284 |                             inBusNumber:UInt32,
/Users/admin/builder/spi-builder-workspace/Sources/AECAudioStream/AECAudioStream.swift:309:65: error: cannot find type 'AudioUnitRenderActionFlags' in scope
307 |
308 | private func kRenderCallback(inRefCon:UnsafeMutableRawPointer,
309 |                              ioActionFlags:UnsafeMutablePointer<AudioUnitRenderActionFlags>,
    |                                                                 `- error: cannot find type 'AudioUnitRenderActionFlags' in scope
310 |                              inTimeStamp:UnsafePointer<AudioTimeStamp>,
311 |                              inBusNumber:UInt32,
SwiftCompile normal arm64 Compiling\ AECAudioStreamError.swift /Users/admin/builder/spi-builder-workspace/Sources/AECAudioStream/AECAudioStreamError.swift (in target 'AECAudioStream' from project 'AECAudioStream')
SwiftCompile normal arm64 /Users/admin/builder/spi-builder-workspace/Sources/AECAudioStream/AECAudioStreamError.swift (in target 'AECAudioStream' from project 'AECAudioStream')
    cd /Users/admin/builder/spi-builder-workspace/.swiftpm/xcode
    builtin-SwiftPerFileCompile AECAudioStreamError.swift
SwiftEmitModule normal arm64 Emitting\ module\ for\ AECAudioStream (in target 'AECAudioStream' from project 'AECAudioStream')
/Users/admin/builder/spi-builder-workspace/Sources/AECAudioStream/AECAudioStream.swift:21:31: error: cannot find type 'AudioUnit' in scope
 19 | public class AECAudioStream {
 20 |
 21 |   private(set) var audioUnit: AudioUnit!
    |                               `- error: cannot find type 'AudioUnit' in scope
 22 |
 23 |   private(set) var graph: AUGraph!
/Users/admin/builder/spi-builder-workspace/Sources/AECAudioStream/AECAudioStream.swift:23:27: error: cannot find type 'AUGraph' in scope
 21 |   private(set) var audioUnit: AudioUnit!
 22 |
 23 |   private(set) var graph: AUGraph!
    |                           `- error: cannot find type 'AUGraph' in scope
 24 |
 25 |   private(set) var streamBasicDescription: AudioStreamBasicDescription
/Users/admin/builder/spi-builder-workspace/Sources/AECAudioStream/AECAudioStream.swift:282:64: error: cannot find type 'AudioUnitRenderActionFlags' in scope
280 |
281 | private func kInputCallback(inRefCon:UnsafeMutableRawPointer,
282 |                             ioActionFlags:UnsafeMutablePointer<AudioUnitRenderActionFlags>,
    |                                                                `- error: cannot find type 'AudioUnitRenderActionFlags' in scope
283 |                             inTimeStamp:UnsafePointer<AudioTimeStamp>,
284 |                             inBusNumber:UInt32,
/Users/admin/builder/spi-builder-workspace/Sources/AECAudioStream/AECAudioStream.swift:309:65: error: cannot find type 'AudioUnitRenderActionFlags' in scope
307 |
308 | private func kRenderCallback(inRefCon:UnsafeMutableRawPointer,
309 |                              ioActionFlags:UnsafeMutablePointer<AudioUnitRenderActionFlags>,
    |                                                                 `- error: cannot find type 'AudioUnitRenderActionFlags' in scope
310 |                              inTimeStamp:UnsafePointer<AudioTimeStamp>,
311 |                              inBusNumber:UInt32,
Failed frontend command:
/Applications/Xcode-27.0.0-Release.Candidate.app/Contents/Developer/Toolchains/XcodeDefault.xctoolchain/usr/bin/swift-frontend -frontend -emit-module -experimental-skip-non-inlinable-function-bodies-without-types /Users/admin/builder/spi-builder-workspace/Sources/AECAudioStream/AECAudioStream.swift /Users/admin/builder/spi-builder-workspace/Sources/AECAudioStream/AECAudioStreamError.swift -target arm64-apple-watchos9.0 -disable-cross-import-overlay-search -load-resolved-plugin /Applications/Xcode-27.0.0-Release.Candidate.app/Contents/Developer/Platforms/WatchOS.platform/Developer/usr/lib/swift/host/plugins/libFoundationMacros.dylib\#/Applications/Xcode-27.0.0-Release.Candidate.app/Contents/Developer/Platforms/WatchOS.platform/Developer/usr/bin/swift-plugin-server\#FoundationMacros -load-resolved-plugin /Applications/Xcode-27.0.0-Release.Candidate.app/Contents/Developer/Platforms/WatchOS.platform/Developer/usr/lib/swift/host/plugins/libObservationMacros.dylib\#/Applications/Xcode-27.0.0-Release.Candidate.app/Contents/Developer/Platforms/WatchOS.platform/Developer/usr/bin/swift-plugin-server\#ObservationMacros -load-resolved-plugin /Applications/Xcode-27.0.0-Release.Candidate.app/Contents/Developer/Platforms/WatchOS.platform/Developer/usr/lib/swift/host/plugins/libSwiftMacros.dylib\#/Applications/Xcode-27.0.0-Release.Candidate.app/Contents/Developer/Platforms/WatchOS.platform/Developer/usr/bin/swift-plugin-server\#SwiftMacros -disable-implicit-swift-modules -Xcc -fno-implicit-modules -Xcc -fno-implicit-module-maps -explicit-swift-module-map-file /Users/admin/builder/spi-builder-workspace/.derivedData/Build/Intermediates.noindex/AECAudioStream.build/Debug-watchos/AECAudioStream-t.build/Objects-normal/arm64/AECAudioStream-dependencies-1.json -Xllvm -aarch64-use-tbi -enable-objc-interop -stack-check -sdk /Applications/Xcode-27.0.0-Release.Candidate.app/Contents/Developer/Platforms/WatchOS.platform/Developer/SDKs/WatchOS27.0.sdk -I /Users/admin/builder/spi-builder-workspace/.derivedData/Build/Products/Debug-watchos -Isystem /Applications/Xcode-27.0.0-Release.Candidate.app/Contents/Developer/Platforms/WatchOS.platform/Developer/usr/lib -F /Users/admin/builder/spi-builder-workspace/.derivedData/Build/Products/Debug-watchos -F /Applications/Xcode-27.0.0-Release.Candidate.app/Contents/Developer/Platforms/WatchOS.platform/Developer/Library/Frameworks -F /Applications/Xcode-27.0.0-Release.Candidate.app/Contents/Developer/Platforms/WatchOS.platform/Developer/SDKs/WatchOS27.0.sdk/Developer/Library/Frameworks -module-cache-path /Users/admin/builder/spi-builder-workspace/.derivedData/Build/Intermediates.noindex/SwiftExplicitPrecompiledModules -no-color-diagnostics -Xcc -fno-color-diagnostics -enable-testing -g -debug-info-format\=dwarf -dwarf-version\=4 -profile-generate -profile-coverage-mapping -swift-version 5 -Onone -D SWIFT_PACKAGE -D DEBUG -D SWIFT_MODULE_RESOURCE_BUNDLE_UNAVAILABLE -D Xcode -serialize-debugging-options -enable-experimental-feature DebugDescriptionMacro -empty-abi-descriptor -validate-clang-modules-once -clang-build-session-file /Users/admin/builder/spi-builder-workspace/.derivedData/ModuleCache.noindex/Session.modulevalidation -Xcc -working-directory -Xcc /Users/admin/builder/spi-builder-workspace/.swiftpm/xcode -enable-anonymous-context-mangled-names -file-compilation-dir /Users/admin/builder/spi-builder-workspace/.swiftpm/xcode -Xcc -D_LIBCPP_HARDENING_MODE\=_LIBCPP_HARDENING_MODE_DEBUG -Xcc -ivfsstatcache -Xcc /Users/admin/builder/spi-builder-workspace/.derivedData/SDKStatCaches.noindex/watchos27.0-24R360-e829b21a6f8c9b70876ba0858053c04477534ef55a1706bf4c1112bbb242f0a2.sdkstatcache -Xcc -fmodules-prune-interval\=86400 -Xcc -fmodules-prune-after\=345600 -Xcc -I/Users/admin/builder/spi-builder-workspace/.derivedData/Build/Products/Debug-watchos/include -Xcc -I/Users/admin/builder/spi-builder-workspace/.derivedData/Build/Intermediates.noindex/AECAudioStream.build/Debug-watchos/AECAudioStream-t.build/DerivedSources-normal/arm64 -Xcc -I/Users/admin/builder/spi-builder-workspace/.derivedData/Build/Intermediates.noindex/AECAudioStream.build/Debug-watchos/AECAudioStream-t.build/DerivedSources/arm64 -Xcc -I/Users/admin/builder/spi-builder-workspace/.derivedData/Build/Intermediates.noindex/AECAudioStream.build/Debug-watchos/AECAudioStream-t.build/DerivedSources -Xcc -DSWIFT_PACKAGE -Xcc -DDEBUG\=1 -no-auto-bridging-header-chaining -module-name AECAudioStream -const-gather-protocols-file /Users/admin/builder/spi-builder-workspace/.derivedData/Build/Intermediates.noindex/AECAudioStream.build/Debug-watchos/AECAudioStream-t.build/Objects-normal/arm64/AECAudioStream_const_extract_protocols.json -disable-clang-spi -clang-target arm64-apple-watchos27.0 -target-sdk-version 27.0 -target-sdk-name watchos27.0 -in-process-plugin-server-path /Applications/Xcode-27.0.0-Release.Candidate.app/Contents/Developer/Toolchains/XcodeDefault.xctoolchain/usr/lib/swift/host/libSwiftInProcPluginServer.dylib -emit-module-doc-path /Users/admin/builder/spi-builder-workspace/.derivedData/Build/Intermediates.noindex/AECAudioStream.build/Debug-watchos/AECAudioStream-t.build/Objects-normal/arm64/AECAudioStream.swiftdoc -emit-module-source-info-path /Users/admin/builder/spi-builder-workspace/.derivedData/Build/Intermediates.noindex/AECAudioStream.build/Debug-watchos/AECAudioStream-t.build/Objects-normal/arm64/AECAudioStream.swiftsourceinfo -emit-objc-header-path /Users/admin/builder/spi-builder-workspace/.derivedData/Build/Intermediates.noindex/AECAudioStream.build/Debug-watchos/AECAudioStream-t.build/Objects-normal/arm64/AECAudioStream-Swift.h -serialize-diagnostics-path /Users/admin/builder/spi-builder-workspace/.derivedData/Build/Intermediates.noindex/AECAudioStream.build/Debug-watchos/AECAudioStream-t.build/Objects-normal/arm64/AECAudioStream-primary-emit-module.dia -emit-dependencies-path /Users/admin/builder/spi-builder-workspace/.derivedData/Build/Intermediates.noindex/AECAudioStream.build/Debug-watchos/AECAudioStream-t.build/Objects-normal/arm64/AECAudioStream-primary-emit-module.d -parse-as-library -o /Users/admin/builder/spi-builder-workspace/.derivedData/Build/Intermediates.noindex/AECAudioStream.build/Debug-watchos/AECAudioStream-t.build/Objects-normal/arm64/AECAudioStream.swiftmodule -emit-abi-descriptor-path /Users/admin/builder/spi-builder-workspace/.derivedData/Build/Intermediates.noindex/AECAudioStream.build/Debug-watchos/AECAudioStream-t.build/Objects-normal/arm64/AECAudioStream.abi.json
SwiftCompile normal arm64 (in target 'AECAudioStream' from project 'AECAudioStream')
    cd /Users/admin/builder/spi-builder-workspace/.swiftpm/xcode

SwiftCompile normal arm64_32 Compiling\ AECAudioStreamError.swift /Users/admin/builder/spi-builder-workspace/Sources/AECAudioStream/AECAudioStreamError.swift (in target 'AECAudioStream' from project 'AECAudioStream')
SwiftCompile normal arm64_32 /Users/admin/builder/spi-builder-workspace/Sources/AECAudioStream/AECAudioStreamError.swift (in target 'AECAudioStream' from project 'AECAudioStream')
    cd /Users/admin/builder/spi-builder-workspace/.swiftpm/xcode
    builtin-SwiftPerFileCompile AECAudioStreamError.swift
SwiftCompile normal arm64_32 Compiling\ AECAudioStream.swift /Users/admin/builder/spi-builder-workspace/Sources/AECAudioStream/AECAudioStream.swift (in target 'AECAudioStream' from project 'AECAudioStream')
SwiftCompile normal arm64_32 (in target 'AECAudioStream' from project 'AECAudioStream')
    cd /Users/admin/builder/spi-builder-workspace/.swiftpm/xcode

/Users/admin/builder/spi-builder-workspace/Sources/AECAudioStream/AECAudioStream.swift:21:31: error: cannot find type 'AudioUnit' in scope
 19 | public class AECAudioStream {
 20 |
 21 |   private(set) var audioUnit: AudioUnit!
    |                               `- error: cannot find type 'AudioUnit' in scope
 22 |
 23 |   private(set) var graph: AUGraph!
/Users/admin/builder/spi-builder-workspace/Sources/AECAudioStream/AECAudioStream.swift:23:27: error: cannot find type 'AUGraph' in scope
 21 |   private(set) var audioUnit: AudioUnit!
 22 |
 23 |   private(set) var graph: AUGraph!
    |                           `- error: cannot find type 'AUGraph' in scope
 24 |
 25 |   private(set) var streamBasicDescription: AudioStreamBasicDescription
/Users/admin/builder/spi-builder-workspace/Sources/AECAudioStream/AECAudioStream.swift:282:64: error: cannot find type 'AudioUnitRenderActionFlags' in scope
280 |
281 | private func kInputCallback(inRefCon:UnsafeMutableRawPointer,
282 |                             ioActionFlags:UnsafeMutablePointer<AudioUnitRenderActionFlags>,
    |                                                                `- error: cannot find type 'AudioUnitRenderActionFlags' in scope
283 |                             inTimeStamp:UnsafePointer<AudioTimeStamp>,
284 |                             inBusNumber:UInt32,
/Users/admin/builder/spi-builder-workspace/Sources/AECAudioStream/AECAudioStream.swift:309:65: error: cannot find type 'AudioUnitRenderActionFlags' in scope
307 |
308 | private func kRenderCallback(inRefCon:UnsafeMutableRawPointer,
309 |                              ioActionFlags:UnsafeMutablePointer<AudioUnitRenderActionFlags>,
    |                                                                 `- error: cannot find type 'AudioUnitRenderActionFlags' in scope
310 |                              inTimeStamp:UnsafePointer<AudioTimeStamp>,
311 |                              inBusNumber:UInt32,
SwiftEmitModule normal arm64_32 Emitting\ module\ for\ AECAudioStream (in target 'AECAudioStream' from project 'AECAudioStream')
/Users/admin/builder/spi-builder-workspace/Sources/AECAudioStream/AECAudioStream.swift:21:31: error: cannot find type 'AudioUnit' in scope
 19 | public class AECAudioStream {
 20 |
 21 |   private(set) var audioUnit: AudioUnit!
    |                               `- error: cannot find type 'AudioUnit' in scope
 22 |
 23 |   private(set) var graph: AUGraph!
/Users/admin/builder/spi-builder-workspace/Sources/AECAudioStream/AECAudioStream.swift:23:27: error: cannot find type 'AUGraph' in scope
 21 |   private(set) var audioUnit: AudioUnit!
 22 |
 23 |   private(set) var graph: AUGraph!
    |                           `- error: cannot find type 'AUGraph' in scope
 24 |
 25 |   private(set) var streamBasicDescription: AudioStreamBasicDescription
/Users/admin/builder/spi-builder-workspace/Sources/AECAudioStream/AECAudioStream.swift:282:64: error: cannot find type 'AudioUnitRenderActionFlags' in scope
280 |
281 | private func kInputCallback(inRefCon:UnsafeMutableRawPointer,
282 |                             ioActionFlags:UnsafeMutablePointer<AudioUnitRenderActionFlags>,
    |                                                                `- error: cannot find type 'AudioUnitRenderActionFlags' in scope
283 |                             inTimeStamp:UnsafePointer<AudioTimeStamp>,
284 |                             inBusNumber:UInt32,
/Users/admin/builder/spi-builder-workspace/Sources/AECAudioStream/AECAudioStream.swift:309:65: error: cannot find type 'AudioUnitRenderActionFlags' in scope
307 |
308 | private func kRenderCallback(inRefCon:UnsafeMutableRawPointer,
309 |                              ioActionFlags:UnsafeMutablePointer<AudioUnitRenderActionFlags>,
    |                                                                 `- error: cannot find type 'AudioUnitRenderActionFlags' in scope
310 |                              inTimeStamp:UnsafePointer<AudioTimeStamp>,
311 |                              inBusNumber:UInt32,
Failed frontend command:
/Applications/Xcode-27.0.0-Release.Candidate.app/Contents/Developer/Toolchains/XcodeDefault.xctoolchain/usr/bin/swift-frontend -frontend -emit-module -experimental-skip-non-inlinable-function-bodies-without-types /Users/admin/builder/spi-builder-workspace/Sources/AECAudioStream/AECAudioStream.swift /Users/admin/builder/spi-builder-workspace/Sources/AECAudioStream/AECAudioStreamError.swift -target arm64_32-apple-watchos9.0 -disable-cross-import-overlay-search -load-resolved-plugin /Applications/Xcode-27.0.0-Release.Candidate.app/Contents/Developer/Platforms/WatchOS.platform/Developer/usr/lib/swift/host/plugins/libFoundationMacros.dylib\#/Applications/Xcode-27.0.0-Release.Candidate.app/Contents/Developer/Platforms/WatchOS.platform/Developer/usr/bin/swift-plugin-server\#FoundationMacros -load-resolved-plugin /Applications/Xcode-27.0.0-Release.Candidate.app/Contents/Developer/Platforms/WatchOS.platform/Developer/usr/lib/swift/host/plugins/libObservationMacros.dylib\#/Applications/Xcode-27.0.0-Release.Candidate.app/Contents/Developer/Platforms/WatchOS.platform/Developer/usr/bin/swift-plugin-server\#ObservationMacros -load-resolved-plugin /Applications/Xcode-27.0.0-Release.Candidate.app/Contents/Developer/Platforms/WatchOS.platform/Developer/usr/lib/swift/host/plugins/libSwiftMacros.dylib\#/Applications/Xcode-27.0.0-Release.Candidate.app/Contents/Developer/Platforms/WatchOS.platform/Developer/usr/bin/swift-plugin-server\#SwiftMacros -disable-implicit-swift-modules -Xcc -fno-implicit-modules -Xcc -fno-implicit-module-maps -explicit-swift-module-map-file /Users/admin/builder/spi-builder-workspace/.derivedData/Build/Intermediates.noindex/AECAudioStream.build/Debug-watchos/AECAudioStream-t.build/Objects-normal/arm64_32/AECAudioStream-dependencies-2.json -enable-objc-interop -sdk /Applications/Xcode-27.0.0-Release.Candidate.app/Contents/Developer/Platforms/WatchOS.platform/Developer/SDKs/WatchOS27.0.sdk -I /Users/admin/builder/spi-builder-workspace/.derivedData/Build/Products/Debug-watchos -Isystem /Applications/Xcode-27.0.0-Release.Candidate.app/Contents/Developer/Platforms/WatchOS.platform/Developer/usr/lib -F /Users/admin/builder/spi-builder-workspace/.derivedData/Build/Products/Debug-watchos -F /Applications/Xcode-27.0.0-Release.Candidate.app/Contents/Developer/Platforms/WatchOS.platform/Developer/Library/Frameworks -F /Applications/Xcode-27.0.0-Release.Candidate.app/Contents/Developer/Platforms/WatchOS.platform/Developer/SDKs/WatchOS27.0.sdk/Developer/Library/Frameworks -module-cache-path /Users/admin/builder/spi-builder-workspace/.derivedData/Build/Intermediates.noindex/SwiftExplicitPrecompiledModules -no-color-diagnostics -Xcc -fno-color-diagnostics -enable-testing -g -debug-info-format\=dwarf -dwarf-version\=4 -profile-generate -profile-coverage-mapping -swift-version 5 -Onone -D SWIFT_PACKAGE -D DEBUG -D SWIFT_MODULE_RESOURCE_BUNDLE_UNAVAILABLE -D Xcode -serialize-debugging-options -enable-experimental-feature DebugDescriptionMacro -empty-abi-descriptor -validate-clang-modules-once -clang-build-session-file /Users/admin/builder/spi-builder-workspace/.derivedData/ModuleCache.noindex/Session.modulevalidation -Xcc -working-directory -Xcc /Users/admin/builder/spi-builder-workspace/.swiftpm/xcode -enable-anonymous-context-mangled-names -file-compilation-dir /Users/admin/builder/spi-builder-workspace/.swiftpm/xcode -Xcc -D_LIBCPP_HARDENING_MODE\=_LIBCPP_HARDENING_MODE_DEBUG -Xcc -ivfsstatcache -Xcc /Users/admin/builder/spi-builder-workspace/.derivedData/SDKStatCaches.noindex/watchos27.0-24R360-e829b21a6f8c9b70876ba0858053c04477534ef55a1706bf4c1112bbb242f0a2.sdkstatcache -Xcc -fmodules-prune-interval\=86400 -Xcc -fmodules-prune-after\=345600 -Xcc -I/Users/admin/builder/spi-builder-workspace/.derivedData/Build/Products/Debug-watchos/include -Xcc -I/Users/admin/builder/spi-builder-workspace/.derivedData/Build/Intermediates.noindex/AECAudioStream.build/Debug-watchos/AECAudioStream-t.build/DerivedSources-normal/arm64_32 -Xcc -I/Users/admin/builder/spi-builder-workspace/.derivedData/Build/Intermediates.noindex/AECAudioStream.build/Debug-watchos/AECAudioStream-t.build/DerivedSources/arm64_32 -Xcc -I/Users/admin/builder/spi-builder-workspace/.derivedData/Build/Intermediates.noindex/AECAudioStream.build/Debug-watchos/AECAudioStream-t.build/DerivedSources -Xcc -DSWIFT_PACKAGE -Xcc -DDEBUG\=1 -no-auto-bridging-header-chaining -module-name AECAudioStream -const-gather-protocols-file /Users/admin/builder/spi-builder-workspace/.derivedData/Build/Intermediates.noindex/AECAudioStream.build/Debug-watchos/AECAudioStream-t.build/Objects-normal/arm64_32/AECAudioStream_const_extract_protocols.json -disable-clang-spi -clang-target arm64_32-apple-watchos27.0 -target-sdk-version 27.0 -target-sdk-name watchos27.0 -in-process-plugin-server-path /Applications/Xcode-27.0.0-Release.Candidate.app/Contents/Developer/Toolchains/XcodeDefault.xctoolchain/usr/lib/swift/host/libSwiftInProcPluginServer.dylib -emit-module-doc-path /Users/admin/builder/spi-builder-workspace/.derivedData/Build/Intermediates.noindex/AECAudioStream.build/Debug-watchos/AECAudioStream-t.build/Objects-normal/arm64_32/AECAudioStream.swiftdoc -emit-module-source-info-path /Users/admin/builder/spi-builder-workspace/.derivedData/Build/Intermediates.noindex/AECAudioStream.build/Debug-watchos/AECAudioStream-t.build/Objects-normal/arm64_32/AECAudioStream.swiftsourceinfo -emit-objc-header-path /Users/admin/builder/spi-builder-workspace/.derivedData/Build/Intermediates.noindex/AECAudioStream.build/Debug-watchos/AECAudioStream-t.build/Objects-normal/arm64_32/AECAudioStream-Swift.h -serialize-diagnostics-path /Users/admin/builder/spi-builder-workspace/.derivedData/Build/Intermediates.noindex/AECAudioStream.build/Debug-watchos/AECAudioStream-t.build/Objects-normal/arm64_32/AECAudioStream-primary-emit-module.dia -emit-dependencies-path /Users/admin/builder/spi-builder-workspace/.derivedData/Build/Intermediates.noindex/AECAudioStream.build/Debug-watchos/AECAudioStream-t.build/Objects-normal/arm64_32/AECAudioStream-primary-emit-module.d -parse-as-library -o /Users/admin/builder/spi-builder-workspace/.derivedData/Build/Intermediates.noindex/AECAudioStream.build/Debug-watchos/AECAudioStream-t.build/Objects-normal/arm64_32/AECAudioStream.swiftmodule -emit-abi-descriptor-path /Users/admin/builder/spi-builder-workspace/.derivedData/Build/Intermediates.noindex/AECAudioStream.build/Debug-watchos/AECAudioStream-t.build/Objects-normal/arm64_32/AECAudioStream.abi.json
SwiftCompile normal arm64_32 (in target 'AECAudioStream' from project 'AECAudioStream')
    cd /Users/admin/builder/spi-builder-workspace/.swiftpm/xcode

PruneExplicitPrecompiledModules /Users/admin/builder/spi-builder-workspace/.derivedData/Build/Intermediates.noindex/ExplicitPrecompiledModules
PruneExplicitPrecompiledModules /Users/admin/builder/spi-builder-workspace/.derivedData/SDKExplicitPrecompiledModules
PruneExplicitPrecompiledModules /Users/admin/builder/spi-builder-workspace/.derivedData/Build/Intermediates.noindex/SwiftExplicitPrecompiledModules
2026-09-19 03:39:00.455 xcodebuild[627:3901] [MT] IDERunDestination: Supported platforms for the buildables in the current scheme is empty.
** BUILD FAILED **
The following build commands failed:
	SwiftEmitModule normal arm64 Emitting\ module\ for\ AECAudioStream (in target 'AECAudioStream' from project 'AECAudioStream')
	SwiftCompile normal arm64 (in target 'AECAudioStream' from project 'AECAudioStream')
	SwiftEmitModule normal arm64_32 Emitting\ module\ for\ AECAudioStream (in target 'AECAudioStream' from project 'AECAudioStream')
	SwiftCompile normal arm64_32 (in target 'AECAudioStream' from project 'AECAudioStream')
	Building workspace AECAudioStream with scheme AECAudioStream
(5 failures)
Command line invocation:
    /Applications/Xcode-27.0.0-Release.Candidate.app/Contents/Developer/usr/bin/xcodebuild -IDEClonedSourcePackagesDirPathOverride=/Users/admin/builder/spi-builder-workspace/.dependencies -resolvePackageDependencies
Resolve Package Graph
Resolved source packages:
  AECAudioStream: /Users/admin/builder/spi-builder-workspace
resolved source packages: AECAudioStream
2026-09-19 03:39:05.694 xcodebuild[751:4476] [MT] IDERunDestination: Supported platforms for the buildables in the current scheme is empty.
{
  "dependencies" : [
  ],
  "manifest_display_name" : "AECAudioStream",
  "name" : "AECAudioStream",
  "path" : "/Users/admin/builder/spi-builder-workspace",
  "platforms" : [
    {
      "name" : "macos",
      "version" : "12.0"
    },
    {
      "name" : "ios",
      "version" : "15.0"
    },
    {
      "name" : "tvos",
      "version" : "15.0"
    }
  ],
  "products" : [
    {
      "name" : "AECAudioStream",
      "targets" : [
        "AECAudioStream"
      ],
      "type" : {
        "library" : [
          "automatic"
        ]
      }
    }
  ],
  "targets" : [
    {
      "c99name" : "AECAudioStreamTests",
      "module_type" : "SwiftTarget",
      "name" : "AECAudioStreamTests",
      "path" : "Tests/AECAudioStreamTests",
      "sources" : [
        "AECAudioStreamTests.swift"
      ],
      "target_dependencies" : [
        "AECAudioStream"
      ],
      "type" : "test"
    },
    {
      "c99name" : "AECAudioStream",
      "module_type" : "SwiftTarget",
      "name" : "AECAudioStream",
      "path" : "Sources/AECAudioStream",
      "product_memberships" : [
        "AECAudioStream"
      ],
      "sources" : [
        "AECAudioStream.swift",
        "AECAudioStreamError.swift"
      ],
      "type" : "library"
    }
  ],
  "tools_version" : "5.8"
}
{
  "workspace" : {
    "name" : "AECAudioStream",
    "schemes" : [
      "AECAudioStream"
    ]
  }
}
2026-09-19 03:39:06.909 xcodebuild[759:4541] [MT] IDERunDestination: Supported platforms for the buildables in the current scheme is empty.
Running build ...
env DEVELOPER_DIR=/Applications/Xcode-27.0.0-Release.Candidate.app xcrun xcodebuild -IDEClonedSourcePackagesDirPathOverride=$PWD/.dependencies -skipMacroValidation -skipPackagePluginValidation -derivedDataPath $PWD/.derivedData build -scheme AECAudioStream -destination generic/platform=watchOS
Command line invocation:
    /Applications/Xcode-27.0.0-Release.Candidate.app/Contents/Developer/usr/bin/xcodebuild -IDEClonedSourcePackagesDirPathOverride=/Users/admin/builder/spi-builder-workspace/.dependencies -skipMacroValidation -skipPackagePluginValidation -derivedDataPath /Users/admin/builder/spi-builder-workspace/.derivedData build -scheme AECAudioStream -destination generic/platform=watchOS
Resolve Package Graph
Resolved source packages:
  AECAudioStream: /Users/admin/builder/spi-builder-workspace
ComputePackagePrebuildTargetDependencyGraph
Prepare packages
CreateBuildRequest
SendProjectDescription
CreateBuildOperation
ComputeTargetDependencyGraph
note: Building targets in dependency order
note: Target dependency graph (2 targets)
    Target 'AECAudioStream-product' in project 'AECAudioStream'
        ➜ Explicit dependency on target 'AECAudioStream' in project 'AECAudioStream'
    Target 'AECAudioStream' in project 'AECAudioStream' (no dependencies)
GatherProvisioningInputs
CreateBuildDescription
ClangStatCache /Applications/Xcode-27.0.0-Release.Candidate.app/Contents/Developer/Toolchains/XcodeDefault.xctoolchain/usr/bin/clang-stat-cache /Applications/Xcode-27.0.0-Release.Candidate.app/Contents/Developer/Platforms/WatchOS.platform/Developer/SDKs/WatchOS27.0.sdk /Users/admin/builder/spi-builder-workspace/.derivedData/SDKStatCaches.noindex/watchos27.0-24R360-e829b21a6f8c9b70876ba0858053c04477534ef55a1706bf4c1112bbb242f0a2.sdkstatcache
    cd /Users/admin/builder/spi-builder-workspace/.swiftpm/xcode
    /Applications/Xcode-27.0.0-Release.Candidate.app/Contents/Developer/Toolchains/XcodeDefault.xctoolchain/usr/bin/clang-stat-cache /Applications/Xcode-27.0.0-Release.Candidate.app/Contents/Developer/Platforms/WatchOS.platform/Developer/SDKs/WatchOS27.0.sdk -o /Users/admin/builder/spi-builder-workspace/.derivedData/SDKStatCaches.noindex/watchos27.0-24R360-e829b21a6f8c9b70876ba0858053c04477534ef55a1706bf4c1112bbb242f0a2.sdkstatcache
SwiftDriver AECAudioStream normal arm64 com.apple.xcode.tools.swift.compiler (in target 'AECAudioStream' from project 'AECAudioStream')
    cd /Users/admin/builder/spi-builder-workspace/.swiftpm/xcode
    builtin-SwiftDriver -- /Applications/Xcode-27.0.0-Release.Candidate.app/Contents/Developer/Toolchains/XcodeDefault.xctoolchain/usr/bin/swiftc -parse-as-library -module-name AECAudioStream -Onone @/Users/admin/builder/spi-builder-workspace/.derivedData/Build/Intermediates.noindex/AECAudioStream.build/Debug-watchos/AECAudioStream-t.build/Objects-normal/arm64/AECAudioStream.SwiftFileList -DSWIFT_PACKAGE -DDEBUG -DSWIFT_MODULE_RESOURCE_BUNDLE_UNAVAILABLE -DXcode -plugin-path /Applications/Xcode-27.0.0-Release.Candidate.app/Contents/Developer/Toolchains/XcodeDefault.xctoolchain/usr/lib/swift/host/plugins/testing -enable-experimental-feature DebugDescriptionMacro -sdk /Applications/Xcode-27.0.0-Release.Candidate.app/Contents/Developer/Platforms/WatchOS.platform/Developer/SDKs/WatchOS27.0.sdk -target arm64-apple-watchos9.0 -g -module-cache-path /Users/admin/builder/spi-builder-workspace/.derivedData/ModuleCache.noindex -Xfrontend -serialize-debugging-options -profile-coverage-mapping -profile-generate -enable-testing -index-store-path /Users/admin/builder/spi-builder-workspace/.derivedData/Index.noindex/DataStore -Xcc -D_LIBCPP_HARDENING_MODE\=_LIBCPP_HARDENING_MODE_DEBUG -swift-version 5 -I /Users/admin/builder/spi-builder-workspace/.derivedData/Build/Products/Debug-watchos -Isystem /Applications/Xcode-27.0.0-Release.Candidate.app/Contents/Developer/Platforms/WatchOS.platform/Developer/usr/lib -F /Users/admin/builder/spi-builder-workspace/.derivedData/Build/Products/Debug-watchos -F /Applications/Xcode-27.0.0-Release.Candidate.app/Contents/Developer/Platforms/WatchOS.platform/Developer/Library/Frameworks -F /Applications/Xcode-27.0.0-Release.Candidate.app/Contents/Developer/Platforms/WatchOS.platform/Developer/SDKs/WatchOS27.0.sdk/Developer/Library/Frameworks -c -j10 -enable-batch-mode -incremental -Xcc -ivfsstatcache -Xcc /Users/admin/builder/spi-builder-workspace/.derivedData/SDKStatCaches.noindex/watchos27.0-24R360-e829b21a6f8c9b70876ba0858053c04477534ef55a1706bf4c1112bbb242f0a2.sdkstatcache -output-file-map /Users/admin/builder/spi-builder-workspace/.derivedData/Build/Intermediates.noindex/AECAudioStream.build/Debug-watchos/AECAudioStream-t.build/Objects-normal/arm64/AECAudioStream-OutputFileMap.json -save-temps -no-color-diagnostics -explicit-module-build -module-cache-path /Users/admin/builder/spi-builder-workspace/.derivedData/Build/Intermediates.noindex/SwiftExplicitPrecompiledModules -clang-scanner-module-cache-path /Users/admin/builder/spi-builder-workspace/.derivedData/ModuleCache.noindex -sdk-module-cache-path /Users/admin/builder/spi-builder-workspace/.derivedData/SDKExplicitPrecompiledModules -emit-dependencies -emit-module -emit-module-path /Users/admin/builder/spi-builder-workspace/.derivedData/Build/Intermediates.noindex/AECAudioStream.build/Debug-watchos/AECAudioStream-t.build/Objects-normal/arm64/AECAudioStream.swiftmodule -serialize-diagnostics -dependency-scan-serialize-diagnostics-path /Users/admin/builder/spi-builder-workspace/.derivedData/Build/Intermediates.noindex/AECAudioStream.build/Debug-watchos/AECAudioStream-t.build/Objects-normal/arm64/AECAudioStream-dependency-scan.dia -validate-clang-modules-once -clang-build-session-file /Users/admin/builder/spi-builder-workspace/.derivedData/ModuleCache.noindex/Session.modulevalidation -Xcc -fmodules-prune-interval\=86400 -Xcc -fmodules-prune-after\=345600 -emit-const-values -const-gather-protocols-list /Users/admin/builder/spi-builder-workspace/.derivedData/Build/Intermediates.noindex/AECAudioStream.build/Debug-watchos/AECAudioStream-t.build/Objects-normal/arm64/AECAudioStream_const_extract_protocols.json -Xcc -I/Users/admin/builder/spi-builder-workspace/.derivedData/Build/Products/Debug-watchos/include -Xcc -I/Users/admin/builder/spi-builder-workspace/.derivedData/Build/Intermediates.noindex/AECAudioStream.build/Debug-watchos/AECAudioStream-t.build/DerivedSources-normal/arm64 -Xcc -I/Users/admin/builder/spi-builder-workspace/.derivedData/Build/Intermediates.noindex/AECAudioStream.build/Debug-watchos/AECAudioStream-t.build/DerivedSources/arm64 -Xcc -I/Users/admin/builder/spi-builder-workspace/.derivedData/Build/Intermediates.noindex/AECAudioStream.build/Debug-watchos/AECAudioStream-t.build/DerivedSources -Xcc -DSWIFT_PACKAGE -Xcc -DDEBUG\=1 -emit-objc-header -emit-objc-header-path /Users/admin/builder/spi-builder-workspace/.derivedData/Build/Intermediates.noindex/AECAudioStream.build/Debug-watchos/AECAudioStream-t.build/Objects-normal/arm64/AECAudioStream-Swift.h -working-directory /Users/admin/builder/spi-builder-workspace/.swiftpm/xcode -experimental-emit-module-separately -disable-cmo
SwiftDriver AECAudioStream normal arm64_32 com.apple.xcode.tools.swift.compiler (in target 'AECAudioStream' from project 'AECAudioStream')
    cd /Users/admin/builder/spi-builder-workspace/.swiftpm/xcode
    builtin-SwiftDriver -- /Applications/Xcode-27.0.0-Release.Candidate.app/Contents/Developer/Toolchains/XcodeDefault.xctoolchain/usr/bin/swiftc -parse-as-library -module-name AECAudioStream -Onone @/Users/admin/builder/spi-builder-workspace/.derivedData/Build/Intermediates.noindex/AECAudioStream.build/Debug-watchos/AECAudioStream-t.build/Objects-normal/arm64_32/AECAudioStream.SwiftFileList -DSWIFT_PACKAGE -DDEBUG -DSWIFT_MODULE_RESOURCE_BUNDLE_UNAVAILABLE -DXcode -plugin-path /Applications/Xcode-27.0.0-Release.Candidate.app/Contents/Developer/Toolchains/XcodeDefault.xctoolchain/usr/lib/swift/host/plugins/testing -enable-experimental-feature DebugDescriptionMacro -sdk /Applications/Xcode-27.0.0-Release.Candidate.app/Contents/Developer/Platforms/WatchOS.platform/Developer/SDKs/WatchOS27.0.sdk -target arm64_32-apple-watchos9.0 -g -module-cache-path /Users/admin/builder/spi-builder-workspace/.derivedData/ModuleCache.noindex -Xfrontend -serialize-debugging-options -profile-coverage-mapping -profile-generate -enable-testing -index-store-path /Users/admin/builder/spi-builder-workspace/.derivedData/Index.noindex/DataStore -Xcc -D_LIBCPP_HARDENING_MODE\=_LIBCPP_HARDENING_MODE_DEBUG -swift-version 5 -I /Users/admin/builder/spi-builder-workspace/.derivedData/Build/Products/Debug-watchos -Isystem /Applications/Xcode-27.0.0-Release.Candidate.app/Contents/Developer/Platforms/WatchOS.platform/Developer/usr/lib -F /Users/admin/builder/spi-builder-workspace/.derivedData/Build/Products/Debug-watchos -F /Applications/Xcode-27.0.0-Release.Candidate.app/Contents/Developer/Platforms/WatchOS.platform/Developer/Library/Frameworks -F /Applications/Xcode-27.0.0-Release.Candidate.app/Contents/Developer/Platforms/WatchOS.platform/Developer/SDKs/WatchOS27.0.sdk/Developer/Library/Frameworks -c -j10 -enable-batch-mode -incremental -Xcc -ivfsstatcache -Xcc /Users/admin/builder/spi-builder-workspace/.derivedData/SDKStatCaches.noindex/watchos27.0-24R360-e829b21a6f8c9b70876ba0858053c04477534ef55a1706bf4c1112bbb242f0a2.sdkstatcache -output-file-map /Users/admin/builder/spi-builder-workspace/.derivedData/Build/Intermediates.noindex/AECAudioStream.build/Debug-watchos/AECAudioStream-t.build/Objects-normal/arm64_32/AECAudioStream-OutputFileMap.json -save-temps -no-color-diagnostics -explicit-module-build -module-cache-path /Users/admin/builder/spi-builder-workspace/.derivedData/Build/Intermediates.noindex/SwiftExplicitPrecompiledModules -clang-scanner-module-cache-path /Users/admin/builder/spi-builder-workspace/.derivedData/ModuleCache.noindex -sdk-module-cache-path /Users/admin/builder/spi-builder-workspace/.derivedData/SDKExplicitPrecompiledModules -emit-dependencies -emit-module -emit-module-path /Users/admin/builder/spi-builder-workspace/.derivedData/Build/Intermediates.noindex/AECAudioStream.build/Debug-watchos/AECAudioStream-t.build/Objects-normal/arm64_32/AECAudioStream.swiftmodule -serialize-diagnostics -dependency-scan-serialize-diagnostics-path /Users/admin/builder/spi-builder-workspace/.derivedData/Build/Intermediates.noindex/AECAudioStream.build/Debug-watchos/AECAudioStream-t.build/Objects-normal/arm64_32/AECAudioStream-dependency-scan.dia -validate-clang-modules-once -clang-build-session-file /Users/admin/builder/spi-builder-workspace/.derivedData/ModuleCache.noindex/Session.modulevalidation -Xcc -fmodules-prune-interval\=86400 -Xcc -fmodules-prune-after\=345600 -emit-const-values -const-gather-protocols-list /Users/admin/builder/spi-builder-workspace/.derivedData/Build/Intermediates.noindex/AECAudioStream.build/Debug-watchos/AECAudioStream-t.build/Objects-normal/arm64_32/AECAudioStream_const_extract_protocols.json -Xcc -I/Users/admin/builder/spi-builder-workspace/.derivedData/Build/Products/Debug-watchos/include -Xcc -I/Users/admin/builder/spi-builder-workspace/.derivedData/Build/Intermediates.noindex/AECAudioStream.build/Debug-watchos/AECAudioStream-t.build/DerivedSources-normal/arm64_32 -Xcc -I/Users/admin/builder/spi-builder-workspace/.derivedData/Build/Intermediates.noindex/AECAudioStream.build/Debug-watchos/AECAudioStream-t.build/DerivedSources/arm64_32 -Xcc -I/Users/admin/builder/spi-builder-workspace/.derivedData/Build/Intermediates.noindex/AECAudioStream.build/Debug-watchos/AECAudioStream-t.build/DerivedSources -Xcc -DSWIFT_PACKAGE -Xcc -DDEBUG\=1 -emit-objc-header -emit-objc-header-path /Users/admin/builder/spi-builder-workspace/.derivedData/Build/Intermediates.noindex/AECAudioStream.build/Debug-watchos/AECAudioStream-t.build/Objects-normal/arm64_32/AECAudioStream-Swift.h -working-directory /Users/admin/builder/spi-builder-workspace/.swiftpm/xcode -experimental-emit-module-separately -disable-cmo
SwiftEmitModule normal arm64_32 Emitting\ module\ for\ AECAudioStream (in target 'AECAudioStream' from project 'AECAudioStream')
SwiftCompile normal arm64_32 (in target 'AECAudioStream' from project 'AECAudioStream')
    cd /Users/admin/builder/spi-builder-workspace/.swiftpm/xcode

/Users/admin/builder/spi-builder-workspace/Sources/AECAudioStream/AECAudioStream.swift:21:31: error: cannot find type 'AudioUnit' in scope
 19 | public class AECAudioStream {
 20 |
 21 |   private(set) var audioUnit: AudioUnit!
    |                               `- error: cannot find type 'AudioUnit' in scope
 22 |
 23 |   private(set) var graph: AUGraph!
/Users/admin/builder/spi-builder-workspace/Sources/AECAudioStream/AECAudioStream.swift:23:27: error: cannot find type 'AUGraph' in scope
 21 |   private(set) var audioUnit: AudioUnit!
 22 |
 23 |   private(set) var graph: AUGraph!
    |                           `- error: cannot find type 'AUGraph' in scope
 24 |
 25 |   private(set) var streamBasicDescription: AudioStreamBasicDescription
/Users/admin/builder/spi-builder-workspace/Sources/AECAudioStream/AECAudioStream.swift:282:64: error: cannot find type 'AudioUnitRenderActionFlags' in scope
280 |
281 | private func kInputCallback(inRefCon:UnsafeMutableRawPointer,
282 |                             ioActionFlags:UnsafeMutablePointer<AudioUnitRenderActionFlags>,
    |                                                                `- error: cannot find type 'AudioUnitRenderActionFlags' in scope
283 |                             inTimeStamp:UnsafePointer<AudioTimeStamp>,
284 |                             inBusNumber:UInt32,
/Users/admin/builder/spi-builder-workspace/Sources/AECAudioStream/AECAudioStream.swift:309:65: error: cannot find type 'AudioUnitRenderActionFlags' in scope
307 |
308 | private func kRenderCallback(inRefCon:UnsafeMutableRawPointer,
309 |                              ioActionFlags:UnsafeMutablePointer<AudioUnitRenderActionFlags>,
    |                                                                 `- error: cannot find type 'AudioUnitRenderActionFlags' in scope
310 |                              inTimeStamp:UnsafePointer<AudioTimeStamp>,
311 |                              inBusNumber:UInt32,
Failed frontend command:
/Applications/Xcode-27.0.0-Release.Candidate.app/Contents/Developer/Toolchains/XcodeDefault.xctoolchain/usr/bin/swift-frontend -frontend -emit-module -experimental-skip-non-inlinable-function-bodies-without-types /Users/admin/builder/spi-builder-workspace/Sources/AECAudioStream/AECAudioStream.swift /Users/admin/builder/spi-builder-workspace/Sources/AECAudioStream/AECAudioStreamError.swift -target arm64_32-apple-watchos9.0 -disable-cross-import-overlay-search -load-resolved-plugin /Applications/Xcode-27.0.0-Release.Candidate.app/Contents/Developer/Platforms/WatchOS.platform/Developer/usr/lib/swift/host/plugins/libFoundationMacros.dylib\#/Applications/Xcode-27.0.0-Release.Candidate.app/Contents/Developer/Platforms/WatchOS.platform/Developer/usr/bin/swift-plugin-server\#FoundationMacros -load-resolved-plugin /Applications/Xcode-27.0.0-Release.Candidate.app/Contents/Developer/Platforms/WatchOS.platform/Developer/usr/lib/swift/host/plugins/libObservationMacros.dylib\#/Applications/Xcode-27.0.0-Release.Candidate.app/Contents/Developer/Platforms/WatchOS.platform/Developer/usr/bin/swift-plugin-server\#ObservationMacros -load-resolved-plugin /Applications/Xcode-27.0.0-Release.Candidate.app/Contents/Developer/Platforms/WatchOS.platform/Developer/usr/lib/swift/host/plugins/libSwiftMacros.dylib\#/Applications/Xcode-27.0.0-Release.Candidate.app/Contents/Developer/Platforms/WatchOS.platform/Developer/usr/bin/swift-plugin-server\#SwiftMacros -disable-implicit-swift-modules -Xcc -fno-implicit-modules -Xcc -fno-implicit-module-maps -explicit-swift-module-map-file /Users/admin/builder/spi-builder-workspace/.derivedData/Build/Intermediates.noindex/AECAudioStream.build/Debug-watchos/AECAudioStream-t.build/Objects-normal/arm64_32/AECAudioStream-dependencies-1.json -enable-objc-interop -sdk /Applications/Xcode-27.0.0-Release.Candidate.app/Contents/Developer/Platforms/WatchOS.platform/Developer/SDKs/WatchOS27.0.sdk -I /Users/admin/builder/spi-builder-workspace/.derivedData/Build/Products/Debug-watchos -Isystem /Applications/Xcode-27.0.0-Release.Candidate.app/Contents/Developer/Platforms/WatchOS.platform/Developer/usr/lib -F /Users/admin/builder/spi-builder-workspace/.derivedData/Build/Products/Debug-watchos -F /Applications/Xcode-27.0.0-Release.Candidate.app/Contents/Developer/Platforms/WatchOS.platform/Developer/Library/Frameworks -F /Applications/Xcode-27.0.0-Release.Candidate.app/Contents/Developer/Platforms/WatchOS.platform/Developer/SDKs/WatchOS27.0.sdk/Developer/Library/Frameworks -module-cache-path /Users/admin/builder/spi-builder-workspace/.derivedData/Build/Intermediates.noindex/SwiftExplicitPrecompiledModules -no-color-diagnostics -Xcc -fno-color-diagnostics -enable-testing -g -debug-info-format\=dwarf -dwarf-version\=4 -profile-generate -profile-coverage-mapping -swift-version 5 -Onone -D SWIFT_PACKAGE -D DEBUG -D SWIFT_MODULE_RESOURCE_BUNDLE_UNAVAILABLE -D Xcode -serialize-debugging-options -enable-experimental-feature DebugDescriptionMacro -empty-abi-descriptor -validate-clang-modules-once -clang-build-session-file /Users/admin/builder/spi-builder-workspace/.derivedData/ModuleCache.noindex/Session.modulevalidation -Xcc -working-directory -Xcc /Users/admin/builder/spi-builder-workspace/.swiftpm/xcode -enable-anonymous-context-mangled-names -file-compilation-dir /Users/admin/builder/spi-builder-workspace/.swiftpm/xcode -Xcc -D_LIBCPP_HARDENING_MODE\=_LIBCPP_HARDENING_MODE_DEBUG -Xcc -ivfsstatcache -Xcc /Users/admin/builder/spi-builder-workspace/.derivedData/SDKStatCaches.noindex/watchos27.0-24R360-e829b21a6f8c9b70876ba0858053c04477534ef55a1706bf4c1112bbb242f0a2.sdkstatcache -Xcc -fmodules-prune-interval\=86400 -Xcc -fmodules-prune-after\=345600 -Xcc -I/Users/admin/builder/spi-builder-workspace/.derivedData/Build/Products/Debug-watchos/include -Xcc -I/Users/admin/builder/spi-builder-workspace/.derivedData/Build/Intermediates.noindex/AECAudioStream.build/Debug-watchos/AECAudioStream-t.build/DerivedSources-normal/arm64_32 -Xcc -I/Users/admin/builder/spi-builder-workspace/.derivedData/Build/Intermediates.noindex/AECAudioStream.build/Debug-watchos/AECAudioStream-t.build/DerivedSources/arm64_32 -Xcc -I/Users/admin/builder/spi-builder-workspace/.derivedData/Build/Intermediates.noindex/AECAudioStream.build/Debug-watchos/AECAudioStream-t.build/DerivedSources -Xcc -DSWIFT_PACKAGE -Xcc -DDEBUG\=1 -no-auto-bridging-header-chaining -module-name AECAudioStream -const-gather-protocols-file /Users/admin/builder/spi-builder-workspace/.derivedData/Build/Intermediates.noindex/AECAudioStream.build/Debug-watchos/AECAudioStream-t.build/Objects-normal/arm64_32/AECAudioStream_const_extract_protocols.json -disable-clang-spi -clang-target arm64_32-apple-watchos27.0 -target-sdk-version 27.0 -target-sdk-name watchos27.0 -in-process-plugin-server-path /Applications/Xcode-27.0.0-Release.Candidate.app/Contents/Developer/Toolchains/XcodeDefault.xctoolchain/usr/lib/swift/host/libSwiftInProcPluginServer.dylib -emit-module-doc-path /Users/admin/builder/spi-builder-workspace/.derivedData/Build/Intermediates.noindex/AECAudioStream.build/Debug-watchos/AECAudioStream-t.build/Objects-normal/arm64_32/AECAudioStream.swiftdoc -emit-module-source-info-path /Users/admin/builder/spi-builder-workspace/.derivedData/Build/Intermediates.noindex/AECAudioStream.build/Debug-watchos/AECAudioStream-t.build/Objects-normal/arm64_32/AECAudioStream.swiftsourceinfo -emit-objc-header-path /Users/admin/builder/spi-builder-workspace/.derivedData/Build/Intermediates.noindex/AECAudioStream.build/Debug-watchos/AECAudioStream-t.build/Objects-normal/arm64_32/AECAudioStream-Swift.h -serialize-diagnostics-path /Users/admin/builder/spi-builder-workspace/.derivedData/Build/Intermediates.noindex/AECAudioStream.build/Debug-watchos/AECAudioStream-t.build/Objects-normal/arm64_32/AECAudioStream-primary-emit-module.dia -emit-dependencies-path /Users/admin/builder/spi-builder-workspace/.derivedData/Build/Intermediates.noindex/AECAudioStream.build/Debug-watchos/AECAudioStream-t.build/Objects-normal/arm64_32/AECAudioStream-primary-emit-module.d -parse-as-library -o /Users/admin/builder/spi-builder-workspace/.derivedData/Build/Intermediates.noindex/AECAudioStream.build/Debug-watchos/AECAudioStream-t.build/Objects-normal/arm64_32/AECAudioStream.swiftmodule -emit-abi-descriptor-path /Users/admin/builder/spi-builder-workspace/.derivedData/Build/Intermediates.noindex/AECAudioStream.build/Debug-watchos/AECAudioStream-t.build/Objects-normal/arm64_32/AECAudioStream.abi.json
SwiftCompile normal arm64_32 Compiling\ AECAudioStreamError.swift /Users/admin/builder/spi-builder-workspace/Sources/AECAudioStream/AECAudioStreamError.swift (in target 'AECAudioStream' from project 'AECAudioStream')
SwiftCompile normal arm64_32 /Users/admin/builder/spi-builder-workspace/Sources/AECAudioStream/AECAudioStreamError.swift (in target 'AECAudioStream' from project 'AECAudioStream')
    cd /Users/admin/builder/spi-builder-workspace/.swiftpm/xcode
    builtin-SwiftPerFileCompile AECAudioStreamError.swift
SwiftCompile normal arm64_32 Compiling\ AECAudioStream.swift /Users/admin/builder/spi-builder-workspace/Sources/AECAudioStream/AECAudioStream.swift (in target 'AECAudioStream' from project 'AECAudioStream')
SwiftCompile normal arm64_32 (in target 'AECAudioStream' from project 'AECAudioStream')
    cd /Users/admin/builder/spi-builder-workspace/.swiftpm/xcode

/Users/admin/builder/spi-builder-workspace/Sources/AECAudioStream/AECAudioStream.swift:21:31: error: cannot find type 'AudioUnit' in scope
 19 | public class AECAudioStream {
 20 |
 21 |   private(set) var audioUnit: AudioUnit!
    |                               `- error: cannot find type 'AudioUnit' in scope
 22 |
 23 |   private(set) var graph: AUGraph!
/Users/admin/builder/spi-builder-workspace/Sources/AECAudioStream/AECAudioStream.swift:23:27: error: cannot find type 'AUGraph' in scope
 21 |   private(set) var audioUnit: AudioUnit!
 22 |
 23 |   private(set) var graph: AUGraph!
    |                           `- error: cannot find type 'AUGraph' in scope
 24 |
 25 |   private(set) var streamBasicDescription: AudioStreamBasicDescription
/Users/admin/builder/spi-builder-workspace/Sources/AECAudioStream/AECAudioStream.swift:282:64: error: cannot find type 'AudioUnitRenderActionFlags' in scope
280 |
281 | private func kInputCallback(inRefCon:UnsafeMutableRawPointer,
282 |                             ioActionFlags:UnsafeMutablePointer<AudioUnitRenderActionFlags>,
    |                                                                `- error: cannot find type 'AudioUnitRenderActionFlags' in scope
283 |                             inTimeStamp:UnsafePointer<AudioTimeStamp>,
284 |                             inBusNumber:UInt32,
/Users/admin/builder/spi-builder-workspace/Sources/AECAudioStream/AECAudioStream.swift:309:65: error: cannot find type 'AudioUnitRenderActionFlags' in scope
307 |
308 | private func kRenderCallback(inRefCon:UnsafeMutableRawPointer,
309 |                              ioActionFlags:UnsafeMutablePointer<AudioUnitRenderActionFlags>,
    |                                                                 `- error: cannot find type 'AudioUnitRenderActionFlags' in scope
310 |                              inTimeStamp:UnsafePointer<AudioTimeStamp>,
311 |                              inBusNumber:UInt32,
SwiftCompile normal arm64 Compiling\ AECAudioStream.swift /Users/admin/builder/spi-builder-workspace/Sources/AECAudioStream/AECAudioStream.swift (in target 'AECAudioStream' from project 'AECAudioStream')
/Users/admin/builder/spi-builder-workspace/Sources/AECAudioStream/AECAudioStream.swift:21:31: error: cannot find type 'AudioUnit' in scope
 19 | public class AECAudioStream {
 20 |
 21 |   private(set) var audioUnit: AudioUnit!
    |                               `- error: cannot find type 'AudioUnit' in scope
 22 |
 23 |   private(set) var graph: AUGraph!
/Users/admin/builder/spi-builder-workspace/Sources/AECAudioStream/AECAudioStream.swift:23:27: error: cannot find type 'AUGraph' in scope
 21 |   private(set) var audioUnit: AudioUnit!
 22 |
 23 |   private(set) var graph: AUGraph!
    |                           `- error: cannot find type 'AUGraph' in scope
 24 |
 25 |   private(set) var streamBasicDescription: AudioStreamBasicDescription
/Users/admin/builder/spi-builder-workspace/Sources/AECAudioStream/AECAudioStream.swift:282:64: error: cannot find type 'AudioUnitRenderActionFlags' in scope
280 |
281 | private func kInputCallback(inRefCon:UnsafeMutableRawPointer,
282 |                             ioActionFlags:UnsafeMutablePointer<AudioUnitRenderActionFlags>,
    |                                                                `- error: cannot find type 'AudioUnitRenderActionFlags' in scope
283 |                             inTimeStamp:UnsafePointer<AudioTimeStamp>,
284 |                             inBusNumber:UInt32,
/Users/admin/builder/spi-builder-workspace/Sources/AECAudioStream/AECAudioStream.swift:309:65: error: cannot find type 'AudioUnitRenderActionFlags' in scope
307 |
308 | private func kRenderCallback(inRefCon:UnsafeMutableRawPointer,
309 |                              ioActionFlags:UnsafeMutablePointer<AudioUnitRenderActionFlags>,
    |                                                                 `- error: cannot find type 'AudioUnitRenderActionFlags' in scope
310 |                              inTimeStamp:UnsafePointer<AudioTimeStamp>,
311 |                              inBusNumber:UInt32,
SwiftCompile normal arm64 (in target 'AECAudioStream' from project 'AECAudioStream')
    cd /Users/admin/builder/spi-builder-workspace/.swiftpm/xcode

SwiftEmitModule normal arm64 Emitting\ module\ for\ AECAudioStream (in target 'AECAudioStream' from project 'AECAudioStream')
/Users/admin/builder/spi-builder-workspace/Sources/AECAudioStream/AECAudioStream.swift:21:31: error: cannot find type 'AudioUnit' in scope
 19 | public class AECAudioStream {
 20 |
 21 |   private(set) var audioUnit: AudioUnit!
    |                               `- error: cannot find type 'AudioUnit' in scope
 22 |
 23 |   private(set) var graph: AUGraph!
/Users/admin/builder/spi-builder-workspace/Sources/AECAudioStream/AECAudioStream.swift:23:27: error: cannot find type 'AUGraph' in scope
 21 |   private(set) var audioUnit: AudioUnit!
 22 |
 23 |   private(set) var graph: AUGraph!
    |                           `- error: cannot find type 'AUGraph' in scope
 24 |
 25 |   private(set) var streamBasicDescription: AudioStreamBasicDescription
/Users/admin/builder/spi-builder-workspace/Sources/AECAudioStream/AECAudioStream.swift:282:64: error: cannot find type 'AudioUnitRenderActionFlags' in scope
280 |
281 | private func kInputCallback(inRefCon:UnsafeMutableRawPointer,
282 |                             ioActionFlags:UnsafeMutablePointer<AudioUnitRenderActionFlags>,
    |                                                                `- error: cannot find type 'AudioUnitRenderActionFlags' in scope
283 |                             inTimeStamp:UnsafePointer<AudioTimeStamp>,
284 |                             inBusNumber:UInt32,
/Users/admin/builder/spi-builder-workspace/Sources/AECAudioStream/AECAudioStream.swift:309:65: error: cannot find type 'AudioUnitRenderActionFlags' in scope
307 |
308 | private func kRenderCallback(inRefCon:UnsafeMutableRawPointer,
309 |                              ioActionFlags:UnsafeMutablePointer<AudioUnitRenderActionFlags>,
    |                                                                 `- error: cannot find type 'AudioUnitRenderActionFlags' in scope
310 |                              inTimeStamp:UnsafePointer<AudioTimeStamp>,
311 |                              inBusNumber:UInt32,
Failed frontend command:
/Applications/Xcode-27.0.0-Release.Candidate.app/Contents/Developer/Toolchains/XcodeDefault.xctoolchain/usr/bin/swift-frontend -frontend -emit-module -experimental-skip-non-inlinable-function-bodies-without-types /Users/admin/builder/spi-builder-workspace/Sources/AECAudioStream/AECAudioStream.swift /Users/admin/builder/spi-builder-workspace/Sources/AECAudioStream/AECAudioStreamError.swift -target arm64-apple-watchos9.0 -disable-cross-import-overlay-search -load-resolved-plugin /Applications/Xcode-27.0.0-Release.Candidate.app/Contents/Developer/Platforms/WatchOS.platform/Developer/usr/lib/swift/host/plugins/libFoundationMacros.dylib\#/Applications/Xcode-27.0.0-Release.Candidate.app/Contents/Developer/Platforms/WatchOS.platform/Developer/usr/bin/swift-plugin-server\#FoundationMacros -load-resolved-plugin /Applications/Xcode-27.0.0-Release.Candidate.app/Contents/Developer/Platforms/WatchOS.platform/Developer/usr/lib/swift/host/plugins/libObservationMacros.dylib\#/Applications/Xcode-27.0.0-Release.Candidate.app/Contents/Developer/Platforms/WatchOS.platform/Developer/usr/bin/swift-plugin-server\#ObservationMacros -load-resolved-plugin /Applications/Xcode-27.0.0-Release.Candidate.app/Contents/Developer/Platforms/WatchOS.platform/Developer/usr/lib/swift/host/plugins/libSwiftMacros.dylib\#/Applications/Xcode-27.0.0-Release.Candidate.app/Contents/Developer/Platforms/WatchOS.platform/Developer/usr/bin/swift-plugin-server\#SwiftMacros -disable-implicit-swift-modules -Xcc -fno-implicit-modules -Xcc -fno-implicit-module-maps -explicit-swift-module-map-file /Users/admin/builder/spi-builder-workspace/.derivedData/Build/Intermediates.noindex/AECAudioStream.build/Debug-watchos/AECAudioStream-t.build/Objects-normal/arm64/AECAudioStream-dependencies-2.json -Xllvm -aarch64-use-tbi -enable-objc-interop -stack-check -sdk /Applications/Xcode-27.0.0-Release.Candidate.app/Contents/Developer/Platforms/WatchOS.platform/Developer/SDKs/WatchOS27.0.sdk -I /Users/admin/builder/spi-builder-workspace/.derivedData/Build/Products/Debug-watchos -Isystem /Applications/Xcode-27.0.0-Release.Candidate.app/Contents/Developer/Platforms/WatchOS.platform/Developer/usr/lib -F /Users/admin/builder/spi-builder-workspace/.derivedData/Build/Products/Debug-watchos -F /Applications/Xcode-27.0.0-Release.Candidate.app/Contents/Developer/Platforms/WatchOS.platform/Developer/Library/Frameworks -F /Applications/Xcode-27.0.0-Release.Candidate.app/Contents/Developer/Platforms/WatchOS.platform/Developer/SDKs/WatchOS27.0.sdk/Developer/Library/Frameworks -module-cache-path /Users/admin/builder/spi-builder-workspace/.derivedData/Build/Intermediates.noindex/SwiftExplicitPrecompiledModules -no-color-diagnostics -Xcc -fno-color-diagnostics -enable-testing -g -debug-info-format\=dwarf -dwarf-version\=4 -profile-generate -profile-coverage-mapping -swift-version 5 -Onone -D SWIFT_PACKAGE -D DEBUG -D SWIFT_MODULE_RESOURCE_BUNDLE_UNAVAILABLE -D Xcode -serialize-debugging-options -enable-experimental-feature DebugDescriptionMacro -empty-abi-descriptor -validate-clang-modules-once -clang-build-session-file /Users/admin/builder/spi-builder-workspace/.derivedData/ModuleCache.noindex/Session.modulevalidation -Xcc -working-directory -Xcc /Users/admin/builder/spi-builder-workspace/.swiftpm/xcode -enable-anonymous-context-mangled-names -file-compilation-dir /Users/admin/builder/spi-builder-workspace/.swiftpm/xcode -Xcc -D_LIBCPP_HARDENING_MODE\=_LIBCPP_HARDENING_MODE_DEBUG -Xcc -ivfsstatcache -Xcc /Users/admin/builder/spi-builder-workspace/.derivedData/SDKStatCaches.noindex/watchos27.0-24R360-e829b21a6f8c9b70876ba0858053c04477534ef55a1706bf4c1112bbb242f0a2.sdkstatcache -Xcc -fmodules-prune-interval\=86400 -Xcc -fmodules-prune-after\=345600 -Xcc -I/Users/admin/builder/spi-builder-workspace/.derivedData/Build/Products/Debug-watchos/include -Xcc -I/Users/admin/builder/spi-builder-workspace/.derivedData/Build/Intermediates.noindex/AECAudioStream.build/Debug-watchos/AECAudioStream-t.build/DerivedSources-normal/arm64 -Xcc -I/Users/admin/builder/spi-builder-workspace/.derivedData/Build/Intermediates.noindex/AECAudioStream.build/Debug-watchos/AECAudioStream-t.build/DerivedSources/arm64 -Xcc -I/Users/admin/builder/spi-builder-workspace/.derivedData/Build/Intermediates.noindex/AECAudioStream.build/Debug-watchos/AECAudioStream-t.build/DerivedSources -Xcc -DSWIFT_PACKAGE -Xcc -DDEBUG\=1 -no-auto-bridging-header-chaining -module-name AECAudioStream -const-gather-protocols-file /Users/admin/builder/spi-builder-workspace/.derivedData/Build/Intermediates.noindex/AECAudioStream.build/Debug-watchos/AECAudioStream-t.build/Objects-normal/arm64/AECAudioStream_const_extract_protocols.json -disable-clang-spi -clang-target arm64-apple-watchos27.0 -target-sdk-version 27.0 -target-sdk-name watchos27.0 -in-process-plugin-server-path /Applications/Xcode-27.0.0-Release.Candidate.app/Contents/Developer/Toolchains/XcodeDefault.xctoolchain/usr/lib/swift/host/libSwiftInProcPluginServer.dylib -emit-module-doc-path /Users/admin/builder/spi-builder-workspace/.derivedData/Build/Intermediates.noindex/AECAudioStream.build/Debug-watchos/AECAudioStream-t.build/Objects-normal/arm64/AECAudioStream.swiftdoc -emit-module-source-info-path /Users/admin/builder/spi-builder-workspace/.derivedData/Build/Intermediates.noindex/AECAudioStream.build/Debug-watchos/AECAudioStream-t.build/Objects-normal/arm64/AECAudioStream.swiftsourceinfo -emit-objc-header-path /Users/admin/builder/spi-builder-workspace/.derivedData/Build/Intermediates.noindex/AECAudioStream.build/Debug-watchos/AECAudioStream-t.build/Objects-normal/arm64/AECAudioStream-Swift.h -serialize-diagnostics-path /Users/admin/builder/spi-builder-workspace/.derivedData/Build/Intermediates.noindex/AECAudioStream.build/Debug-watchos/AECAudioStream-t.build/Objects-normal/arm64/AECAudioStream-primary-emit-module.dia -emit-dependencies-path /Users/admin/builder/spi-builder-workspace/.derivedData/Build/Intermediates.noindex/AECAudioStream.build/Debug-watchos/AECAudioStream-t.build/Objects-normal/arm64/AECAudioStream-primary-emit-module.d -parse-as-library -o /Users/admin/builder/spi-builder-workspace/.derivedData/Build/Intermediates.noindex/AECAudioStream.build/Debug-watchos/AECAudioStream-t.build/Objects-normal/arm64/AECAudioStream.swiftmodule -emit-abi-descriptor-path /Users/admin/builder/spi-builder-workspace/.derivedData/Build/Intermediates.noindex/AECAudioStream.build/Debug-watchos/AECAudioStream-t.build/Objects-normal/arm64/AECAudioStream.abi.json
SwiftCompile normal arm64 (in target 'AECAudioStream' from project 'AECAudioStream')
    cd /Users/admin/builder/spi-builder-workspace/.swiftpm/xcode

SwiftCompile normal arm64 Compiling\ AECAudioStreamError.swift /Users/admin/builder/spi-builder-workspace/Sources/AECAudioStream/AECAudioStreamError.swift (in target 'AECAudioStream' from project 'AECAudioStream')
SwiftCompile normal arm64 /Users/admin/builder/spi-builder-workspace/Sources/AECAudioStream/AECAudioStreamError.swift (in target 'AECAudioStream' from project 'AECAudioStream')
    cd /Users/admin/builder/spi-builder-workspace/.swiftpm/xcode
    builtin-SwiftPerFileCompile AECAudioStreamError.swift
PruneExplicitPrecompiledModules /Users/admin/builder/spi-builder-workspace/.derivedData/SDKExplicitPrecompiledModules
PruneExplicitPrecompiledModules /Users/admin/builder/spi-builder-workspace/.derivedData/Build/Intermediates.noindex/ExplicitPrecompiledModules
PruneExplicitPrecompiledModules /Users/admin/builder/spi-builder-workspace/.derivedData/Build/Intermediates.noindex/SwiftExplicitPrecompiledModules
2026-09-19 03:39:07.860 xcodebuild[760:4571] [MT] IDERunDestination: Supported platforms for the buildables in the current scheme is empty.
** BUILD FAILED **
The following build commands failed:
	SwiftCompile normal arm64_32 (in target 'AECAudioStream' from project 'AECAudioStream')
	SwiftEmitModule normal arm64_32 Emitting\ module\ for\ AECAudioStream (in target 'AECAudioStream' from project 'AECAudioStream')
	SwiftEmitModule normal arm64 Emitting\ module\ for\ AECAudioStream (in target 'AECAudioStream' from project 'AECAudioStream')
	SwiftCompile normal arm64 (in target 'AECAudioStream' from project 'AECAudioStream')
	Building workspace AECAudioStream with scheme AECAudioStream
(5 failures)
BUILD FAILURE 6.4 watchOS