The Swift Package Index logo.Swift Package Index

Build Information

Failed to build swift-sqlcipher, reference 1.13.0 (882c3d), with Swift 6.1 for Wasm on 9 Sep 2026 03:46:44 UTC.

Build Command

bash -c docker run --pull=always --rm -v "checkouts-54344845-0":/host -w "$PWD" -e JAVA_HOME="/root/.sdkman/candidates/java/current" -e SPI_BUILD="1" -e SPI_PROCESSING="1" registry.gitlab.com/saguaro1/spi-images:wasm-6.1-latest swift build --swift-sdk wasm32-unknown-wasi 2>&1

Build Log

========================================
RunAll
========================================
Builder version: 5.0.2
Interrupt handler set up.
========================================
Checkout
========================================
Clone URL: https://github.com/skiptools/swift-sqlcipher.git
Reference: 1.13.0
Initialized empty Git repository in /host/spi-builder-workspace/.git/
hint: Using 'master' as the name for the initial branch. This default branch name
hint: is subject to change. To configure the initial branch name to use in all
hint: of your new repositories, which will suppress this warning, call:
hint:
hint: 	git config --global init.defaultBranch <name>
hint:
hint: Names commonly chosen instead of 'master' are 'main', 'trunk' and
hint: 'development'. The just-created branch can be renamed via this command:
hint:
hint: 	git branch -m <name>
From https://github.com/skiptools/swift-sqlcipher
 * tag               1.13.0     -> FETCH_HEAD
HEAD is now at 882c3d6
Cloned https://github.com/skiptools/swift-sqlcipher.git
Revision (git rev-parse @):
882c3d63a2677ccada1e841e7f15ecc6222a6b79
SPI manifest file found: $PWD/.spi.yml
SUCCESS checkout https://github.com/skiptools/swift-sqlcipher.git at 1.13.0
========================================
Build
========================================
Selected platform:         wasm
Swift version:             6.1
Building package at path:  $PWD
https://github.com/skiptools/swift-sqlcipher.git
https://github.com/skiptools/swift-sqlcipher.git
WARNING: environment variable SUPPRESS_SWIFT_6_FLAGS is not set
Running build ...
bash -c docker run --pull=always --rm -v "checkouts-54344845-0":/host -w "$PWD" -e JAVA_HOME="/root/.sdkman/candidates/java/current" -e SPI_BUILD="1" -e SPI_PROCESSING="1" registry.gitlab.com/saguaro1/spi-images:wasm-6.1-latest swift build --swift-sdk wasm32-unknown-wasi -Xswiftc -Xfrontend -Xswiftc -stats-output-dir -Xswiftc -Xfrontend -Xswiftc .stats -Xswiftc -strict-concurrency=complete -Xswiftc -enable-upcoming-feature -Xswiftc StrictConcurrency -Xswiftc -enable-upcoming-feature -Xswiftc DisableOutwardActorInference -Xswiftc -enable-upcoming-feature -Xswiftc GlobalActorIsolatedTypesUsability -Xswiftc -enable-upcoming-feature -Xswiftc InferSendableFromCaptures 2>&1
wasm-6.1-latest: Pulling from saguaro1/spi-images
Digest: sha256:290f441d1f5b7bf0dbbe61e8b7514208804cdcb507d57b3c762463ad036298f7
Status: Image is up to date for registry.gitlab.com/saguaro1/spi-images:wasm-6.1-latest
Building for debugging...
[0/494] Compiling aes_tab.c
In file included from /host/spi-builder-workspace/Sources/SQLCipher/libtomcrypt/ciphers/aes/aesni.c:10:
In file included from /host/spi-builder-workspace/Sources/SQLCipher/libtomcrypt/headers/tomcrypt_private.h:4:
In file included from /host/spi-builder-workspace/Sources/SQLCipher/libtomcrypt/headers/tomcrypt.h:89:
In file included from /host/spi-builder-workspace/Sources/SQLCipher/libtomcrypt/headers/tomcrypt_argchk.h:10:
/root/.swiftpm/swift-sdks/swift-wasm-6.1-RELEASE-wasm32-unknown-wasi.artifactbundle/6.1-RELEASE-wasm32-unknown-wasi/wasm32-unknown-wasi/WASI.sdk/include/wasm32-wasi/signal.h:2:2: error: "wasm lacks signal support; to enable minimal signal emulation, compile with -D_WASI_EMULATED_SIGNAL and link with -lwasi-emulated-signal"
    2 | #error "wasm lacks signal support; to enable minimal signal emulation, \
      |  ^
1 error generated.
[1/494] Compiling aesni.c
In file included from /host/spi-builder-workspace/Sources/SQLCipher/libtomcrypt/encauth/chachapoly/chacha20poly1305_test.c:4:
In file included from /host/spi-builder-workspace/Sources/SQLCipher/libtomcrypt/headers/tomcrypt_private.h:4:
In file included from /host/spi-builder-workspace/Sources/SQLCipher/libtomcrypt/headers/tomcrypt.h:89:
In file included from /host/spi-builder-workspace/Sources/SQLCipher/libtomcrypt/headers/tomcrypt_argchk.h:10:
/root/.swiftpm/swift-sdks/swift-wasm-6.1-RELEASE-wasm32-unknown-wasi.artifactbundle/6.1-RELEASE-wasm32-unknown-wasi/wasm32-unknown-wasi/WASI.sdk/include/wasm32-wasi/signal.h:2:2: error: "wasm lacks signal support; to enable minimal signal emulation, compile with -D_WASI_EMULATED_SIGNAL and link with -lwasi-emulated-signal"
    2 | #error "wasm lacks signal support; to enable minimal signal emulation, \
      |  ^
1 error generated.
[1/494] Compiling chacha20poly1305_test.c
[1/494] Compiling anubis.c
In file included from /host/spi-builder-workspace/Sources/SQLCipher/libtomcrypt/ciphers/cast5.c:8:
In file included from /host/spi-builder-workspace/Sources/SQLCipher/libtomcrypt/headers/tomcrypt_private.h:4:
In file included from /host/spi-builder-workspace/Sources/SQLCipher/libtomcrypt/headers/tomcrypt.h:89:
In file included from /host/spi-builder-workspace/Sources/SQLCipher/libtomcrypt/headers/tomcrypt_argchk.h:10:
/root/.swiftpm/swift-sdks/swift-wasm-6.1-RELEASE-wasm32-unknown-wasi.artifactbundle/6.1-RELEASE-wasm32-unknown-wasi/wasm32-unknown-wasi/WASI.sdk/include/wasm32-wasi/signal.h:2:2: error: "wasm lacks signal support; to enable minimal signal emulation, compile with -D_WASI_EMULATED_SIGNAL and link with -lwasi-emulated-signal"
    2 | #error "wasm lacks signal support; to enable minimal signal emulation, \
      |  ^
1 error generated.
[1/494] Compiling cast5.c
In file included from /host/spi-builder-workspace/Sources/SQLCipher/libtomcrypt/math/radix_to_bin.c:3:
In file included from /host/spi-builder-workspace/Sources/SQLCipher/libtomcrypt/headers/tomcrypt_private.h:4:
In file included from /host/spi-builder-workspace/Sources/SQLCipher/libtomcrypt/headers/tomcrypt.h:89:
In file included from /host/spi-builder-workspace/Sources/SQLCipher/libtomcrypt/headers/tomcrypt_argchk.h:10:
/root/.swiftpm/swift-sdks/swift-wasm-6.1-RELEASE-wasm32-unknown-wasi.artifactbundle/6.1-RELEASE-wasm32-unknown-wasi/wasm32-unknown-wasi/WASI.sdk/include/wasm32-wasi/signal.h:2:2: error: "wasm lacks signal support; to enable minimal signal emulation, compile with -D_WASI_EMULATED_SIGNAL and link with -lwasi-emulated-signal"
    2 | #error "wasm lacks signal support; to enable minimal signal emulation, \
      |  ^
1 error generated.
[1/494] Compiling radix_to_bin.c
In file included from /host/spi-builder-workspace/Sources/SQLCipher/libtomcrypt/ciphers/serpent.c:12:
In file included from /host/spi-builder-workspace/Sources/SQLCipher/libtomcrypt/headers/tomcrypt_private.h:4:
In file included from /host/spi-builder-workspace/Sources/SQLCipher/libtomcrypt/headers/tomcrypt.h:89:
In file included from /host/spi-builder-workspace/Sources/SQLCipher/libtomcrypt/headers/tomcrypt_argchk.h:10:
/root/.swiftpm/swift-sdks/swift-wasm-6.1-RELEASE-wasm32-unknown-wasi.artifactbundle/6.1-RELEASE-wasm32-unknown-wasi/wasm32-unknown-wasi/WASI.sdk/include/wasm32-wasi/signal.h:2:2: error: "wasm lacks signal support; to enable minimal signal emulation, compile with -D_WASI_EMULATED_SIGNAL and link with -lwasi-emulated-signal"
    2 | #error "wasm lacks signal support; to enable minimal signal emulation, \
      |  ^
[1/494] Compiling serpent.c
[1/494] Compiling chacha20poly1305_decrypt.c
[1/494] Write swift-version-24593BA9C3E375BF.txt
Running build ...
bash -c docker run --pull=always --rm -v "checkouts-54344845-0":/host -w "$PWD" -e JAVA_HOME="/root/.sdkman/candidates/java/current" -e SPI_BUILD="1" -e SPI_PROCESSING="1" registry.gitlab.com/saguaro1/spi-images:wasm-6.1-latest swift build --swift-sdk wasm32-unknown-wasi 2>&1
wasm-6.1-latest: Pulling from saguaro1/spi-images
Digest: sha256:290f441d1f5b7bf0dbbe61e8b7514208804cdcb507d57b3c762463ad036298f7
Status: Image is up to date for registry.gitlab.com/saguaro1/spi-images:wasm-6.1-latest
[0/1] Planning build
Building for debugging...
[0/493] Write sources
[1/493] Compiling sober128tab.c
In file included from /host/spi-builder-workspace/Sources/SQLCipher/libtomcrypt/stream/sober128/sober128_stream_memory.c:4:
In file included from /host/spi-builder-workspace/Sources/SQLCipher/libtomcrypt/headers/tomcrypt_private.h:4:
In file included from /host/spi-builder-workspace/Sources/SQLCipher/libtomcrypt/headers/tomcrypt.h:89:
In file included from /host/spi-builder-workspace/Sources/SQLCipher/libtomcrypt/headers/tomcrypt_argchk.h:10:
/root/.swiftpm/swift-sdks/swift-wasm-6.1-RELEASE-wasm32-unknown-wasi.artifactbundle/6.1-RELEASE-wasm32-unknown-wasi/wasm32-unknown-wasi/WASI.sdk/include/wasm32-wasi/signal.h:2:2: error: "wasm lacks signal support; to enable minimal signal emulation, compile with -D_WASI_EMULATED_SIGNAL and link with -lwasi-emulated-signal"
    2 | #error "wasm lacks signal support; to enable minimal signal emulation, \
      |  ^
1 error generated.
[2/493] Compiling sober128_stream_memory.c
In file included from /host/spi-builder-workspace/Sources/SQLCipher/libtomcrypt/stream/sosemanuk/sosemanuk_test.c:4:
In file included from /host/spi-builder-workspace/Sources/SQLCipher/libtomcrypt/headers/tomcrypt_private.h:4:
In file included from /host/spi-builder-workspace/Sources/SQLCipher/libtomcrypt/headers/tomcrypt.h:89:
In file included from /host/spi-builder-workspace/Sources/SQLCipher/libtomcrypt/headers/tomcrypt_argchk.h:10:
/root/.swiftpm/swift-sdks/swift-wasm-6.1-RELEASE-wasm32-unknown-wasi.artifactbundle/6.1-RELEASE-wasm32-unknown-wasi/wasm32-unknown-wasi/WASI.sdk/include/wasm32-wasi/signal.h:2:2: error: "wasm lacks signal support; to enable minimal signal emulation, compile with -D_WASI_EMULATED_SIGNAL and link with -lwasi-emulated-signal"
    2 | #error "wasm lacks signal support; to enable minimal signal emulation, \
      |  ^
1 error generated.
[2/493] Compiling sosemanuk_test.c
In file included from /host/spi-builder-workspace/Sources/SQLCipher/libtomcrypt/stream/sober128/sober128_test.c:4:
In file included from /host/spi-builder-workspace/Sources/SQLCipher/libtomcrypt/headers/tomcrypt_private.h:4:
In file included from /host/spi-builder-workspace/Sources/SQLCipher/libtomcrypt/headers/tomcrypt.h:89:
In file included from /host/spi-builder-workspace/Sources/SQLCipher/libtomcrypt/headers/tomcrypt_argchk.h:10:
/root/.swiftpm/swift-sdks/swift-wasm-6.1-RELEASE-wasm32-unknown-wasi.artifactbundle/6.1-RELEASE-wasm32-unknown-wasi/wasm32-unknown-wasi/WASI.sdk/include/wasm32-wasi/signal.h:2:2: error: "wasm lacks signal support; to enable minimal signal emulation, compile with -D_WASI_EMULATED_SIGNAL and link with -lwasi-emulated-signal"
    2 | #error "wasm lacks signal support; to enable minimal signal emulation, \
      |  ^
1 error generated.
[2/493] Compiling sober128_test.c
In file included from /host/spi-builder-workspace/Sources/SQLCipher/libtomcrypt/stream/sober128/sober128_stream.c:3:
In file included from /host/spi-builder-workspace/Sources/SQLCipher/libtomcrypt/headers/tomcrypt_private.h:4:
In file included from /host/spi-builder-workspace/Sources/SQLCipher/libtomcrypt/headers/tomcrypt.h:89:
In file included from /host/spi-builder-workspace/Sources/SQLCipher/libtomcrypt/headers/tomcrypt_argchk.h:10:
/root/.swiftpm/swift-sdks/swift-wasm-6.1-RELEASE-wasm32-unknown-wasi.artifactbundle/6.1-RELEASE-wasm32-unknown-wasi/wasm32-unknown-wasi/WASI.sdk/include/wasm32-wasi/signal.h:2:2: error: "wasm lacks signal support; to enable minimal signal emulation, compile with -D_WASI_EMULATED_SIGNAL and link with -lwasi-emulated-signal"
    2 | #error "wasm lacks signal support[2/493] Compiling sober128_stream.c
[2/493] Compiling sosemanuk_memory.c
[2/493] Compiling sosemanuk.c
[2/493] Compiling sqlite3.c
[2/493] Write swift-version-24593BA9C3E375BF.txt
BUILD FAILURE 6.1 wasm