Build Information
Failed to build RegexWithDescription, reference 0.0.1 (5532a6), with Swift 6.4 for tvOS using Xcode 27.0 on 23 Sep 2026 03:33:51 UTC.
Build Command
env DEVELOPER_DIR=/Applications/Xcode-27.0.0-Release.Candidate.app xcrun xcodebuild -IDEClonedSourcePackagesDirPathOverride=$PWD/.dependencies -skipMacroValidation -skipPackagePluginValidation -derivedDataPath $PWD/.derivedData build -scheme RegexWithDescription -destination generic/platform=tvOSBuild Log
SwiftDriverJobDiscovery normal arm64 Compiling PluginMacroExpansionContext.swift (in target 'SwiftCompilerPluginMessageHandling' from project 'swift-syntax')
SwiftDriverJobDiscovery normal x86_64 Compiling CompilerPluginMessageHandler.swift (in target 'SwiftCompilerPluginMessageHandling' from project 'swift-syntax')
SwiftDriverJobDiscovery normal x86_64 Compiling PluginMessageCompatibility.swift (in target 'SwiftCompilerPluginMessageHandling' from project 'swift-syntax')
SwiftDriverJobDiscovery normal x86_64 Compiling Macros.swift (in target 'SwiftCompilerPluginMessageHandling' from project 'swift-syntax')
SwiftDriverJobDiscovery normal x86_64 Compiling Diagnostics.swift (in target 'SwiftCompilerPluginMessageHandling' from project 'swift-syntax')
SwiftDriverJobDiscovery normal x86_64 Compiling PluginMacroExpansionContext.swift (in target 'SwiftCompilerPluginMessageHandling' from project 'swift-syntax')
SwiftDriverJobDiscovery normal x86_64 Compiling PluginMessages.swift (in target 'SwiftCompilerPluginMessageHandling' from project 'swift-syntax')
SwiftDriver\ Compilation SwiftCompilerPluginMessageHandling normal x86_64 com.apple.xcode.tools.swift.compiler (in target 'SwiftCompilerPluginMessageHandling' from project 'swift-syntax')
cd /Users/admin/builder/spi-builder-workspace/.swiftpm/xcode
builtin-Swift-Compilation -- /Applications/Xcode-27.0.0-Release.Candidate.app/Contents/Developer/Toolchains/XcodeDefault.xctoolchain/usr/bin/swiftc -parse-as-library -module-name SwiftCompilerPluginMessageHandling -Onone @/Users/admin/builder/spi-builder-workspace/.derivedData/Build/Intermediates.noindex/swift-syntax.build/Debug/SwiftCompilerPluginMessageHandling-t.build/Objects-normal/x86_64/SwiftCompilerPluginMessageHandling.SwiftFileList -DSWIFT_PACKAGE -DDEBUG -DSWIFT_MODULE_RESOURCE_BUNDLE_UNAVAILABLE -DXcode -plugin-path /Applications/Xcode-27.0.0-Release.Candidate.app/Contents/Developer/Toolchains/XcodeDefault.xctoolchain/usr/lib/swift/host/plugins/testing -enable-experimental-feature DebugDescriptionMacro -sdk /Applications/Xcode-27.0.0-Release.Candidate.app/Contents/Developer/Platforms/MacOSX.platform/Developer/SDKs/MacOSX27.0.sdk -target x86_64-apple-macos12.0 -g -module-cache-path /Users/admin/builder/spi-builder-workspace/.derivedData/ModuleCache.noindex -Xfrontend -serialize-debugging-options -profile-coverage-mapping -profile-generate -enable-testing -suppress-warnings -index-store-path /Users/admin/builder/spi-builder-workspace/.derivedData/Index.noindex/DataStore -Xcc -D_LIBCPP_HARDENING_MODE\=_LIBCPP_HARDENING_MODE_DEBUG -swift-version 5 -I /Users/admin/builder/spi-builder-workspace/.derivedData/Build/Products/Debug -Isystem /Applications/Xcode-27.0.0-Release.Candidate.app/Contents/Developer/Platforms/MacOSX.platform/Developer/usr/lib -F /Users/admin/builder/spi-builder-workspace/.derivedData/Build/Products/Debug/PackageFrameworks -F /Users/admin/builder/spi-builder-workspace/.derivedData/Build/Products/Debug -F /Applications/Xcode-27.0.0-Release.Candidate.app/Contents/Developer/Platforms/MacOSX.platform/Developer/Library/Frameworks -c -j10 -enable-batch-mode -incremental -Xcc -ivfsstatcache -Xcc /Users/admin/builder/spi-builder-workspace/.derivedData/SDKStatCaches.noindex/macosx27.0-26A425-e829b21a6f8c9b70876ba0858053c0446a22442a12e9d48fe1a705f55a1adfc4.sdkstatcache -output-file-map /Users/admin/builder/spi-builder-workspace/.derivedData/Build/Intermediates.noindex/swift-syntax.build/Debug/SwiftCompilerPluginMessageHandling-t.build/Objects-normal/x86_64/SwiftCompilerPluginMessageHandling-OutputFileMap.json -save-temps -no-color-diagnostics -explicit-module-build -module-cache-path /Users/admin/builder/spi-builder-workspace/.derivedData/Build/Intermediates.noindex/SwiftExplicitPrecompiledModules -clang-scanner-module-cache-path /Users/admin/builder/spi-builder-workspace/.derivedData/ModuleCache.noindex -sdk-module-cache-path /Users/admin/builder/spi-builder-workspace/.derivedData/SDKExplicitPrecompiledModules -emit-dependencies -emit-module -emit-module-path /Users/admin/builder/spi-builder-workspace/.derivedData/Build/Intermediates.noindex/swift-syntax.build/Debug/SwiftCompilerPluginMessageHandling-t.build/Objects-normal/x86_64/SwiftCompilerPluginMessageHandling.swiftmodule -serialize-diagnostics -dependency-scan-serialize-diagnostics-path /Users/admin/builder/spi-builder-workspace/.derivedData/Build/Intermediates.noindex/swift-syntax.build/Debug/SwiftCompilerPluginMessageHandling-t.build/Objects-normal/x86_64/SwiftCompilerPluginMessageHandling-dependency-scan.dia -validate-clang-modules-once -clang-build-session-file /Users/admin/builder/spi-builder-workspace/.derivedData/ModuleCache.noindex/Session.modulevalidation -Xcc -fmodules-prune-interval\=86400 -Xcc -fmodules-prune-after\=345600 -emit-const-values -const-gather-protocols-list /Users/admin/builder/spi-builder-workspace/.derivedData/Build/Intermediates.noindex/swift-syntax.build/Debug/SwiftCompilerPluginMessageHandling-t.build/Objects-normal/x86_64/SwiftCompilerPluginMessageHandling_const_extract_protocols.json -Xcc -I/Users/admin/builder/spi-builder-workspace/.derivedData/Build/Products/Debug/include -Xcc -I/Users/admin/builder/spi-builder-workspace/.derivedData/Build/Intermediates.noindex/swift-syntax.build/Debug/SwiftCompilerPluginMessageHandling-t.build/DerivedSources-normal/x86_64 -Xcc -I/Users/admin/builder/spi-builder-workspace/.derivedData/Build/Intermediates.noindex/swift-syntax.build/Debug/SwiftCompilerPluginMessageHandling-t.build/DerivedSources/x86_64 -Xcc -I/Users/admin/builder/spi-builder-workspace/.derivedData/Build/Intermediates.noindex/swift-syntax.build/Debug/SwiftCompilerPluginMessageHandling-t.build/DerivedSources -Xcc -DSWIFT_PACKAGE -Xcc -DDEBUG\=1 -emit-objc-header -emit-objc-header-path /Users/admin/builder/spi-builder-workspace/.derivedData/Build/Intermediates.noindex/swift-syntax.build/Debug/SwiftCompilerPluginMessageHandling-t.build/Objects-normal/x86_64/SwiftCompilerPluginMessageHandling-Swift.h -working-directory /Users/admin/builder/spi-builder-workspace/.swiftpm/xcode -experimental-emit-module-separately -disable-cmo
Ld /Users/admin/builder/spi-builder-workspace/.derivedData/Build/Intermediates.noindex/swift-syntax.build/Debug/SwiftCompilerPluginMessageHandling-t.build/Objects-normal/x86_64/Binary/SwiftCompilerPluginMessageHandling.o normal x86_64 (in target 'SwiftCompilerPluginMessageHandling' from project 'swift-syntax')
cd /Users/admin/builder/spi-builder-workspace/.dependencies/checkouts/swift-syntax
/Applications/Xcode-27.0.0-Release.Candidate.app/Contents/Developer/Toolchains/XcodeDefault.xctoolchain/usr/bin/clang -Xlinker -reproducible -target x86_64-apple-macos12.0 -r -isysroot /Applications/Xcode-27.0.0-Release.Candidate.app/Contents/Developer/Platforms/MacOSX.platform/Developer/SDKs/MacOSX27.0.sdk -O0 -w -Xlinker -no_warn_duplicate_libraries -F/Users/admin/builder/spi-builder-workspace/.derivedData/Build/Intermediates.noindex/EagerLinkingTBDs/Debug -F/Users/admin/builder/spi-builder-workspace/.derivedData/Build/Products/Debug/PackageFrameworks -F/Users/admin/builder/spi-builder-workspace/.derivedData/Build/Products/Debug -iframework /Applications/Xcode-27.0.0-Release.Candidate.app/Contents/Developer/Platforms/MacOSX.platform/Developer/Library/Frameworks -filelist /Users/admin/builder/spi-builder-workspace/.derivedData/Build/Intermediates.noindex/swift-syntax.build/Debug/SwiftCompilerPluginMessageHandling-t.build/Objects-normal/x86_64/SwiftCompilerPluginMessageHandling.LinkFileList -nostdlib -Xlinker -object_path_lto -Xlinker /Users/admin/builder/spi-builder-workspace/.derivedData/Build/Intermediates.noindex/swift-syntax.build/Debug/SwiftCompilerPluginMessageHandling-t.build/Objects-normal/x86_64/SwiftCompilerPluginMessageHandling_lto.o -Xlinker -no_deduplicate -Xlinker -debug_variant -Xlinker -dependency_info -Xlinker /Users/admin/builder/spi-builder-workspace/.derivedData/Build/Intermediates.noindex/swift-syntax.build/Debug/SwiftCompilerPluginMessageHandling-t.build/Objects-normal/x86_64/SwiftCompilerPluginMessageHandling_dependency_info.dat -fobjc-link-runtime -L/Applications/Xcode-27.0.0-Release.Candidate.app/Contents/Developer/Toolchains/XcodeDefault.xctoolchain/usr/lib/swift/macosx -L/usr/lib/swift -Xlinker -add_ast_path -Xlinker /Users/admin/builder/spi-builder-workspace/.derivedData/Build/Intermediates.noindex/swift-syntax.build/Debug/SwiftCompilerPluginMessageHandling-t.build/Objects-normal/x86_64/SwiftCompilerPluginMessageHandling.swiftmodule -o /Users/admin/builder/spi-builder-workspace/.derivedData/Build/Intermediates.noindex/swift-syntax.build/Debug/SwiftCompilerPluginMessageHandling-t.build/Objects-normal/x86_64/Binary/SwiftCompilerPluginMessageHandling.o
SwiftDriverJobDiscovery normal arm64 Compiling PluginMessages.swift (in target 'SwiftCompilerPluginMessageHandling' from project 'swift-syntax')
SwiftDriver\ Compilation SwiftCompilerPluginMessageHandling normal arm64 com.apple.xcode.tools.swift.compiler (in target 'SwiftCompilerPluginMessageHandling' from project 'swift-syntax')
cd /Users/admin/builder/spi-builder-workspace/.swiftpm/xcode
builtin-Swift-Compilation -- /Applications/Xcode-27.0.0-Release.Candidate.app/Contents/Developer/Toolchains/XcodeDefault.xctoolchain/usr/bin/swiftc -parse-as-library -module-name SwiftCompilerPluginMessageHandling -Onone @/Users/admin/builder/spi-builder-workspace/.derivedData/Build/Intermediates.noindex/swift-syntax.build/Debug/SwiftCompilerPluginMessageHandling-t.build/Objects-normal/arm64/SwiftCompilerPluginMessageHandling.SwiftFileList -DSWIFT_PACKAGE -DDEBUG -DSWIFT_MODULE_RESOURCE_BUNDLE_UNAVAILABLE -DXcode -plugin-path /Applications/Xcode-27.0.0-Release.Candidate.app/Contents/Developer/Toolchains/XcodeDefault.xctoolchain/usr/lib/swift/host/plugins/testing -enable-experimental-feature DebugDescriptionMacro -sdk /Applications/Xcode-27.0.0-Release.Candidate.app/Contents/Developer/Platforms/MacOSX.platform/Developer/SDKs/MacOSX27.0.sdk -target arm64-apple-macos12.0 -g -module-cache-path /Users/admin/builder/spi-builder-workspace/.derivedData/ModuleCache.noindex -Xfrontend -serialize-debugging-options -profile-coverage-mapping -profile-generate -enable-testing -suppress-warnings -index-store-path /Users/admin/builder/spi-builder-workspace/.derivedData/Index.noindex/DataStore -Xcc -D_LIBCPP_HARDENING_MODE\=_LIBCPP_HARDENING_MODE_DEBUG -swift-version 5 -I /Users/admin/builder/spi-builder-workspace/.derivedData/Build/Products/Debug -Isystem /Applications/Xcode-27.0.0-Release.Candidate.app/Contents/Developer/Platforms/MacOSX.platform/Developer/usr/lib -F /Users/admin/builder/spi-builder-workspace/.derivedData/Build/Products/Debug/PackageFrameworks -F /Users/admin/builder/spi-builder-workspace/.derivedData/Build/Products/Debug -F /Applications/Xcode-27.0.0-Release.Candidate.app/Contents/Developer/Platforms/MacOSX.platform/Developer/Library/Frameworks -c -j10 -enable-batch-mode -incremental -Xcc -ivfsstatcache -Xcc /Users/admin/builder/spi-builder-workspace/.derivedData/SDKStatCaches.noindex/macosx27.0-26A425-e829b21a6f8c9b70876ba0858053c0446a22442a12e9d48fe1a705f55a1adfc4.sdkstatcache -output-file-map /Users/admin/builder/spi-builder-workspace/.derivedData/Build/Intermediates.noindex/swift-syntax.build/Debug/SwiftCompilerPluginMessageHandling-t.build/Objects-normal/arm64/SwiftCompilerPluginMessageHandling-OutputFileMap.json -save-temps -no-color-diagnostics -explicit-module-build -module-cache-path /Users/admin/builder/spi-builder-workspace/.derivedData/Build/Intermediates.noindex/SwiftExplicitPrecompiledModules -clang-scanner-module-cache-path /Users/admin/builder/spi-builder-workspace/.derivedData/ModuleCache.noindex -sdk-module-cache-path /Users/admin/builder/spi-builder-workspace/.derivedData/SDKExplicitPrecompiledModules -emit-dependencies -emit-module -emit-module-path /Users/admin/builder/spi-builder-workspace/.derivedData/Build/Intermediates.noindex/swift-syntax.build/Debug/SwiftCompilerPluginMessageHandling-t.build/Objects-normal/arm64/SwiftCompilerPluginMessageHandling.swiftmodule -serialize-diagnostics -dependency-scan-serialize-diagnostics-path /Users/admin/builder/spi-builder-workspace/.derivedData/Build/Intermediates.noindex/swift-syntax.build/Debug/SwiftCompilerPluginMessageHandling-t.build/Objects-normal/arm64/SwiftCompilerPluginMessageHandling-dependency-scan.dia -validate-clang-modules-once -clang-build-session-file /Users/admin/builder/spi-builder-workspace/.derivedData/ModuleCache.noindex/Session.modulevalidation -Xcc -fmodules-prune-interval\=86400 -Xcc -fmodules-prune-after\=345600 -emit-const-values -const-gather-protocols-list /Users/admin/builder/spi-builder-workspace/.derivedData/Build/Intermediates.noindex/swift-syntax.build/Debug/SwiftCompilerPluginMessageHandling-t.build/Objects-normal/arm64/SwiftCompilerPluginMessageHandling_const_extract_protocols.json -Xcc -I/Users/admin/builder/spi-builder-workspace/.derivedData/Build/Products/Debug/include -Xcc -I/Users/admin/builder/spi-builder-workspace/.derivedData/Build/Intermediates.noindex/swift-syntax.build/Debug/SwiftCompilerPluginMessageHandling-t.build/DerivedSources-normal/arm64 -Xcc -I/Users/admin/builder/spi-builder-workspace/.derivedData/Build/Intermediates.noindex/swift-syntax.build/Debug/SwiftCompilerPluginMessageHandling-t.build/DerivedSources/arm64 -Xcc -I/Users/admin/builder/spi-builder-workspace/.derivedData/Build/Intermediates.noindex/swift-syntax.build/Debug/SwiftCompilerPluginMessageHandling-t.build/DerivedSources -Xcc -DSWIFT_PACKAGE -Xcc -DDEBUG\=1 -emit-objc-header -emit-objc-header-path /Users/admin/builder/spi-builder-workspace/.derivedData/Build/Intermediates.noindex/swift-syntax.build/Debug/SwiftCompilerPluginMessageHandling-t.build/Objects-normal/arm64/SwiftCompilerPluginMessageHandling-Swift.h -working-directory /Users/admin/builder/spi-builder-workspace/.swiftpm/xcode -experimental-emit-module-separately -disable-cmo
Ld /Users/admin/builder/spi-builder-workspace/.derivedData/Build/Intermediates.noindex/swift-syntax.build/Debug/SwiftCompilerPluginMessageHandling-t.build/Objects-normal/arm64/Binary/SwiftCompilerPluginMessageHandling.o normal arm64 (in target 'SwiftCompilerPluginMessageHandling' from project 'swift-syntax')
cd /Users/admin/builder/spi-builder-workspace/.dependencies/checkouts/swift-syntax
/Applications/Xcode-27.0.0-Release.Candidate.app/Contents/Developer/Toolchains/XcodeDefault.xctoolchain/usr/bin/clang -Xlinker -reproducible -target arm64-apple-macos12.0 -r -isysroot /Applications/Xcode-27.0.0-Release.Candidate.app/Contents/Developer/Platforms/MacOSX.platform/Developer/SDKs/MacOSX27.0.sdk -O0 -w -Xlinker -no_warn_duplicate_libraries -F/Users/admin/builder/spi-builder-workspace/.derivedData/Build/Intermediates.noindex/EagerLinkingTBDs/Debug -F/Users/admin/builder/spi-builder-workspace/.derivedData/Build/Products/Debug/PackageFrameworks -F/Users/admin/builder/spi-builder-workspace/.derivedData/Build/Products/Debug -iframework /Applications/Xcode-27.0.0-Release.Candidate.app/Contents/Developer/Platforms/MacOSX.platform/Developer/Library/Frameworks -filelist /Users/admin/builder/spi-builder-workspace/.derivedData/Build/Intermediates.noindex/swift-syntax.build/Debug/SwiftCompilerPluginMessageHandling-t.build/Objects-normal/arm64/SwiftCompilerPluginMessageHandling.LinkFileList -nostdlib -Xlinker -object_path_lto -Xlinker /Users/admin/builder/spi-builder-workspace/.derivedData/Build/Intermediates.noindex/swift-syntax.build/Debug/SwiftCompilerPluginMessageHandling-t.build/Objects-normal/arm64/SwiftCompilerPluginMessageHandling_lto.o -Xlinker -no_deduplicate -Xlinker -debug_variant -Xlinker -dependency_info -Xlinker /Users/admin/builder/spi-builder-workspace/.derivedData/Build/Intermediates.noindex/swift-syntax.build/Debug/SwiftCompilerPluginMessageHandling-t.build/Objects-normal/arm64/SwiftCompilerPluginMessageHandling_dependency_info.dat -fobjc-link-runtime -L/Applications/Xcode-27.0.0-Release.Candidate.app/Contents/Developer/Toolchains/XcodeDefault.xctoolchain/usr/lib/swift/macosx -L/usr/lib/swift -Xlinker -add_ast_path -Xlinker /Users/admin/builder/spi-builder-workspace/.derivedData/Build/Intermediates.noindex/swift-syntax.build/Debug/SwiftCompilerPluginMessageHandling-t.build/Objects-normal/arm64/SwiftCompilerPluginMessageHandling.swiftmodule -o /Users/admin/builder/spi-builder-workspace/.derivedData/Build/Intermediates.noindex/swift-syntax.build/Debug/SwiftCompilerPluginMessageHandling-t.build/Objects-normal/arm64/Binary/SwiftCompilerPluginMessageHandling.o
SwiftEmitModule normal arm64 Emitting\ module\ for\ SwiftCompilerPlugin (in target 'SwiftCompilerPlugin' from project 'swift-syntax')
SwiftCompile normal arm64 (in target 'SwiftCompilerPlugin' from project 'swift-syntax')
cd /Users/admin/builder/spi-builder-workspace/.swiftpm/xcode
SwiftCompile normal arm64 Compiling\ CompilerPlugin.swift /Users/admin/builder/spi-builder-workspace/.dependencies/checkouts/swift-syntax/Sources/SwiftCompilerPlugin/CompilerPlugin.swift (in target 'SwiftCompilerPlugin' from project 'swift-syntax')
SwiftCompile normal arm64 /Users/admin/builder/spi-builder-workspace/.dependencies/checkouts/swift-syntax/Sources/SwiftCompilerPlugin/CompilerPlugin.swift (in target 'SwiftCompilerPlugin' from project 'swift-syntax')
cd /Users/admin/builder/spi-builder-workspace/.swiftpm/xcode
builtin-SwiftPerFileCompile CompilerPlugin.swift
CreateUniversalBinary /Users/admin/builder/spi-builder-workspace/.derivedData/Build/Products/Debug/SwiftCompilerPluginMessageHandling.o normal arm64\ x86_64 (in target 'SwiftCompilerPluginMessageHandling' from project 'swift-syntax')
cd /Users/admin/builder/spi-builder-workspace/.dependencies/checkouts/swift-syntax
/Applications/Xcode-27.0.0-Release.Candidate.app/Contents/Developer/Toolchains/XcodeDefault.xctoolchain/usr/bin/lipo -create /Users/admin/builder/spi-builder-workspace/.derivedData/Build/Intermediates.noindex/swift-syntax.build/Debug/SwiftCompilerPluginMessageHandling-t.build/Objects-normal/arm64/Binary/SwiftCompilerPluginMessageHandling.o /Users/admin/builder/spi-builder-workspace/.derivedData/Build/Intermediates.noindex/swift-syntax.build/Debug/SwiftCompilerPluginMessageHandling-t.build/Objects-normal/x86_64/Binary/SwiftCompilerPluginMessageHandling.o -output /Users/admin/builder/spi-builder-workspace/.derivedData/Build/Products/Debug/SwiftCompilerPluginMessageHandling.o
SwiftEmitModule normal x86_64 Emitting\ module\ for\ SwiftCompilerPlugin (in target 'SwiftCompilerPlugin' from project 'swift-syntax')
SwiftCompile normal x86_64 (in target 'SwiftCompilerPlugin' from project 'swift-syntax')
cd /Users/admin/builder/spi-builder-workspace/.swiftpm/xcode
SwiftCompile normal x86_64 Compiling\ CompilerPlugin.swift /Users/admin/builder/spi-builder-workspace/.dependencies/checkouts/swift-syntax/Sources/SwiftCompilerPlugin/CompilerPlugin.swift (in target 'SwiftCompilerPlugin' from project 'swift-syntax')
SwiftCompile normal x86_64 /Users/admin/builder/spi-builder-workspace/.dependencies/checkouts/swift-syntax/Sources/SwiftCompilerPlugin/CompilerPlugin.swift (in target 'SwiftCompilerPlugin' from project 'swift-syntax')
cd /Users/admin/builder/spi-builder-workspace/.swiftpm/xcode
builtin-SwiftPerFileCompile CompilerPlugin.swift
ExtractAppIntentsMetadata (in target 'SwiftCompilerPluginMessageHandling' from project 'swift-syntax')
cd /Users/admin/builder/spi-builder-workspace/.dependencies/checkouts/swift-syntax
/Applications/Xcode-27.0.0-Release.Candidate.app/Contents/Developer/Toolchains/XcodeDefault.xctoolchain/usr/bin/appintentsmetadataprocessor --toolchain-dir /var/run/com.apple.security.cryptexd/mnt/com.apple.MobileAsset.MetalToolchain-v27.1.266.1.d5HJJF/Metal.xctoolchain --module-name SwiftCompilerPluginMessageHandling --sdk-root /Applications/Xcode-27.0.0-Release.Candidate.app/Contents/Developer/Platforms/MacOSX.platform/Developer/SDKs/MacOSX27.0.sdk --xcode-version 27A266a --platform-family macOS --deployment-target 12.0 --bundle-identifier swift-syntax.SwiftCompilerPluginMessageHandling --output /Users/admin/builder/spi-builder-workspace/.derivedData/Build/Products/Debug/SwiftCompilerPluginMessageHandling.appintents --target-triple arm64-apple-macos12.0 --target-triple x86_64-apple-macos12.0 --binary-file /Users/admin/builder/spi-builder-workspace/.derivedData/Build/Products/Debug/SwiftCompilerPluginMessageHandling.o --dependency-file /Users/admin/builder/spi-builder-workspace/.derivedData/Build/Intermediates.noindex/swift-syntax.build/Debug/SwiftCompilerPluginMessageHandling-t.build/Objects-normal/arm64/SwiftCompilerPluginMessageHandling_dependency_info.dat --dependency-file /Users/admin/builder/spi-builder-workspace/.derivedData/Build/Intermediates.noindex/swift-syntax.build/Debug/SwiftCompilerPluginMessageHandling-t.build/Objects-normal/x86_64/SwiftCompilerPluginMessageHandling_dependency_info.dat --stringsdata-file /Users/admin/builder/spi-builder-workspace/.derivedData/Build/Intermediates.noindex/swift-syntax.build/Debug/SwiftCompilerPluginMessageHandling-t.build/Objects-normal/arm64/ExtractedAppShortcutsMetadata.stringsdata --stringsdata-file /Users/admin/builder/spi-builder-workspace/.derivedData/Build/Intermediates.noindex/swift-syntax.build/Debug/SwiftCompilerPluginMessageHandling-t.build/Objects-normal/x86_64/ExtractedAppShortcutsMetadata.stringsdata --source-file-list /Users/admin/builder/spi-builder-workspace/.derivedData/Build/Intermediates.noindex/swift-syntax.build/Debug/SwiftCompilerPluginMessageHandling-t.build/Objects-normal/arm64/SwiftCompilerPluginMessageHandling.SwiftFileList --source-file-list /Users/admin/builder/spi-builder-workspace/.derivedData/Build/Intermediates.noindex/swift-syntax.build/Debug/SwiftCompilerPluginMessageHandling-t.build/Objects-normal/x86_64/SwiftCompilerPluginMessageHandling.SwiftFileList --metadata-file-list /Users/admin/builder/spi-builder-workspace/.derivedData/Build/Intermediates.noindex/swift-syntax.build/Debug/SwiftCompilerPluginMessageHandling-t.build/SwiftCompilerPluginMessageHandling.DependencyMetadataFileList --static-metadata-file-list /Users/admin/builder/spi-builder-workspace/.derivedData/Build/Intermediates.noindex/swift-syntax.build/Debug/SwiftCompilerPluginMessageHandling-t.build/SwiftCompilerPluginMessageHandling.DependencyStaticMetadataFileList --swift-const-vals-list /Users/admin/builder/spi-builder-workspace/.derivedData/Build/Intermediates.noindex/swift-syntax.build/Debug/SwiftCompilerPluginMessageHandling-t.build/Objects-normal/arm64/SwiftCompilerPluginMessageHandling.SwiftConstValuesFileList --swift-const-vals-list /Users/admin/builder/spi-builder-workspace/.derivedData/Build/Intermediates.noindex/swift-syntax.build/Debug/SwiftCompilerPluginMessageHandling-t.build/Objects-normal/x86_64/SwiftCompilerPluginMessageHandling.SwiftConstValuesFileList --force --compile-time-extraction --deployment-aware-processing --no-app-shortcuts-localization
2026-09-22 23:33:41.637 appintentsmetadataprocessor[1050:6313] Starting appintentsmetadataprocessor export
2026-09-22 23:33:41.709 appintentsmetadataprocessor[1050:6313] Extracted no relevant App Intents symbols, skipping writing output
SwiftDriverJobDiscovery normal arm64 Emitting module for SwiftCompilerPlugin (in target 'SwiftCompilerPlugin' from project 'swift-syntax')
SwiftDriverJobDiscovery normal x86_64 Emitting module for SwiftCompilerPlugin (in target 'SwiftCompilerPlugin' from project 'swift-syntax')
SwiftDriver\ Compilation\ Requirements SwiftCompilerPlugin normal arm64 com.apple.xcode.tools.swift.compiler (in target 'SwiftCompilerPlugin' from project 'swift-syntax')
cd /Users/admin/builder/spi-builder-workspace/.swiftpm/xcode
builtin-Swift-Compilation-Requirements -- /Applications/Xcode-27.0.0-Release.Candidate.app/Contents/Developer/Toolchains/XcodeDefault.xctoolchain/usr/bin/swiftc -parse-as-library -module-name SwiftCompilerPlugin -Onone @/Users/admin/builder/spi-builder-workspace/.derivedData/Build/Intermediates.noindex/swift-syntax.build/Debug/SwiftCompilerPlugin-t.build/Objects-normal/arm64/SwiftCompilerPlugin.SwiftFileList -DSWIFT_PACKAGE -DDEBUG -DSWIFT_MODULE_RESOURCE_BUNDLE_UNAVAILABLE -DXcode -plugin-path /Applications/Xcode-27.0.0-Release.Candidate.app/Contents/Developer/Toolchains/XcodeDefault.xctoolchain/usr/lib/swift/host/plugins/testing -enable-experimental-feature DebugDescriptionMacro -sdk /Applications/Xcode-27.0.0-Release.Candidate.app/Contents/Developer/Platforms/MacOSX.platform/Developer/SDKs/MacOSX27.0.sdk -target arm64-apple-macos12.0 -g -module-cache-path /Users/admin/builder/spi-builder-workspace/.derivedData/ModuleCache.noindex -Xfrontend -serialize-debugging-options -profile-coverage-mapping -profile-generate -enable-testing -suppress-warnings -index-store-path /Users/admin/builder/spi-builder-workspace/.derivedData/Index.noindex/DataStore -Xcc -D_LIBCPP_HARDENING_MODE\=_LIBCPP_HARDENING_MODE_DEBUG -swift-version 5 -I /Users/admin/builder/spi-builder-workspace/.derivedData/Build/Products/Debug -Isystem /Applications/Xcode-27.0.0-Release.Candidate.app/Contents/Developer/Platforms/MacOSX.platform/Developer/usr/lib -F /Users/admin/builder/spi-builder-workspace/.derivedData/Build/Products/Debug/PackageFrameworks -F /Users/admin/builder/spi-builder-workspace/.derivedData/Build/Products/Debug -F /Applications/Xcode-27.0.0-Release.Candidate.app/Contents/Developer/Platforms/MacOSX.platform/Developer/Library/Frameworks -c -j10 -enable-batch-mode -incremental -Xcc -ivfsstatcache -Xcc /Users/admin/builder/spi-builder-workspace/.derivedData/SDKStatCaches.noindex/macosx27.0-26A425-e829b21a6f8c9b70876ba0858053c0446a22442a12e9d48fe1a705f55a1adfc4.sdkstatcache -output-file-map /Users/admin/builder/spi-builder-workspace/.derivedData/Build/Intermediates.noindex/swift-syntax.build/Debug/SwiftCompilerPlugin-t.build/Objects-normal/arm64/SwiftCompilerPlugin-OutputFileMap.json -save-temps -no-color-diagnostics -explicit-module-build -module-cache-path /Users/admin/builder/spi-builder-workspace/.derivedData/Build/Intermediates.noindex/SwiftExplicitPrecompiledModules -clang-scanner-module-cache-path /Users/admin/builder/spi-builder-workspace/.derivedData/ModuleCache.noindex -sdk-module-cache-path /Users/admin/builder/spi-builder-workspace/.derivedData/SDKExplicitPrecompiledModules -emit-dependencies -emit-module -emit-module-path /Users/admin/builder/spi-builder-workspace/.derivedData/Build/Intermediates.noindex/swift-syntax.build/Debug/SwiftCompilerPlugin-t.build/Objects-normal/arm64/SwiftCompilerPlugin.swiftmodule -serialize-diagnostics -dependency-scan-serialize-diagnostics-path /Users/admin/builder/spi-builder-workspace/.derivedData/Build/Intermediates.noindex/swift-syntax.build/Debug/SwiftCompilerPlugin-t.build/Objects-normal/arm64/SwiftCompilerPlugin-dependency-scan.dia -validate-clang-modules-once -clang-build-session-file /Users/admin/builder/spi-builder-workspace/.derivedData/ModuleCache.noindex/Session.modulevalidation -Xcc -fmodules-prune-interval\=86400 -Xcc -fmodules-prune-after\=345600 -emit-const-values -const-gather-protocols-list /Users/admin/builder/spi-builder-workspace/.derivedData/Build/Intermediates.noindex/swift-syntax.build/Debug/SwiftCompilerPlugin-t.build/Objects-normal/arm64/SwiftCompilerPlugin_const_extract_protocols.json -Xcc -I/Users/admin/builder/spi-builder-workspace/.derivedData/Build/Products/Debug/include -Xcc -I/Users/admin/builder/spi-builder-workspace/.derivedData/Build/Intermediates.noindex/swift-syntax.build/Debug/SwiftCompilerPlugin-t.build/DerivedSources-normal/arm64 -Xcc -I/Users/admin/builder/spi-builder-workspace/.derivedData/Build/Intermediates.noindex/swift-syntax.build/Debug/SwiftCompilerPlugin-t.build/DerivedSources/arm64 -Xcc -I/Users/admin/builder/spi-builder-workspace/.derivedData/Build/Intermediates.noindex/swift-syntax.build/Debug/SwiftCompilerPlugin-t.build/DerivedSources -Xcc -DSWIFT_PACKAGE -Xcc -DDEBUG\=1 -emit-objc-header -emit-objc-header-path /Users/admin/builder/spi-builder-workspace/.derivedData/Build/Intermediates.noindex/swift-syntax.build/Debug/SwiftCompilerPlugin-t.build/Objects-normal/arm64/SwiftCompilerPlugin-Swift.h -working-directory /Users/admin/builder/spi-builder-workspace/.swiftpm/xcode -experimental-emit-module-separately -disable-cmo
SwiftDriver\ Compilation\ Requirements SwiftCompilerPlugin normal x86_64 com.apple.xcode.tools.swift.compiler (in target 'SwiftCompilerPlugin' from project 'swift-syntax')
cd /Users/admin/builder/spi-builder-workspace/.swiftpm/xcode
builtin-Swift-Compilation-Requirements -- /Applications/Xcode-27.0.0-Release.Candidate.app/Contents/Developer/Toolchains/XcodeDefault.xctoolchain/usr/bin/swiftc -parse-as-library -module-name SwiftCompilerPlugin -Onone @/Users/admin/builder/spi-builder-workspace/.derivedData/Build/Intermediates.noindex/swift-syntax.build/Debug/SwiftCompilerPlugin-t.build/Objects-normal/x86_64/SwiftCompilerPlugin.SwiftFileList -DSWIFT_PACKAGE -DDEBUG -DSWIFT_MODULE_RESOURCE_BUNDLE_UNAVAILABLE -DXcode -plugin-path /Applications/Xcode-27.0.0-Release.Candidate.app/Contents/Developer/Toolchains/XcodeDefault.xctoolchain/usr/lib/swift/host/plugins/testing -enable-experimental-feature DebugDescriptionMacro -sdk /Applications/Xcode-27.0.0-Release.Candidate.app/Contents/Developer/Platforms/MacOSX.platform/Developer/SDKs/MacOSX27.0.sdk -target x86_64-apple-macos12.0 -g -module-cache-path /Users/admin/builder/spi-builder-workspace/.derivedData/ModuleCache.noindex -Xfrontend -serialize-debugging-options -profile-coverage-mapping -profile-generate -enable-testing -suppress-warnings -index-store-path /Users/admin/builder/spi-builder-workspace/.derivedData/Index.noindex/DataStore -Xcc -D_LIBCPP_HARDENING_MODE\=_LIBCPP_HARDENING_MODE_DEBUG -swift-version 5 -I /Users/admin/builder/spi-builder-workspace/.derivedData/Build/Products/Debug -Isystem /Applications/Xcode-27.0.0-Release.Candidate.app/Contents/Developer/Platforms/MacOSX.platform/Developer/usr/lib -F /Users/admin/builder/spi-builder-workspace/.derivedData/Build/Products/Debug/PackageFrameworks -F /Users/admin/builder/spi-builder-workspace/.derivedData/Build/Products/Debug -F /Applications/Xcode-27.0.0-Release.Candidate.app/Contents/Developer/Platforms/MacOSX.platform/Developer/Library/Frameworks -c -j10 -enable-batch-mode -incremental -Xcc -ivfsstatcache -Xcc /Users/admin/builder/spi-builder-workspace/.derivedData/SDKStatCaches.noindex/macosx27.0-26A425-e829b21a6f8c9b70876ba0858053c0446a22442a12e9d48fe1a705f55a1adfc4.sdkstatcache -output-file-map /Users/admin/builder/spi-builder-workspace/.derivedData/Build/Intermediates.noindex/swift-syntax.build/Debug/SwiftCompilerPlugin-t.build/Objects-normal/x86_64/SwiftCompilerPlugin-OutputFileMap.json -save-temps -no-color-diagnostics -explicit-module-build -module-cache-path /Users/admin/builder/spi-builder-workspace/.derivedData/Build/Intermediates.noindex/SwiftExplicitPrecompiledModules -clang-scanner-module-cache-path /Users/admin/builder/spi-builder-workspace/.derivedData/ModuleCache.noindex -sdk-module-cache-path /Users/admin/builder/spi-builder-workspace/.derivedData/SDKExplicitPrecompiledModules -emit-dependencies -emit-module -emit-module-path /Users/admin/builder/spi-builder-workspace/.derivedData/Build/Intermediates.noindex/swift-syntax.build/Debug/SwiftCompilerPlugin-t.build/Objects-normal/x86_64/SwiftCompilerPlugin.swiftmodule -serialize-diagnostics -dependency-scan-serialize-diagnostics-path /Users/admin/builder/spi-builder-workspace/.derivedData/Build/Intermediates.noindex/swift-syntax.build/Debug/SwiftCompilerPlugin-t.build/Objects-normal/x86_64/SwiftCompilerPlugin-dependency-scan.dia -validate-clang-modules-once -clang-build-session-file /Users/admin/builder/spi-builder-workspace/.derivedData/ModuleCache.noindex/Session.modulevalidation -Xcc -fmodules-prune-interval\=86400 -Xcc -fmodules-prune-after\=345600 -emit-const-values -const-gather-protocols-list /Users/admin/builder/spi-builder-workspace/.derivedData/Build/Intermediates.noindex/swift-syntax.build/Debug/SwiftCompilerPlugin-t.build/Objects-normal/x86_64/SwiftCompilerPlugin_const_extract_protocols.json -Xcc -I/Users/admin/builder/spi-builder-workspace/.derivedData/Build/Products/Debug/include -Xcc -I/Users/admin/builder/spi-builder-workspace/.derivedData/Build/Intermediates.noindex/swift-syntax.build/Debug/SwiftCompilerPlugin-t.build/DerivedSources-normal/x86_64 -Xcc -I/Users/admin/builder/spi-builder-workspace/.derivedData/Build/Intermediates.noindex/swift-syntax.build/Debug/SwiftCompilerPlugin-t.build/DerivedSources/x86_64 -Xcc -I/Users/admin/builder/spi-builder-workspace/.derivedData/Build/Intermediates.noindex/swift-syntax.build/Debug/SwiftCompilerPlugin-t.build/DerivedSources -Xcc -DSWIFT_PACKAGE -Xcc -DDEBUG\=1 -emit-objc-header -emit-objc-header-path /Users/admin/builder/spi-builder-workspace/.derivedData/Build/Intermediates.noindex/swift-syntax.build/Debug/SwiftCompilerPlugin-t.build/Objects-normal/x86_64/SwiftCompilerPlugin-Swift.h -working-directory /Users/admin/builder/spi-builder-workspace/.swiftpm/xcode -experimental-emit-module-separately -disable-cmo
Copy /Users/admin/builder/spi-builder-workspace/.derivedData/Build/Products/Debug/SwiftCompilerPlugin.swiftmodule/arm64-apple-macos.swiftdoc /Users/admin/builder/spi-builder-workspace/.derivedData/Build/Intermediates.noindex/swift-syntax.build/Debug/SwiftCompilerPlugin-t.build/Objects-normal/arm64/SwiftCompilerPlugin.swiftdoc (in target 'SwiftCompilerPlugin' from project 'swift-syntax')
cd /Users/admin/builder/spi-builder-workspace/.dependencies/checkouts/swift-syntax
builtin-copy -exclude .DS_Store -exclude CVS -exclude .svn -exclude .git -exclude .hg -resolve-src-symlinks -rename /Users/admin/builder/spi-builder-workspace/.derivedData/Build/Intermediates.noindex/swift-syntax.build/Debug/SwiftCompilerPlugin-t.build/Objects-normal/arm64/SwiftCompilerPlugin.swiftdoc /Users/admin/builder/spi-builder-workspace/.derivedData/Build/Products/Debug/SwiftCompilerPlugin.swiftmodule/arm64-apple-macos.swiftdoc
Copy /Users/admin/builder/spi-builder-workspace/.derivedData/Build/Products/Debug/SwiftCompilerPlugin.swiftmodule/arm64-apple-macos.abi.json /Users/admin/builder/spi-builder-workspace/.derivedData/Build/Intermediates.noindex/swift-syntax.build/Debug/SwiftCompilerPlugin-t.build/Objects-normal/arm64/SwiftCompilerPlugin.abi.json (in target 'SwiftCompilerPlugin' from project 'swift-syntax')
cd /Users/admin/builder/spi-builder-workspace/.dependencies/checkouts/swift-syntax
builtin-copy -exclude .DS_Store -exclude CVS -exclude .svn -exclude .git -exclude .hg -resolve-src-symlinks -rename /Users/admin/builder/spi-builder-workspace/.derivedData/Build/Intermediates.noindex/swift-syntax.build/Debug/SwiftCompilerPlugin-t.build/Objects-normal/arm64/SwiftCompilerPlugin.abi.json /Users/admin/builder/spi-builder-workspace/.derivedData/Build/Products/Debug/SwiftCompilerPlugin.swiftmodule/arm64-apple-macos.abi.json
Copy /Users/admin/builder/spi-builder-workspace/.derivedData/Build/Products/Debug/SwiftCompilerPlugin.swiftmodule/arm64-apple-macos.swiftmodule /Users/admin/builder/spi-builder-workspace/.derivedData/Build/Intermediates.noindex/swift-syntax.build/Debug/SwiftCompilerPlugin-t.build/Objects-normal/arm64/SwiftCompilerPlugin.swiftmodule (in target 'SwiftCompilerPlugin' from project 'swift-syntax')
cd /Users/admin/builder/spi-builder-workspace/.dependencies/checkouts/swift-syntax
builtin-copy -exclude .DS_Store -exclude CVS -exclude .svn -exclude .git -exclude .hg -resolve-src-symlinks -rename /Users/admin/builder/spi-builder-workspace/.derivedData/Build/Intermediates.noindex/swift-syntax.build/Debug/SwiftCompilerPlugin-t.build/Objects-normal/arm64/SwiftCompilerPlugin.swiftmodule /Users/admin/builder/spi-builder-workspace/.derivedData/Build/Products/Debug/SwiftCompilerPlugin.swiftmodule/arm64-apple-macos.swiftmodule
Copy /Users/admin/builder/spi-builder-workspace/.derivedData/Build/Products/Debug/SwiftCompilerPlugin.swiftmodule/Project/arm64-apple-macos.swiftsourceinfo /Users/admin/builder/spi-builder-workspace/.derivedData/Build/Intermediates.noindex/swift-syntax.build/Debug/SwiftCompilerPlugin-t.build/Objects-normal/arm64/SwiftCompilerPlugin.swiftsourceinfo (in target 'SwiftCompilerPlugin' from project 'swift-syntax')
cd /Users/admin/builder/spi-builder-workspace/.dependencies/checkouts/swift-syntax
builtin-copy -exclude .DS_Store -exclude CVS -exclude .svn -exclude .git -exclude .hg -resolve-src-symlinks -rename /Users/admin/builder/spi-builder-workspace/.derivedData/Build/Intermediates.noindex/swift-syntax.build/Debug/SwiftCompilerPlugin-t.build/Objects-normal/arm64/SwiftCompilerPlugin.swiftsourceinfo /Users/admin/builder/spi-builder-workspace/.derivedData/Build/Products/Debug/SwiftCompilerPlugin.swiftmodule/Project/arm64-apple-macos.swiftsourceinfo
SwiftMergeGeneratedHeaders /Users/admin/builder/spi-builder-workspace/.derivedData/Build/Intermediates.noindex/GeneratedModuleMaps/SwiftCompilerPlugin-Swift.h /Users/admin/builder/spi-builder-workspace/.derivedData/Build/Intermediates.noindex/swift-syntax.build/Debug/SwiftCompilerPlugin-t.build/Objects-normal/arm64/SwiftCompilerPlugin-Swift.h /Users/admin/builder/spi-builder-workspace/.derivedData/Build/Intermediates.noindex/swift-syntax.build/Debug/SwiftCompilerPlugin-t.build/Objects-normal/x86_64/SwiftCompilerPlugin-Swift.h (in target 'SwiftCompilerPlugin' from project 'swift-syntax')
cd /Users/admin/builder/spi-builder-workspace/.dependencies/checkouts/swift-syntax
builtin-swiftHeaderTool -arch arm64 /Users/admin/builder/spi-builder-workspace/.derivedData/Build/Intermediates.noindex/swift-syntax.build/Debug/SwiftCompilerPlugin-t.build/Objects-normal/arm64/SwiftCompilerPlugin-Swift.h -arch x86_64 /Users/admin/builder/spi-builder-workspace/.derivedData/Build/Intermediates.noindex/swift-syntax.build/Debug/SwiftCompilerPlugin-t.build/Objects-normal/x86_64/SwiftCompilerPlugin-Swift.h -o /Users/admin/builder/spi-builder-workspace/.derivedData/Build/Intermediates.noindex/GeneratedModuleMaps/SwiftCompilerPlugin-Swift.h
Copy /Users/admin/builder/spi-builder-workspace/.derivedData/Build/Products/Debug/SwiftCompilerPlugin.swiftmodule/x86_64-apple-macos.swiftmodule /Users/admin/builder/spi-builder-workspace/.derivedData/Build/Intermediates.noindex/swift-syntax.build/Debug/SwiftCompilerPlugin-t.build/Objects-normal/x86_64/SwiftCompilerPlugin.swiftmodule (in target 'SwiftCompilerPlugin' from project 'swift-syntax')
cd /Users/admin/builder/spi-builder-workspace/.dependencies/checkouts/swift-syntax
builtin-copy -exclude .DS_Store -exclude CVS -exclude .svn -exclude .git -exclude .hg -resolve-src-symlinks -rename /Users/admin/builder/spi-builder-workspace/.derivedData/Build/Intermediates.noindex/swift-syntax.build/Debug/SwiftCompilerPlugin-t.build/Objects-normal/x86_64/SwiftCompilerPlugin.swiftmodule /Users/admin/builder/spi-builder-workspace/.derivedData/Build/Products/Debug/SwiftCompilerPlugin.swiftmodule/x86_64-apple-macos.swiftmodule
Copy /Users/admin/builder/spi-builder-workspace/.derivedData/Build/Products/Debug/SwiftCompilerPlugin.swiftmodule/x86_64-apple-macos.swiftdoc /Users/admin/builder/spi-builder-workspace/.derivedData/Build/Intermediates.noindex/swift-syntax.build/Debug/SwiftCompilerPlugin-t.build/Objects-normal/x86_64/SwiftCompilerPlugin.swiftdoc (in target 'SwiftCompilerPlugin' from project 'swift-syntax')
cd /Users/admin/builder/spi-builder-workspace/.dependencies/checkouts/swift-syntax
builtin-copy -exclude .DS_Store -exclude CVS -exclude .svn -exclude .git -exclude .hg -resolve-src-symlinks -rename /Users/admin/builder/spi-builder-workspace/.derivedData/Build/Intermediates.noindex/swift-syntax.build/Debug/SwiftCompilerPlugin-t.build/Objects-normal/x86_64/SwiftCompilerPlugin.swiftdoc /Users/admin/builder/spi-builder-workspace/.derivedData/Build/Products/Debug/SwiftCompilerPlugin.swiftmodule/x86_64-apple-macos.swiftdoc
Copy /Users/admin/builder/spi-builder-workspace/.derivedData/Build/Products/Debug/SwiftCompilerPlugin.swiftmodule/x86_64-apple-macos.abi.json /Users/admin/builder/spi-builder-workspace/.derivedData/Build/Intermediates.noindex/swift-syntax.build/Debug/SwiftCompilerPlugin-t.build/Objects-normal/x86_64/SwiftCompilerPlugin.abi.json (in target 'SwiftCompilerPlugin' from project 'swift-syntax')
cd /Users/admin/builder/spi-builder-workspace/.dependencies/checkouts/swift-syntax
builtin-copy -exclude .DS_Store -exclude CVS -exclude .svn -exclude .git -exclude .hg -resolve-src-symlinks -rename /Users/admin/builder/spi-builder-workspace/.derivedData/Build/Intermediates.noindex/swift-syntax.build/Debug/SwiftCompilerPlugin-t.build/Objects-normal/x86_64/SwiftCompilerPlugin.abi.json /Users/admin/builder/spi-builder-workspace/.derivedData/Build/Products/Debug/SwiftCompilerPlugin.swiftmodule/x86_64-apple-macos.abi.json
Copy /Users/admin/builder/spi-builder-workspace/.derivedData/Build/Products/Debug/SwiftCompilerPlugin.swiftmodule/Project/x86_64-apple-macos.swiftsourceinfo /Users/admin/builder/spi-builder-workspace/.derivedData/Build/Intermediates.noindex/swift-syntax.build/Debug/SwiftCompilerPlugin-t.build/Objects-normal/x86_64/SwiftCompilerPlugin.swiftsourceinfo (in target 'SwiftCompilerPlugin' from project 'swift-syntax')
cd /Users/admin/builder/spi-builder-workspace/.dependencies/checkouts/swift-syntax
builtin-copy -exclude .DS_Store -exclude CVS -exclude .svn -exclude .git -exclude .hg -resolve-src-symlinks -rename /Users/admin/builder/spi-builder-workspace/.derivedData/Build/Intermediates.noindex/swift-syntax.build/Debug/SwiftCompilerPlugin-t.build/Objects-normal/x86_64/SwiftCompilerPlugin.swiftsourceinfo /Users/admin/builder/spi-builder-workspace/.derivedData/Build/Products/Debug/SwiftCompilerPlugin.swiftmodule/Project/x86_64-apple-macos.swiftsourceinfo
SwiftDriverJobDiscovery normal arm64 Compiling CompilerPlugin.swift (in target 'SwiftCompilerPlugin' from project 'swift-syntax')
SwiftDriverJobDiscovery normal x86_64 Compiling CompilerPlugin.swift (in target 'SwiftCompilerPlugin' from project 'swift-syntax')
SwiftDriver\ Compilation SwiftCompilerPlugin normal x86_64 com.apple.xcode.tools.swift.compiler (in target 'SwiftCompilerPlugin' from project 'swift-syntax')
cd /Users/admin/builder/spi-builder-workspace/.swiftpm/xcode
builtin-Swift-Compilation -- /Applications/Xcode-27.0.0-Release.Candidate.app/Contents/Developer/Toolchains/XcodeDefault.xctoolchain/usr/bin/swiftc -parse-as-library -module-name SwiftCompilerPlugin -Onone @/Users/admin/builder/spi-builder-workspace/.derivedData/Build/Intermediates.noindex/swift-syntax.build/Debug/SwiftCompilerPlugin-t.build/Objects-normal/x86_64/SwiftCompilerPlugin.SwiftFileList -DSWIFT_PACKAGE -DDEBUG -DSWIFT_MODULE_RESOURCE_BUNDLE_UNAVAILABLE -DXcode -plugin-path /Applications/Xcode-27.0.0-Release.Candidate.app/Contents/Developer/Toolchains/XcodeDefault.xctoolchain/usr/lib/swift/host/plugins/testing -enable-experimental-feature DebugDescriptionMacro -sdk /Applications/Xcode-27.0.0-Release.Candidate.app/Contents/Developer/Platforms/MacOSX.platform/Developer/SDKs/MacOSX27.0.sdk -target x86_64-apple-macos12.0 -g -module-cache-path /Users/admin/builder/spi-builder-workspace/.derivedData/ModuleCache.noindex -Xfrontend -serialize-debugging-options -profile-coverage-mapping -profile-generate -enable-testing -suppress-warnings -index-store-path /Users/admin/builder/spi-builder-workspace/.derivedData/Index.noindex/DataStore -Xcc -D_LIBCPP_HARDENING_MODE\=_LIBCPP_HARDENING_MODE_DEBUG -swift-version 5 -I /Users/admin/builder/spi-builder-workspace/.derivedData/Build/Products/Debug -Isystem /Applications/Xcode-27.0.0-Release.Candidate.app/Contents/Developer/Platforms/MacOSX.platform/Developer/usr/lib -F /Users/admin/builder/spi-builder-workspace/.derivedData/Build/Products/Debug/PackageFrameworks -F /Users/admin/builder/spi-builder-workspace/.derivedData/Build/Products/Debug -F /Applications/Xcode-27.0.0-Release.Candidate.app/Contents/Developer/Platforms/MacOSX.platform/Developer/Library/Frameworks -c -j10 -enable-batch-mode -incremental -Xcc -ivfsstatcache -Xcc /Users/admin/builder/spi-builder-workspace/.derivedData/SDKStatCaches.noindex/macosx27.0-26A425-e829b21a6f8c9b70876ba0858053c0446a22442a12e9d48fe1a705f55a1adfc4.sdkstatcache -output-file-map /Users/admin/builder/spi-builder-workspace/.derivedData/Build/Intermediates.noindex/swift-syntax.build/Debug/SwiftCompilerPlugin-t.build/Objects-normal/x86_64/SwiftCompilerPlugin-OutputFileMap.json -save-temps -no-color-diagnostics -explicit-module-build -module-cache-path /Users/admin/builder/spi-builder-workspace/.derivedData/Build/Intermediates.noindex/SwiftExplicitPrecompiledModules -clang-scanner-module-cache-path /Users/admin/builder/spi-builder-workspace/.derivedData/ModuleCache.noindex -sdk-module-cache-path /Users/admin/builder/spi-builder-workspace/.derivedData/SDKExplicitPrecompiledModules -emit-dependencies -emit-module -emit-module-path /Users/admin/builder/spi-builder-workspace/.derivedData/Build/Intermediates.noindex/swift-syntax.build/Debug/SwiftCompilerPlugin-t.build/Objects-normal/x86_64/SwiftCompilerPlugin.swiftmodule -serialize-diagnostics -dependency-scan-serialize-diagnostics-path /Users/admin/builder/spi-builder-workspace/.derivedData/Build/Intermediates.noindex/swift-syntax.build/Debug/SwiftCompilerPlugin-t.build/Objects-normal/x86_64/SwiftCompilerPlugin-dependency-scan.dia -validate-clang-modules-once -clang-build-session-file /Users/admin/builder/spi-builder-workspace/.derivedData/ModuleCache.noindex/Session.modulevalidation -Xcc -fmodules-prune-interval\=86400 -Xcc -fmodules-prune-after\=345600 -emit-const-values -const-gather-protocols-list /Users/admin/builder/spi-builder-workspace/.derivedData/Build/Intermediates.noindex/swift-syntax.build/Debug/SwiftCompilerPlugin-t.build/Objects-normal/x86_64/SwiftCompilerPlugin_const_extract_protocols.json -Xcc -I/Users/admin/builder/spi-builder-workspace/.derivedData/Build/Products/Debug/include -Xcc -I/Users/admin/builder/spi-builder-workspace/.derivedData/Build/Intermediates.noindex/swift-syntax.build/Debug/SwiftCompilerPlugin-t.build/DerivedSources-normal/x86_64 -Xcc -I/Users/admin/builder/spi-builder-workspace/.derivedData/Build/Intermediates.noindex/swift-syntax.build/Debug/SwiftCompilerPlugin-t.build/DerivedSources/x86_64 -Xcc -I/Users/admin/builder/spi-builder-workspace/.derivedData/Build/Intermediates.noindex/swift-syntax.build/Debug/SwiftCompilerPlugin-t.build/DerivedSources -Xcc -DSWIFT_PACKAGE -Xcc -DDEBUG\=1 -emit-objc-header -emit-objc-header-path /Users/admin/builder/spi-builder-workspace/.derivedData/Build/Intermediates.noindex/swift-syntax.build/Debug/SwiftCompilerPlugin-t.build/Objects-normal/x86_64/SwiftCompilerPlugin-Swift.h -working-directory /Users/admin/builder/spi-builder-workspace/.swiftpm/xcode -experimental-emit-module-separately -disable-cmo
SwiftDriver\ Compilation SwiftCompilerPlugin normal arm64 com.apple.xcode.tools.swift.compiler (in target 'SwiftCompilerPlugin' from project 'swift-syntax')
cd /Users/admin/builder/spi-builder-workspace/.swiftpm/xcode
builtin-Swift-Compilation -- /Applications/Xcode-27.0.0-Release.Candidate.app/Contents/Developer/Toolchains/XcodeDefault.xctoolchain/usr/bin/swiftc -parse-as-library -module-name SwiftCompilerPlugin -Onone @/Users/admin/builder/spi-builder-workspace/.derivedData/Build/Intermediates.noindex/swift-syntax.build/Debug/SwiftCompilerPlugin-t.build/Objects-normal/arm64/SwiftCompilerPlugin.SwiftFileList -DSWIFT_PACKAGE -DDEBUG -DSWIFT_MODULE_RESOURCE_BUNDLE_UNAVAILABLE -DXcode -plugin-path /Applications/Xcode-27.0.0-Release.Candidate.app/Contents/Developer/Toolchains/XcodeDefault.xctoolchain/usr/lib/swift/host/plugins/testing -enable-experimental-feature DebugDescriptionMacro -sdk /Applications/Xcode-27.0.0-Release.Candidate.app/Contents/Developer/Platforms/MacOSX.platform/Developer/SDKs/MacOSX27.0.sdk -target arm64-apple-macos12.0 -g -module-cache-path /Users/admin/builder/spi-builder-workspace/.derivedData/ModuleCache.noindex -Xfrontend -serialize-debugging-options -profile-coverage-mapping -profile-generate -enable-testing -suppress-warnings -index-store-path /Users/admin/builder/spi-builder-workspace/.derivedData/Index.noindex/DataStore -Xcc -D_LIBCPP_HARDENING_MODE\=_LIBCPP_HARDENING_MODE_DEBUG -swift-version 5 -I /Users/admin/builder/spi-builder-workspace/.derivedData/Build/Products/Debug -Isystem /Applications/Xcode-27.0.0-Release.Candidate.app/Contents/Developer/Platforms/MacOSX.platform/Developer/usr/lib -F /Users/admin/builder/spi-builder-workspace/.derivedData/Build/Products/Debug/PackageFrameworks -F /Users/admin/builder/spi-builder-workspace/.derivedData/Build/Products/Debug -F /Applications/Xcode-27.0.0-Release.Candidate.app/Contents/Developer/Platforms/MacOSX.platform/Developer/Library/Frameworks -c -j10 -enable-batch-mode -incremental -Xcc -ivfsstatcache -Xcc /Users/admin/builder/spi-builder-workspace/.derivedData/SDKStatCaches.noindex/macosx27.0-26A425-e829b21a6f8c9b70876ba0858053c0446a22442a12e9d48fe1a705f55a1adfc4.sdkstatcache -output-file-map /Users/admin/builder/spi-builder-workspace/.derivedData/Build/Intermediates.noindex/swift-syntax.build/Debug/SwiftCompilerPlugin-t.build/Objects-normal/arm64/SwiftCompilerPlugin-OutputFileMap.json -save-temps -no-color-diagnostics -explicit-module-build -module-cache-path /Users/admin/builder/spi-builder-workspace/.derivedData/Build/Intermediates.noindex/SwiftExplicitPrecompiledModules -clang-scanner-module-cache-path /Users/admin/builder/spi-builder-workspace/.derivedData/ModuleCache.noindex -sdk-module-cache-path /Users/admin/builder/spi-builder-workspace/.derivedData/SDKExplicitPrecompiledModules -emit-dependencies -emit-module -emit-module-path /Users/admin/builder/spi-builder-workspace/.derivedData/Build/Intermediates.noindex/swift-syntax.build/Debug/SwiftCompilerPlugin-t.build/Objects-normal/arm64/SwiftCompilerPlugin.swiftmodule -serialize-diagnostics -dependency-scan-serialize-diagnostics-path /Users/admin/builder/spi-builder-workspace/.derivedData/Build/Intermediates.noindex/swift-syntax.build/Debug/SwiftCompilerPlugin-t.build/Objects-normal/arm64/SwiftCompilerPlugin-dependency-scan.dia -validate-clang-modules-once -clang-build-session-file /Users/admin/builder/spi-builder-workspace/.derivedData/ModuleCache.noindex/Session.modulevalidation -Xcc -fmodules-prune-interval\=86400 -Xcc -fmodules-prune-after\=345600 -emit-const-values -const-gather-protocols-list /Users/admin/builder/spi-builder-workspace/.derivedData/Build/Intermediates.noindex/swift-syntax.build/Debug/SwiftCompilerPlugin-t.build/Objects-normal/arm64/SwiftCompilerPlugin_const_extract_protocols.json -Xcc -I/Users/admin/builder/spi-builder-workspace/.derivedData/Build/Products/Debug/include -Xcc -I/Users/admin/builder/spi-builder-workspace/.derivedData/Build/Intermediates.noindex/swift-syntax.build/Debug/SwiftCompilerPlugin-t.build/DerivedSources-normal/arm64 -Xcc -I/Users/admin/builder/spi-builder-workspace/.derivedData/Build/Intermediates.noindex/swift-syntax.build/Debug/SwiftCompilerPlugin-t.build/DerivedSources/arm64 -Xcc -I/Users/admin/builder/spi-builder-workspace/.derivedData/Build/Intermediates.noindex/swift-syntax.build/Debug/SwiftCompilerPlugin-t.build/DerivedSources -Xcc -DSWIFT_PACKAGE -Xcc -DDEBUG\=1 -emit-objc-header -emit-objc-header-path /Users/admin/builder/spi-builder-workspace/.derivedData/Build/Intermediates.noindex/swift-syntax.build/Debug/SwiftCompilerPlugin-t.build/Objects-normal/arm64/SwiftCompilerPlugin-Swift.h -working-directory /Users/admin/builder/spi-builder-workspace/.swiftpm/xcode -experimental-emit-module-separately -disable-cmo
Ld /Users/admin/builder/spi-builder-workspace/.derivedData/Build/Intermediates.noindex/swift-syntax.build/Debug/SwiftCompilerPlugin-t.build/Objects-normal/arm64/Binary/SwiftCompilerPlugin.o normal arm64 (in target 'SwiftCompilerPlugin' from project 'swift-syntax')
cd /Users/admin/builder/spi-builder-workspace/.dependencies/checkouts/swift-syntax
/Applications/Xcode-27.0.0-Release.Candidate.app/Contents/Developer/Toolchains/XcodeDefault.xctoolchain/usr/bin/clang -Xlinker -reproducible -target arm64-apple-macos12.0 -r -isysroot /Applications/Xcode-27.0.0-Release.Candidate.app/Contents/Developer/Platforms/MacOSX.platform/Developer/SDKs/MacOSX27.0.sdk -O0 -w -Xlinker -no_warn_duplicate_libraries -F/Users/admin/builder/spi-builder-workspace/.derivedData/Build/Intermediates.noindex/EagerLinkingTBDs/Debug -F/Users/admin/builder/spi-builder-workspace/.derivedData/Build/Products/Debug/PackageFrameworks -F/Users/admin/builder/spi-builder-workspace/.derivedData/Build/Products/Debug -iframework /Applications/Xcode-27.0.0-Release.Candidate.app/Contents/Developer/Platforms/MacOSX.platform/Developer/Library/Frameworks -filelist /Users/admin/builder/spi-builder-workspace/.derivedData/Build/Intermediates.noindex/swift-syntax.build/Debug/SwiftCompilerPlugin-t.build/Objects-normal/arm64/SwiftCompilerPlugin.LinkFileList -nostdlib -Xlinker -object_path_lto -Xlinker /Users/admin/builder/spi-builder-workspace/.derivedData/Build/Intermediates.noindex/swift-syntax.build/Debug/SwiftCompilerPlugin-t.build/Objects-normal/arm64/SwiftCompilerPlugin_lto.o -Xlinker -no_deduplicate -Xlinker -debug_variant -Xlinker -dependency_info -Xlinker /Users/admin/builder/spi-builder-workspace/.derivedData/Build/Intermediates.noindex/swift-syntax.build/Debug/SwiftCompilerPlugin-t.build/Objects-normal/arm64/SwiftCompilerPlugin_dependency_info.dat -fobjc-link-runtime -L/Applications/Xcode-27.0.0-Release.Candidate.app/Contents/Developer/Toolchains/XcodeDefault.xctoolchain/usr/lib/swift/macosx -L/usr/lib/swift -Xlinker -add_ast_path -Xlinker /Users/admin/builder/spi-builder-workspace/.derivedData/Build/Intermediates.noindex/swift-syntax.build/Debug/SwiftCompilerPlugin-t.build/Objects-normal/arm64/SwiftCompilerPlugin.swiftmodule -o /Users/admin/builder/spi-builder-workspace/.derivedData/Build/Intermediates.noindex/swift-syntax.build/Debug/SwiftCompilerPlugin-t.build/Objects-normal/arm64/Binary/SwiftCompilerPlugin.o
Ld /Users/admin/builder/spi-builder-workspace/.derivedData/Build/Intermediates.noindex/swift-syntax.build/Debug/SwiftCompilerPlugin-t.build/Objects-normal/x86_64/Binary/SwiftCompilerPlugin.o normal x86_64 (in target 'SwiftCompilerPlugin' from project 'swift-syntax')
cd /Users/admin/builder/spi-builder-workspace/.dependencies/checkouts/swift-syntax
/Applications/Xcode-27.0.0-Release.Candidate.app/Contents/Developer/Toolchains/XcodeDefault.xctoolchain/usr/bin/clang -Xlinker -reproducible -target x86_64-apple-macos12.0 -r -isysroot /Applications/Xcode-27.0.0-Release.Candidate.app/Contents/Developer/Platforms/MacOSX.platform/Developer/SDKs/MacOSX27.0.sdk -O0 -w -Xlinker -no_warn_duplicate_libraries -F/Users/admin/builder/spi-builder-workspace/.derivedData/Build/Intermediates.noindex/EagerLinkingTBDs/Debug -F/Users/admin/builder/spi-builder-workspace/.derivedData/Build/Products/Debug/PackageFrameworks -F/Users/admin/builder/spi-builder-workspace/.derivedData/Build/Products/Debug -iframework /Applications/Xcode-27.0.0-Release.Candidate.app/Contents/Developer/Platforms/MacOSX.platform/Developer/Library/Frameworks -filelist /Users/admin/builder/spi-builder-workspace/.derivedData/Build/Intermediates.noindex/swift-syntax.build/Debug/SwiftCompilerPlugin-t.build/Objects-normal/x86_64/SwiftCompilerPlugin.LinkFileList -nostdlib -Xlinker -object_path_lto -Xlinker /Users/admin/builder/spi-builder-workspace/.derivedData/Build/Intermediates.noindex/swift-syntax.build/Debug/SwiftCompilerPlugin-t.build/Objects-normal/x86_64/SwiftCompilerPlugin_lto.o -Xlinker -no_deduplicate -Xlinker -debug_variant -Xlinker -dependency_info -Xlinker /Users/admin/builder/spi-builder-workspace/.derivedData/Build/Intermediates.noindex/swift-syntax.build/Debug/SwiftCompilerPlugin-t.build/Objects-normal/x86_64/SwiftCompilerPlugin_dependency_info.dat -fobjc-link-runtime -L/Applications/Xcode-27.0.0-Release.Candidate.app/Contents/Developer/Toolchains/XcodeDefault.xctoolchain/usr/lib/swift/macosx -L/usr/lib/swift -Xlinker -add_ast_path -Xlinker /Users/admin/builder/spi-builder-workspace/.derivedData/Build/Intermediates.noindex/swift-syntax.build/Debug/SwiftCompilerPlugin-t.build/Objects-normal/x86_64/SwiftCompilerPlugin.swiftmodule -o /Users/admin/builder/spi-builder-workspace/.derivedData/Build/Intermediates.noindex/swift-syntax.build/Debug/SwiftCompilerPlugin-t.build/Objects-normal/x86_64/Binary/SwiftCompilerPlugin.o
CreateUniversalBinary /Users/admin/builder/spi-builder-workspace/.derivedData/Build/Products/Debug/SwiftCompilerPlugin.o normal arm64\ x86_64 (in target 'SwiftCompilerPlugin' from project 'swift-syntax')
cd /Users/admin/builder/spi-builder-workspace/.dependencies/checkouts/swift-syntax
/Applications/Xcode-27.0.0-Release.Candidate.app/Contents/Developer/Toolchains/XcodeDefault.xctoolchain/usr/bin/lipo -create /Users/admin/builder/spi-builder-workspace/.derivedData/Build/Intermediates.noindex/swift-syntax.build/Debug/SwiftCompilerPlugin-t.build/Objects-normal/arm64/Binary/SwiftCompilerPlugin.o /Users/admin/builder/spi-builder-workspace/.derivedData/Build/Intermediates.noindex/swift-syntax.build/Debug/SwiftCompilerPlugin-t.build/Objects-normal/x86_64/Binary/SwiftCompilerPlugin.o -output /Users/admin/builder/spi-builder-workspace/.derivedData/Build/Products/Debug/SwiftCompilerPlugin.o
ExtractAppIntentsMetadata (in target 'SwiftCompilerPlugin' from project 'swift-syntax')
cd /Users/admin/builder/spi-builder-workspace/.dependencies/checkouts/swift-syntax
/Applications/Xcode-27.0.0-Release.Candidate.app/Contents/Developer/Toolchains/XcodeDefault.xctoolchain/usr/bin/appintentsmetadataprocessor --toolchain-dir /var/run/com.apple.security.cryptexd/mnt/com.apple.MobileAsset.MetalToolchain-v27.1.266.1.d5HJJF/Metal.xctoolchain --module-name SwiftCompilerPlugin --sdk-root /Applications/Xcode-27.0.0-Release.Candidate.app/Contents/Developer/Platforms/MacOSX.platform/Developer/SDKs/MacOSX27.0.sdk --xcode-version 27A266a --platform-family macOS --deployment-target 12.0 --bundle-identifier swift-syntax.SwiftCompilerPlugin --output /Users/admin/builder/spi-builder-workspace/.derivedData/Build/Products/Debug/SwiftCompilerPlugin.appintents --target-triple arm64-apple-macos12.0 --target-triple x86_64-apple-macos12.0 --binary-file /Users/admin/builder/spi-builder-workspace/.derivedData/Build/Products/Debug/SwiftCompilerPlugin.o --dependency-file /Users/admin/builder/spi-builder-workspace/.derivedData/Build/Intermediates.noindex/swift-syntax.build/Debug/SwiftCompilerPlugin-t.build/Objects-normal/arm64/SwiftCompilerPlugin_dependency_info.dat --dependency-file /Users/admin/builder/spi-builder-workspace/.derivedData/Build/Intermediates.noindex/swift-syntax.build/Debug/SwiftCompilerPlugin-t.build/Objects-normal/x86_64/SwiftCompilerPlugin_dependency_info.dat --stringsdata-file /Users/admin/builder/spi-builder-workspace/.derivedData/Build/Intermediates.noindex/swift-syntax.build/Debug/SwiftCompilerPlugin-t.build/Objects-normal/arm64/ExtractedAppShortcutsMetadata.stringsdata --stringsdata-file /Users/admin/builder/spi-builder-workspace/.derivedData/Build/Intermediates.noindex/swift-syntax.build/Debug/SwiftCompilerPlugin-t.build/Objects-normal/x86_64/ExtractedAppShortcutsMetadata.stringsdata --source-file-list /Users/admin/builder/spi-builder-workspace/.derivedData/Build/Intermediates.noindex/swift-syntax.build/Debug/SwiftCompilerPlugin-t.build/Objects-normal/arm64/SwiftCompilerPlugin.SwiftFileList --source-file-list /Users/admin/builder/spi-builder-workspace/.derivedData/Build/Intermediates.noindex/swift-syntax.build/Debug/SwiftCompilerPlugin-t.build/Objects-normal/x86_64/SwiftCompilerPlugin.SwiftFileList --metadata-file-list /Users/admin/builder/spi-builder-workspace/.derivedData/Build/Intermediates.noindex/swift-syntax.build/Debug/SwiftCompilerPlugin-t.build/SwiftCompilerPlugin.DependencyMetadataFileList --static-metadata-file-list /Users/admin/builder/spi-builder-workspace/.derivedData/Build/Intermediates.noindex/swift-syntax.build/Debug/SwiftCompilerPlugin-t.build/SwiftCompilerPlugin.DependencyStaticMetadataFileList --swift-const-vals-list /Users/admin/builder/spi-builder-workspace/.derivedData/Build/Intermediates.noindex/swift-syntax.build/Debug/SwiftCompilerPlugin-t.build/Objects-normal/arm64/SwiftCompilerPlugin.SwiftConstValuesFileList --swift-const-vals-list /Users/admin/builder/spi-builder-workspace/.derivedData/Build/Intermediates.noindex/swift-syntax.build/Debug/SwiftCompilerPlugin-t.build/Objects-normal/x86_64/SwiftCompilerPlugin.SwiftConstValuesFileList --force --compile-time-extraction --deployment-aware-processing --no-app-shortcuts-localization
2026-09-22 23:33:41.985 appintentsmetadataprocessor[1056:6341] Starting appintentsmetadataprocessor export
2026-09-22 23:33:42.042 appintentsmetadataprocessor[1056:6341] Extracted no relevant App Intents symbols, skipping writing output
WriteAuxiliaryFile /Users/admin/builder/spi-builder-workspace/.derivedData/Build/Intermediates.noindex/RegexWithDescription.build/Debug/RegexWithDescriptionMacros-t.build/RegexWithDescriptionMacros.DependencyMetadataFileList (in target 'RegexWithDescriptionMacros' from project 'RegexWithDescription')
cd /Users/admin/builder/spi-builder-workspace
write-file /Users/admin/builder/spi-builder-workspace/.derivedData/Build/Intermediates.noindex/RegexWithDescription.build/Debug/RegexWithDescriptionMacros-t.build/RegexWithDescriptionMacros.DependencyMetadataFileList
WriteAuxiliaryFile /Users/admin/builder/spi-builder-workspace/.derivedData/Build/Intermediates.noindex/RegexWithDescription.build/Debug/RegexWithDescriptionMacros-t.build/RegexWithDescriptionMacros.DependencyStaticMetadataFileList (in target 'RegexWithDescriptionMacros' from project 'RegexWithDescription')
cd /Users/admin/builder/spi-builder-workspace
write-file /Users/admin/builder/spi-builder-workspace/.derivedData/Build/Intermediates.noindex/RegexWithDescription.build/Debug/RegexWithDescriptionMacros-t.build/RegexWithDescriptionMacros.DependencyStaticMetadataFileList
WriteAuxiliaryFile /Users/admin/builder/spi-builder-workspace/.derivedData/Build/Intermediates.noindex/RegexWithDescription.build/Debug/RegexWithDescriptionMacros-t.build/Objects-normal/arm64/RegexWithDescriptionMacros_const_extract_protocols.json (in target 'RegexWithDescriptionMacros' from project 'RegexWithDescription')
cd /Users/admin/builder/spi-builder-workspace
write-file /Users/admin/builder/spi-builder-workspace/.derivedData/Build/Intermediates.noindex/RegexWithDescription.build/Debug/RegexWithDescriptionMacros-t.build/Objects-normal/arm64/RegexWithDescriptionMacros_const_extract_protocols.json
WriteAuxiliaryFile /Users/admin/builder/spi-builder-workspace/.derivedData/Build/Intermediates.noindex/RegexWithDescription.build/Debug/RegexWithDescriptionMacros-t.build/Objects-normal/arm64/RegexWithDescriptionMacros.LinkFileList (in target 'RegexWithDescriptionMacros' from project 'RegexWithDescription')
cd /Users/admin/builder/spi-builder-workspace
write-file /Users/admin/builder/spi-builder-workspace/.derivedData/Build/Intermediates.noindex/RegexWithDescription.build/Debug/RegexWithDescriptionMacros-t.build/Objects-normal/arm64/RegexWithDescriptionMacros.LinkFileList
WriteAuxiliaryFile /Users/admin/builder/spi-builder-workspace/.derivedData/Build/Intermediates.noindex/RegexWithDescription.build/Debug/RegexWithDescriptionMacros-t.build/Objects-normal/arm64/RegexWithDescriptionMacros.SwiftFileList (in target 'RegexWithDescriptionMacros' from project 'RegexWithDescription')
cd /Users/admin/builder/spi-builder-workspace
write-file /Users/admin/builder/spi-builder-workspace/.derivedData/Build/Intermediates.noindex/RegexWithDescription.build/Debug/RegexWithDescriptionMacros-t.build/Objects-normal/arm64/RegexWithDescriptionMacros.SwiftFileList
WriteAuxiliaryFile /Users/admin/builder/spi-builder-workspace/.derivedData/Build/Intermediates.noindex/RegexWithDescription.build/Debug/RegexWithDescriptionMacros-t.build/Objects-normal/arm64/RegexWithDescriptionMacros-OutputFileMap.json (in target 'RegexWithDescriptionMacros' from project 'RegexWithDescription')
cd /Users/admin/builder/spi-builder-workspace
write-file /Users/admin/builder/spi-builder-workspace/.derivedData/Build/Intermediates.noindex/RegexWithDescription.build/Debug/RegexWithDescriptionMacros-t.build/Objects-normal/arm64/RegexWithDescriptionMacros-OutputFileMap.json
SwiftDriver RegexWithDescriptionMacros normal arm64 com.apple.xcode.tools.swift.compiler (in target 'RegexWithDescriptionMacros' from project 'RegexWithDescription')
cd /Users/admin/builder/spi-builder-workspace/.swiftpm/xcode
builtin-SwiftDriver -- /Applications/Xcode-27.0.0-Release.Candidate.app/Contents/Developer/Toolchains/XcodeDefault.xctoolchain/usr/bin/swiftc -parse-as-library -module-name RegexWithDescriptionMacros -Onone @/Users/admin/builder/spi-builder-workspace/.derivedData/Build/Intermediates.noindex/RegexWithDescription.build/Debug/RegexWithDescriptionMacros-t.build/Objects-normal/arm64/RegexWithDescriptionMacros.SwiftFileList -DSWIFT_PACKAGE -DDEBUG -DXcode -plugin-path /Applications/Xcode-27.0.0-Release.Candidate.app/Contents/Developer/Toolchains/XcodeDefault.xctoolchain/usr/lib/swift/host/plugins/testing -enable-experimental-feature DebugDescriptionMacro -sdk /Applications/Xcode-27.0.0-Release.Candidate.app/Contents/Developer/Platforms/MacOSX.platform/Developer/SDKs/MacOSX27.0.sdk -target arm64-apple-macos13.0 -g -module-cache-path /Users/admin/builder/spi-builder-workspace/.derivedData/ModuleCache.noindex -Xfrontend -serialize-debugging-options -profile-coverage-mapping -profile-generate -enable-testing -index-store-path /Users/admin/builder/spi-builder-workspace/.derivedData/Index.noindex/DataStore -Xcc -D_LIBCPP_HARDENING_MODE\=_LIBCPP_HARDENING_MODE_DEBUG -swift-version 6 -I /Users/admin/builder/spi-builder-workspace/.derivedData/Build/Products/Debug -Isystem /Applications/Xcode-27.0.0-Release.Candidate.app/Contents/Developer/Platforms/MacOSX.platform/Developer/usr/lib -F /Users/admin/builder/spi-builder-workspace/.derivedData/Build/Products/Debug/PackageFrameworks -F /Users/admin/builder/spi-builder-workspace/.derivedData/Build/Products/Debug -F /Applications/Xcode-27.0.0-Release.Candidate.app/Contents/Developer/Platforms/MacOSX.platform/Developer/Library/Frameworks -c -j10 -enable-batch-mode -incremental -Xcc -ivfsstatcache -Xcc /Users/admin/builder/spi-builder-workspace/.derivedData/SDKStatCaches.noindex/macosx27.0-26A425-e829b21a6f8c9b70876ba0858053c0446a22442a12e9d48fe1a705f55a1adfc4.sdkstatcache -output-file-map /Users/admin/builder/spi-builder-workspace/.derivedData/Build/Intermediates.noindex/RegexWithDescription.build/Debug/RegexWithDescriptionMacros-t.build/Objects-normal/arm64/RegexWithDescriptionMacros-OutputFileMap.json -save-temps -no-color-diagnostics -explicit-module-build -module-cache-path /Users/admin/builder/spi-builder-workspace/.derivedData/Build/Intermediates.noindex/SwiftExplicitPrecompiledModules -clang-scanner-module-cache-path /Users/admin/builder/spi-builder-workspace/.derivedData/ModuleCache.noindex -sdk-module-cache-path /Users/admin/builder/spi-builder-workspace/.derivedData/SDKExplicitPrecompiledModules -emit-dependencies -emit-module -emit-module-path /Users/admin/builder/spi-builder-workspace/.derivedData/Build/Intermediates.noindex/RegexWithDescription.build/Debug/RegexWithDescriptionMacros-t.build/Objects-normal/arm64/RegexWithDescriptionMacros.swiftmodule -serialize-diagnostics -dependency-scan-serialize-diagnostics-path /Users/admin/builder/spi-builder-workspace/.derivedData/Build/Intermediates.noindex/RegexWithDescription.build/Debug/RegexWithDescriptionMacros-t.build/Objects-normal/arm64/RegexWithDescriptionMacros-dependency-scan.dia -validate-clang-modules-once -clang-build-session-file /Users/admin/builder/spi-builder-workspace/.derivedData/ModuleCache.noindex/Session.modulevalidation -Xcc -fmodules-prune-interval\=86400 -Xcc -fmodules-prune-after\=345600 -package-name spi_builder_workspace -emit-const-values -const-gather-protocols-list /Users/admin/builder/spi-builder-workspace/.derivedData/Build/Intermediates.noindex/RegexWithDescription.build/Debug/RegexWithDescriptionMacros-t.build/Objects-normal/arm64/RegexWithDescriptionMacros_const_extract_protocols.json -Xcc -I/Users/admin/builder/spi-builder-workspace/.derivedData/Build/Products/Debug/include -Xcc -I/Users/admin/builder/spi-builder-workspace/.derivedData/Build/Intermediates.noindex/RegexWithDescription.build/Debug/RegexWithDescriptionMacros-t.build/DerivedSources-normal/arm64 -Xcc -I/Users/admin/builder/spi-builder-workspace/.derivedData/Build/Intermediates.noindex/RegexWithDescription.build/Debug/RegexWithDescriptionMacros-t.build/DerivedSources/arm64 -Xcc -I/Users/admin/builder/spi-builder-workspace/.derivedData/Build/Intermediates.noindex/RegexWithDescription.build/Debug/RegexWithDescriptionMacros-t.build/DerivedSources -Xcc -DSWIFT_PACKAGE -Xcc -DDEBUG\=1 -working-directory /Users/admin/builder/spi-builder-workspace/.swiftpm/xcode -experimental-emit-module-separately -disable-cmo
SwiftExplicitDependencyGeneratePcm arm64 /Users/admin/builder/spi-builder-workspace/.derivedData/SDKExplicitPrecompiledModules/_AvailabilityInternal-5OQ8S18SKM02L42PKV6U5ZAWA.pcm
SwiftExplicitDependencyGeneratePcm arm64 /Users/admin/builder/spi-builder-workspace/.derivedData/SDKExplicitPrecompiledModules/ptrauth-7VGYQCV549PIPP0FHI45MYEXG.pcm
SwiftExplicitDependencyGeneratePcm arm64 /Users/admin/builder/spi-builder-workspace/.derivedData/SDKExplicitPrecompiledModules/_Builtin_stddef-BRQYWAPA5F9I3AGC7LZEIAIGS.pcm
SwiftExplicitDependencyGeneratePcm arm64 /Users/admin/builder/spi-builder-workspace/.derivedData/SDKExplicitPrecompiledModules/_Builtin_stdbool-8V6HC39D8H2ZKW3GSD1KJ09A9.pcm
SwiftExplicitDependencyGeneratePcm arm64 /Users/admin/builder/spi-builder-workspace/.derivedData/SDKExplicitPrecompiledModules/SwiftShims-8117TUG7HSOLBQL517OWAROM7.pcm
SwiftExplicitDependencyGeneratePcm arm64 /Users/admin/builder/spi-builder-workspace/.derivedData/SDKExplicitPrecompiledModules/_Builtin_stdarg-DVP6W0QP66W8E74TX0GQAIEFM.pcm
SwiftExplicitDependencyGeneratePcm arm64 /Users/admin/builder/spi-builder-workspace/.derivedData/SDKExplicitPrecompiledModules/_SwiftConcurrencyShims-11TYQJH3GW4GGN6M952RT44S2.pcm
SwiftExplicitDependencyGeneratePcm arm64 /Users/admin/builder/spi-builder-workspace/.derivedData/SDKExplicitPrecompiledModules/_Builtin_float-EXGUO4XEWWSRONNTP4II1R3BM.pcm
SwiftExplicitDependencyGeneratePcm arm64 /Users/admin/builder/spi-builder-workspace/.derivedData/SDKExplicitPrecompiledModules/ptrcheck-7F7OST5MV9OHXZMCIL2H6FYAO.pcm
SwiftExplicitDependencyGeneratePcm arm64 /Users/admin/builder/spi-builder-workspace/.derivedData/SDKExplicitPrecompiledModules/_DarwinFoundation1-CEB668520FVMM3FPLUP3ZX3DP.pcm
SwiftExplicitDependencyGeneratePcm arm64 /Users/admin/builder/spi-builder-workspace/.derivedData/SDKExplicitPrecompiledModules/_Builtin_limits-HXF6WMF65IXTY4LB9YQRPDVS.pcm
SwiftExplicitDependencyGeneratePcm arm64 /Users/admin/builder/spi-builder-workspace/.derivedData/SDKExplicitPrecompiledModules/_DarwinFoundation2-8A4UVIA5QLD0UNZXBQYRW6KN7.pcm
SwiftExplicitDependencyGeneratePcm arm64 /Users/admin/builder/spi-builder-workspace/.derivedData/SDKExplicitPrecompiledModules/string_h-6TIYHCG4O23ZFSK467Q1J0323.pcm
SwiftExplicitDependencyGeneratePcm arm64 /Users/admin/builder/spi-builder-workspace/.derivedData/SDKExplicitPrecompiledModules/sys_types-8B5WBGNKQGP8VGVHGXXFAVHM4.pcm
SwiftExplicitDependencyGeneratePcm arm64 /Users/admin/builder/spi-builder-workspace/.derivedData/SDKExplicitPrecompiledModules/_Builtin_stdint-1OD4P9W70NM45YK5V1IH8JOXR.pcm
SwiftExplicitDependencyGeneratePcm arm64 /Users/admin/builder/spi-builder-workspace/.derivedData/SDKExplicitPrecompiledModules/_DarwinFoundation3-DNXKXFFQ8MRLRO9KQN10R21I0.pcm
SwiftExplicitDependencyGeneratePcm arm64 /Users/admin/builder/spi-builder-workspace/.derivedData/SDKExplicitPrecompiledModules/_Builtin_stdatomic-1R9WVHFT4FALJXANBPLNOQ734.pcm
SwiftExplicitDependencyGeneratePcm arm64 /Users/admin/builder/spi-builder-workspace/.derivedData/SDKExplicitPrecompiledModules/libDER-9VW90WXB13JUMGRN6F5ZRJXU0.pcm
SwiftExplicitDependencyGeneratePcm arm64 /Users/admin/builder/spi-builder-workspace/.derivedData/SDKExplicitPrecompiledModules/_Builtin_inttypes-489CMR9E9YGXYB1ZU4Y2FSN2V.pcm
SwiftExplicitDependencyGeneratePcm arm64 /Users/admin/builder/spi-builder-workspace/.derivedData/SDKExplicitPrecompiledModules/Darwin-4SSYTF9FPWUAJVNBQDXTH3HIS.pcm
SwiftExplicitDependencyGeneratePcm arm64 /Users/admin/builder/spi-builder-workspace/.derivedData/SDKExplicitPrecompiledModules/MachO-4D0HJWYC59S7APTHBHDUKR7KJ.pcm
SwiftExplicitDependencyGeneratePcm arm64 /Users/admin/builder/spi-builder-workspace/.derivedData/SDKExplicitPrecompiledModules/launch-EFXL3YL04KHGWJLOU1XU768V7.pcm
SwiftExplicitDependencyGeneratePcm arm64 /Users/admin/builder/spi-builder-workspace/.derivedData/SDKExplicitPrecompiledModules/libkern-DC5VSWS0W4A07Q7BUF7Q8VYMV.pcm
SwiftExplicitDependencyGeneratePcm arm64 /Users/admin/builder/spi-builder-workspace/.derivedData/SDKExplicitPrecompiledModules/ObjectiveC-5UUM8AH9LJRERY99K1GUBURMO.pcm
SwiftExplicitDependencyGeneratePcm arm64 /Users/admin/builder/spi-builder-workspace/.derivedData/SDKExplicitPrecompiledModules/os_object-BTDIN6QZYDLDQ14FCV3ILP969.pcm
SwiftExplicitDependencyGeneratePcm arm64 /Users/admin/builder/spi-builder-workspace/.derivedData/SDKExplicitPrecompiledModules/os_workgroup-5KW4GI1VTT4BL3CP7IBC3MXQT.pcm
SwiftExplicitDependencyGeneratePcm arm64 /Users/admin/builder/spi-builder-workspace/.derivedData/SDKExplicitPrecompiledModules/Dispatch-6G7SC7DNRDQILDZM7AA5CBO9R.pcm
SwiftExplicitDependencyGeneratePcm arm64 /Users/admin/builder/spi-builder-workspace/.derivedData/SDKExplicitPrecompiledModules/CoreFoundation-DM89H54DP422N6SIFFXP5XPSQ.pcm
SwiftExplicitDependencyGeneratePcm arm64 /Users/admin/builder/spi-builder-workspace/.derivedData/SDKExplicitPrecompiledModules/XPC-BCOQO9UGC7BBHCJY0IGQSWASH.pcm
SwiftExplicitDependencyGeneratePcm arm64 /Users/admin/builder/spi-builder-workspace/.derivedData/SDKExplicitPrecompiledModules/os-C7U69HZXFHL69YJDFLWT0U3FZ.pcm
SwiftExplicitDependencyGeneratePcm arm64 /Users/admin/builder/spi-builder-workspace/.derivedData/SDKExplicitPrecompiledModules/Security-9SU97HPC9MZ0C0LR3CKCOZQAP.pcm
SwiftExplicitDependencyGeneratePcm arm64 /Users/admin/builder/spi-builder-workspace/.derivedData/SDKExplicitPrecompiledModules/CFNetwork-1WQZZ3LJFUKBFXPPIBIBOWVLB.pcm
SwiftExplicitDependencyGeneratePcm arm64 /Users/admin/builder/spi-builder-workspace/.derivedData/SDKExplicitPrecompiledModules/IOKit-CEDFRGTVIVCLLLHYJXGM0PFVL.pcm
SwiftExplicitDependencyGeneratePcm arm64 /Users/admin/builder/spi-builder-workspace/.derivedData/SDKExplicitPrecompiledModules/DiskArbitration-32YV8CK2DX7VR3YJCQJ2LRQBO.pcm
SwiftExplicitDependencyGeneratePcm arm64 /Users/admin/builder/spi-builder-workspace/.derivedData/SDKExplicitPrecompiledModules/CoreServices-C4V7JAU987T6ELRKRI0FAGTZQ.pcm
SwiftExplicitDependencyGeneratePcm arm64 /Users/admin/builder/spi-builder-workspace/.derivedData/SDKExplicitPrecompiledModules/Foundation-3KHMOXHUOEX7MI4E04DWEG25Z.pcm
SwiftExplicitDependencyGeneratePcm arm64 /Users/admin/builder/spi-builder-workspace/.derivedData/SDKExplicitPrecompiledModules/OSLog-DNA8KCBYX02UANA3SZWSGA9FK.pcm
SwiftEmitModule normal arm64 Emitting\ module\ for\ RegexWithDescriptionMacros (in target 'RegexWithDescriptionMacros' from project 'RegexWithDescription')
SwiftCompile normal arm64 (in target 'RegexWithDescriptionMacros' from project 'RegexWithDescription')
cd /Users/admin/builder/spi-builder-workspace/.swiftpm/xcode
SwiftCompile normal arm64 Compiling\ RegexWithDescriptionImplementation.swift /Users/admin/builder/spi-builder-workspace/Sources/RegexWithDescriptionMacros/RegexWithDescriptionImplementation.swift (in target 'RegexWithDescriptionMacros' from project 'RegexWithDescription')
SwiftCompile normal arm64 /Users/admin/builder/spi-builder-workspace/Sources/RegexWithDescriptionMacros/RegexWithDescriptionImplementation.swift (in target 'RegexWithDescriptionMacros' from project 'RegexWithDescription')
cd /Users/admin/builder/spi-builder-workspace/.swiftpm/xcode
builtin-SwiftPerFileCompile RegexWithDescriptionImplementation.swift
SwiftCompile normal arm64 Compiling\ MacroPlugin.swift /Users/admin/builder/spi-builder-workspace/Sources/RegexWithDescriptionMacros/MacroPlugin.swift (in target 'RegexWithDescriptionMacros' from project 'RegexWithDescription')
SwiftCompile normal arm64 /Users/admin/builder/spi-builder-workspace/Sources/RegexWithDescriptionMacros/MacroPlugin.swift (in target 'RegexWithDescriptionMacros' from project 'RegexWithDescription')
cd /Users/admin/builder/spi-builder-workspace/.swiftpm/xcode
builtin-SwiftPerFileCompile MacroPlugin.swift
SwiftDriverJobDiscovery normal arm64 Emitting module for RegexWithDescriptionMacros (in target 'RegexWithDescriptionMacros' from project 'RegexWithDescription')
SwiftDriver\ Compilation\ Requirements RegexWithDescriptionMacros normal arm64 com.apple.xcode.tools.swift.compiler (in target 'RegexWithDescriptionMacros' from project 'RegexWithDescription')
cd /Users/admin/builder/spi-builder-workspace/.swiftpm/xcode
builtin-Swift-Compilation-Requirements -- /Applications/Xcode-27.0.0-Release.Candidate.app/Contents/Developer/Toolchains/XcodeDefault.xctoolchain/usr/bin/swiftc -parse-as-library -module-name RegexWithDescriptionMacros -Onone @/Users/admin/builder/spi-builder-workspace/.derivedData/Build/Intermediates.noindex/RegexWithDescription.build/Debug/RegexWithDescriptionMacros-t.build/Objects-normal/arm64/RegexWithDescriptionMacros.SwiftFileList -DSWIFT_PACKAGE -DDEBUG -DXcode -plugin-path /Applications/Xcode-27.0.0-Release.Candidate.app/Contents/Developer/Toolchains/XcodeDefault.xctoolchain/usr/lib/swift/host/plugins/testing -enable-experimental-feature DebugDescriptionMacro -sdk /Applications/Xcode-27.0.0-Release.Candidate.app/Contents/Developer/Platforms/MacOSX.platform/Developer/SDKs/MacOSX27.0.sdk -target arm64-apple-macos13.0 -g -module-cache-path /Users/admin/builder/spi-builder-workspace/.derivedData/ModuleCache.noindex -Xfrontend -serialize-debugging-options -profile-coverage-mapping -profile-generate -enable-testing -index-store-path /Users/admin/builder/spi-builder-workspace/.derivedData/Index.noindex/DataStore -Xcc -D_LIBCPP_HARDENING_MODE\=_LIBCPP_HARDENING_MODE_DEBUG -swift-version 6 -I /Users/admin/builder/spi-builder-workspace/.derivedData/Build/Products/Debug -Isystem /Applications/Xcode-27.0.0-Release.Candidate.app/Contents/Developer/Platforms/MacOSX.platform/Developer/usr/lib -F /Users/admin/builder/spi-builder-workspace/.derivedData/Build/Products/Debug/PackageFrameworks -F /Users/admin/builder/spi-builder-workspace/.derivedData/Build/Products/Debug -F /Applications/Xcode-27.0.0-Release.Candidate.app/Contents/Developer/Platforms/MacOSX.platform/Developer/Library/Frameworks -c -j10 -enable-batch-mode -incremental -Xcc -ivfsstatcache -Xcc /Users/admin/builder/spi-builder-workspace/.derivedData/SDKStatCaches.noindex/macosx27.0-26A425-e829b21a6f8c9b70876ba0858053c0446a22442a12e9d48fe1a705f55a1adfc4.sdkstatcache -output-file-map /Users/admin/builder/spi-builder-workspace/.derivedData/Build/Intermediates.noindex/RegexWithDescription.build/Debug/RegexWithDescriptionMacros-t.build/Objects-normal/arm64/RegexWithDescriptionMacros-OutputFileMap.json -save-temps -no-color-diagnostics -explicit-module-build -module-cache-path /Users/admin/builder/spi-builder-workspace/.derivedData/Build/Intermediates.noindex/SwiftExplicitPrecompiledModules -clang-scanner-module-cache-path /Users/admin/builder/spi-builder-workspace/.derivedData/ModuleCache.noindex -sdk-module-cache-path /Users/admin/builder/spi-builder-workspace/.derivedData/SDKExplicitPrecompiledModules -emit-dependencies -emit-module -emit-module-path /Users/admin/builder/spi-builder-workspace/.derivedData/Build/Intermediates.noindex/RegexWithDescription.build/Debug/RegexWithDescriptionMacros-t.build/Objects-normal/arm64/RegexWithDescriptionMacros.swiftmodule -serialize-diagnostics -dependency-scan-serialize-diagnostics-path /Users/admin/builder/spi-builder-workspace/.derivedData/Build/Intermediates.noindex/RegexWithDescription.build/Debug/RegexWithDescriptionMacros-t.build/Objects-normal/arm64/RegexWithDescriptionMacros-dependency-scan.dia -validate-clang-modules-once -clang-build-session-file /Users/admin/builder/spi-builder-workspace/.derivedData/ModuleCache.noindex/Session.modulevalidation -Xcc -fmodules-prune-interval\=86400 -Xcc -fmodules-prune-after\=345600 -package-name spi_builder_workspace -emit-const-values -const-gather-protocols-list /Users/admin/builder/spi-builder-workspace/.derivedData/Build/Intermediates.noindex/RegexWithDescription.build/Debug/RegexWithDescriptionMacros-t.build/Objects-normal/arm64/RegexWithDescriptionMacros_const_extract_protocols.json -Xcc -I/Users/admin/builder/spi-builder-workspace/.derivedData/Build/Products/Debug/include -Xcc -I/Users/admin/builder/spi-builder-workspace/.derivedData/Build/Intermediates.noindex/RegexWithDescription.build/Debug/RegexWithDescriptionMacros-t.build/DerivedSources-normal/arm64 -Xcc -I/Users/admin/builder/spi-builder-workspace/.derivedData/Build/Intermediates.noindex/RegexWithDescription.build/Debug/RegexWithDescriptionMacros-t.build/DerivedSources/arm64 -Xcc -I/Users/admin/builder/spi-builder-workspace/.derivedData/Build/Intermediates.noindex/RegexWithDescription.build/Debug/RegexWithDescriptionMacros-t.build/DerivedSources -Xcc -DSWIFT_PACKAGE -Xcc -DDEBUG\=1 -working-directory /Users/admin/builder/spi-builder-workspace/.swiftpm/xcode -experimental-emit-module-separately -disable-cmo
SwiftDriverJobDiscovery normal arm64 Compiling MacroPlugin.swift (in target 'RegexWithDescriptionMacros' from project 'RegexWithDescription')
SwiftDriverJobDiscovery normal arm64 Compiling RegexWithDescriptionImplementation.swift (in target 'RegexWithDescriptionMacros' from project 'RegexWithDescription')
SwiftDriver\ Compilation RegexWithDescriptionMacros normal arm64 com.apple.xcode.tools.swift.compiler (in target 'RegexWithDescriptionMacros' from project 'RegexWithDescription')
cd /Users/admin/builder/spi-builder-workspace/.swiftpm/xcode
builtin-Swift-Compilation -- /Applications/Xcode-27.0.0-Release.Candidate.app/Contents/Developer/Toolchains/XcodeDefault.xctoolchain/usr/bin/swiftc -parse-as-library -module-name RegexWithDescriptionMacros -Onone @/Users/admin/builder/spi-builder-workspace/.derivedData/Build/Intermediates.noindex/RegexWithDescription.build/Debug/RegexWithDescriptionMacros-t.build/Objects-normal/arm64/RegexWithDescriptionMacros.SwiftFileList -DSWIFT_PACKAGE -DDEBUG -DXcode -plugin-path /Applications/Xcode-27.0.0-Release.Candidate.app/Contents/Developer/Toolchains/XcodeDefault.xctoolchain/usr/lib/swift/host/plugins/testing -enable-experimental-feature DebugDescriptionMacro -sdk /Applications/Xcode-27.0.0-Release.Candidate.app/Contents/Developer/Platforms/MacOSX.platform/Developer/SDKs/MacOSX27.0.sdk -target arm64-apple-macos13.0 -g -module-cache-path /Users/admin/builder/spi-builder-workspace/.derivedData/ModuleCache.noindex -Xfrontend -serialize-debugging-options -profile-coverage-mapping -profile-generate -enable-testing -index-store-path /Users/admin/builder/spi-builder-workspace/.derivedData/Index.noindex/DataStore -Xcc -D_LIBCPP_HARDENING_MODE\=_LIBCPP_HARDENING_MODE_DEBUG -swift-version 6 -I /Users/admin/builder/spi-builder-workspace/.derivedData/Build/Products/Debug -Isystem /Applications/Xcode-27.0.0-Release.Candidate.app/Contents/Developer/Platforms/MacOSX.platform/Developer/usr/lib -F /Users/admin/builder/spi-builder-workspace/.derivedData/Build/Products/Debug/PackageFrameworks -F /Users/admin/builder/spi-builder-workspace/.derivedData/Build/Products/Debug -F /Applications/Xcode-27.0.0-Release.Candidate.app/Contents/Developer/Platforms/MacOSX.platform/Developer/Library/Frameworks -c -j10 -enable-batch-mode -incremental -Xcc -ivfsstatcache -Xcc /Users/admin/builder/spi-builder-workspace/.derivedData/SDKStatCaches.noindex/macosx27.0-26A425-e829b21a6f8c9b70876ba0858053c0446a22442a12e9d48fe1a705f55a1adfc4.sdkstatcache -output-file-map /Users/admin/builder/spi-builder-workspace/.derivedData/Build/Intermediates.noindex/RegexWithDescription.build/Debug/RegexWithDescriptionMacros-t.build/Objects-normal/arm64/RegexWithDescriptionMacros-OutputFileMap.json -save-temps -no-color-diagnostics -explicit-module-build -module-cache-path /Users/admin/builder/spi-builder-workspace/.derivedData/Build/Intermediates.noindex/SwiftExplicitPrecompiledModules -clang-scanner-module-cache-path /Users/admin/builder/spi-builder-workspace/.derivedData/ModuleCache.noindex -sdk-module-cache-path /Users/admin/builder/spi-builder-workspace/.derivedData/SDKExplicitPrecompiledModules -emit-dependencies -emit-module -emit-module-path /Users/admin/builder/spi-builder-workspace/.derivedData/Build/Intermediates.noindex/RegexWithDescription.build/Debug/RegexWithDescriptionMacros-t.build/Objects-normal/arm64/RegexWithDescriptionMacros.swiftmodule -serialize-diagnostics -dependency-scan-serialize-diagnostics-path /Users/admin/builder/spi-builder-workspace/.derivedData/Build/Intermediates.noindex/RegexWithDescription.build/Debug/RegexWithDescriptionMacros-t.build/Objects-normal/arm64/RegexWithDescriptionMacros-dependency-scan.dia -validate-clang-modules-once -clang-build-session-file /Users/admin/builder/spi-builder-workspace/.derivedData/ModuleCache.noindex/Session.modulevalidation -Xcc -fmodules-prune-interval\=86400 -Xcc -fmodules-prune-after\=345600 -package-name spi_builder_workspace -emit-const-values -const-gather-protocols-list /Users/admin/builder/spi-builder-workspace/.derivedData/Build/Intermediates.noindex/RegexWithDescription.build/Debug/RegexWithDescriptionMacros-t.build/Objects-normal/arm64/RegexWithDescriptionMacros_const_extract_protocols.json -Xcc -I/Users/admin/builder/spi-builder-workspace/.derivedData/Build/Products/Debug/include -Xcc -I/Users/admin/builder/spi-builder-workspace/.derivedData/Build/Intermediates.noindex/RegexWithDescription.build/Debug/RegexWithDescriptionMacros-t.build/DerivedSources-normal/arm64 -Xcc -I/Users/admin/builder/spi-builder-workspace/.derivedData/Build/Intermediates.noindex/RegexWithDescription.build/Debug/RegexWithDescriptionMacros-t.build/DerivedSources/arm64 -Xcc -I/Users/admin/builder/spi-builder-workspace/.derivedData/Build/Intermediates.noindex/RegexWithDescription.build/Debug/RegexWithDescriptionMacros-t.build/DerivedSources -Xcc -DSWIFT_PACKAGE -Xcc -DDEBUG\=1 -working-directory /Users/admin/builder/spi-builder-workspace/.swiftpm/xcode -experimental-emit-module-separately -disable-cmo
Ld /Users/admin/builder/spi-builder-workspace/.derivedData/Build/Products/Debug/RegexWithDescriptionMacros normal (in target 'RegexWithDescriptionMacros' from project 'RegexWithDescription')
cd /Users/admin/builder/spi-builder-workspace
/Applications/Xcode-27.0.0-Release.Candidate.app/Contents/Developer/Toolchains/XcodeDefault.xctoolchain/usr/bin/swiftc -Xlinker -reproducible -target arm64-apple-macos13.0 -emit-executable -sdk /Applications/Xcode-27.0.0-Release.Candidate.app/Contents/Developer/Platforms/MacOSX.platform/Developer/SDKs/MacOSX27.0.sdk -Xlinker -no_warn_duplicate_libraries -L/Users/admin/builder/spi-builder-workspace/.derivedData/Build/Intermediates.noindex/EagerLinkingTBDs/Debug -L/Users/admin/builder/spi-builder-workspace/.derivedData/Build/Products/Debug -L/Applications/Xcode-27.0.0-Release.Candidate.app/Contents/Developer/Platforms/MacOSX.platform/Developer/usr/lib -F/Users/admin/builder/spi-builder-workspace/.derivedData/Build/Intermediates.noindex/EagerLinkingTBDs/Debug -F/Users/admin/builder/spi-builder-workspace/.derivedData/Build/Products/Debug/PackageFrameworks -F/Users/admin/builder/spi-builder-workspace/.derivedData/Build/Products/Debug -Fsystem /Applications/Xcode-27.0.0-Release.Candidate.app/Contents/Developer/Platforms/MacOSX.platform/Developer/Library/Frameworks @/Users/admin/builder/spi-builder-workspace/.derivedData/Build/Intermediates.noindex/RegexWithDescription.build/Debug/RegexWithDescriptionMacros-t.build/Objects-normal/arm64/RegexWithDescriptionMacros.LinkFileList -Xlinker -rpath -Xlinker /usr/lib/swift -Xlinker -rpath -Xlinker @loader_path -Xlinker -rpath -Xlinker /Users/admin/builder/spi-builder-workspace/.derivedData/Build/Products/Debug/PackageFrameworks -Xlinker -object_path_lto -Xlinker /Users/admin/builder/spi-builder-workspace/.derivedData/Build/Intermediates.noindex/RegexWithDescription.build/Debug/RegexWithDescriptionMacros-t.build/Objects-normal/arm64/RegexWithDescriptionMacros_lto.o -Xclang-linker -rdynamic -Xlinker -no_deduplicate -Xlinker -debug_variant -Xlinker -dependency_info -Xlinker /Users/admin/builder/spi-builder-workspace/.derivedData/Build/Intermediates.noindex/RegexWithDescription.build/Debug/RegexWithDescriptionMacros-t.build/Objects-normal/arm64/RegexWithDescriptionMacros_dependency_info.dat -link-objc-runtime -profile-generate -L/Applications/Xcode-27.0.0-Release.Candidate.app/Contents/Developer/Toolchains/XcodeDefault.xctoolchain/usr/lib/swift/macosx -L/usr/lib/swift -Xlinker -add_ast_path -Xlinker /Users/admin/builder/spi-builder-workspace/.derivedData/Build/Intermediates.noindex/RegexWithDescription.build/Debug/RegexWithDescriptionMacros-t.build/Objects-normal/arm64/RegexWithDescriptionMacros.swiftmodule -o /Users/admin/builder/spi-builder-workspace/.derivedData/Build/Products/Debug/RegexWithDescriptionMacros -no-stdlib-rpath
RegisterExecutionPolicyException /Users/admin/builder/spi-builder-workspace/.derivedData/Build/Products/Debug/RegexWithDescriptionMacros (in target 'RegexWithDescriptionMacros' from project 'RegexWithDescription')
cd /Users/admin/builder/spi-builder-workspace
builtin-RegisterExecutionPolicyException /Users/admin/builder/spi-builder-workspace/.derivedData/Build/Products/Debug/RegexWithDescriptionMacros
SwiftDriver RegexWithDescription normal arm64 com.apple.xcode.tools.swift.compiler (in target 'RegexWithDescription' from project 'RegexWithDescription')
cd /Users/admin/builder/spi-builder-workspace/.swiftpm/xcode
builtin-SwiftDriver -- /Applications/Xcode-27.0.0-Release.Candidate.app/Contents/Developer/Toolchains/XcodeDefault.xctoolchain/usr/bin/swiftc -parse-as-library -module-name RegexWithDescription -Onone @/Users/admin/builder/spi-builder-workspace/.derivedData/Build/Intermediates.noindex/RegexWithDescription.build/Debug-appletvos/RegexWithDescription-t.build/Objects-normal/arm64/RegexWithDescription.SwiftFileList -DSWIFT_PACKAGE -DDEBUG -DSWIFT_MODULE_RESOURCE_BUNDLE_UNAVAILABLE -DXcode -plugin-path /Applications/Xcode-27.0.0-Release.Candidate.app/Contents/Developer/Toolchains/XcodeDefault.xctoolchain/usr/lib/swift/host/plugins/testing -enable-experimental-feature DebugDescriptionMacro -sdk /Applications/Xcode-27.0.0-Release.Candidate.app/Contents/Developer/Platforms/AppleTVOS.platform/Developer/SDKs/AppleTVOS27.0.sdk -target arm64-apple-tvos15.0 -g -module-cache-path /Users/admin/builder/spi-builder-workspace/.derivedData/ModuleCache.noindex -Xfrontend -serialize-debugging-options -profile-coverage-mapping -profile-generate -enable-testing -index-store-path /Users/admin/builder/spi-builder-workspace/.derivedData/Index.noindex/DataStore -Xcc -D_LIBCPP_HARDENING_MODE\=_LIBCPP_HARDENING_MODE_DEBUG -swift-version 6 -I /Users/admin/builder/spi-builder-workspace/.derivedData/Build/Products/Debug-appletvos -Isystem /Applications/Xcode-27.0.0-Release.Candidate.app/Contents/Developer/Platforms/AppleTVOS.platform/Developer/usr/lib -F /Users/admin/builder/spi-builder-workspace/.derivedData/Build/Products/Debug-appletvos -F /Applications/Xcode-27.0.0-Release.Candidate.app/Contents/Developer/Platforms/AppleTVOS.platform/Developer/Library/Frameworks -F /Applications/Xcode-27.0.0-Release.Candidate.app/Contents/Developer/Platforms/AppleTVOS.platform/Developer/SDKs/AppleTVOS27.0.sdk/Developer/Library/Frameworks -Xfrontend -load-plugin-executable -Xfrontend /Users/admin/builder/spi-builder-workspace/.derivedData/Build/Products/Debug/RegexWithDescriptionMacros\#RegexWithDescriptionMacros -c -j10 -enable-batch-mode -incremental -Xcc -ivfsstatcache -Xcc /Users/admin/builder/spi-builder-workspace/.derivedData/SDKStatCaches.noindex/appletvos27.0-24J360-e829b21a6f8c9b70876ba0858053c044b32bfd8d43560033f8d89884cdb90028.sdkstatcache -output-file-map /Users/admin/builder/spi-builder-workspace/.derivedData/Build/Intermediates.noindex/RegexWithDescription.build/Debug-appletvos/RegexWithDescription-t.build/Objects-normal/arm64/RegexWithDescription-OutputFileMap.json -save-temps -no-color-diagnostics -explicit-module-build -module-cache-path /Users/admin/builder/spi-builder-workspace/.derivedData/Build/Intermediates.noindex/SwiftExplicitPrecompiledModules -clang-scanner-module-cache-path /Users/admin/builder/spi-builder-workspace/.derivedData/ModuleCache.noindex -sdk-module-cache-path /Users/admin/builder/spi-builder-workspace/.derivedData/SDKExplicitPrecompiledModules -emit-dependencies -emit-module -emit-module-path /Users/admin/builder/spi-builder-workspace/.derivedData/Build/Intermediates.noindex/RegexWithDescription.build/Debug-appletvos/RegexWithDescription-t.build/Objects-normal/arm64/RegexWithDescription.swiftmodule -serialize-diagnostics -dependency-scan-serialize-diagnostics-path /Users/admin/builder/spi-builder-workspace/.derivedData/Build/Intermediates.noindex/RegexWithDescription.build/Debug-appletvos/RegexWithDescription-t.build/Objects-normal/arm64/RegexWithDescription-dependency-scan.dia -validate-clang-modules-once -clang-build-session-file /Users/admin/builder/spi-builder-workspace/.derivedData/ModuleCache.noindex/Session.modulevalidation -Xcc -fmodules-prune-interval\=86400 -Xcc -fmodules-prune-after\=345600 -package-name spi_builder_workspace -emit-const-values -const-gather-protocols-list /Users/admin/builder/spi-builder-workspace/.derivedData/Build/Intermediates.noindex/RegexWithDescription.build/Debug-appletvos/RegexWithDescription-t.build/Objects-normal/arm64/RegexWithDescription_const_extract_protocols.json -Xcc -I/Users/admin/builder/spi-builder-workspace/.derivedData/Build/Products/Debug-appletvos/include -Xcc -I/Users/admin/builder/spi-builder-workspace/.derivedData/Build/Intermediates.noindex/RegexWithDescription.build/Debug-appletvos/RegexWithDescription-t.build/DerivedSources-normal/arm64 -Xcc -I/Users/admin/builder/spi-builder-workspace/.derivedData/Build/Intermediates.noindex/RegexWithDescription.build/Debug-appletvos/RegexWithDescription-t.build/DerivedSources/arm64 -Xcc -I/Users/admin/builder/spi-builder-workspace/.derivedData/Build/Intermediates.noindex/RegexWithDescription.build/Debug-appletvos/RegexWithDescription-t.build/DerivedSources -Xcc -DSWIFT_PACKAGE -Xcc -DDEBUG\=1 -emit-objc-header -emit-objc-header-path /Users/admin/builder/spi-builder-workspace/.derivedData/Build/Intermediates.noindex/RegexWithDescription.build/Debug-appletvos/RegexWithDescription-t.build/Objects-normal/arm64/RegexWithDescription-Swift.h -working-directory /Users/admin/builder/spi-builder-workspace/.swiftpm/xcode -experimental-emit-module-separately -disable-cmo
SwiftExplicitDependencyGeneratePcm arm64 /Users/admin/builder/spi-builder-workspace/.derivedData/SDKExplicitPrecompiledModules/SwiftShims-73G9EXEO9PVWB6PL1BR4TAJ0B.pcm
SwiftExplicitDependencyGeneratePcm arm64 /Users/admin/builder/spi-builder-workspace/.derivedData/SDKExplicitPrecompiledModules/_SwiftConcurrencyShims-3HZGHPZQL3GY71QUHDRB0P39S.pcm
SwiftEmitModule normal arm64 Emitting\ module\ for\ RegexWithDescription (in target 'RegexWithDescription' from project 'RegexWithDescription')
macro expansion #regexWith3GroupsAndDescription:1:2: error: 'Regex' is only available in tvOS 16.0 or newer
`- /Users/admin/builder/spi-builder-workspace/Sources/RegexWithDescription/RegexWithDescription.swift:1:169: note: expanded code originates here
1 | nonisolated(unsafe) public let utf8or16or32EncodingPattern = RegexWith3GroupsAndDescription(#regexWith3GroupsAndDescription(#"encoding=['\"](utf|UTF)-?(8|16|32)['\"]"#))
| `- note: in expansion of macro 'regexWith3GroupsAndDescription' here
+--- macro expansion #regexWith3GroupsAndDescription ---------------
|1 | (##/encoding=['\"](utf|UTF)-?(8|16|32)['\"]/##, ##"encoding=['\"](utf|UTF)-?(8|16|32)['\"]"##)
| | `- error: 'Regex' is only available in tvOS 16.0 or newer
+-------------------------------------------------------------------
2 |
3 | public func test1() throws {
/Users/admin/builder/spi-builder-workspace/Sources/RegexWithDescription/RegexWithDescription.swift:12:69: error: 'Regex' is only available in tvOS 16.0 or newer
10 |
11 | @freestanding(expression)
12 | public macro regexWith1GroupAndDescription(_ regexText: String) -> (Regex<(
| | `- error: 'Regex' is only available in tvOS 16.0 or newer
| `- note: add '@available' attribute to enclosing macro
13 | Substring // 1
14 | )>,String) = #externalMacro(module: "RegexWithDescriptionMacros", type: "RegexWithDescription")
/Users/admin/builder/spi-builder-workspace/Sources/RegexWithDescription/RegexWithDescription.swift:18:43: error: 'Regex' is only available in tvOS 16.0 or newer
14 | )>,String) = #externalMacro(module: "RegexWithDescriptionMacros", type: "RegexWithDescription")
15 |
16 | public struct RegexWith1GroupAndDescription {
| `- note: add '@available' attribute to enclosing struct
17 |
18 | nonisolated(unsafe) public let regex: Regex<(Substring)>
| `- error: 'Regex' is only available in tvOS 16.0 or newer
19 | public let description: String
20 |
/Users/admin/builder/spi-builder-workspace/Sources/RegexWithDescription/RegexWithDescription.swift:21:49: error: 'Regex' is only available in tvOS 16.0 or newer
14 | )>,String) = #externalMacro(module: "RegexWithDescriptionMacros", type: "RegexWithDescription")
15 |
16 | public struct RegexWith1GroupAndDescription {
| `- note: add '@available' attribute to enclosing struct
17 |
18 | nonisolated(unsafe) public let regex: Regex<(Substring)>
19 | public let description: String
20 |
21 | public init(_ regexWithDescription: (regex: Regex<(Substring)>, description: String)) {
| | `- error: 'Regex' is only available in tvOS 16.0 or newer
| `- note: add '@available' attribute to enclosing initializer
22 | self.regex = regexWithDescription.regex
23 | self.description = regexWithDescription.description
/Users/admin/builder/spi-builder-workspace/Sources/RegexWithDescription/RegexWithDescription.swift:28:70: error: 'Regex' is only available in tvOS 16.0 or newer
26 |
27 | @freestanding(expression)
28 | public macro regexWith2GroupsAndDescription(_ regexText: String) -> (Regex<(
| | `- error: 'Regex' is only available in tvOS 16.0 or newer
| `- note: add '@available' attribute to enclosing macro
29 | Substring, // 1
30 | Substring // 2
/Users/admin/builder/spi-builder-workspace/Sources/RegexWithDescription/RegexWithDescription.swift:35:43: error: 'Regex' is only available in tvOS 16.0 or newer
31 | )>,String) = #externalMacro(module: "RegexWithDescriptionMacros", type: "RegexWithDescription")
32 |
33 | public struct RegexWith2GroupsAndDescription {
| `- note: add '@available' attribute to enclosing struct
34 |
35 | nonisolated(unsafe) public let regex: Regex<(Substring, Substring)>
| `- error: 'Regex' is only available in tvOS 16.0 or newer
36 | public let description: String
37 |
/Users/admin/builder/spi-builder-workspace/Sources/RegexWithDescription/RegexWithDescription.swift:38:49: error: 'Regex' is only available in tvOS 16.0 or newer
31 | )>,String) = #externalMacro(module: "RegexWithDescriptionMacros", type: "RegexWithDescription")
32 |
33 | public struct RegexWith2GroupsAndDescription {
| `- note: add '@available' attribute to enclosing struct
34 |
35 | nonisolated(unsafe) public let regex: Regex<(Substring, Substring)>
36 | public let description: String
37 |
38 | public init(_ regexWithDescription: (regex: Regex<(Substring, Substring)>, description: String)) {
| | `- error: 'Regex' is only available in tvOS 16.0 or newer
| `- note: add '@available' attribute to enclosing initializer
39 | self.regex = regexWithDescription.regex
40 | self.description = regexWithDescription.description
/Users/admin/builder/spi-builder-workspace/Sources/RegexWithDescription/RegexWithDescription.swift:45:70: error: 'Regex' is only available in tvOS 16.0 or newer
43 |
44 | @freestanding(expression)
45 | public macro regexWith3GroupsAndDescription(_ regexText: String) -> (Regex<(
| | `- error: 'Regex' is only available in tvOS 16.0 or newer
| `- note: add '@available' attribute to enclosing macro
46 | Substring, // 1
47 | Substring, // 2
/Users/admin/builder/spi-builder-workspace/Sources/RegexWithDescription/RegexWithDescription.swift:53:43: error: 'Regex' is only available in tvOS 16.0 or newer
49 | )>,String) = #externalMacro(module: "RegexWithDescriptionMacros", type: "RegexWithDescription")
50 |
51 | public struct RegexWith3GroupsAndDescription {
| `- note: add '@available' attribute to enclosing struct
52 |
53 | nonisolated(unsafe) public let regex: Regex<(Substring, Substring, Substring)>
| `- error: 'Regex' is only available in tvOS 16.0 or newer
54 | public let description: String
55 |
/Users/admin/builder/spi-builder-workspace/Sources/RegexWithDescription/RegexWithDescription.swift:56:49: error: 'Regex' is only available in tvOS 16.0 or newer
49 | )>,String) = #externalMacro(module: "RegexWithDescriptionMacros", type: "RegexWithDescription")
50 |
51 | public struct RegexWith3GroupsAndDescription {
| `- note: add '@available' attribute to enclosing struct
52 |
53 | nonisolated(unsafe) public let regex: Regex<(Substring, Substring, Substring)>
54 | public let description: String
55 |
56 | public init(_ regexWithDescription: (regex: Regex<(Substring, Substring, Substring)>, description: String)) {
| | `- error: 'Regex' is only available in tvOS 16.0 or newer
| `- note: add '@available' attribute to enclosing initializer
57 | self.regex = regexWithDescription.regex
58 | self.description = regexWithDescription.description
/Users/admin/builder/spi-builder-workspace/Sources/RegexWithDescription/RegexWithDescription.swift:63:70: error: 'Regex' is only available in tvOS 16.0 or newer
61 |
62 | @freestanding(expression)
63 | public macro regexWith4GroupsAndDescription(_ regexText: String) -> (Regex<(
| | `- error: 'Regex' is only available in tvOS 16.0 or newer
| `- note: add '@available' attribute to enclosing macro
64 | Substring, // 1
65 | Substring, // 2
/Users/admin/builder/spi-builder-workspace/Sources/RegexWithDescription/RegexWithDescription.swift:72:43: error: 'Regex' is only available in tvOS 16.0 or newer
68 | )>,String) = #externalMacro(module: "RegexWithDescriptionMacros", type: "RegexWithDescription")
69 |
70 | public struct RegexWith4GroupsAndDescription {
| `- note: add '@available' attribute to enclosing struct
71 |
72 | nonisolated(unsafe) public let regex: Regex<(Substring, Substring, Substring, Substring)>
| `- error: 'Regex' is only available in tvOS 16.0 or newer
73 | public let description: String
74 |
/Users/admin/builder/spi-builder-workspace/Sources/RegexWithDescription/RegexWithDescription.swift:75:49: error: 'Regex' is only available in tvOS 16.0 or newer
68 | )>,String) = #externalMacro(module: "RegexWithDescriptionMacros", type: "RegexWithDescription")
69 |
70 | public struct RegexWith4GroupsAndDescription {
| `- note: add '@available' attribute to enclosing struct
71 |
72 | nonisolated(unsafe) public let regex: Regex<(Substring, Substring, Substring, Substring)>
73 | public let description: String
74 |
75 | public init(_ regexWithDescription: (regex: Regex<(Substring, Substring, Substring, Substring)>, description: String)) {
| | `- error: 'Regex' is only available in tvOS 16.0 or newer
| `- note: add '@available' attribute to enclosing initializer
76 | self.regex = regexWithDescription.regex
77 | self.description = regexWithDescription.description
/Users/admin/builder/spi-builder-workspace/Sources/RegexWithDescription/RegexWithDescription.swift:82:70: error: 'Regex' is only available in tvOS 16.0 or newer
80 |
81 | @freestanding(expression)
82 | public macro regexWith5GroupsAndDescription(_ regexText: String) -> (Regex<(
| | `- error: 'Regex' is only available in tvOS 16.0 or newer
| `- note: add '@available' attribute to enclosing macro
83 | Substring, // 1
84 | Substring, // 2
/Users/admin/builder/spi-builder-workspace/Sources/RegexWithDescription/RegexWithDescription.swift:92:43: error: 'Regex' is only available in tvOS 16.0 or newer
88 | )>,String) = #externalMacro(module: "RegexWithDescriptionMacros", type: "RegexWithDescription")
89 |
90 | public struct RegexWith5GroupsAndDescription {
| `- note: add '@available' attribute to enclosing struct
91 |
92 | nonisolated(unsafe) public let regex: Regex<(Substring, Substring, Substring, Substring, Substring)>
| `- error: 'Regex' is only available in tvOS 16.0 or newer
93 | public let description: String
94 |
/Users/admin/builder/spi-builder-workspace/Sources/RegexWithDescription/RegexWithDescription.swift:95:49: error: 'Regex' is only available in tvOS 16.0 or newer
88 | )>,String) = #externalMacro(module: "RegexWithDescriptionMacros", type: "RegexWithDescription")
89 |
90 | public struct RegexWith5GroupsAndDescription {
| `- note: add '@available' attribute to enclosing struct
91 |
92 | nonisolated(unsafe) public let regex: Regex<(Substring, Substring, Substring, Substring, Substring)>
93 | public let description: String
94 |
95 | public init(_ regexWithDescription: (regex: Regex<(Substring, Substring, Substring, Substring, Substring)>, description: String)) {
| | `- error: 'Regex' is only available in tvOS 16.0 or newer
| `- note: add '@available' attribute to enclosing initializer
96 | self.regex = regexWithDescription.regex
97 | self.description = regexWithDescription.description
/Users/admin/builder/spi-builder-workspace/Sources/RegexWithDescription/RegexWithDescription.swift:102:70: error: 'Regex' is only available in tvOS 16.0 or newer
100 |
101 | @freestanding(expression)
102 | public macro regexWith6GroupsAndDescription(_ regexText: String) -> (Regex<(
| | `- error: 'Regex' is only available in tvOS 16.0 or newer
| `- note: add '@available' attribute to enclosing macro
103 | Substring, // 1
104 | Substring, // 2
/Users/admin/builder/spi-builder-workspace/Sources/RegexWithDescription/RegexWithDescription.swift:113:43: error: 'Regex' is only available in tvOS 16.0 or newer
109 | )>,String) = #externalMacro(module: "RegexWithDescriptionMacros", type: "RegexWithDescription")
110 |
111 | public struct RegexWith6GroupsAndDescription {
| `- note: add '@available' attribute to enclosing struct
112 |
113 | nonisolated(unsafe) public let regex: Regex<(Substring, Substring, Substring, Substring, Substring, Substring)>
| `- error: 'Regex' is only available in tvOS 16.0 or newer
114 | public let description: String
115 |
/Users/admin/builder/spi-builder-workspace/Sources/RegexWithDescription/RegexWithDescription.swift:116:49: error: 'Regex' is only available in tvOS 16.0 or newer
109 | )>,String) = #externalMacro(module: "RegexWithDescriptionMacros", type: "RegexWithDescription")
110 |
111 | public struct RegexWith6GroupsAndDescription {
| `- note: add '@available' attribute to enclosing struct
112 |
113 | nonisolated(unsafe) public let regex: Regex<(Substring, Substring, Substring, Substring, Substring, Substring)>
114 | public let description: String
115 |
116 | public init(_ regexWithDescription: (regex: Regex<(Substring, Substring, Substring, Substring, Substring, Substring)>, description: String)) {
| | `- error: 'Regex' is only available in tvOS 16.0 or newer
| `- note: add '@available' attribute to enclosing initializer
117 | self.regex = regexWithDescription.regex
118 | self.description = regexWithDescription.description
/Users/admin/builder/spi-builder-workspace/Sources/RegexWithDescription/RegexWithDescription.swift:123:70: error: 'Regex' is only available in tvOS 16.0 or newer
121 |
122 | @freestanding(expression)
123 | public macro regexWith7GroupsAndDescription(_ regexText: String) -> (Regex<(
| | `- error: 'Regex' is only available in tvOS 16.0 or newer
| `- note: add '@available' attribute to enclosing macro
124 | Substring, // 1
125 | Substring, // 2
/Users/admin/builder/spi-builder-workspace/Sources/RegexWithDescription/RegexWithDescription.swift:135:43: error: 'Regex' is only available in tvOS 16.0 or newer
131 | )>,String) = #externalMacro(module: "RegexWithDescriptionMacros", type: "RegexWithDescription")
132 |
133 | public struct RegexWith7GroupsAndDescription {
| `- note: add '@available' attribute to enclosing struct
134 |
135 | nonisolated(unsafe) public let regex: Regex<(Substring, Substring, Substring, Substring, Substring, Substring, Substring)>
| `- error: 'Regex' is only available in tvOS 16.0 or newer
136 | public let description: String
137 |
/Users/admin/builder/spi-builder-workspace/Sources/RegexWithDescription/RegexWithDescription.swift:138:49: error: 'Regex' is only available in tvOS 16.0 or newer
131 | )>,String) = #externalMacro(module: "RegexWithDescriptionMacros", type: "RegexWithDescription")
132 |
133 | public struct RegexWith7GroupsAndDescription {
| `- note: add '@available' attribute to enclosing struct
134 |
135 | nonisolated(unsafe) public let regex: Regex<(Substring, Substring, Substring, Substring, Substring, Substring, Substring)>
136 | public let description: String
137 |
138 | public init(_ regexWithDescription: (regex: Regex<(Substring, Substring, Substring, Substring, Substring, Substring, Substring)>, description: String)) {
| | `- error: 'Regex' is only available in tvOS 16.0 or newer
| `- note: add '@available' attribute to enclosing initializer
139 | self.regex = regexWithDescription.regex
140 | self.description = regexWithDescription.description
Failed frontend command:
SwiftCompile normal arm64 (in target 'RegexWithDescription' from project 'RegexWithDescription')
cd /Users/admin/builder/spi-builder-workspace/.swiftpm/xcode
/Applications/Xcode-27.0.0-Release.Candidate.app/Contents/Developer/Toolchains/XcodeDefault.xctoolchain/usr/bin/swift-frontend -frontend -emit-module -experimental-skip-non-inlinable-function-bodies-without-types /Users/admin/builder/spi-builder-workspace/Sources/RegexWithDescription/RegexWithDescription.swift -target arm64-apple-tvos15.0 -disable-cross-import-overlay-search -load-resolved-plugin \#/Users/admin/builder/spi-builder-workspace/.derivedData/Build/Products/Debug/RegexWithDescriptionMacros\#RegexWithDescriptionMacros -load-resolved-plugin /Applications/Xcode-27.0.0-Release.Candidate.app/Contents/Developer/Platforms/AppleTVOS.platform/Developer/usr/lib/swift/host/plugins/libSwiftMacros.dylib\#/Applications/Xcode-27.0.0-Release.Candidate.app/Contents/Developer/Platforms/AppleTVOS.platform/Developer/usr/bin/swift-plugin-server\#SwiftMacros -disable-implicit-swift-modules -Xcc -fno-implicit-modules -Xcc -fno-implicit-module-maps -explicit-swift-module-map-file /Users/admin/builder/spi-builder-workspace/.derivedData/Build/Intermediates.noindex/RegexWithDescription.build/Debug-appletvos/RegexWithDescription-t.build/Objects-normal/arm64/RegexWithDescription-dependencies-1.json -Xllvm -aarch64-use-tbi -enable-objc-interop -stack-check -sdk /Applications/Xcode-27.0.0-Release.Candidate.app/Contents/Developer/Platforms/AppleTVOS.platform/Developer/SDKs/AppleTVOS27.0.sdk -I /Users/admin/builder/spi-builder-workspace/.derivedData/Build/Products/Debug-appletvos -Isystem /Applications/Xcode-27.0.0-Release.Candidate.app/Contents/Developer/Platforms/AppleTVOS.platform/Developer/usr/lib -F /Users/admin/builder/spi-builder-workspace/.derivedData/Build/Products/Debug-appletvos -F /Applications/Xcode-27.0.0-Release.Candidate.app/Contents/Developer/Platforms/AppleTVOS.platform/Developer/Library/Frameworks -F /Applications/Xcode-27.0.0-Release.Candidate.app/Contents/Developer/Platforms/AppleTVOS.platform/Developer/SDKs/AppleTVOS27.0.sdk/Developer/Library/Frameworks -module-cache-path /Users/admin/builder/spi-builder-workspace/.derivedData/Build/Intermediates.noindex/SwiftExplicitPrecompiledModules -no-color-diagnostics -Xcc -fno-color-diagnostics -enable-testing -g -debug-info-format\=dwarf -dwarf-version\=4 -profile-generate -profile-coverage-mapping -swift-version 6 -Onone -D SWIFT_PACKAGE -D DEBUG -D SWIFT_MODULE_RESOURCE_BUNDLE_UNAVAILABLE -D Xcode -serialize-debugging-options -load-plugin-executable /Users/admin/builder/spi-builder-workspace/.derivedData/Build/Products/Debug/RegexWithDescriptionMacros\#RegexWithDescriptionMacros -enable-experimental-feature DebugDescriptionMacro -empty-abi-descriptor -validate-clang-modules-once -clang-build-session-file /Users/admin/builder/spi-builder-workspace/.derivedData/ModuleCache.noindex/Session.modulevalidation -Xcc -working-directory -Xcc /Users/admin/builder/spi-builder-workspace/.swiftpm/xcode -enable-anonymous-context-mangled-names -file-compilation-dir /Users/admin/builder/spi-builder-workspace/.swiftpm/xcode -Xcc -D_LIBCPP_HARDENING_MODE\=_LIBCPP_HARDENING_MODE_DEBUG -Xcc -ivfsstatcache -Xcc /Users/admin/builder/spi-builder-workspace/.derivedData/SDKStatCaches.noindex/appletvos27.0-24J360-e829b21a6f8c9b70876ba0858053c044b32bfd8d43560033f8d89884cdb90028.sdkstatcache -Xcc -fmodules-prune-interval\=86400 -Xcc -fmodules-prune-after\=345600 -Xcc -I/Users/admin/builder/spi-builder-workspace/.derivedData/Build/Products/Debug-appletvos/include -Xcc -I/Users/admin/builder/spi-builder-workspace/.derivedData/Build/Intermediates.noindex/RegexWithDescription.build/Debug-appletvos/RegexWithDescription-t.build/DerivedSources-normal/arm64 -Xcc -I/Users/admin/builder/spi-builder-workspace/.derivedData/Build/Intermediates.noindex/RegexWithDescription.build/Debug-appletvos/RegexWithDescription-t.build/DerivedSources/arm64 -Xcc -I/Users/admin/builder/spi-builder-workspace/.derivedData/Build/Intermediates.noindex/RegexWithDescription.build/Debug-appletvos/RegexWithDescription-t.build/DerivedSources -Xcc -DSWIFT_PACKAGE -Xcc -DDEBUG\=1 -no-auto-bridging-header-chaining -module-name RegexWithDescription -package-name spi_builder_workspace -const-gather-protocols-file /Users/admin/builder/spi-builder-workspace/.derivedData/Build/Intermediates.noindex/RegexWithDescription.build/Debug-appletvos/RegexWithDescription-t.build/Objects-normal/arm64/RegexWithDescription_const_extract_protocols.json -disable-clang-spi -clang-target arm64-apple-tvos27.0 -target-sdk-version 27.0 -target-sdk-name appletvos27.0 -in-process-plugin-server-path /Applications/Xcode-27.0.0-Release.Candidate.app/Contents/Developer/Toolchains/XcodeDefault.xctoolchain/usr/lib/swift/host/libSwiftInProcPluginServer.dylib -emit-module-doc-path /Users/admin/builder/spi-builder-workspace/.derivedData/Build/Intermediates.noindex/RegexWithDescription.build/Debug-appletvos/RegexWithDescription-t.build/Objects-normal/arm64/RegexWithDescription.swiftdoc -emit-module-source-info-path /Users/admin/builder/spi-builder-workspace/.derivedData/Build/Intermediates.noindex/RegexWithDescription.build/Debug-appletvos/RegexWithDescription-t.build/Objects-normal/arm64/RegexWithDescription.swiftsourceinfo -emit-objc-header-path /Users/admin/builder/spi-builder-workspace/.derivedData/Build/Intermediates.noindex/RegexWithDescription.build/Debug-appletvos/RegexWithDescription-t.build/Objects-normal/arm64/RegexWithDescription-Swift.h -serialize-diagnostics-path /Users/admin/builder/spi-builder-workspace/.derivedData/Build/Intermediates.noindex/RegexWithDescription.build/Debug-appletvos/RegexWithDescription-t.build/Objects-normal/arm64/RegexWithDescription-primary-emit-module.dia -emit-dependencies-path /Users/admin/builder/spi-builder-workspace/.derivedData/Build/Intermediates.noindex/RegexWithDescription.build/Debug-appletvos/RegexWithDescription-t.build/Objects-normal/arm64/RegexWithDescription-primary-emit-module.d -parse-as-library -o /Users/admin/builder/spi-builder-workspace/.derivedData/Build/Intermediates.noindex/RegexWithDescription.build/Debug-appletvos/RegexWithDescription-t.build/Objects-normal/arm64/RegexWithDescription.swiftmodule -emit-abi-descriptor-path /Users/admin/builder/spi-builder-workspace/.derivedData/Build/Intermediates.noindex/RegexWithDescription.build/Debug-appletvos/RegexWithDescription-t.build/Objects-normal/arm64/RegexWithDescription.abi.json
SwiftCompile normal arm64 Compiling\ RegexWithDescription.swift /Users/admin/builder/spi-builder-workspace/Sources/RegexWithDescription/RegexWithDescription.swift (in target 'RegexWithDescription' from project 'RegexWithDescription')
macro expansion #regexWith3GroupsAndDescription:1:2: error: 'Regex' is only available in tvOS 16.0 or newer
`- /Users/admin/builder/spi-builder-workspace/Sources/RegexWithDescription/RegexWithDescription.swift:1:169: note: expanded code originates here
1 | nonisolated(unsafe) public let utf8or16or32EncodingPattern = RegexWith3GroupsAndDescription(#regexWith3GroupsAndDescription(#"encoding=['\"](utf|UTF)-?(8|16|32)['\"]"#))
| `- note: in expansion of macro 'regexWith3GroupsAndDescription' here
+--- macro expansion #regexWith3GroupsAndDescription ---------------
|1 | (##/encoding=['\"](utf|UTF)-?(8|16|32)['\"]/##, ##"encoding=['\"](utf|UTF)-?(8|16|32)['\"]"##)
| | `- error: 'Regex' is only available in tvOS 16.0 or newer
+-------------------------------------------------------------------
2 |
3 | public func test1() throws {
/Users/admin/builder/spi-builder-workspace/Sources/RegexWithDescription/RegexWithDescription.swift:12:69: error: 'Regex' is only available in tvOS 16.0 or newer
10 |
11 | @freestanding(expression)
12 | public macro regexWith1GroupAndDescription(_ regexText: String) -> (Regex<(
| | `- error: 'Regex' is only available in tvOS 16.0 or newer
| `- note: add '@available' attribute to enclosing macro
13 | Substring // 1
14 | )>,String) = #externalMacro(module: "RegexWithDescriptionMacros", type: "RegexWithDescription")
/Users/admin/builder/spi-builder-workspace/Sources/RegexWithDescription/RegexWithDescription.swift:18:43: error: 'Regex' is only available in tvOS 16.0 or newer
14 | )>,String) = #externalMacro(module: "RegexWithDescriptionMacros", type: "RegexWithDescription")
15 |
16 | public struct RegexWith1GroupAndDescription {
| `- note: add '@available' attribute to enclosing struct
17 |
18 | nonisolated(unsafe) public let regex: Regex<(Substring)>
| `- error: 'Regex' is only available in tvOS 16.0 or newer
19 | public let description: String
20 |
/Users/admin/builder/spi-builder-workspace/Sources/RegexWithDescription/RegexWithDescription.swift:21:49: error: 'Regex' is only available in tvOS 16.0 or newer
14 | )>,String) = #externalMacro(module: "RegexWithDescriptionMacros", type: "RegexWithDescription")
15 |
16 | public struct RegexWith1GroupAndDescription {
| `- note: add '@available' attribute to enclosing struct
17 |
18 | nonisolated(unsafe) public let regex: Regex<(Substring)>
19 | public let description: String
20 |
21 | public init(_ regexWithDescription: (regex: Regex<(Substring)>, description: String)) {
| | `- error: 'Regex' is only available in tvOS 16.0 or newer
| `- note: add '@available' attribute to enclosing initializer
22 | self.regex = regexWithDescription.regex
23 | self.description = regexWithDescription.description
/Users/admin/builder/spi-builder-workspace/Sources/RegexWithDescription/RegexWithDescription.swift:28:70: error: 'Regex' is only available in tvOS 16.0 or newer
26 |
27 | @freestanding(expression)
28 | public macro regexWith2GroupsAndDescription(_ regexText: String) -> (Regex<(
| | `- error: 'Regex' is only available in tvOS 16.0 or newer
| `- note: add '@available' attribute to enclosing macro
29 | Substring, // 1
30 | Substring // 2
/Users/admin/builder/spi-builder-workspace/Sources/RegexWithDescription/RegexWithDescription.swift:35:43: error: 'Regex' is only available in tvOS 16.0 or newer
31 | )>,String) = #externalMacro(module: "RegexWithDescriptionMacros", type: "RegexWithDescription")
32 |
33 | public struct RegexWith2GroupsAndDescription {
| `- note: add '@available' attribute to enclosing struct
34 |
35 | nonisolated(unsafe) public let regex: Regex<(Substring, Substring)>
| `- error: 'Regex' is only available in tvOS 16.0 or newer
36 | public let description: String
37 |
/Users/admin/builder/spi-builder-workspace/Sources/RegexWithDescription/RegexWithDescription.swift:38:49: error: 'Regex' is only available in tvOS 16.0 or newer
31 | )>,String) = #externalMacro(module: "RegexWithDescriptionMacros", type: "RegexWithDescription")
32 |
33 | public struct RegexWith2GroupsAndDescription {
| `- note: add '@available' attribute to enclosing struct
34 |
35 | nonisolated(unsafe) public let regex: Regex<(Substring, Substring)>
36 | public let description: String
37 |
38 | public init(_ regexWithDescription: (regex: Regex<(Substring, Substring)>, description: String)) {
| | `- error: 'Regex' is only available in tvOS 16.0 or newer
| `- note: add '@available' attribute to enclosing initializer
39 | self.regex = regexWithDescription.regex
40 | self.description = regexWithDescription.description
/Users/admin/builder/spi-builder-workspace/Sources/RegexWithDescription/RegexWithDescription.swift:45:70: error: 'Regex' is only available in tvOS 16.0 or newer
43 |
44 | @freestanding(expression)
45 | public macro regexWith3GroupsAndDescription(_ regexText: String) -> (Regex<(
| | `- error: 'Regex' is only available in tvOS 16.0 or newer
| `- note: add '@available' attribute to enclosing macro
46 | Substring, // 1
47 | Substring, // 2
/Users/admin/builder/spi-builder-workspace/Sources/RegexWithDescription/RegexWithDescription.swift:53:43: error: 'Regex' is only available in tvOS 16.0 or newer
49 | )>,String) = #externalMacro(module: "RegexWithDescriptionMacros", type: "RegexWithDescription")
50 |
51 | public struct RegexWith3GroupsAndDescription {
| `- note: add '@available' attribute to enclosing struct
52 |
53 | nonisolated(unsafe) public let regex: Regex<(Substring, Substring, Substring)>
| `- error: 'Regex' is only available in tvOS 16.0 or newer
54 | public let description: String
55 |
/Users/admin/builder/spi-builder-workspace/Sources/RegexWithDescription/RegexWithDescription.swift:56:49: error: 'Regex' is only available in tvOS 16.0 or newer
49 | )>,String) = #externalMacro(module: "RegexWithDescriptionMacros", type: "RegexWithDescription")
50 |
51 | public struct RegexWith3GroupsAndDescription {
| `- note: add '@available' attribute to enclosing struct
52 |
53 | nonisolated(unsafe) public let regex: Regex<(Substring, Substring, Substring)>
54 | public let description: String
55 |
56 | public init(_ regexWithDescription: (regex: Regex<(Substring, Substring, Substring)>, description: String)) {
| | `- error: 'Regex' is only available in tvOS 16.0 or newer
| `- note: add '@available' attribute to enclosing initializer
57 | self.regex = regexWithDescription.regex
58 | self.description = regexWithDescription.description
/Users/admin/builder/spi-builder-workspace/Sources/RegexWithDescription/RegexWithDescription.swift:63:70: error: 'Regex' is only available in tvOS 16.0 or newer
61 |
62 | @freestanding(expression)
63 | public macro regexWith4GroupsAndDescription(_ regexText: String) -> (Regex<(
| | `- error: 'Regex' is only available in tvOS 16.0 or newer
| `- note: add '@available' attribute to enclosing macro
64 | Substring, // 1
65 | Substring, // 2
/Users/admin/builder/spi-builder-workspace/Sources/RegexWithDescription/RegexWithDescription.swift:72:43: error: 'Regex' is only available in tvOS 16.0 or newer
68 | )>,String) = #externalMacro(module: "RegexWithDescriptionMacros", type: "RegexWithDescription")
69 |
70 | public struct RegexWith4GroupsAndDescription {
| `- note: add '@available' attribute to enclosing struct
71 |
72 | nonisolated(unsafe) public let regex: Regex<(Substring, Substring, Substring, Substring)>
| `- error: 'Regex' is only available in tvOS 16.0 or newer
73 | public let description: String
74 |
/Users/admin/builder/spi-builder-workspace/Sources/RegexWithDescription/RegexWithDescription.swift:75:49: error: 'Regex' is only available in tvOS 16.0 or newer
68 | )>,String) = #externalMacro(module: "RegexWithDescriptionMacros", type: "RegexWithDescription")
69 |
70 | public struct RegexWith4GroupsAndDescription {
| `- note: add '@available' attribute to enclosing struct
71 |
72 | nonisolated(unsafe) public let regex: Regex<(Substring, Substring, Substring, Substring)>
73 | public let description: String
74 |
75 | public init(_ regexWithDescription: (regex: Regex<(Substring, Substring, Substring, Substring)>, description: String)) {
| | `- error: 'Regex' is only available in tvOS 16.0 or newer
| `- note: add '@available' attribute to enclosing initializer
76 | self.regex = regexWithDescription.regex
77 | self.description = regexWithDescription.description
/Users/admin/builder/spi-builder-workspace/Sources/RegexWithDescription/RegexWithDescription.swift:82:70: error: 'Regex' is only available in tvOS 16.0 or newer
80 |
81 | @freestanding(expression)
82 | public macro regexWith5GroupsAndDescription(_ regexText: String) -> (Regex<(
| | `- error: 'Regex' is only available in tvOS 16.0 or newer
| `- note: add '@available' attribute to enclosing macro
83 | Substring, // 1
84 | Substring, // 2
SwiftCompile normal arm64 /Users/admin/builder/spi-builder-workspace/Sources/RegexWithDescription/RegexWithDescription.swift (in target 'RegexWithDescription' from project 'RegexWithDescription')
cd /Users/admin/builder/spi-builder-workspace/.swiftpm/xcode
builtin-SwiftPerFileCompile RegexWithDescription.swift
/Users/admin/builder/spi-builder-workspace/Sources/RegexWithDescription/RegexWithDescription.swift:92:43: error: 'Regex' is only available in tvOS 16.0 or newer
88 | )>,String) = #externalMacro(module: "RegexWithDescriptionMacros", type: "RegexWithDescription")
89 |
90 | public struct RegexWith5GroupsAndDescription {
| `- note: add '@available' attribute to enclosing struct
91 |
92 | nonisolated(unsafe) public let regex: Regex<(Substring, Substring, Substring, Substring, Substring)>
| `- error: 'Regex' is only available in tvOS 16.0 or newer
93 | public let description: String
94 |
/Users/admin/builder/spi-builder-workspace/Sources/RegexWithDescription/RegexWithDescription.swift:95:49: error: 'Regex' is only available in tvOS 16.0 or newer
88 | )>,String) = #externalMacro(module: "RegexWithDescriptionMacros", type: "RegexWithDescription")
89 |
90 | public struct RegexWith5GroupsAndDescription {
| `- note: add '@available' attribute to enclosing struct
91 |
92 | nonisolated(unsafe) public let regex: Regex<(Substring, Substring, Substring, Substring, Substring)>
93 | public let description: String
94 |
95 | public init(_ regexWithDescription: (regex: Regex<(Substring, Substring, Substring, Substring, Substring)>, description: String)) {
| | `- error: 'Regex' is only available in tvOS 16.0 or newer
| `- note: add '@available' attribute to enclosing initializer
96 | self.regex = regexWithDescription.regex
97 | self.description = regexWithDescription.description
/Users/admin/builder/spi-builder-workspace/Sources/RegexWithDescription/RegexWithDescription.swift:102:70: error: 'Regex' is only available in tvOS 16.0 or newer
100 |
101 | @freestanding(expression)
102 | public macro regexWith6GroupsAndDescription(_ regexText: String) -> (Regex<(
| | `- error: 'Regex' is only available in tvOS 16.0 or newer
| `- note: add '@available' attribute to enclosing macro
103 | Substring, // 1
104 | Substring, // 2
/Users/admin/builder/spi-builder-workspace/Sources/RegexWithDescription/RegexWithDescription.swift:113:43: error: 'Regex' is only available in tvOS 16.0 or newer
109 | )>,String) = #externalMacro(module: "RegexWithDescriptionMacros", type: "RegexWithDescription")
110 |
111 | public struct RegexWith6GroupsAndDescription {
| `- note: add '@available' attribute to enclosing struct
112 |
113 | nonisolated(unsafe) public let regex: Regex<(Substring, Substring, Substring, Substring, Substring, Substring)>
| `- error: 'Regex' is only available in tvOS 16.0 or newer
114 | public let description: String
115 |
/Users/admin/builder/spi-builder-workspace/Sources/RegexWithDescription/RegexWithDescription.swift:116:49: error: 'Regex' is only available in tvOS 16.0 or newer
109 | )>,String) = #externalMacro(module: "RegexWithDescriptionMacros", type: "RegexWithDescription")
110 |
111 | public struct RegexWith6GroupsAndDescription {
| `- note: add '@available' attribute to enclosing struct
112 |
113 | nonisolated(unsafe) public let regex: Regex<(Substring, Substring, Substring, Substring, Substring, Substring)>
114 | public let description: String
115 |
116 | public init(_ regexWithDescription: (regex: Regex<(Substring, Substring, Substring, Substring, Substring, Substring)>, description: String)) {
| | `- error: 'Regex' is only available in tvOS 16.0 or newer
| `- note: add '@available' attribute to enclosing initializer
117 | self.regex = regexWithDescription.regex
118 | self.description = regexWithDescription.description
/Users/admin/builder/spi-builder-workspace/Sources/RegexWithDescription/RegexWithDescription.swift:123:70: error: 'Regex' is only available in tvOS 16.0 or newer
121 |
122 | @freestanding(expression)
123 | public macro regexWith7GroupsAndDescription(_ regexText: String) -> (Regex<(
| | `- error: 'Regex' is only available in tvOS 16.0 or newer
| `- note: add '@available' attribute to enclosing macro
124 | Substring, // 1
125 | Substring, // 2
/Users/admin/builder/spi-builder-workspace/Sources/RegexWithDescription/RegexWithDescription.swift:135:43: error: 'Regex' is only available in tvOS 16.0 or newer
131 | )>,String) = #externalMacro(module: "RegexWithDescriptionMacros", type: "RegexWithDescription")
132 |
133 | public struct RegexWith7GroupsAndDescription {
| `- note: add '@available' attribute to enclosing struct
134 |
135 | nonisolated(unsafe) public let regex: Regex<(Substring, Substring, Substring, Substring, Substring, Substring, Substring)>
| `- error: 'Regex' is only available in tvOS 16.0 or newer
136 | public let description: String
137 |
PruneExplicitPrecompiledModules /Users/admin/builder/spi-builder-workspace/.derivedData/SDKExplicitPrecompiledModules
PruneExplicitPrecompiledModules /Users/admin/builder/spi-builder-workspace/.derivedData/Build/Intermediates.noindex/SwiftExplicitPrecompiledModules
PruneExplicitPrecompiledModules /Users/admin/builder/spi-builder-workspace/.derivedData/Build/Intermediates.noindex/ExplicitPrecompiledModules
2026-09-22 23:33:19.176 xcodebuild[687:4306] [MT] IDERunDestination: Supported platforms for the buildables in the current scheme is empty.
** BUILD FAILED **
The following build commands failed:
SwiftCompile normal arm64 (in target 'RegexWithDescription' from project 'RegexWithDescription')
SwiftEmitModule normal arm64 Emitting\ module\ for\ RegexWithDescription (in target 'RegexWithDescription' from project 'RegexWithDescription')
Building workspace RegexWithDescription with scheme RegexWithDescription
(3 failures)
Command line invocation:
/Applications/Xcode-27.0.0-Release.Candidate.app/Contents/Developer/usr/bin/xcodebuild -IDEClonedSourcePackagesDirPathOverride=/Users/admin/builder/spi-builder-workspace/.dependencies -resolvePackageDependencies
Resolve Package Graph
Resolved source packages:
RegexWithDescription: /Users/admin/builder/spi-builder-workspace
swift-syntax: https://github.com/apple/swift-syntax.git @ 509.1.1
resolved source packages: RegexWithDescription, swift-syntax
2026-09-22 23:33:47.748 xcodebuild[1125:6580] [MT] IDERunDestination: Supported platforms for the buildables in the current scheme is empty.
{
"dependencies" : [
{
"identity" : "swift-syntax",
"requirement" : {
"range" : [
{
"lower_bound" : "509.0.0",
"upper_bound" : "510.0.0"
}
]
},
"type" : "sourceControl",
"url" : "https://github.com/apple/swift-syntax.git"
}
],
"manifest_display_name" : "RegexWithDescription",
"name" : "RegexWithDescription",
"path" : "/Users/admin/builder/spi-builder-workspace",
"platforms" : [
{
"name" : "macos",
"version" : "13.0"
},
{
"name" : "ios",
"version" : "13.0"
},
{
"name" : "tvos",
"version" : "13.0"
},
{
"name" : "watchos",
"version" : "6.0"
},
{
"name" : "maccatalyst",
"version" : "13.0"
}
],
"products" : [
{
"name" : "RegexWithDescription",
"targets" : [
"RegexWithDescription"
],
"type" : {
"library" : [
"automatic"
]
}
},
{
"name" : "RegexWithDescriptionMacros",
"targets" : [
"RegexWithDescriptionMacros"
],
"type" : {
"macro" : null
}
}
],
"targets" : [
{
"c99name" : "RegexWithDescriptionMacros",
"module_type" : "SwiftTarget",
"name" : "RegexWithDescriptionMacros",
"path" : "Sources/RegexWithDescriptionMacros",
"product_dependencies" : [
"SwiftSyntaxMacros",
"SwiftCompilerPlugin"
],
"product_memberships" : [
"RegexWithDescription",
"RegexWithDescriptionMacros"
],
"sources" : [
"MacroPlugin.swift",
"RegexWithDescriptionImplementation.swift"
],
"type" : "macro"
},
{
"c99name" : "RegexWithDescription",
"module_type" : "SwiftTarget",
"name" : "RegexWithDescription",
"path" : "Sources/RegexWithDescription",
"product_memberships" : [
"RegexWithDescription"
],
"sources" : [
"RegexWithDescription.swift"
],
"target_dependencies" : [
"RegexWithDescriptionMacros"
],
"type" : "library"
},
{
"c99name" : "MacroTests",
"module_type" : "SwiftTarget",
"name" : "MacroTests",
"path" : "Tests/MacroTests",
"product_dependencies" : [
"SwiftSyntaxMacrosTestSupport"
],
"sources" : [
"RegexWithDescriptionTests.swift"
],
"target_dependencies" : [
"RegexWithDescription"
],
"type" : "test"
}
],
"tools_version" : "6.2"
}
{
"workspace" : {
"name" : "RegexWithDescription",
"schemes" : [
"RegexWithDescription"
]
}
}
2026-09-22 23:33:49.252 xcodebuild[1134:6657] [MT] IDERunDestination: Supported platforms for the buildables in the current scheme is empty.
Running build ...
env DEVELOPER_DIR=/Applications/Xcode-27.0.0-Release.Candidate.app xcrun xcodebuild -IDEClonedSourcePackagesDirPathOverride=$PWD/.dependencies -skipMacroValidation -skipPackagePluginValidation -derivedDataPath $PWD/.derivedData build -scheme RegexWithDescription -destination generic/platform=tvOS
Command line invocation:
/Applications/Xcode-27.0.0-Release.Candidate.app/Contents/Developer/usr/bin/xcodebuild -IDEClonedSourcePackagesDirPathOverride=/Users/admin/builder/spi-builder-workspace/.dependencies -skipMacroValidation -skipPackagePluginValidation -derivedDataPath /Users/admin/builder/spi-builder-workspace/.derivedData build -scheme RegexWithDescription -destination generic/platform=tvOS
Resolve Package Graph
Resolved source packages:
RegexWithDescription: /Users/admin/builder/spi-builder-workspace
swift-syntax: https://github.com/apple/swift-syntax.git @ 509.1.1
ComputePackagePrebuildTargetDependencyGraph
Prepare packages
CreateBuildRequest
SendProjectDescription
CreateBuildOperation
ComputeTargetDependencyGraph
note: Building targets in dependency order
note: Target dependency graph (17 targets)
Target 'RegexWithDescription-product' in project 'RegexWithDescription'
➜ Explicit dependency on target 'RegexWithDescription' in project 'RegexWithDescription'
➜ Explicit dependency on target 'RegexWithDescriptionMacros' in project 'RegexWithDescription'
Target 'RegexWithDescription' in project 'RegexWithDescription'
➜ Explicit dependency on target 'RegexWithDescriptionMacros' in project 'RegexWithDescription'
Target 'RegexWithDescriptionMacros' in project 'RegexWithDescription'
➜ Explicit dependency on target 'SwiftSyntaxMacros-product' in project 'swift-syntax'
➜ Explicit dependency on target 'SwiftCompilerPlugin-product' in project 'swift-syntax'
Target 'SwiftCompilerPlugin-product' in project 'swift-syntax'
➜ Explicit dependency on target 'SwiftCompilerPlugin' in project 'swift-syntax'
➜ Explicit dependency on target 'SwiftSyntax509' in project 'swift-syntax'
➜ Explicit dependency on target 'SwiftSyntax' in project 'swift-syntax'
➜ Explicit dependency on target 'SwiftDiagnostics' in project 'swift-syntax'
➜ Explicit dependency on target 'SwiftParser' in project 'swift-syntax'
➜ Explicit dependency on target 'SwiftOperators' in project 'swift-syntax'
➜ Explicit dependency on target 'SwiftBasicFormat' in project 'swift-syntax'
➜ Explicit dependency on target 'SwiftParserDiagnostics' in project 'swift-syntax'
➜ Explicit dependency on target 'SwiftSyntaxBuilder' in project 'swift-syntax'
➜ Explicit dependency on target 'SwiftSyntaxMacros' in project 'swift-syntax'
➜ Explicit dependency on target 'SwiftSyntaxMacroExpansion' in project 'swift-syntax'
➜ Explicit dependency on target 'SwiftCompilerPluginMessageHandling' in project 'swift-syntax'
Target 'SwiftCompilerPlugin' in project 'swift-syntax'
➜ Explicit dependency on target 'SwiftSyntax509' in project 'swift-syntax'
➜ Explicit dependency on target 'SwiftSyntax' in project 'swift-syntax'
➜ Explicit dependency on target 'SwiftDiagnostics' in project 'swift-syntax'
➜ Explicit dependency on target 'SwiftParser' in project 'swift-syntax'
➜ Explicit dependency on target 'SwiftOperators' in project 'swift-syntax'
➜ Explicit dependency on target 'SwiftBasicFormat' in project 'swift-syntax'
➜ Explicit dependency on target 'SwiftParserDiagnostics' in project 'swift-syntax'
➜ Explicit dependency on target 'SwiftSyntaxBuilder' in project 'swift-syntax'
➜ Explicit dependency on target 'SwiftSyntaxMacros' in project 'swift-syntax'
➜ Explicit dependency on target 'SwiftSyntaxMacroExpansion' in project 'swift-syntax'
➜ Explicit dependency on target 'SwiftCompilerPluginMessageHandling' in project 'swift-syntax'
Target 'SwiftCompilerPluginMessageHandling' in project 'swift-syntax'
➜ Explicit dependency on target 'SwiftSyntax509' in project 'swift-syntax'
➜ Explicit dependency on target 'SwiftSyntax' in project 'swift-syntax'
➜ Explicit dependency on target 'SwiftDiagnostics' in project 'swift-syntax'
➜ Explicit dependency on target 'SwiftParser' in project 'swift-syntax'
➜ Explicit dependency on target 'SwiftOperators' in project 'swift-syntax'
➜ Explicit dependency on target 'SwiftBasicFormat' in project 'swift-syntax'
➜ Explicit dependency on target 'SwiftParserDiagnostics' in project 'swift-syntax'
➜ Explicit dependency on target 'SwiftSyntaxBuilder' in project 'swift-syntax'
➜ Explicit dependency on target 'SwiftSyntaxMacros' in project 'swift-syntax'
➜ Explicit dependency on target 'SwiftSyntaxMacroExpansion' in project 'swift-syntax'
Target 'SwiftSyntaxMacroExpansion' in project 'swift-syntax'
➜ Explicit dependency on target 'SwiftSyntax509' in project 'swift-syntax'
➜ Explicit dependency on target 'SwiftSyntax' in project 'swift-syntax'
➜ Explicit dependency on target 'SwiftBasicFormat' in project 'swift-syntax'
➜ Explicit dependency on target 'SwiftParser' in project 'swift-syntax'
➜ Explicit dependency on target 'SwiftDiagnostics' in project 'swift-syntax'
➜ Explicit dependency on target 'SwiftParserDiagnostics' in project 'swift-syntax'
➜ Explicit dependency on target 'SwiftSyntaxBuilder' in project 'swift-syntax'
➜ Explicit dependency on target 'SwiftSyntaxMacros' in project 'swift-syntax'
➜ Explicit dependency on target 'SwiftOperators' in project 'swift-syntax'
Target 'SwiftOperators' in project 'swift-syntax'
➜ Explicit dependency on target 'SwiftSyntax509' in project 'swift-syntax'
➜ Explicit dependency on target 'SwiftSyntax' in project 'swift-syntax'
➜ Explicit dependency on target 'SwiftDiagnostics' in project 'swift-syntax'
➜ Explicit dependency on target 'SwiftParser' in project 'swift-syntax'
Target 'SwiftSyntaxMacros-product' in project 'swift-syntax'
➜ Explicit dependency on target 'SwiftSyntaxMacros' in project 'swift-syntax'
➜ Explicit dependency on target 'SwiftSyntax509' in project 'swift-syntax'
➜ Explicit dependency on target 'SwiftSyntax' in project 'swift-syntax'
➜ Explicit dependency on target 'SwiftDiagnostics' in project 'swift-syntax'
➜ Explicit dependency on target 'SwiftParser' in project 'swift-syntax'
➜ Explicit dependency on target 'SwiftBasicFormat' in project 'swift-syntax'
➜ Explicit dependency on target 'SwiftParserDiagnostics' in project 'swift-syntax'
➜ Explicit dependency on target 'SwiftSyntaxBuilder' in project 'swift-syntax'
Target 'SwiftSyntaxMacros' in project 'swift-syntax'
➜ Explicit dependency on target 'SwiftSyntax509' in project 'swift-syntax'
➜ Explicit dependency on target 'SwiftSyntax' in project 'swift-syntax'
➜ Explicit dependency on target 'SwiftDiagnostics' in project 'swift-syntax'
➜ Explicit dependency on target 'SwiftParser' in project 'swift-syntax'
➜ Explicit dependency on target 'SwiftBasicFormat' in project 'swift-syntax'
➜ Explicit dependency on target 'SwiftParserDiagnostics' in project 'swift-syntax'
➜ Explicit dependency on target 'SwiftSyntaxBuilder' in project 'swift-syntax'
Target 'SwiftSyntaxBuilder' in project 'swift-syntax'
➜ Explicit dependency on target 'SwiftSyntax509' in project 'swift-syntax'
➜ Explicit dependency on target 'SwiftSyntax' in project 'swift-syntax'
➜ Explicit dependency on target 'SwiftBasicFormat' in project 'swift-syntax'
➜ Explicit dependency on target 'SwiftParser' in project 'swift-syntax'
➜ Explicit dependency on target 'SwiftDiagnostics' in project 'swift-syntax'
➜ Explicit dependency on target 'SwiftParserDiagnostics' in project 'swift-syntax'
Target 'SwiftParserDiagnostics' in project 'swift-syntax'
➜ Explicit dependency on target 'SwiftSyntax509' in project 'swift-syntax'
➜ Explicit dependency on target 'SwiftSyntax' in project 'swift-syntax'
➜ Explicit dependency on target 'SwiftBasicFormat' in project 'swift-syntax'
➜ Explicit dependency on target 'SwiftDiagnostics' in project 'swift-syntax'
➜ Explicit dependency on target 'SwiftParser' in project 'swift-syntax'
Target 'SwiftBasicFormat' in project 'swift-syntax'
➜ Explicit dependency on target 'SwiftSyntax509' in project 'swift-syntax'
➜ Explicit dependency on target 'SwiftSyntax' in project 'swift-syntax'
Target 'SwiftParser' in project 'swift-syntax'
➜ Explicit dependency on target 'SwiftSyntax509' in project 'swift-syntax'
➜ Explicit dependency on target 'SwiftSyntax' in project 'swift-syntax'
Target 'SwiftDiagnostics' in project 'swift-syntax'
➜ Explicit dependency on target 'SwiftSyntax509' in project 'swift-syntax'
➜ Explicit dependency on target 'SwiftSyntax' in project 'swift-syntax'
Target 'SwiftSyntax' in project 'swift-syntax'
➜ Explicit dependency on target 'SwiftSyntax509' in project 'swift-syntax'
Target 'SwiftSyntax509' in project 'swift-syntax' (no dependencies)
GatherProvisioningInputs
CreateBuildDescription
ClangStatCache /Applications/Xcode-27.0.0-Release.Candidate.app/Contents/Developer/Toolchains/XcodeDefault.xctoolchain/usr/bin/clang-stat-cache /Applications/Xcode-27.0.0-Release.Candidate.app/Contents/Developer/Platforms/AppleTVOS.platform/Developer/SDKs/AppleTVOS27.0.sdk /Users/admin/builder/spi-builder-workspace/.derivedData/SDKStatCaches.noindex/appletvos27.0-24J360-e829b21a6f8c9b70876ba0858053c044b32bfd8d43560033f8d89884cdb90028.sdkstatcache
cd /Users/admin/builder/spi-builder-workspace/.swiftpm/xcode
/Applications/Xcode-27.0.0-Release.Candidate.app/Contents/Developer/Toolchains/XcodeDefault.xctoolchain/usr/bin/clang-stat-cache /Applications/Xcode-27.0.0-Release.Candidate.app/Contents/Developer/Platforms/AppleTVOS.platform/Developer/SDKs/AppleTVOS27.0.sdk -o /Users/admin/builder/spi-builder-workspace/.derivedData/SDKStatCaches.noindex/appletvos27.0-24J360-e829b21a6f8c9b70876ba0858053c044b32bfd8d43560033f8d89884cdb90028.sdkstatcache
ClangStatCache /Applications/Xcode-27.0.0-Release.Candidate.app/Contents/Developer/Toolchains/XcodeDefault.xctoolchain/usr/bin/clang-stat-cache /Applications/Xcode-27.0.0-Release.Candidate.app/Contents/Developer/Platforms/MacOSX.platform/Developer/SDKs/MacOSX27.0.sdk /Users/admin/builder/spi-builder-workspace/.derivedData/SDKStatCaches.noindex/macosx27.0-26A425-e829b21a6f8c9b70876ba0858053c0446a22442a12e9d48fe1a705f55a1adfc4.sdkstatcache
cd /Users/admin/builder/spi-builder-workspace/.swiftpm/xcode
/Applications/Xcode-27.0.0-Release.Candidate.app/Contents/Developer/Toolchains/XcodeDefault.xctoolchain/usr/bin/clang-stat-cache /Applications/Xcode-27.0.0-Release.Candidate.app/Contents/Developer/Platforms/MacOSX.platform/Developer/SDKs/MacOSX27.0.sdk -o /Users/admin/builder/spi-builder-workspace/.derivedData/SDKStatCaches.noindex/macosx27.0-26A425-e829b21a6f8c9b70876ba0858053c0446a22442a12e9d48fe1a705f55a1adfc4.sdkstatcache
SwiftDriver RegexWithDescription normal arm64 com.apple.xcode.tools.swift.compiler (in target 'RegexWithDescription' from project 'RegexWithDescription')
cd /Users/admin/builder/spi-builder-workspace/.swiftpm/xcode
builtin-SwiftDriver -- /Applications/Xcode-27.0.0-Release.Candidate.app/Contents/Developer/Toolchains/XcodeDefault.xctoolchain/usr/bin/swiftc -parse-as-library -module-name RegexWithDescription -Onone @/Users/admin/builder/spi-builder-workspace/.derivedData/Build/Intermediates.noindex/RegexWithDescription.build/Debug-appletvos/RegexWithDescription-t.build/Objects-normal/arm64/RegexWithDescription.SwiftFileList -DSWIFT_PACKAGE -DDEBUG -DSWIFT_MODULE_RESOURCE_BUNDLE_UNAVAILABLE -DXcode -plugin-path /Applications/Xcode-27.0.0-Release.Candidate.app/Contents/Developer/Toolchains/XcodeDefault.xctoolchain/usr/lib/swift/host/plugins/testing -enable-experimental-feature DebugDescriptionMacro -sdk /Applications/Xcode-27.0.0-Release.Candidate.app/Contents/Developer/Platforms/AppleTVOS.platform/Developer/SDKs/AppleTVOS27.0.sdk -target arm64-apple-tvos15.0 -g -module-cache-path /Users/admin/builder/spi-builder-workspace/.derivedData/ModuleCache.noindex -Xfrontend -serialize-debugging-options -profile-coverage-mapping -profile-generate -enable-testing -index-store-path /Users/admin/builder/spi-builder-workspace/.derivedData/Index.noindex/DataStore -Xcc -D_LIBCPP_HARDENING_MODE\=_LIBCPP_HARDENING_MODE_DEBUG -swift-version 6 -I /Users/admin/builder/spi-builder-workspace/.derivedData/Build/Products/Debug-appletvos -Isystem /Applications/Xcode-27.0.0-Release.Candidate.app/Contents/Developer/Platforms/AppleTVOS.platform/Developer/usr/lib -F /Users/admin/builder/spi-builder-workspace/.derivedData/Build/Products/Debug-appletvos -F /Applications/Xcode-27.0.0-Release.Candidate.app/Contents/Developer/Platforms/AppleTVOS.platform/Developer/Library/Frameworks -F /Applications/Xcode-27.0.0-Release.Candidate.app/Contents/Developer/Platforms/AppleTVOS.platform/Developer/SDKs/AppleTVOS27.0.sdk/Developer/Library/Frameworks -Xfrontend -load-plugin-executable -Xfrontend /Users/admin/builder/spi-builder-workspace/.derivedData/Build/Products/Debug/RegexWithDescriptionMacros\#RegexWithDescriptionMacros -c -j10 -enable-batch-mode -incremental -Xcc -ivfsstatcache -Xcc /Users/admin/builder/spi-builder-workspace/.derivedData/SDKStatCaches.noindex/appletvos27.0-24J360-e829b21a6f8c9b70876ba0858053c044b32bfd8d43560033f8d89884cdb90028.sdkstatcache -output-file-map /Users/admin/builder/spi-builder-workspace/.derivedData/Build/Intermediates.noindex/RegexWithDescription.build/Debug-appletvos/RegexWithDescription-t.build/Objects-normal/arm64/RegexWithDescription-OutputFileMap.json -save-temps -no-color-diagnostics -explicit-module-build -module-cache-path /Users/admin/builder/spi-builder-workspace/.derivedData/Build/Intermediates.noindex/SwiftExplicitPrecompiledModules -clang-scanner-module-cache-path /Users/admin/builder/spi-builder-workspace/.derivedData/ModuleCache.noindex -sdk-module-cache-path /Users/admin/builder/spi-builder-workspace/.derivedData/SDKExplicitPrecompiledModules -emit-dependencies -emit-module -emit-module-path /Users/admin/builder/spi-builder-workspace/.derivedData/Build/Intermediates.noindex/RegexWithDescription.build/Debug-appletvos/RegexWithDescription-t.build/Objects-normal/arm64/RegexWithDescription.swiftmodule -serialize-diagnostics -dependency-scan-serialize-diagnostics-path /Users/admin/builder/spi-builder-workspace/.derivedData/Build/Intermediates.noindex/RegexWithDescription.build/Debug-appletvos/RegexWithDescription-t.build/Objects-normal/arm64/RegexWithDescription-dependency-scan.dia -validate-clang-modules-once -clang-build-session-file /Users/admin/builder/spi-builder-workspace/.derivedData/ModuleCache.noindex/Session.modulevalidation -Xcc -fmodules-prune-interval\=86400 -Xcc -fmodules-prune-after\=345600 -package-name spi_builder_workspace -emit-const-values -const-gather-protocols-list /Users/admin/builder/spi-builder-workspace/.derivedData/Build/Intermediates.noindex/RegexWithDescription.build/Debug-appletvos/RegexWithDescription-t.build/Objects-normal/arm64/RegexWithDescription_const_extract_protocols.json -Xcc -I/Users/admin/builder/spi-builder-workspace/.derivedData/Build/Products/Debug-appletvos/include -Xcc -I/Users/admin/builder/spi-builder-workspace/.derivedData/Build/Intermediates.noindex/RegexWithDescription.build/Debug-appletvos/RegexWithDescription-t.build/DerivedSources-normal/arm64 -Xcc -I/Users/admin/builder/spi-builder-workspace/.derivedData/Build/Intermediates.noindex/RegexWithDescription.build/Debug-appletvos/RegexWithDescription-t.build/DerivedSources/arm64 -Xcc -I/Users/admin/builder/spi-builder-workspace/.derivedData/Build/Intermediates.noindex/RegexWithDescription.build/Debug-appletvos/RegexWithDescription-t.build/DerivedSources -Xcc -DSWIFT_PACKAGE -Xcc -DDEBUG\=1 -emit-objc-header -emit-objc-header-path /Users/admin/builder/spi-builder-workspace/.derivedData/Build/Intermediates.noindex/RegexWithDescription.build/Debug-appletvos/RegexWithDescription-t.build/Objects-normal/arm64/RegexWithDescription-Swift.h -working-directory /Users/admin/builder/spi-builder-workspace/.swiftpm/xcode -experimental-emit-module-separately -disable-cmo
SwiftCompile normal arm64 Compiling\ RegexWithDescription.swift /Users/admin/builder/spi-builder-workspace/Sources/RegexWithDescription/RegexWithDescription.swift (in target 'RegexWithDescription' from project 'RegexWithDescription')
macro expansion #regexWith3GroupsAndDescription:1:2: error: 'Regex' is only available in tvOS 16.0 or newer
`- /Users/admin/builder/spi-builder-workspace/Sources/RegexWithDescription/RegexWithDescription.swift:1:169: note: expanded code originates here
1 | nonisolated(unsafe) public let utf8or16or32EncodingPattern = RegexWith3GroupsAndDescription(#regexWith3GroupsAndDescription(#"encoding=['\"](utf|UTF)-?(8|16|32)['\"]"#))
| `- note: in expansion of macro 'regexWith3GroupsAndDescription' here
+--- macro expansion #regexWith3GroupsAndDescription ---------------
|1 | (##/encoding=['\"](utf|UTF)-?(8|16|32)['\"]/##, ##"encoding=['\"](utf|UTF)-?(8|16|32)['\"]"##)
| | `- error: 'Regex' is only available in tvOS 16.0 or newer
+-------------------------------------------------------------------
2 |
3 | public func test1() throws {
/Users/admin/builder/spi-builder-workspace/Sources/RegexWithDescription/RegexWithDescription.swift:12:69: error: 'Regex' is only available in tvOS 16.0 or newer
10 |
11 | @freestanding(expression)
12 | public macro regexWith1GroupAndDescription(_ regexText: String) -> (Regex<(
| | `- error: 'Regex' is only available in tvOS 16.0 or newer
| `- note: add '@available' attribute to enclosing macro
13 | Substring // 1
14 | )>,String) = #externalMacro(module: "RegexWithDescriptionMacros", type: "RegexWithDescription")
/Users/admin/builder/spi-builder-workspace/Sources/RegexWithDescription/RegexWithDescription.swift:18:43: error: 'Regex' is only available in tvOS 16.0 or newer
14 | )>,String) = #externalMacro(module: "RegexWithDescriptionMacros", type: "RegexWithDescription")
15 |
16 | public struct RegexWith1GroupAndDescription {
| `- note: add '@available' attribute to enclosing struct
17 |
18 | nonisolated(unsafe) public let regex: Regex<(Substring)>
| `- error: 'Regex' is only available in tvOS 16.0 or newer
19 | public let description: String
20 |
/Users/admin/builder/spi-builder-workspace/Sources/RegexWithDescription/RegexWithDescription.swift:21:49: error: 'Regex' is only available in tvOS 16.0 or newer
14 | )>,String) = #externalMacro(module: "RegexWithDescriptionMacros", type: "RegexWithDescription")
15 |
16 | public struct RegexWith1GroupAndDescription {
| `- note: add '@available' attribute to enclosing struct
17 |
18 | nonisolated(unsafe) public let regex: Regex<(Substring)>
19 | public let description: String
20 |
21 | public init(_ regexWithDescription: (regex: Regex<(Substring)>, description: String)) {
| | `- error: 'Regex' is only available in tvOS 16.0 or newer
| `- note: add '@available' attribute to enclosing initializer
22 | self.regex = regexWithDescription.regex
23 | self.description = regexWithDescription.description
/Users/admin/builder/spi-builder-workspace/Sources/RegexWithDescription/RegexWithDescription.swift:28:70: error: 'Regex' is only available in tvOS 16.0 or newer
26 |
27 | @freestanding(expression)
28 | public macro regexWith2GroupsAndDescription(_ regexText: String) -> (Regex<(
| | `- error: 'Regex' is only available in tvOS 16.0 or newer
| `- note: add '@available' attribute to enclosing macro
29 | Substring, // 1
30 | Substring // 2
/Users/admin/builder/spi-builder-workspace/Sources/RegexWithDescription/RegexWithDescription.swift:35:43: error: 'Regex' is only available in tvOS 16.0 or newer
31 | )>,String) = #externalMacro(module: "RegexWithDescriptionMacros", type: "RegexWithDescription")
32 |
33 | public struct RegexWith2GroupsAndDescription {
| `- note: add '@available' attribute to enclosing struct
34 |
35 | nonisolated(unsafe) public let regex: Regex<(Substring, Substring)>
| `- error: 'Regex' is only available in tvOS 16.0 or newer
36 | public let description: String
37 |
/Users/admin/builder/spi-builder-workspace/Sources/RegexWithDescription/RegexWithDescription.swift:38:49: error: 'Regex' is only available in tvOS 16.0 or newer
31 | )>,String) = #externalMacro(module: "RegexWithDescriptionMacros", type: "RegexWithDescription")
32 |
33 | public struct RegexWith2GroupsAndDescription {
| `- note: add '@available' attribute to enclosing struct
34 |
35 | nonisolated(unsafe) public let regex: Regex<(Substring, Substring)>
36 | public let description: String
37 |
38 | public init(_ regexWithDescription: (regex: Regex<(Substring, Substring)>, description: String)) {
| | `- error: 'Regex' is only available in tvOS 16.0 or newer
| `- note: add '@available' attribute to enclosing initializer
39 | self.regex = regexWithDescription.regex
40 | self.description = regexWithDescription.description
/Users/admin/builder/spi-builder-workspace/Sources/RegexWithDescription/RegexWithDescription.swift:45:70: error: 'Regex' is only available in tvOS 16.0 or newer
43 |
44 | @freestanding(expression)
45 | public macro regexWith3GroupsAndDescription(_ regexText: String) -> (Regex<(
| | `- error: 'Regex' is only available in tvOS 16.0 or newer
| `- note: add '@available' attribute to enclosing macro
46 | Substring, // 1
47 | Substring, // 2
/Users/admin/builder/spi-builder-workspace/Sources/RegexWithDescription/RegexWithDescription.swift:53:43: error: 'Regex' is only available in tvOS 16.0 or newer
49 | )>,String) = #externalMacro(module: "RegexWithDescriptionMacros", type: "RegexWithDescription")
50 |
51 | public struct RegexWith3GroupsAndDescription {
| `- note: add '@available' attribute to enclosing struct
52 |
53 | nonisolated(unsafe) public let regex: Regex<(Substring, Substring, Substring)>
| `- error: 'Regex' is only available in tvOS 16.0 or newer
54 | public let description: String
55 |
/Users/admin/builder/spi-builder-workspace/Sources/RegexWithDescription/RegexWithDescription.swift:56:49: error: 'Regex' is only available in tvOS 16.0 or newer
49 | )>,String) = #externalMacro(module: "RegexWithDescriptionMacros", type: "RegexWithDescription")
50 |
51 | public struct RegexWith3GroupsAndDescription {
| `- note: add '@available' attribute to enclosing struct
52 |
53 | nonisolated(unsafe) public let regex: Regex<(Substring, Substring, Substring)>
54 | public let description: String
55 |
56 | public init(_ regexWithDescription: (regex: Regex<(Substring, Substring, Substring)>, description: String)) {
| | `- error: 'Regex' is only available in tvOS 16.0 or newer
| `- note: add '@available' attribute to enclosing initializer
57 | self.regex = regexWithDescription.regex
58 | self.description = regexWithDescription.description
/Users/admin/builder/spi-builder-workspace/Sources/RegexWithDescription/RegexWithDescription.swift:63:70: error: 'Regex' is only available in tvOS 16.0 or newer
61 |
62 | @freestanding(expression)
63 | public macro regexWith4GroupsAndDescription(_ regexText: String) -> (Regex<(
| | `- error: 'Regex' is only available in tvOS 16.0 or newer
| `- note: add '@available' attribute to enclosing macro
64 | Substring, // 1
65 | Substring, // 2
/Users/admin/builder/spi-builder-workspace/Sources/RegexWithDescription/RegexWithDescription.swift:72:43: error: 'Regex' is only available in tvOS 16.0 or newer
68 | )>,String) = #externalMacro(module: "RegexWithDescriptionMacros", type: "RegexWithDescription")
69 |
70 | public struct RegexWith4GroupsAndDescription {
| `- note: add '@available' attribute to enclosing struct
71 |
72 | nonisolated(unsafe) public let regex: Regex<(Substring, Substring, Substring, Substring)>
| `- error: 'Regex' is only available in tvOS 16.0 or newer
73 | public let description: String
74 |
/Users/admin/builder/spi-builder-workspace/Sources/RegexWithDescription/RegexWithDescription.swift:75:49: error: 'Regex' is only available in tvOS 16.0 or newer
68 | )>,String) = #externalMacro(module: "RegexWithDescriptionMacros", type: "RegexWithDescription")
69 |
70 | public struct RegexWith4GroupsAndDescription {
| `- note: add '@available' attribute to enclosing struct
71 |
72 | nonisolated(unsafe) public let regex: Regex<(Substring, Substring, Substring, Substring)>
73 | public let description: String
74 |
75 | public init(_ regexWithDescription: (regex: Regex<(Substring, Substring, Substring, Substring)>, description: String)) {
| | `- error: 'Regex' is only available in tvOS 16.0 or newer
| `- note: add '@available' attribute to enclosing initializer
76 | self.regex = regexWithDescription.regex
77 | self.description = regexWithDescription.description
/Users/admin/builder/spi-builder-workspace/Sources/RegexWithDescription/RegexWithDescription.swift:82:70: error: 'Regex' is only available in tvOS 16.0 or newer
80 |
81 | @freestanding(expression)
82 | public macro regexWith5GroupsAndDescription(_ regexText: String) -> (Regex<(
| | `- error: 'Regex' is only available in tvOS 16.0 or newer
| `- note: add '@available' attribute to enclosing macro
83 | Substring, // 1
84 | Substring, // 2
SwiftCompile normal arm64 /Users/admin/builder/spi-builder-workspace/Sources/RegexWithDescription/RegexWithDescription.swift (in target 'RegexWithDescription' from project 'RegexWithDescription')
cd /Users/admin/builder/spi-builder-workspace/.swiftpm/xcode
builtin-SwiftPerFileCompile RegexWithDescription.swift
/Users/admin/builder/spi-builder-workspace/Sources/RegexWithDescription/RegexWithDescription.swift:92:43: error: 'Regex' is only available in tvOS 16.0 or newer
88 | )>,String) = #externalMacro(module: "RegexWithDescriptionMacros", type: "RegexWithDescription")
89 |
90 | public struct RegexWith5GroupsAndDescription {
| `- note: add '@available' attribute to enclosing struct
91 |
92 | nonisolated(unsafe) public let regex: Regex<(Substring, Substring, Substring, Substring, Substring)>
| `- error: 'Regex' is only available in tvOS 16.0 or newer
93 | public let description: String
94 |
/Users/admin/builder/spi-builder-workspace/Sources/RegexWithDescription/RegexWithDescription.swift:95:49: error: 'Regex' is only available in tvOS 16.0 or newer
88 | )>,String) = #externalMacro(module: "RegexWithDescriptionMacros", type: "RegexWithDescription")
89 |
90 | public struct RegexWith5GroupsAndDescription {
| `- note: add '@available' attribute to enclosing struct
91 |
92 | nonisolated(unsafe) public let regex: Regex<(Substring, Substring, Substring, Substring, Substring)>
93 | public let description: String
94 |
95 | public init(_ regexWithDescription: (regex: Regex<(Substring, Substring, Substring, Substring, Substring)>, description: String)) {
| | `- error: 'Regex' is only available in tvOS 16.0 or newer
| `- note: add '@available' attribute to enclosing initializer
96 | self.regex = regexWithDescription.regex
97 | self.description = regexWithDescription.description
/Users/admin/builder/spi-builder-workspace/Sources/RegexWithDescription/RegexWithDescription.swift:102:70: error: 'Regex' is only available in tvOS 16.0 or newer
100 |
101 | @freestanding(expression)
102 | public macro regexWith6GroupsAndDescription(_ regexText: String) -> (Regex<(
| | `- error: 'Regex' is only available in tvOS 16.0 or newer
| `- note: add '@available' attribute to enclosing macro
103 | Substring, // 1
104 | Substring, // 2
/Users/admin/builder/spi-builder-workspace/Sources/RegexWithDescription/RegexWithDescription.swift:113:43: error: 'Regex' is only available in tvOS 16.0 or newer
109 | )>,String) = #externalMacro(module: "RegexWithDescriptionMacros", type: "RegexWithDescription")
110 |
111 | public struct RegexWith6GroupsAndDescription {
| `- note: add '@available' attribute to enclosing struct
112 |
113 | nonisolated(unsafe) public let regex: Regex<(Substring, Substring, Substring, Substring, Substring, Substring)>
| `- error: 'Regex' is only available in tvOS 16.0 or newer
114 | public let description: String
115 |
/Users/admin/builder/spi-builder-workspace/Sources/RegexWithDescription/RegexWithDescription.swift:116:49: error: 'Regex' is only available in tvOS 16.0 or newer
109 | )>,String) = #externalMacro(module: "RegexWithDescriptionMacros", type: "RegexWithDescription")
110 |
111 | public struct RegexWith6GroupsAndDescription {
| `- note: add '@available' attribute to enclosing struct
112 |
113 | nonisolated(unsafe) public let regex: Regex<(Substring, Substring, Substring, Substring, Substring, Substring)>
114 | public let description: String
115 |
116 | public init(_ regexWithDescription: (regex: Regex<(Substring, Substring, Substring, Substring, Substring, Substring)>, description: String)) {
| | `- error: 'Regex' is only available in tvOS 16.0 or newer
| `- note: add '@available' attribute to enclosing initializer
117 | self.regex = regexWithDescription.regex
118 | self.description = regexWithDescription.description
/Users/admin/builder/spi-builder-workspace/Sources/RegexWithDescription/RegexWithDescription.swift:123:70: error: 'Regex' is only available in tvOS 16.0 or newer
121 |
122 | @freestanding(expression)
123 | public macro regexWith7GroupsAndDescription(_ regexText: String) -> (Regex<(
| | `- error: 'Regex' is only available in tvOS 16.0 or newer
| `- note: add '@available' attribute to enclosing macro
124 | Substring, // 1
125 | Substring, // 2
/Users/admin/builder/spi-builder-workspace/Sources/RegexWithDescription/RegexWithDescription.swift:135:43: error: 'Regex' is only available in tvOS 16.0 or newer
131 | )>,String) = #externalMacro(module: "RegexWithDescriptionMacros", type: "RegexWithDescription")
132 |
133 | public struct RegexWith7GroupsAndDescription {
| `- note: add '@available' attribute to enclosing struct
134 |
135 | nonisolated(unsafe) public let regex: Regex<(Substring, Substring, Substring, Substring, Substring, Substring, Substring)>
| `- error: 'Regex' is only available in tvOS 16.0 or newer
136 | public let description: String
137 |
SwiftEmitModule normal arm64 Emitting\ module\ for\ RegexWithDescription (in target 'RegexWithDescription' from project 'RegexWithDescription')
macro expansion #regexWith3GroupsAndDescription:1:2: error: 'Regex' is only available in tvOS 16.0 or newer
`- /Users/admin/builder/spi-builder-workspace/Sources/RegexWithDescription/RegexWithDescription.swift:1:169: note: expanded code originates here
1 | nonisolated(unsafe) public let utf8or16or32EncodingPattern = RegexWith3GroupsAndDescription(#regexWith3GroupsAndDescription(#"encoding=['\"](utf|UTF)-?(8|16|32)['\"]"#))
| `- note: in expansion of macro 'regexWith3GroupsAndDescription' here
+--- macro expansion #regexWith3GroupsAndDescription ---------------
|1 | (##/encoding=['\"](utf|UTF)-?(8|16|32)['\"]/##, ##"encoding=['\"](utf|UTF)-?(8|16|32)['\"]"##)
| | `- error: 'Regex' is only available in tvOS 16.0 or newer
+-------------------------------------------------------------------
2 |
3 | public func test1() throws {
/Users/admin/builder/spi-builder-workspace/Sources/RegexWithDescription/RegexWithDescription.swift:12:69: error: 'Regex' is only available in tvOS 16.0 or newer
10 |
11 | @freestanding(expression)
12 | public macro regexWith1GroupAndDescription(_ regexText: String) -> (Regex<(
| | `- error: 'Regex' is only available in tvOS 16.0 or newer
| `- note: add '@available' attribute to enclosing macro
13 | Substring // 1
14 | )>,String) = #externalMacro(module: "RegexWithDescriptionMacros", type: "RegexWithDescription")
/Users/admin/builder/spi-builder-workspace/Sources/RegexWithDescription/RegexWithDescription.swift:18:43: error: 'Regex' is only available in tvOS 16.0 or newer
14 | )>,String) = #externalMacro(module: "RegexWithDescriptionMacros", type: "RegexWithDescription")
15 |
16 | public struct RegexWith1GroupAndDescription {
| `- note: add '@available' attribute to enclosing struct
17 |
18 | nonisolated(unsafe) public let regex: Regex<(Substring)>
| `- error: 'Regex' is only available in tvOS 16.0 or newer
19 | public let description: String
20 |
/Users/admin/builder/spi-builder-workspace/Sources/RegexWithDescription/RegexWithDescription.swift:21:49: error: 'Regex' is only available in tvOS 16.0 or newer
14 | )>,String) = #externalMacro(module: "RegexWithDescriptionMacros", type: "RegexWithDescription")
15 |
16 | public struct RegexWith1GroupAndDescription {
| `- note: add '@available' attribute to enclosing struct
17 |
18 | nonisolated(unsafe) public let regex: Regex<(Substring)>
19 | public let description: String
20 |
21 | public init(_ regexWithDescription: (regex: Regex<(Substring)>, description: String)) {
| | `- error: 'Regex' is only available in tvOS 16.0 or newer
| `- note: add '@available' attribute to enclosing initializer
22 | self.regex = regexWithDescription.regex
23 | self.description = regexWithDescription.description
/Users/admin/builder/spi-builder-workspace/Sources/RegexWithDescription/RegexWithDescription.swift:28:70: error: 'Regex' is only available in tvOS 16.0 or newer
26 |
27 | @freestanding(expression)
28 | public macro regexWith2GroupsAndDescription(_ regexText: String) -> (Regex<(
| | `- error: 'Regex' is only available in tvOS 16.0 or newer
| `- note: add '@available' attribute to enclosing macro
29 | Substring, // 1
30 | Substring // 2
/Users/admin/builder/spi-builder-workspace/Sources/RegexWithDescription/RegexWithDescription.swift:35:43: error: 'Regex' is only available in tvOS 16.0 or newer
31 | )>,String) = #externalMacro(module: "RegexWithDescriptionMacros", type: "RegexWithDescription")
32 |
33 | public struct RegexWith2GroupsAndDescription {
| `- note: add '@available' attribute to enclosing struct
34 |
35 | nonisolated(unsafe) public let regex: Regex<(Substring, Substring)>
| `- error: 'Regex' is only available in tvOS 16.0 or newer
36 | public let description: String
37 |
/Users/admin/builder/spi-builder-workspace/Sources/RegexWithDescription/RegexWithDescription.swift:38:49: error: 'Regex' is only available in tvOS 16.0 or newer
31 | )>,String) = #externalMacro(module: "RegexWithDescriptionMacros", type: "RegexWithDescription")
32 |
33 | public struct RegexWith2GroupsAndDescription {
| `- note: add '@available' attribute to enclosing struct
34 |
35 | nonisolated(unsafe) public let regex: Regex<(Substring, Substring)>
36 | public let description: String
37 |
38 | public init(_ regexWithDescription: (regex: Regex<(Substring, Substring)>, description: String)) {
| | `- error: 'Regex' is only available in tvOS 16.0 or newer
| `- note: add '@available' attribute to enclosing initializer
39 | self.regex = regexWithDescription.regex
40 | self.description = regexWithDescription.description
/Users/admin/builder/spi-builder-workspace/Sources/RegexWithDescription/RegexWithDescription.swift:45:70: error: 'Regex' is only available in tvOS 16.0 or newer
43 |
44 | @freestanding(expression)
45 | public macro regexWith3GroupsAndDescription(_ regexText: String) -> (Regex<(
| | `- error: 'Regex' is only available in tvOS 16.0 or newer
| `- note: add '@available' attribute to enclosing macro
46 | Substring, // 1
47 | Substring, // 2
/Users/admin/builder/spi-builder-workspace/Sources/RegexWithDescription/RegexWithDescription.swift:53:43: error: 'Regex' is only available in tvOS 16.0 or newer
49 | )>,String) = #externalMacro(module: "RegexWithDescriptionMacros", type: "RegexWithDescription")
50 |
51 | public struct RegexWith3GroupsAndDescription {
| `- note: add '@available' attribute to enclosing struct
52 |
53 | nonisolated(unsafe) public let regex: Regex<(Substring, Substring, Substring)>
| `- error: 'Regex' is only available in tvOS 16.0 or newer
54 | public let description: String
55 |
/Users/admin/builder/spi-builder-workspace/Sources/RegexWithDescription/RegexWithDescription.swift:56:49: error: 'Regex' is only available in tvOS 16.0 or newer
49 | )>,String) = #externalMacro(module: "RegexWithDescriptionMacros", type: "RegexWithDescription")
50 |
51 | public struct RegexWith3GroupsAndDescription {
| `- note: add '@available' attribute to enclosing struct
52 |
53 | nonisolated(unsafe) public let regex: Regex<(Substring, Substring, Substring)>
54 | public let description: String
55 |
56 | public init(_ regexWithDescription: (regex: Regex<(Substring, Substring, Substring)>, description: String)) {
| | `- error: 'Regex' is only available in tvOS 16.0 or newer
| `- note: add '@available' attribute to enclosing initializer
57 | self.regex = regexWithDescription.regex
58 | self.description = regexWithDescription.description
/Users/admin/builder/spi-builder-workspace/Sources/RegexWithDescription/RegexWithDescription.swift:63:70: error: 'Regex' is only available in tvOS 16.0 or newer
61 |
62 | @freestanding(expression)
63 | public macro regexWith4GroupsAndDescription(_ regexText: String) -> (Regex<(
| | `- error: 'Regex' is only available in tvOS 16.0 or newer
| `- note: add '@available' attribute to enclosing macro
64 | Substring, // 1
65 | Substring, // 2
/Users/admin/builder/spi-builder-workspace/Sources/RegexWithDescription/RegexWithDescription.swift:72:43: error: 'Regex' is only available in tvOS 16.0 or newer
68 | )>,String) = #externalMacro(module: "RegexWithDescriptionMacros", type: "RegexWithDescription")
69 |
70 | public struct RegexWith4GroupsAndDescription {
| `- note: add '@available' attribute to enclosing struct
71 |
72 | nonisolated(unsafe) public let regex: Regex<(Substring, Substring, Substring, Substring)>
| `- error: 'Regex' is only available in tvOS 16.0 or newer
73 | public let description: String
74 |
/Users/admin/builder/spi-builder-workspace/Sources/RegexWithDescription/RegexWithDescription.swift:75:49: error: 'Regex' is only available in tvOS 16.0 or newer
68 | )>,String) = #externalMacro(module: "RegexWithDescriptionMacros", type: "RegexWithDescription")
69 |
70 | public struct RegexWith4GroupsAndDescription {
| `- note: add '@available' attribute to enclosing struct
71 |
72 | nonisolated(unsafe) public let regex: Regex<(Substring, Substring, Substring, Substring)>
73 | public let description: String
74 |
75 | public init(_ regexWithDescription: (regex: Regex<(Substring, Substring, Substring, Substring)>, description: String)) {
| | `- error: 'Regex' is only available in tvOS 16.0 or newer
| `- note: add '@available' attribute to enclosing initializer
76 | self.regex = regexWithDescription.regex
77 | self.description = regexWithDescription.description
/Users/admin/builder/spi-builder-workspace/Sources/RegexWithDescription/RegexWithDescription.swift:82:70: error: 'Regex' is only available in tvOS 16.0 or newer
80 |
81 | @freestanding(expression)
82 | public macro regexWith5GroupsAndDescription(_ regexText: String) -> (Regex<(
| | `- error: 'Regex' is only available in tvOS 16.0 or newer
| `- note: add '@available' attribute to enclosing macro
83 | Substring, // 1
84 | Substring, // 2
/Users/admin/builder/spi-builder-workspace/Sources/RegexWithDescription/RegexWithDescription.swift:92:43: error: 'Regex' is only available in tvOS 16.0 or newer
88 | )>,String) = #externalMacro(module: "RegexWithDescriptionMacros", type: "RegexWithDescription")
89 |
90 | public struct RegexWith5GroupsAndDescription {
| `- note: add '@available' attribute to enclosing struct
91 |
92 | nonisolated(unsafe) public let regex: Regex<(Substring, Substring, Substring, Substring, Substring)>
| `- error: 'Regex' is only available in tvOS 16.0 or newer
93 | public let description: String
94 |
/Users/admin/builder/spi-builder-workspace/Sources/RegexWithDescription/RegexWithDescription.swift:95:49: error: 'Regex' is only available in tvOS 16.0 or newer
88 | )>,String) = #externalMacro(module: "RegexWithDescriptionMacros", type: "RegexWithDescription")
89 |
90 | public struct RegexWith5GroupsAndDescription {
| `- note: add '@available' attribute to enclosing struct
91 |
92 | nonisolated(unsafe) public let regex: Regex<(Substring, Substring, Substring, Substring, Substring)>
93 | public let description: String
94 |
95 | public init(_ regexWithDescription: (regex: Regex<(Substring, Substring, Substring, Substring, Substring)>, description: String)) {
| | `- error: 'Regex' is only available in tvOS 16.0 or newer
| `- note: add '@available' attribute to enclosing initializer
96 | self.regex = regexWithDescription.regex
97 | self.description = regexWithDescription.description
/Users/admin/builder/spi-builder-workspace/Sources/RegexWithDescription/RegexWithDescription.swift:102:70: error: 'Regex' is only available in tvOS 16.0 or newer
100 |
101 | @freestanding(expression)
102 | public macro regexWith6GroupsAndDescription(_ regexText: String) -> (Regex<(
| | `- error: 'Regex' is only available in tvOS 16.0 or newer
| `- note: add '@available' attribute to enclosing macro
103 | Substring, // 1
104 | Substring, // 2
/Users/admin/builder/spi-builder-workspace/Sources/RegexWithDescription/RegexWithDescription.swift:113:43: error: 'Regex' is only available in tvOS 16.0 or newer
109 | )>,String) = #externalMacro(module: "RegexWithDescriptionMacros", type: "RegexWithDescription")
110 |
111 | public struct RegexWith6GroupsAndDescription {
| `- note: add '@available' attribute to enclosing struct
112 |
113 | nonisolated(unsafe) public let regex: Regex<(Substring, Substring, Substring, Substring, Substring, Substring)>
| `- error: 'Regex' is only available in tvOS 16.0 or newer
114 | public let description: String
115 |
/Users/admin/builder/spi-builder-workspace/Sources/RegexWithDescription/RegexWithDescription.swift:116:49: error: 'Regex' is only available in tvOS 16.0 or newer
109 | )>,String) = #externalMacro(module: "RegexWithDescriptionMacros", type: "RegexWithDescription")
110 |
111 | public struct RegexWith6GroupsAndDescription {
| `- note: add '@available' attribute to enclosing struct
112 |
113 | nonisolated(unsafe) public let regex: Regex<(Substring, Substring, Substring, Substring, Substring, Substring)>
114 | public let description: String
115 |
116 | public init(_ regexWithDescription: (regex: Regex<(Substring, Substring, Substring, Substring, Substring, Substring)>, description: String)) {
| | `- error: 'Regex' is only available in tvOS 16.0 or newer
| `- note: add '@available' attribute to enclosing initializer
117 | self.regex = regexWithDescription.regex
118 | self.description = regexWithDescription.description
/Users/admin/builder/spi-builder-workspace/Sources/RegexWithDescription/RegexWithDescription.swift:123:70: error: 'Regex' is only available in tvOS 16.0 or newer
121 |
122 | @freestanding(expression)
123 | public macro regexWith7GroupsAndDescription(_ regexText: String) -> (Regex<(
| | `- error: 'Regex' is only available in tvOS 16.0 or newer
| `- note: add '@available' attribute to enclosing macro
124 | Substring, // 1
125 | Substring, // 2
/Users/admin/builder/spi-builder-workspace/Sources/RegexWithDescription/RegexWithDescription.swift:135:43: error: 'Regex' is only available in tvOS 16.0 or newer
131 | )>,String) = #externalMacro(module: "RegexWithDescriptionMacros", type: "RegexWithDescription")
132 |
133 | public struct RegexWith7GroupsAndDescription {
| `- note: add '@available' attribute to enclosing struct
134 |
135 | nonisolated(unsafe) public let regex: Regex<(Substring, Substring, Substring, Substring, Substring, Substring, Substring)>
| `- error: 'Regex' is only available in tvOS 16.0 or newer
136 | public let description: String
137 |
/Users/admin/builder/spi-builder-workspace/Sources/RegexWithDescription/RegexWithDescription.swift:138:49: error: 'Regex' is only available in tvOS 16.0 or newer
131 | )>,String) = #externalMacro(module: "RegexWithDescriptionMacros", type: "RegexWithDescription")
132 |
133 | public struct RegexWith7GroupsAndDescription {
| `- note: add '@available' attribute to enclosing struct
134 |
135 | nonisolated(unsafe) public let regex: Regex<(Substring, Substring, Substring, Substring, Substring, Substring, Substring)>
136 | public let description: String
137 |
138 | public init(_ regexWithDescription: (regex: Regex<(Substring, Substring, Substring, Substring, Substring, Substring, Substring)>, description: String)) {
| | `- error: 'Regex' is only available in tvOS 16.0 or newer
| `- note: add '@available' attribute to enclosing initializer
139 | self.regex = regexWithDescription.regex
140 | self.description = regexWithDescription.description
Failed frontend command:
/Applications/Xcode-27.0.0-Release.Candidate.app/Contents/Developer/Toolchains/XcodeDefault.xctoolchain/usr/bin/swift-frontend -frontend -emit-module -experimental-skip-non-inlinable-function-bodies-without-types /Users/admin/builder/spi-builder-workspace/Sources/RegexWithDescription/RegexWithDescription.swift -target arm64-apple-tvos15.0 -disable-cross-import-overlay-search -load-resolved-plugin \#/Users/admin/builder/spi-builder-workspace/.derivedData/Build/Products/Debug/RegexWithDescriptionMacros\#RegexWithDescriptionMacros -load-resolved-plugin /Applications/Xcode-27.0.0-Release.Candidate.app/Contents/Developer/Platforms/AppleTVOS.platform/Developer/usr/lib/swift/host/plugins/libSwiftMacros.dylib\#/Applications/Xcode-27.0.0-Release.Candidate.app/Contents/Developer/Platforms/AppleTVOS.platform/Developer/usr/bin/swift-plugin-server\#SwiftMacros -disable-implicit-swift-modules -Xcc -fno-implicit-modules -Xcc -fno-implicit-module-maps -explicit-swift-module-map-file /Users/admin/builder/spi-builder-workspace/.derivedData/Build/Intermediates.noindex/RegexWithDescription.build/Debug-appletvos/RegexWithDescription-t.build/Objects-normal/arm64/RegexWithDescription-dependencies-1.json -Xllvm -aarch64-use-tbi -enable-objc-interop -stack-check -sdk /Applications/Xcode-27.0.0-Release.Candidate.app/Contents/Developer/Platforms/AppleTVOS.platform/Developer/SDKs/AppleTVOS27.0.sdk -I /Users/admin/builder/spi-builder-workspace/.derivedData/Build/Products/Debug-appletvos -Isystem /Applications/Xcode-27.0.0-Release.Candidate.app/Contents/Developer/Platforms/AppleTVOS.platform/Developer/usr/lib -F /Users/admin/builder/spi-builder-workspace/.derivedData/Build/Products/Debug-appletvos -F /Applications/Xcode-27.0.0-Release.Candidate.app/Contents/Developer/Platforms/AppleTVOS.platform/Developer/Library/Frameworks -F /Applications/Xcode-27.0.0-Release.Candidate.app/Contents/Developer/Platforms/AppleTVOS.platform/Developer/SDKs/AppleTVOS27.0.sdk/Developer/Library/Frameworks -module-cache-path /Users/admin/builder/spi-builder-workspace/.derivedData/Build/Intermediates.noindex/SwiftExplicitPrecompiledModules -no-color-diagnostics -Xcc -fno-color-diagnostics -enable-testing -g -debug-info-format\=dwarf -dwarf-version\=4 -profile-generate -profile-coverage-mapping -swift-version 6 -Onone -D SWIFT_PACKAGE -D DEBUG -D SWIFT_MODULE_RESOURCE_BUNDLE_UNAVAILABLE -D Xcode -serialize-debugging-options -load-plugin-executable /Users/admin/builder/spi-builder-workspace/.derivedData/Build/Products/Debug/RegexWithDescriptionMacros\#RegexWithDescriptionMacros -enable-experimental-feature DebugDescriptionMacro -empty-abi-descriptor -validate-clang-modules-once -clang-build-session-file /Users/admin/builder/spi-builder-workspace/.derivedData/ModuleCache.noindex/Session.modulevalidation -Xcc -working-directory -Xcc /Users/admin/builder/spi-builder-workspace/.swiftpm/xcode -enable-anonymous-context-mangled-names -file-compilation-dir /Users/admin/builder/spi-builder-workspace/.swiftpm/xcode -Xcc -D_LIBCPP_HARDENING_MODE\=_LIBCPP_HARDENING_MODE_DEBUG -Xcc -ivfsstatcache -Xcc /Users/admin/builder/spi-builder-workspace/.derivedData/SDKStatCaches.noindex/appletvos27.0-24J360-e829b21a6f8c9b70876ba0858053c044b32bfd8d43560033f8d89884cdb90028.sdkstatcache -Xcc -fmodules-prune-interval\=86400 -Xcc -fmodules-prune-after\=345600 -Xcc -I/Users/admin/builder/spi-builder-workspace/.derivedData/Build/Products/Debug-appletvos/include -Xcc -I/Users/admin/builder/spi-builder-workspace/.derivedData/Build/Intermediates.noindex/RegexWithDescription.build/Debug-appletvos/RegexWithDescription-t.build/DerivedSources-normal/arm64 -Xcc -I/Users/admin/builder/spi-builder-workspace/.derivedData/Build/Intermediates.noindex/RegexWithDescription.build/Debug-appletvos/RegexWithDescription-t.build/DerivedSources/arm64 -Xcc -I/Users/admin/builder/spi-builder-workspace/.derivedData/Build/Intermediates.noindex/RegexWithDescription.build/Debug-appletvos/RegexWithDescription-t.build/DerivedSources -Xcc -DSWIFT_PACKAGE -Xcc -DDEBUG\=1 -no-auto-bridging-header-chaining -module-name RegexWithDescription -package-name spi_builder_workspace -const-gather-protocols-file /Users/admin/builder/spi-builder-workspace/.derivedData/Build/Intermediates.noindex/RegexWithDescription.build/Debug-appletvos/RegexWithDescription-t.build/Objects-normal/arm64/RegexWithDescription_const_extract_protocols.json -disable-clang-spi -clang-target arm64-apple-tvos27.0 -target-sdk-version 27.0 -target-sdk-name appletvos27.0 -in-process-plugin-server-path /Applications/Xcode-27.0.0-Release.Candidate.app/Contents/Developer/Toolchains/XcodeDefault.xctoolchain/usr/lib/swift/host/libSwiftInProcPluginServer.dylib -emit-module-doc-path /Users/admin/builder/spi-builder-workspace/.derivedData/Build/Intermediates.noindex/RegexWithDescription.build/Debug-appletvos/RegexWithDescription-t.build/Objects-normal/arm64/RegexWithDescription.swiftdoc -emit-module-source-info-path /Users/admin/builder/spi-builder-workspace/.derivedData/Build/Intermediates.noindex/RegexWithDescription.build/Debug-appletvos/RegexWithDescription-t.build/Objects-normal/arm64/RegexWithDescription.swiftsourceinfo -emit-objc-header-path /Users/admin/builder/spi-builder-workspace/.derivedData/Build/Intermediates.noindex/RegexWithDescription.build/Debug-appletvos/RegexWithDescription-t.build/Objects-normal/arm64/RegexWithDescription-Swift.h -serialize-diagnostics-path /Users/admin/builder/spi-builder-workspace/.derivedData/Build/Intermediates.noindex/RegexWithDescription.build/Debug-appletvos/RegexWithDescription-t.build/Objects-normal/arm64/RegexWithDescription-primary-emit-module.dia -emit-dependencies-path /Users/admin/builder/spi-builder-workspace/.derivedData/Build/Intermediates.noindex/RegexWithDescription.build/Debug-appletvos/RegexWithDescription-t.build/Objects-normal/arm64/RegexWithDescription-primary-emit-module.d -parse-as-library -o /Users/admin/builder/spi-builder-workspace/.derivedData/Build/Intermediates.noindex/RegexWithDescription.build/Debug-appletvos/RegexWithDescription-t.build/Objects-normal/arm64/RegexWithDescription.swiftmodule -emit-abi-descriptor-path /Users/admin/builder/spi-builder-workspace/.derivedData/Build/Intermediates.noindex/RegexWithDescription.build/Debug-appletvos/RegexWithDescription-t.build/Objects-normal/arm64/RegexWithDescription.abi.json
SwiftCompile normal arm64 (in target 'RegexWithDescription' from project 'RegexWithDescription')
cd /Users/admin/builder/spi-builder-workspace/.swiftpm/xcode
PruneExplicitPrecompiledModules /Users/admin/builder/spi-builder-workspace/.derivedData/SDKExplicitPrecompiledModules
PruneExplicitPrecompiledModules /Users/admin/builder/spi-builder-workspace/.derivedData/Build/Intermediates.noindex/SwiftExplicitPrecompiledModules
PruneExplicitPrecompiledModules /Users/admin/builder/spi-builder-workspace/.derivedData/Build/Intermediates.noindex/ExplicitPrecompiledModules
2026-09-22 23:33:50.487 xcodebuild[1136:6691] [MT] IDERunDestination: Supported platforms for the buildables in the current scheme is empty.
** BUILD FAILED **
The following build commands failed:
SwiftEmitModule normal arm64 Emitting\ module\ for\ RegexWithDescription (in target 'RegexWithDescription' from project 'RegexWithDescription')
SwiftCompile normal arm64 (in target 'RegexWithDescription' from project 'RegexWithDescription')
Building workspace RegexWithDescription with scheme RegexWithDescription
(3 failures)
BUILD FAILURE 6.4 tvOS