The Swift Package Index logo.Swift Package Index

Build Information

Failed to build ProfileSwiftUI, reference main (813bd7), with Swift 6.4 for Linux on 21 Sep 2026 00:03:39 UTC.

Build Command

bash -c docker run --pull=always --rm -v "checkouts-54344843-1":/host -w "$PWD" -e JAVA_HOME="/root/.sdkman/candidates/java/current" -e SPI_BUILD="1" -e SPI_PROCESSING="1" registry.gitlab.com/saguaro1/spi-images:basic-6.4-latest swift build --triple x86_64-unknown-linux-gnu 2>&1

Build Log

========================================
RunAll
========================================
Builder version: 5.1.0
Interrupt handler set up.
========================================
Checkout
========================================
Clone URL: https://github.com/johnno1962/ProfileSwiftUI.git
Reference: main
Initialized empty Git repository in /host/spi-builder-workspace/.git/
hint: Using 'master' as the name for the initial branch. This default branch name
hint: is subject to change. To configure the initial branch name to use in all
hint: of your new repositories, which will suppress this warning, call:
hint:
hint: 	git config --global init.defaultBranch <name>
hint:
hint: Names commonly chosen instead of 'master' are 'main', 'trunk' and
hint: 'development'. The just-created branch can be renamed via this command:
hint:
hint: 	git branch -m <name>
From https://github.com/johnno1962/ProfileSwiftUI
 * branch            main       -> FETCH_HEAD
 * [new branch]      main       -> origin/main
HEAD is now at 813bd75 Bump DLKit.
Cloned https://github.com/johnno1962/ProfileSwiftUI.git
Revision (git rev-parse @):
813bd75cc58be6aa993707c22262fb8f22d112d4
SUCCESS checkout https://github.com/johnno1962/ProfileSwiftUI.git at main
========================================
Build
========================================
Selected platform:         linux
Swift version:             6.4
Building package at path:  $PWD
https://github.com/johnno1962/ProfileSwiftUI.git
Running build ...
bash -c docker run --pull=always --rm -v "checkouts-54344843-1":/host -w "$PWD" -e JAVA_HOME="/root/.sdkman/candidates/java/current" -e SPI_BUILD="1" -e SPI_PROCESSING="1" registry.gitlab.com/saguaro1/spi-images:basic-6.4-latest swift build --triple x86_64-unknown-linux-gnu 2>&1
basic-6.4-latest: Pulling from saguaro1/spi-images
Digest: sha256:c77fcce225e223ac0fafed844619173fc6de8d62dd560eeb28db3182af6a282b
Status: Image is up to date for registry.gitlab.com/saguaro1/spi-images:basic-6.4-latest
Fetching https://github.com/johnno1962/DLKit
Fetching https://github.com/johnno1962/SwiftRegex5
Fetching https://github.com/johnno1962/SwiftTrace
[1/2143] Fetching swifttrace
[23/2686] Fetching swifttrace, dlkit
[34/2915] Fetching swifttrace, dlkit, swiftregex5
Fetched https://github.com/johnno1962/DLKit (0.40s)
[444/2372] Fetching swifttrace, swiftregex5
Fetched https://github.com/johnno1962/SwiftRegex5 (0.49s)
Fetched https://github.com/johnno1962/SwiftTrace (0.49s)
Computing version for https://github.com/johnno1962/SwiftTrace
Computed https://github.com/johnno1962/SwiftTrace at 8.6.1 (0.68s)
Computing version for https://github.com/johnno1962/SwiftRegex5
Computed https://github.com/johnno1962/SwiftRegex5 at 6.3.0 (0.18s)
Computing version for https://github.com/johnno1962/DLKit
Computed https://github.com/johnno1962/DLKit at 3.6.0 (0.20s)
Fetching https://github.com/johnno1962/fishhook
[1/173] Fetching fishhook
Fetched https://github.com/johnno1962/fishhook (0.40s)
Computing version for https://github.com/johnno1962/fishhook
Computed https://github.com/johnno1962/fishhook at 1.2.2 (0.59s)
Creating working copy for https://github.com/johnno1962/SwiftTrace
Working copy of https://github.com/johnno1962/SwiftTrace resolved at 8.6.1
Creating working copy for https://github.com/johnno1962/fishhook
Working copy of https://github.com/johnno1962/fishhook resolved at 1.2.2
Creating working copy for https://github.com/johnno1962/SwiftRegex5
Working copy of https://github.com/johnno1962/SwiftRegex5 resolved at 6.3.0
Creating working copy for https://github.com/johnno1962/DLKit
Working copy of https://github.com/johnno1962/DLKit resolved at 3.6.0
Building for debugging...
[Computing dependencies]
[Pre-planning 1 / 246]
/host/spi-builder-workspace/.build/checkouts/SwiftTrace/SwiftTraceGutsD/xt_forwarding_trampoline_x64.s:10:8: error: alignment must be a power of 2
.align 12
       ^
/host/spi-builder-workspace/.build/checkouts/SwiftTrace/SwiftTraceGutsD/xt_forwarding_trampoline_x64.s:17:8: error: alignment must be a power of 2
.align 12
       ^
error: CompileC /host/spi-builder-workspace/.build/out/Intermediates.noindex/SwiftTrace.build/Debug-linux-x86_64/SwiftTraceGutsD-t.build/Objects-normal/x86_64/xt_forwarding_trampoline_x64.o /host/spi-builder-workspace/.build/checkouts/SwiftTrace/SwiftTraceGutsD/xt_forwarding_trampoline_x64.s normal x86_64 assembler-with-cpp com.apple.compilers.llvm.clang.1_0.compiler failed with a nonzero exit code. Command line:     cd /host

    Using response file: /host/spi-builder-workspace/.build/out/Intermediates.noindex/SwiftTrace.build/Debug-linux-x86_64/SwiftTraceGutsD-t.build/Objects-normal/x86_64/61f1ad8caf7d01967efd2e09cb60f79d6b9fece596dee13a7c2a61ac1d9f93d1-common-args.resp

    /usr/bin/clang -x assembler-with-cpp -target x86_64-unknown-linux-gnu -fmessage-length\=0 -fdiagnostics-show-note-include-stack -fmacro-backtrace-limit\=0 -fcolor-diagnostics -Wno-trigraphs -Wno-missing-field-initializers -Wno-missing-prototypes -Wno-return-type -Wno-missing-braces -Wparentheses -Wswitch -Wno-unused-function -Wno-unused-label -Wno-unused-parameter -Wno-unused-variable -Wunused-value -Wno-empty-body -Wno-uninitialized -Wno-unknown-pragmas -w -Wno-shadow -Wno-four-char-constants -Wno-conversion -Wno-constant-conversion -Wno-int-conversion -Wno-bool-conversion -Wno-enum-conversion -Wno-float-conversion -Wno-non-literal-null-conversion -Wno-objc-literal-conversion -Wno-shorten-64-to-32 -Wno-newline-eof -Wno-implicit-fallthrough -fstrict-aliasing -Wdeprecated-declarations -Wno-sign-conversion -Wno-infinite-recursion -Wno-comma -Wno-block-capture-autoreleasing -Wno-strict-prototypes -Wno-semicolon-before-method-body --sysroot / @/host/spi-builder-workspace/.build/out/Intermediates.noindex/SwiftTrace.build/Debug-linux-x86_64/SwiftTraceGutsD-t.build/Objects-normal/x86_64/61f1ad8caf7d01967efd2e09cb60f79d6b9fece596dee13a7c2a61ac1d9f93d1-common-args.resp -MMD -MT dependencies -MF /host/spi-builder-workspace/.build/out/Intermediates.noindex/SwiftTrace.build/Debug-linux-x86_64/SwiftTraceGutsD-t.build/Objects-normal/x86_64/xt_forwarding_trampoline_x64.d --serialize-diagnostics /host/spi-builder-workspace/.build/out/Intermediates.noindex/SwiftTrace.build/Debug-linux-x86_64/SwiftTraceGutsD-t.build/Objects-normal/x86_64/xt_forwarding_trampoline_x64.dia -c /host/spi-builder-workspace/.build/checkouts/SwiftTrace/SwiftTraceGutsD/xt_forwarding_trampoline_x64.s -o /host/spi-builder-workspace/.build/out/Intermediates.noindex/SwiftTrace.build/Debug-linux-x86_64/SwiftTraceGutsD-t.build/Objects-normal/x86_64/xt_forwarding_trampoline_x64.o
error: Build failed
BUILD FAILURE 6.4 linux