Build Information
Failed to build SDWebImageSVGCoder, reference master (85b5d5), with Swift 6.4 for tvOS using Xcode 27.0 on 21 Sep 2026 15:10:21 UTC.
Build Command
No build command. This typically means the build failed at an early stage where we determine the build command.Build Log
========================================
RunAll
========================================
Builder version: 5.1.0
Interrupt handler set up.
========================================
Checkout
========================================
Clone URL: https://github.com/SDWebImage/SDWebImageSVGCoder.git
Reference: master
Initialized empty Git repository in /Users/admin/builder/spi-builder-workspace/.git/
From https://github.com/SDWebImage/SDWebImageSVGCoder
* branch master -> FETCH_HEAD
* [new branch] master -> origin/master
HEAD is now at 85b5d58 Bumped version to 1.8.0
Cloned https://github.com/SDWebImage/SDWebImageSVGCoder.git
Revision (git rev-parse @):
85b5d58ad02c207c496fa34426dc6560d6ae32f0
SUCCESS checkout https://github.com/SDWebImage/SDWebImageSVGCoder.git at master
========================================
Build
========================================
Selected platform: tvOS
Swift version: 6.4
Building package at path: $PWD
https://github.com/SDWebImage/SDWebImageSVGCoder.git
Command line invocation:
/Applications/Xcode-27.0.0-Release.Candidate.app/Contents/Developer/usr/bin/xcodebuild -IDEClonedSourcePackagesDirPathOverride=/Users/admin/builder/spi-builder-workspace/.dependencies -resolvePackageDependencies
2026-09-21 11:10:20.659 xcodebuild[529:3030] Writing error result bundle to /var/folders/xq/y_g06wb113726d38xsyx71_h0000gn/T/ResultBundle_2026-21-09_11-10-0020.xcresult
xcodebuild: error: The directory /Users/admin/builder/spi-builder-workspace contains 2 projects, including multiple projects with the current extension (.xcodeproj). Specify the project to use with the -project option.
Command line invocation:
/Applications/Xcode-27.0.0-Release.Candidate.app/Contents/Developer/usr/bin/xcodebuild -IDEClonedSourcePackagesDirPathOverride=/Users/admin/builder/spi-builder-workspace/.dependencies -resolvePackageDependencies
2026-09-21 11:10:21.671 xcodebuild[539:3109] Writing error result bundle to /var/folders/xq/y_g06wb113726d38xsyx71_h0000gn/T/ResultBundle_2026-21-09_11-10-0021.xcresult
xcodebuild: error: The directory /Users/admin/builder/spi-builder-workspace contains 2 projects, including multiple projects with the current extension (.xcodeproj). Specify the project to use with the -project option.
BUILD FAILURE 6.4 tvOS