The Swift Package Index logo.Swift Package Index

Build Information

Failed to build hokusai-vapor, reference main (751a71), with Swift 6.1 for macOS (SPM) on 12 Aug 2026 17:24:49 UTC.

Build Command

env DEVELOPER_DIR=/Applications/Xcode-16.3.0.app xcrun swift build --arch arm64

Build Log

========================================
RunAll
========================================
Builder version: undefined version: run 'make version' to update
Interrupt handler set up.
========================================
Checkout
========================================
Clone URL: https://github.com/ivantokar/hokusai-vapor.git
Reference: main
Initialized empty Git repository in /Users/admin/builder/spi-builder-workspace/.git/
From https://github.com/ivantokar/hokusai-vapor
 * branch            main       -> FETCH_HEAD
 * [new branch]      main       -> origin/main
HEAD is now at 751a711 Refine Vapor positioning (#9)
Cloned https://github.com/ivantokar/hokusai-vapor.git
Revision (git rev-parse @):
751a7119737d2e49b77659ddb24dbdebe4b286d3
SUCCESS checkout https://github.com/ivantokar/hokusai-vapor.git at main
========================================
Build
========================================
Selected platform:         macosSpm
Swift version:             6.1
Building package at path:  $PWD
https://github.com/ivantokar/hokusai-vapor.git
https://github.com/ivantokar/hokusai-vapor.git
{
  "dependencies" : [
    {
      "identity" : "vapor",
      "requirement" : {
        "range" : [
          {
            "lower_bound" : "4.89.0",
            "upper_bound" : "5.0.0"
          }
        ]
      },
      "type" : "sourceControl",
      "url" : "https://github.com/vapor/vapor.git"
    },
    {
      "identity" : "swift-testing",
      "requirement" : {
        "range" : [
          {
            "lower_bound" : "0.7.0",
            "upper_bound" : "1.0.0"
          }
        ]
      },
      "type" : "sourceControl",
      "url" : "https://github.com/apple/swift-testing.git"
    },
    {
      "identity" : "hokusai",
      "requirement" : {
        "range" : [
          {
            "lower_bound" : "1.0.0",
            "upper_bound" : "2.0.0"
          }
        ]
      },
      "type" : "sourceControl",
      "url" : "https://github.com/ivantokar/hokusai.git"
    }
  ],
  "manifest_display_name" : "hokusai-vapor",
  "name" : "hokusai-vapor",
  "path" : "/Users/admin/builder/spi-builder-workspace",
  "platforms" : [
    {
      "name" : "macos",
      "version" : "13.0"
    }
  ],
  "products" : [
    {
      "name" : "HokusaiVapor",
      "targets" : [
        "HokusaiVapor"
      ],
      "type" : {
        "library" : [
          "automatic"
        ]
      }
    }
  ],
  "targets" : [
    {
      "c99name" : "HokusaiVaporTests",
      "module_type" : "SwiftTarget",
      "name" : "HokusaiVaporTests",
      "path" : "Tests/HokusaiVaporTests",
      "product_dependencies" : [
        "Testing"
      ],
      "sources" : [
        "HokusaiVaporTests.swift"
      ],
      "target_dependencies" : [
        "HokusaiVapor"
      ],
      "type" : "test"
    },
    {
      "c99name" : "HokusaiVapor",
      "module_type" : "SwiftTarget",
      "name" : "HokusaiVapor",
      "path" : "Sources/HokusaiVapor",
      "product_dependencies" : [
        "Vapor",
        "Hokusai"
      ],
      "product_memberships" : [
        "HokusaiVapor"
      ],
      "sources" : [
        "Application+Hokusai.swift",
        "Hokusai+Response.swift",
        "ImageProcessingRoutes.swift",
        "Request+Hokusai.swift"
      ],
      "type" : "library"
    }
  ],
  "tools_version" : "6.0"
}
Running build ...
env DEVELOPER_DIR=/Applications/Xcode-16.3.0.app xcrun swift build --arch arm64 -Xswiftc -Xfrontend -Xswiftc -stats-output-dir -Xswiftc -Xfrontend -Xswiftc .stats
[1/1] Compiling plugin GenerateManual
[2/2] Compiling plugin GenerateDoccReference
Building for debugging...
[2/866] Write sources
[10/866] Copying PrivacyInfo.xcprivacy
[13/866] Write sources
[13/866] Copying PrivacyInfo.xcprivacy
[18/866] Write sources
[64/866] Compiling CNIOWindows WSAStartup.c
[65/866] Compiling CNIOWASI CNIOWASI.c
[65/866] Compiling CNIOWindows shim.c
[67/866] Compiling _NumericsShims _NumericsShims.c
[68/866] Write swift-version-2F0A5646E1D333AE.txt
[69/866] Compiling CNIOLinux liburing_shims.c
[70/866] Compiling CNIOLinux shim.c
[70/866] Compiling CNIOOpenBSD shim.c
[72/866] Compiling CSystem shims.c
[73/866] Compiling CNIOPosix event_loop_id.c
[74/874] Compiling CNIOSHA1 c_nio_sha1.c
[75/892] Compiling _AtomicsShims.c
[76/892] Compiling CVaporBcrypt bcrypt.c
[77/892] Compiling CVaporBcrypt blf.c
[78/970] Compiling CNIOLLHTTP c_nio_llhttp.c
[80/991] Emitting module _CertificateInternals
[81/991] Compiling _CertificateInternals _TinyArray.swift
[82/991] Emitting module ServiceContextModule
[83/991] Compiling ServiceContextModule ServiceContextKey.swift
[84/991] Compiling ServiceContextModule ServiceContext.swift
[85/991] Compiling _NIOBase64 Base64.swift
[86/991] Emitting module _NIOBase64
[87/991] Compiling RealModule RealFunctions.swift
[88/991] Compiling RealModule Float80+Real.swift
[89/991] Compiling RealModule Real.swift
[90/997] Compiling RealModule Double+Real.swift
[91/997] Compiling RealModule ElementaryFunctions.swift
[92/997] Compiling RealModule AugmentedArithmetic.swift
[93/997] Compiling RealModule Float+Real.swift
[94/997] Emitting module RealModule
[95/997] Compiling RealModule Float16+Real.swift
[96/997] Compiling Hokusai ImageBackend.swift
[97/997] Compiling Hokusai ThumbnailSupport.swift
[98/997] Compiling RealModule RelaxedArithmetic.swift
[98/1003] Compiling CNIOLLHTTP c_nio_http.c
[99/1090] Compiling CNIOLLHTTP c_nio_api.c
[100/1090] Compiling CNIOFreeBSD shim.c
[102/1090] Compiling _NIODataStructures _TinyArray.swift
[103/1090] Compiling _NIODataStructures PriorityQueue.swift
[104/1090] Compiling Logging Logger+With.swift
unable to find node: pound
unable to find node: pound
[105/1090] Compiling Logging Logger+Attributes.swift
[106/1090] Compiling Logging Logger.swift
[107/1090] Compiling Logging LoggingSystem.swift
[108/1091] Compiling Crypto DHKEM.swift
[109/1091] Compiling Crypto HPKE-KEM-Curve25519.swift
[110/1091] Compiling Crypto HashFunctions_SHA3.swift
[111/1091] Compiling Crypto Digest_xkcp.swift
[112/1091] Compiling Crypto HPKE-AEAD.swift
[113/1091] Compiling Crypto HPKE-Ciphersuite.swift
[114/1091] Emitting module InternalCollectionsUtilities
[115/1092] Compiling Crypto AES-GCM.swift
[116/1092] Compiling Crypto AES-GCM_boring.swift
[117/1092] Compiling Crypto ChaChaPoly_boring.swift
[118/1092] Compiling Crypto ChaChaPoly.swift
[119/1092] Compiling Crypto HPKE-LabeledExtract.swift
[120/1092] Compiling Crypto HPKE-Utils.swift
[121/1092] Compiling Crypto ASN1.swift
[122/1092] Compiling Crypto ASN1Any.swift
[123/1092] Compiling Crypto HPKE-KDF.swift
[124/1092] Compiling Crypto HPKE-KexKeyDerivation.swift
[125/1092] Compiling Crypto Cipher.swift
[126/1092] Compiling Crypto Nonces.swift
[127/1092] Compiling InternalCollectionsUtilities _UniqueCollection.swift
[127/1092] Compiling CNIOExtrasZlib trees.c
[129/1092] Emitting module _NIODataStructures
[130/1092] Compiling _NIODataStructures Heap.swift
[131/1092] Compiling Instrumentation NoOpInstrument.swift
[132/1092] Compiling Instrumentation Instrument.swift
[133/1092] Compiling Instrumentation MultiplexInstrument.swift
[134/1092] Compiling Instrumentation InstrumentationSystem.swift
[135/1092] Compiling Instrumentation Locks.swift
[136/1092] Emitting module Instrumentation
[137/1092] Compiling Crypto MLKEM_wrapper.swift
[138/1092] Compiling Crypto XWing_boring.swift
[139/1092] Compiling Crypto KEM-Errors.swift
[140/1111] Compiling Logging LogHandler.swift
[141/1111] Compiling Logging LogEvent.swift
[142/1111] Compiling Logging SwiftLogNoOpLogHandler.swift
[143/1111] Compiling Logging Locks.swift
[144/1167] Emitting module Logging
unable to find node: pound
unable to find node: pound
[145/1167] Compiling _RopeModule BigString+Builder.swift
[146/1167] Compiling _RopeModule BigString+Contents.swift
[149/1167] Compiling _RopeModule BigString+Debugging.swift
[150/1167] Compiling _RopeModule BigString+Index.swift
[151/1167] Compiling _RopeModule BigString+Ingester.swift
[152/1167] Compiling _RopeModule BigString+Invariants.swift
[153/1167] Compiling _RopeModule BigString+Metrics.swift
[154/1167] Compiling _RopeModule BigString+Summary.swift
[154/1181] Compiling CNIOExtrasZlib zutil.c
[156/1181] Compiling _RopeModule BigString+UnicodeScalarView.swift
[157/1181] Compiling _RopeModule BigSubstring+UTF16View.swift
[158/1181] Compiling _RopeModule BigSubstring+UTF8View.swift
[159/1181] Compiling _RopeModule BigSubstring+UnicodeScalarView.swift
[160/1181] Compiling _RopeModule Rope+Index.swift
[161/1181] Compiling _RopeModule Rope+Sequence.swift
[162/1181] Compiling _RopeModule BigString+UTF16View.swift
[163/1181] Compiling _RopeModule BigString+UTF8View.swift
[164/1181] Compiling Logging MetadataProvider.swift
[165/1181] Compiling _RopeModule BigString+Chunk+Index.swift
[166/1181] Compiling _RopeModule BigString+Chunk+RopeElement.swift
[167/1181] Compiling _RopeModule RopeMetric.swift
[168/1181] Compiling _RopeModule RopeSummary.swift
[169/1181] Compiling _RopeModule _RopeItem.swift
[170/1181] Compiling _RopeModule _RopePath.swift
[171/1181] Compiling _RopeModule _RopeVersion.swift
[172/1181] Compiling _RopeModule Rope+Collection.swift
[173/1181] Compiling _RopeModule BigString+Chunk+Character.swift
[174/1181] Compiling _RopeModule BigString+Chunk+Counts.swift
[175/1181] Compiling _RopeModule BigString+Chunk+Description.swift
[176/1181] Emitting module SystemPackage
[177/1247] Compiling OrderedCollections OrderedDictionary+Invariants.swift
[178/1247] Compiling OrderedCollections OrderedDictionary+Move.swift
[179/1247] Compiling OrderedCollections OrderedDictionary+Partial MutableCollection.swift
[180/1247] Compiling OrderedCollections OrderedDictionary+Equatable.swift
[181/1247] Compiling OrderedCollections OrderedDictionary+ExpressibleByDictionaryLiteral.swift
[182/1247] Compiling OrderedCollections OrderedDictionary+Hashable.swift
[183/1247] Compiling OrderedCollections OrderedDictionary+Initializers.swift
[184/1247] Compiling OrderedCollections OrderedSet+Partial SetAlgebra symmetricDifference.swift
[185/1247] Compiling OrderedCollections OrderedSet+Partial SetAlgebra union.swift
[186/1247] Compiling OrderedCollections OrderedSet+Partial SetAlgebra+Basics.swift
[187/1247] Compiling OrderedCollections OrderedSet+RandomAccessCollection.swift
[188/1247] Compiling HeapModule _HeapNode.swift
[189/1325] Compiling HeapModule Heap.swift
[190/1325] Compiling HeapModule Heap+Descriptions.swift
[191/1325] Compiling HeapModule Heap+Invariants.swift
[192/1325] Compiling HeapModule Heap+ExpressibleByArrayLiteral.swift
[193/1325] Compiling HeapModule Heap+UnsafeHandle.swift
[194/1325] Compiling CoreMetrics WithMetricsFactory.swift
[195/1325] Compiling CoreMetrics MappingMetricsFactory.swift
[196/1325] Compiling CoreMetrics Metrics.swift
[197/1325] Compiling CoreMetrics Locks.swift
[198/1325] Emitting module CoreMetrics
[199/1325] Emitting module HeapModule
[200/1325] Compiling Tracing TracingTime.swift
[201/1325] Compiling HashTreeCollections TreeSet+SetAlgebra Initializers.swift
[202/1325] Compiling HashTreeCollections _RawHashNode.swift
[203/1325] Compiling HashTreeCollections _UnmanagedHashNode.swift
[204/1334] Compiling Tracing TracerProtocol.swift
[205/1334] Compiling Tracing TracerProtocol+Legacy.swift
[206/1370] Compiling ContainersPreview BorrowingIteratorProtocol.swift
[207/1370] Compiling ContainersPreview BorrowingSequence+Algorithms.swift
[208/1370] Compiling ContainersPreview BorrowingSequence+Standard Conformances.swift
[209/1370] Compiling ContainersPreview BorrowingSequence+Utilities.swift
[210/1370] Compiling ContainersPreview PermutableContainer.swift
[211/1370] Compiling ContainersPreview RandomAccessContainer.swift
[212/1370] Compiling ContainersPreview RangeExpression2.swift
[213/1370] Compiling ContainersPreview RangeReplaceableContainer.swift
[214/1370] Compiling ContainersPreview Producer.swift
[215/1370] Compiling ContainersPreview InputSpan.swift
[216/1370] Compiling ContainersPreview MutableRef.swift
[217/1370] Compiling ContainersPreview Ref.swift
[218/1373] Emitting module ContainersPreview
[219/1373] Compiling ContainersPreview BorrowingSequence.swift
[220/1373] Compiling ContainersPreview BidirectionalContainer.swift
[221/1373] Compiling ContainersPreview Container+Filter.swift
[222/1373] Compiling ContainersPreview Container+SpanwiseZip.swift
[223/1373] Compiling ContainersPreview BorrowingIteratorProtocol+Filter.swift
[224/1373] Compiling ContainersPreview BorrowingIteratorProtocol+Map.swift
[225/1373] Compiling ContainersPreview BorrowingIteratorProtocol+Reduce.swift
[226/1373] Compiling ContainersPreview BorrowingIteratorProtocol+SpanwiseZip.swift
[227/1373] Compiling ContainersPreview OutputSpan+Extras.swift
[228/1373] Compiling ContainersPreview TemporaryAllocation.swift
[229/1373] Compiling ContainersPreview BorrowingIteratorProtocol+Copy.swift
[230/1373] Compiling ContainersPreview BorrowingIteratorProtocol+ElementsEqual.swift
[231/1373] Compiling ContainersPreview Container.swift
[232/1373] Compiling ContainersPreview ContainerIterator.swift
[233/1373] Compiling ContainersPreview DynamicContainer.swift
[234/1373] Compiling ContainersPreview MutableContainer.swift
[235/1373] Compiling ContainersPreview Strideable+Limits.swift
[236/1373] Compiling ContainersPreview Drain+Map.swift
[237/1373] Compiling ContainersPreview Drain+Reduce.swift
[238/1373] Compiling ContainersPreview Drain.swift
[239/1373] Compiling ContainersPreview Producer+Collect.swift
[240/1373] Compiling ContainersPreview Producer+Filter.swift
[241/1373] Compiling ContainersPreview Producer+Map.swift
[242/1373] Compiling ContainersPreview Producer+Reduce.swift
[243/1373] Compiling ContainersPreview Shared.swift
[244/1373] Compiling ContainersPreview SpanIterator.swift
[245/1373] Compiling ContainersPreview UniqueBox.swift
[246/1373] Emitting module Tracing
[247/1373] Compiling Tracing InstrumentationSystem+Tracing.swift
[248/1373] Compiling Tracing Tracer.swift
[249/1373] Compiling Tracing NoOpTracer.swift
[250/1373] Compiling Tracing SpanProtocol.swift
[250/1373] Compiling CNIOExtrasZlib inftrees.c
[259/1381] Compiling CNIOExtrasZlib inflate.c
[260/1381] Compiling CNIOExtrasZlib inffast.c
[262/1423] Compiling HashTreeCollections TreeDictionary.swift
[263/1423] Compiling HashTreeCollections TreeSet+Codable.swift
[264/1423] Compiling HashTreeCollections TreeSet+Collection.swift
[265/1423] Compiling HashTreeCollections TreeSet+CustomReflectable.swift
[266/1423] Compiling HashTreeCollections TreeSet+Debugging.swift
[267/1423] Compiling HashTreeCollections TreeSet+Descriptions.swift
[268/1423] Compiling HashTreeCollections TreeSet+SetAlgebra isStrictSuperset.swift
[269/1423] Compiling HashTreeCollections _HashNode+Subtree Removals.swift
[270/1423] Compiling HashTreeCollections _HashNode+UnsafeHandle.swift
[271/1423] Compiling HashTreeCollections _HashNode.swift
[272/1423] Compiling HashTreeCollections _HashNodeHeader.swift
[273/1423] Compiling HashTreeCollections _HashSlot.swift
[274/1423] Compiling HashTreeCollections _HashStack.swift
[275/1423] Compiling DequeModule UniqueDeque+Equatable.swift
[276/1423] Compiling DequeModule UniqueDeque+Experimental.swift
[277/1423] Compiling DequeModule UniqueDeque+Hashable.swift
[278/1423] Compiling DequeModule UniqueDeque+Initializers.swift
[279/1423] Compiling DequeModule Deque._UnsafeHandle.swift
[280/1423] Compiling DequeModule Deque.swift
[281/1423] Compiling HashTreeCollections TreeSet+SetAlgebra formSymmetricDifference.swift
[282/1423] Compiling HashTreeCollections TreeSet+SetAlgebra formUnion.swift
[283/1423] Compiling HashTreeCollections TreeSet+SetAlgebra intersection.swift
[284/1423] Compiling HashTreeCollections TreeSet+SetAlgebra isDisjoint.swift
[285/1423] Compiling HashTreeCollections TreeSet+SetAlgebra isEqualSet.swift
[286/1423] Compiling HashTreeCollections TreeSet+SetAlgebra isStrictSubset.swift
[287/1423] Compiling DequeModule _DequeBuffer.swift
[288/1423] Compiling DequeModule _DequeBufferHeader.swift
[289/1423] Compiling DequeModule RigidDeque+Append.swift
[290/1423] Compiling HashTreeCollections TreeDictionary+Descriptions.swift
[291/1423] Compiling HashTreeCollections TreeDictionary+Equatable.swift
[292/1423] Compiling HashTreeCollections TreeSet+SetAlgebra basics.swift
[293/1423] Compiling HashTreeCollections TreeSet+SetAlgebra formIntersection.swift
[294/1429] Compiling DequeModule RigidDeque+Equatable.swift
[295/1429] Compiling DequeModule RigidDeque+Experimental.swift
[296/1429] Compiling DequeModule RigidDeque+Replacements.swift
[297/1429] Compiling DequeModule RigidDeque+Testing.swift
[298/1429] Compiling DequeModule RigidDeque.swift
[299/1429] Compiling DequeModule UniqueDeque+Append.swift
[300/1429] Compiling DequeModule Deque+Codable.swift
[301/1429] Compiling DequeModule Deque+Collection.swift
[302/1429] Compiling DequeModule Deque+CustomReflectable.swift
[303/1429] Compiling DequeModule Deque+Descriptions.swift
[304/1429] Compiling DequeModule Deque+Equatable.swift
[305/1429] Compiling DequeModule RigidDeque+Hashable.swift
[306/1429] Compiling DequeModule RigidDeque+Initializers.swift
[307/1429] Compiling DequeModule RigidDeque+Insertions.swift
[308/1429] Compiling DequeModule RigidDeque+Prepend.swift
[309/1429] Compiling DequeModule RigidDeque+Removals.swift
[310/1429] Compiling DequeModule RigidDeque+Consumption.swift
[311/1429] Compiling DequeModule RigidDeque+Container.swift
[312/1429] Compiling DequeModule RigidDeque+Descriptions.swift
[314/1429] Compiling CNIOExtrasZlib deflate.c
[319/1433] Compiling CNIOExtrasZlib crc32.c
[320/1433] Compiling CNIOExtrasZlib adler32.c
[322/1433] Compiling HashTreeCollections TreeDictionary+Sequence.swift
[323/1433] Compiling HashTreeCollections TreeDictionary+Values.swift
[330/1433] Compiling HashTreeCollections _HashNode+Primitive Replacement.swift
[331/1433] Compiling HashTreeCollections _HashNode+Storage.swift
[332/1433] Compiling HashTreeCollections _HashNode+Structural compactMapValues.swift
[333/1433] Compiling HashTreeCollections _HashNode+Structural filter.swift
[334/1433] Compiling HashTreeCollections _HashNode+Structural intersection.swift
[335/1433] Compiling HashTreeCollections _HashNode+Structural isDisjoint.swift
[339/1433] Compiling HashTreeCollections TreeSet+SetAlgebra isSubset.swift
[340/1433] Compiling HashTreeCollections TreeSet+SetAlgebra isSuperset.swift
[341/1433] Compiling HashTreeCollections TreeSet+SetAlgebra subtract.swift
[342/1433] Compiling HashTreeCollections TreeSet+SetAlgebra subtracting.swift
[343/1433] Compiling HashTreeCollections TreeSet+SetAlgebra symmetricDifference.swift
[344/1433] Compiling HashTreeCollections TreeSet+SetAlgebra union.swift
[345/1433] Compiling HashTreeCollections TreeSet.swift
[346/1433] Compiling DequeModule UniqueDeque+Prepend.swift
[347/1433] Compiling DequeModule UniqueDeque+Removals.swift
[348/1433] Compiling DequeModule UniqueDeque+Replacements.swift
[349/1433] Compiling DequeModule UniqueDeque+Consumption.swift
[350/1433] Compiling DequeModule UniqueDeque+Container.swift
[351/1433] Compiling DequeModule UniqueDeque+Deprecated.swift
[352/1433] Compiling DequeModule UniqueDeque+Descriptions.swift
[370/1433] Compiling DequeModule UniqueDeque+Insertions.swift
[371/1433] Emitting module Metrics
[372/1433] Compiling DequeModule Deque+ExpressibleByArrayLiteral.swift
[373/1433] Compiling DequeModule Deque+Extras.swift
[374/1433] Compiling DequeModule Deque+Hashable.swift
[375/1433] Compiling DequeModule Deque+Testing.swift
[376/1433] Compiling DequeModule Deque._Storage.swift
[383/1433] Compiling OrderedCollections OrderedSet+SubSequence.swift
[384/1433] Compiling OrderedCollections OrderedSet+Testing.swift
[385/1433] Compiling OrderedCollections OrderedSet+UnorderedView.swift
[393/1433] Compiling DequeModule UniqueDeque.swift
[394/1433] Compiling DequeModule _DequeSlot.swift
[395/1433] Compiling DequeModule _UnsafeDequeHandle.swift
[396/1433] Compiling DequeModule _UnsafeDequeSegments.swift
[403/1433] Compiling OrderedCollections OrderedSet+UnstableInternals.swift
[404/1433] Compiling OrderedCollections OrderedSet.swift
[405/1433] Compiling OrderedCollections _UnsafeBitset.swift
[420/1433] Emitting module Crypto
error: emit-module command failed with exit code 1 (use -v to see invocation)
[439/1442] Emitting module Hokusai
<module-includes>:1:9: note: in file included from <module-includes>:1:
1 | #import "shim.h"
  |         `- note: in file included from <module-includes>:1:
2 |
/Users/admin/builder/spi-builder-workspace/.build/checkouts/hokusai/Sources/CVips/shim.h:4:10: error: 'vips/vips.h' file not found
  2 | #define CVIPS_SHIM_H
  3 |
  4 | #include <vips/vips.h>
    |          `- error: 'vips/vips.h' file not found
  5 | #include <cairo/cairo-pdf.h>
  6 |
/Users/admin/builder/spi-builder-workspace/.build/checkouts/hokusai/Sources/Hokusai/Backend/ThumbnailSupport.swift:1:8: error: could not build Objective-C module 'CVips'
 1 | import CVips
   |        `- error: could not build Objective-C module 'CVips'
 2 |
 3 | /// PURPOSE: Single home for thumbnail argument validation and the mapping
[442/1442] Compiling SwiftASN1 DER.swift
[442/1445] Compiling CNIODarwin shim.c
[483/1445] Emitting module _RopeModule
[483/1445] Compiling fiat_p256_adx_sqr.S
[484/1445] Compiling fiat_p256_adx_mul.S
[494/1445] Compiling fiat_curve25519_adx_square.S
[495/1445] Compiling fiat_curve25519_adx_mul.S
[518/1445] Compiling SwiftASN1 Errors.swift
[528/1445] Emitting module OrderedCollections
[528/1445] Compiling CNIOBoringSSLShims shims.c
[534/1445] Emitting module DequeModule
[535/1445] Emitting module SwiftASN1
[545/1445] Emitting module HashTreeCollections
[546/1445] Compiling Hokusai Text.swift
<module-includes>:1:9: note: in file included from <module-includes>:1:
1 | #import "shim.h"
  |         `- note: in file included from <module-includes>:1:
2 |
/Users/admin/builder/spi-builder-workspace/.build/checkouts/hokusai/Sources/CVips/shim.h:4:10: error: 'vips/vips.h' file not found
  2 | #define CVIPS_SHIM_H
  3 |
  4 | #include <vips/vips.h>
    |          `- error: 'vips/vips.h' file not found
  5 | #include <cairo/cairo-pdf.h>
  6 |
/Users/admin/builder/spi-builder-workspace/.build/checkouts/hokusai/Sources/Hokusai/Backend/ThumbnailSupport.swift:1:8: error: could not build Objective-C module 'CVips'
 1 | import CVips
   |        `- error: could not build Objective-C module 'CVips'
 2 |
 3 | /// PURPOSE: Single home for thumbnail argument validation and the mapping
[547/1445] Compiling Hokusai Thumbnail.swift
<module-includes>:1:9: note: in file included from <module-includes>:1:
1 | #import "shim.h"
  |         `- note: in file included from <module-includes>:1:
2 |
/Users/admin/builder/spi-builder-workspace/.build/checkouts/hokusai/Sources/CVips/shim.h:4:10: error: 'vips/vips.h' file not found
  2 | #define CVIPS_SHIM_H
  3 |
  4 | #include <vips/vips.h>
    |          `- error: 'vips/vips.h' file not found
  5 | #include <cairo/cairo-pdf.h>
  6 |
/Users/admin/builder/spi-builder-workspace/.build/checkouts/hokusai/Sources/Hokusai/Backend/ThumbnailSupport.swift:1:8: error: could not build Objective-C module 'CVips'
 1 | import CVips
   |        `- error: could not build Objective-C module 'CVips'
 2 |
 3 | /// PURPOSE: Single home for thumbnail argument validation and the mapping
<module-includes>:1:9: note: in file included from <module-includes>:1:
1 | #import "shim.h"
  |         `- note: in file included from <module-includes>:1:
2 |
/Users/admin/builder/spi-builder-workspace/.build/checkouts/hokusai/Sources/CVips/shim.h:4:10: error: 'vips/vips.h' file not found
  2 | #define CVIPS_SHIM_H
  3 |
  4 | #include <vips/vips.h>
    |          `- error: 'vips/vips.h' file not found
  5 | #include <cairo/cairo-pdf.h>
  6 |
/Users/admin/builder/spi-builder-workspace/.build/checkouts/hokusai/Sources/Hokusai/Backend/ThumbnailSupport.swift:1:8: error: could not build Objective-C module 'CVips'
 1 | import CVips
   |        `- error: could not build Objective-C module 'CVips'
 2 |
 3 | /// PURPOSE: Single home for thumbnail argument validation and the mapping
<module-includes>:1:9: note: in file included from <module-includes>:1:
1 | #import "shim.h"
  |         `- note: in file included from <module-includes>:1:
2 |
/Users/admin/builder/spi-builder-workspace/.build/checkouts/hokusai/Sources/CVips/shim.h:4:10: error: 'vips/vips.h' file not found
  2 | #define CVIPS_SHIM_H
  3 |
  4 | #include <vips/vips.h>
    |          `- error: 'vips/vips.h' file not found
  5 | #include <cairo/cairo-pdf.h>
  6 |
/Users/admin/builder/spi-builder-workspace/.build/checkouts/hokusai/Sources/Hokusai/Backend/ThumbnailSupport.swift:1:8: error: could not build Objective-C module 'CVips'
 1 | import CVips
   |        `- error: could not build Objective-C module 'CVips'
 2 |
 3 | /// PURPOSE: Single home for thumbnail argument validation and the mapping
<module-includes>:1:9: note: in file included from <module-includes>:1:
1 | #import "shim.h"
  |         `- note: in file included from <module-includes>:1:
2 |
/Users/admin/builder/spi-builder-workspace/.build/checkouts/hokusai/Sources/CVips/shim.h:4:10: error: 'vips/vips.h' file not found
  2 | #define CVIPS_SHIM_H
  3 |
  4 | #include <vips/vips.h>
    |          `- error: 'vips/vips.h' file not found
  5 | #include <cairo/cairo-pdf.h>
  6 |
/Users/admin/builder/spi-builder-workspace/.build/checkouts/hokusai/Sources/Hokusai/Backend/ThumbnailSupport.swift:1:8: error: could not build Objective-C module 'CVips'
 1 | import CVips
   |        `- error: could not build Objective-C module 'CVips'
 2 |
 3 | /// PURPOSE: Single home for thumbnail argument validation and the mapping
<module-includes>:1:9: note: in file included from <module-includes>:1:
1 | #import "shim.h"
  |         `- note: in file included from <module-includes>:1:
2 |
/Users/admin/builder/spi-builder-workspace/.build/checkouts/hokusai/Sources/CVips/shim.h:4:10: error: 'vips/vips.h' file not found
  2 | #define CVIPS_SHIM_H
  3 |
  4 | #include <vips/vips.h>
    |          `- error: 'vips/vips.h' file not found
  5 | #include <cairo/cairo-pdf.h>
  6 |
/Users/admin/builder/spi-builder-workspace/.build/checkouts/hokusai/Sources/Hokusai/Backend/ThumbnailSupport.swift:1:8: error: could not build Objective-C module 'CVips'
 1 | import CVips
   |        `- error: could not build Objective-C module 'CVips'
 2 |
 3 | /// PURPOSE: Single home for thumbnail argument validation and the mapping
[552/1445] Compiling Metrics Metrics.swift
<module-includes>:1:9: note: in file included from <module-includes>:1:
1 | #import "shim.h"
  |         `- note: in file included from <module-includes>:1:
2 |
/Users/admin/builder/spi-builder-workspace/.build/checkouts/hokusai/Sources/CVips/shim.h:4:10: error: 'vips/vips.h' file not found
  2 | #define CVIPS_SHIM_H
  3 |
  4 | #include <vips/vips.h>
    |          `- error: 'vips/vips.h' file not found
  5 | #include <cairo/cairo-pdf.h>
  6 |
/Users/admin/builder/spi-builder-workspace/.build/checkouts/hokusai/Sources/Hokusai/Backend/ThumbnailSupport.swift:1:8: error: could not build Objective-C module 'CVips'
 1 | import CVips
   |        `- error: could not build Objective-C module 'CVips'
 2 |
 3 | /// PURPOSE: Single home for thumbnail argument validation and the mapping
<module-includes>:1:9: note: in file included from <module-includes>:1:
1 | #import "shim.h"
  |         `- note: in file included from <module-includes>:1:
2 |
/Users/admin/builder/spi-builder-workspace/.build/checkouts/hokusai/Sources/CVips/shim.h:4:10: error: 'vips/vips.h' file not found
  2 | #define CVIPS_SHIM_H
  3 |
  4 | #include <vips/vips.h>
    |          `- error: 'vips/vips.h' file not found
  5 | #include <cairo/cairo-pdf.h>
  6 |
/Users/admin/builder/spi-builder-workspace/.build/checkouts/hokusai/Sources/Hokusai/Backend/ThumbnailSupport.swift:1:8: error: could not build Objective-C module 'CVips'
 1 | import CVips
   |        `- error: could not build Objective-C module 'CVips'
 2 |
 3 | /// PURPOSE: Single home for thumbnail argument validation and the mapping
<module-includes>:1:9: note: in file included from <module-includes>:1:
1 | #import "shim.h"
  |         `- note: in file included from <module-includes>:1:
2 |
/Users/admin/builder/spi-builder-workspace/.build/checkouts/hokusai/Sources/CVips/shim.h:4:10: error: 'vips/vips.h' file not found
  2 | #define CVIPS_SHIM_H
  3 |
  4 | #include <vips/vips.h>
    |          `- error: 'vips/vips.h' file not found
  5 | #include <cairo/cairo-pdf.h>
  6 |
/Users/admin/builder/spi-builder-workspace/.build/checkouts/hokusai/Sources/Hokusai/Backend/ThumbnailSupport.swift:1:8: error: could not build Objective-C module 'CVips'
 1 | import CVips
   |        `- error: could not build Objective-C module 'CVips'
 2 |
 3 | /// PURPOSE: Single home for thumbnail argument validation and the mapping
<module-includes>:1:9: note: in file included from <module-includes>:1:
1 | #import "shim.h"
  |         `- note: in file included from <module-includes>:1:
2 |
/Users/admin/builder/spi-builder-workspace/.build/checkouts/hokusai/Sources/CVips/shim.h:4:10: error: 'vips/vips.h' file not found
  2 | #define CVIPS_SHIM_H
  3 |
  4 | #include <vips/vips.h>
    |          `- error: 'vips/vips.h' file not found
  5 | #include <cairo/cairo-pdf.h>
  6 |
/Users/admin/builder/spi-builder-workspace/.build/checkouts/hokusai/Sources/Hokusai/Backend/ThumbnailSupport.swift:1:8: error: could not build Objective-C module 'CVips'
 1 | import CVips
   |        `- error: could not build Objective-C module 'CVips'
 2 |
 3 | /// PURPOSE: Single home for thumbnail argument validation and the mapping
<module-includes>:1:9: note: in file included from <module-includes>:1:
1 | #import "shim.h"
  |         `- note: in file included from <module-includes>:1:
2 |
/Users/admin/builder/spi-builder-workspace/.build/checkouts/hokusai/Sources/CVips/shim.h:4:10: error: 'vips/vips.h' file not found
  2 | #define CVIPS_SHIM_H
  3 |
  4 | #include <vips/vips.h>
    |          `- error: 'vips/vips.h' file not found
  5 | #include <cairo/cairo-pdf.h>
  6 |
/Users/admin/builder/spi-builder-workspace/.build/checkouts/hokusai/Sources/Hokusai/Backend/ThumbnailSupport.swift:1:8: error: could not build Objective-C module 'CVips'
 1 | import CVips
   |        `- error: could not build Objective-C module 'CVips'
 2 |
 3 | /// PURPOSE: Single home for thumbnail argument validation and the mapping
<module-includes>:1:9: note: in file included from <module-includes>:1:
1 | #import "shim.h"
  |         `- note: in file included from <module-includes>:1:
2 |
/Users/admin/builder/spi-builder-workspace/.build/checkouts/hokusai/Sources/CVips/shim.h:4:10: error: 'vips/vips.h' file not found
  2 | #define CVIPS_SHIM_H
  3 |
  4 | #include <vips/vips.h>
    |          `- error: 'vips/vips.h' file not found
  5 | #include <cairo/cairo-pdf.h>
  6 |
/Users/admin/builder/spi-builder-workspace/.build/checkouts/hokusai/Sources/Hokusai/Backend/ThumbnailSupport.swift:1:8: error: could not build Objective-C module 'CVips'
 1 | import CVips
   |        `- error: could not build Objective-C module 'CVips'
 2 |
 3 | /// PURPOSE: Single home for thumbnail argument validation and the mapping
<module-includes>:1:9: note: in file included from <module-includes>:1:
1 | #import "shim.h"
  |         `- note: in file included from <module-includes>:1:
2 |
/Users/admin/builder/spi-builder-workspace/.build/checkouts/hokusai/Sources/CVips/shim.h:4:10: error: 'vips/vips.h' file not found
  2 | #define CVIPS_SHIM_H
  3 |
  4 | #include <vips/vips.h>
    |          `- error: 'vips/vips.h' file not found
  5 | #include <cairo/cairo-pdf.h>
  6 |
/Users/admin/builder/spi-builder-workspace/.build/checkouts/hokusai/Sources/Hokusai/Backend/ThumbnailSupport.swift:1:8: error: could not build Objective-C module 'CVips'
 1 | import CVips
   |        `- error: could not build Objective-C module 'CVips'
 2 |
 3 | /// PURPOSE: Single home for thumbnail argument validation and the mapping
<module-includes>:1:9: note: in file included from <module-includes>:1:
1 | #import "shim.h"
  |         `- note: in file included from <module-includes>:1:
2 |
/Users/admin/builder/spi-builder-workspace/.build/checkouts/hokusai/Sources/CVips/shim.h:4:10: error: 'vips/vips.h' file not found
  2 | #define CVIPS_SHIM_H
  3 |
  4 | #include <vips/vips.h>
    |          `- error: 'vips/vips.h' file not found
  5 | #include <cairo/cairo-pdf.h>
  6 |
/Users/admin/builder/spi-builder-workspace/.build/checkouts/hokusai/Sources/Hokusai/Backend/ThumbnailSupport.swift:1:8: error: could not build Objective-C module 'CVips'
 1 | import CVips
   |        `- error: could not build Objective-C module 'CVips'
 2 |
 3 | /// PURPOSE: Single home for thumbnail argument validation and the mapping
<module-includes>:1:9: note: in file included from <module-includes>:1:
1 | #import "shim.h"
  |         `- note: in file included from <module-includes>:1:
2 |
/Users/admin/builder/spi-builder-workspace/.build/checkouts/hokusai/Sources/CVips/shim.h:4:10: error: 'vips/vips.h' file not found
  2 | #define CVIPS_SHIM_H
  3 |
  4 | #include <vips/vips.h>
    |          `- error: 'vips/vips.h' file not found
  5 | #include <cairo/cairo-pdf.h>
  6 |
/Users/admin/builder/spi-builder-workspace/.build/checkouts/hokusai/Sources/Hokusai/Backend/ThumbnailSupport.swift:1:8: error: could not build Objective-C module 'CVips'
 1 | import CVips
   |        `- error: could not build Objective-C module 'CVips'
 2 |
 3 | /// PURPOSE: Single home for thumbnail argument validation and the mapping
<module-includes>:1:9: note: in file included from <module-includes>:1:
1 | #import "shim.h"
  |         `- note: in file included from <module-includes>:1:
2 |
/Users/admin/builder/spi-builder-workspace/.build/checkouts/hokusai/Sources/CVips/shim.h:4:10: error: 'vips/vips.h' file not found
  2 | #define CVIPS_SHIM_H
  3 |
  4 | #include <vips/vips.h>
    |          `- error: 'vips/vips.h' file not found
  5 | #include <cairo/cairo-pdf.h>
  6 |
/Users/admin/builder/spi-builder-workspace/.build/checkouts/hokusai/Sources/Hokusai/Backend/ThumbnailSupport.swift:1:8: error: could not build Objective-C module 'CVips'
 1 | import CVips
   |        `- error: could not build Objective-C module 'CVips'
 2 |
 3 | /// PURPOSE: Single home for thumbnail argument validation and the mapping
<module-includes>:1:9: note: in file included from <module-includes>:1:
1 | #import "shim.h"
  |         `- note: in file included from <module-includes>:1:
2 |
/Users/admin/builder/spi-builder-workspace/.build/checkouts/hokusai/Sources/CVips/shim.h:4:10: error: 'vips/vips.h' file not found
  2 | #define CVIPS_SHIM_H
  3 |
  4 | #include <vips/vips.h>
    |          `- error: 'vips/vips.h' file not found
  5 | #include <cairo/cairo-pdf.h>
  6 |
/Users/admin/builder/spi-builder-workspace/.build/checkouts/hokusai/Sources/Hokusai/Backend/ThumbnailSupport.swift:1:8: error: could not build Objective-C module 'CVips'
 1 | import CVips
   |        `- error: could not build Objective-C module 'CVips'
 2 |
 3 | /// PURPOSE: Single home for thumbnail argument validation and the mapping
[582/1445] Compiling Crypto Ed25519Keys.swift
[655/1445] Compiling tls_record.cc
<module-includes>:1:9: note: in file included from <module-includes>:1:
1 | #import "shim.h"
  |         `- note: in file included from <module-includes>:1:
2 |
/Users/admin/builder/spi-builder-workspace/.build/checkouts/hokusai/Sources/CVips/shim.h:4:10: error: 'vips/vips.h' file not found
  2 | #define CVIPS_SHIM_H
  3 |
  4 | #include <vips/vips.h>
    |          `- error: 'vips/vips.h' file not found
  5 | #include <cairo/cairo-pdf.h>
  6 |
/Users/admin/builder/spi-builder-workspace/.build/checkouts/hokusai/Sources/Hokusai/Backend/ThumbnailSupport.swift:1:8: error: could not build Objective-C module 'CVips'
 1 | import CVips
   |        `- error: could not build Objective-C module 'CVips'
 2 |
 3 | /// PURPOSE: Single home for thumbnail argument validation and the mapping
<module-includes>:1:9: note: in file included from <module-includes>:1:
1 | #import "shim.h"
  |         `- note: in file included from <module-includes>:1:
2 |
/Users/admin/builder/spi-builder-workspace/.build/checkouts/hokusai/Sources/CVips/shim.h:4:10: error: 'vips/vips.h' file not found
  2 | #define CVIPS_SHIM_H
  3 |
  4 | #include <vips/vips.h>
    |          `- error: 'vips/vips.h' file not found
  5 | #include <cairo/cairo-pdf.h>
  6 |
/Users/admin/builder/spi-builder-workspace/.build/checkouts/hokusai/Sources/Hokusai/Backend/ThumbnailSupport.swift:1:8: error: could not build Objective-C module 'CVips'
 1 | import CVips
   |        `- error: could not build Objective-C module 'CVips'
 2 |
 3 | /// PURPOSE: Single home for thumbnail argument validation and the mapping
<module-includes>:1:9: note: in file included from <module-includes>:1:
1 | #import "shim.h"
  |         `- note: in file included from <module-includes>:1:
2 |
/Users/admin/builder/spi-builder-workspace/.build/checkouts/hokusai/Sources/CVips/shim.h:4:10: error: 'vips/vips.h' file not found
  2 | #define CVIPS_SHIM_H
  3 |
  4 | #include <vips/vips.h>
    |          `- error: 'vips/vips.h' file not found
  5 | #include <cairo/cairo-pdf.h>
  6 |
/Users/admin/builder/spi-builder-workspace/.build/checkouts/hokusai/Sources/Hokusai/Backend/ThumbnailSupport.swift:1:8: error: could not build Objective-C module 'CVips'
 1 | import CVips
   |        `- error: could not build Objective-C module 'CVips'
 2 |
 3 | /// PURPOSE: Single home for thumbnail argument validation and the mapping
<module-includes>:1:9: note: in file included from <module-includes>:1:
1 | #import "shim.h"
  |         `- note: in file included from <module-includes>:1:
2 |
/Users/admin/builder/spi-builder-workspace/.build/checkouts/hokusai/Sources/CVips/shim.h:4:10: error: 'vips/vips.h' file not found
  2 | #define CVIPS_SHIM_H
  3 |
  4 | #include <vips/vips.h>
    |          `- error: 'vips/vips.h' file not found
  5 | #include <cairo/cairo-pdf.h>
  6 |
/Users/admin/builder/spi-builder-workspace/.build/checkouts/hokusai/Sources/Hokusai/Backend/ThumbnailSupport.swift:1:8: error: could not build Objective-C module 'CVips'
 1 | import CVips
   |        `- error: could not build Objective-C module 'CVips'
 2 |
 3 | /// PURPOSE: Single home for thumbnail argument validation and the mapping
<module-includes>:1:9: note: in file included from <module-includes>:1:
1 | #import "shim.h"
  |         `- note: in file included from <module-includes>:1:
2 |
/Users/admin/builder/spi-builder-workspace/.build/checkouts/hokusai/Sources/CVips/shim.h:4:10: error: 'vips/vips.h' file not found
  2 | #define CVIPS_SHIM_H
  3 |
  4 | #include <vips/vips.h>
    |          `- error: 'vips/vips.h' file not found
  5 | #include <cairo/cairo-pdf.h>
  6 |
/Users/admin/builder/spi-builder-workspace/.build/checkouts/hokusai/Sources/Hokusai/Backend/ThumbnailSupport.swift:1:8: error: could not build Objective-C module 'CVips'
 1 | import CVips
   |        `- error: could not build Objective-C module 'CVips'
 2 |
 3 | /// PURPOSE: Single home for thumbnail argument validation and the mapping
[661/1445] Compiling ssl_x509.cc
[661/1445] Compiling t1_enc.cc
[661/1445] Compiling tls13_both.cc
[661/1445] Compiling tls13_client.cc
[661/1445] Compiling tls13_server.cc
[766/1445] Compiling tls13_enc.cc
[824/1445] Compiling tls_method.cc
Fetching https://github.com/ivantokar/hokusai.git
Fetching https://github.com/vapor/vapor.git
Fetching https://github.com/apple/swift-testing.git
[1/610] Fetching hokusai
[447/41038] Fetching hokusai, swift-testing
[1660/119709] Fetching hokusai, swift-testing, vapor
Fetched https://github.com/apple/swift-testing.git from cache (7.55s)
Fetched https://github.com/vapor/vapor.git from cache (7.55s)
Fetched https://github.com/ivantokar/hokusai.git from cache (7.55s)
Computing version for https://github.com/ivantokar/hokusai.git
Computed https://github.com/ivantokar/hokusai.git at 1.0.0 (8.09s)
Fetching https://github.com/ivantokar/prompt.git
Fetching https://github.com/apple/swift-nio.git from cache
Fetching https://github.com/apple/swift-argument-parser.git from cache
[1/76] Fetching prompt
Fetched https://github.com/ivantokar/prompt.git from cache (0.85s)
Fetched https://github.com/apple/swift-argument-parser.git from cache (1.97s)
Fetched https://github.com/apple/swift-nio.git from cache (3.11s)
Computing version for https://github.com/ivantokar/prompt.git
Computed https://github.com/ivantokar/prompt.git at 1.1.2 (3.65s)
Fetching https://github.com/onevcat/Rainbow.git
[1/1478] Fetching rainbow
Fetched https://github.com/onevcat/Rainbow.git from cache (1.05s)
Computing version for https://github.com/onevcat/Rainbow.git
Computed https://github.com/onevcat/Rainbow.git at 4.2.1 (4.14s)
Computing version for https://github.com/apple/swift-testing.git
Computed https://github.com/apple/swift-testing.git at 0.99.0 (0.57s)
Fetching https://github.com/swiftlang/swift-syntax.git from cache
Fetched https://github.com/swiftlang/swift-syntax.git from cache (2.64s)
Computing version for https://github.com/swiftlang/swift-syntax.git
Computed https://github.com/swiftlang/swift-syntax.git at 600.0.1 (5.31s)
Computing version for https://github.com/apple/swift-argument-parser.git
Computed https://github.com/apple/swift-argument-parser.git at 1.8.2 (0.51s)
Computing version for https://github.com/apple/swift-nio.git
Computed https://github.com/apple/swift-nio.git at 2.101.3 (0.68s)
Fetching https://github.com/apple/swift-system.git from cache
Fetching https://github.com/apple/swift-collections.git from cache
Fetching https://github.com/apple/swift-atomics.git from cache
Fetched https://github.com/apple/swift-atomics.git from cache (2.14s)
Fetched https://github.com/apple/swift-system.git from cache (2.21s)
Fetched https://github.com/apple/swift-collections.git from cache (2.23s)
Computing version for https://github.com/apple/swift-atomics.git
Computed https://github.com/apple/swift-atomics.git at 1.3.1 (2.75s)
Computing version for https://github.com/apple/swift-collections.git
Computed https://github.com/apple/swift-collections.git at 1.6.0 (0.62s)
Computing version for https://github.com/apple/swift-system.git
Computed https://github.com/apple/swift-system.git at 1.8.0 (0.53s)
Computing version for https://github.com/vapor/vapor.git
Computed https://github.com/vapor/vapor.git at 4.122.0 (0.52s)
Fetching https://github.com/apple/swift-asn1.git from cache
Fetching https://github.com/vapor/multipart-kit.git
Fetching https://github.com/apple/swift-certificates.git
Fetching https://github.com/apple/swift-distributed-tracing.git
Fetching https://github.com/apple/swift-algorithms.git from cache
Fetching https://github.com/apple/swift-service-context.git
Fetching https://github.com/vapor/websocket-kit.git
[1/1311] Fetching swift-service-context
[15/5321] Fetching swift-service-context, multipart-kit
[2315/12797] Fetching swift-service-context, multipart-kit, swift-certificates
[2557/15467] Fetching swift-service-context, multipart-kit, swift-certificates, websocket-kit
Fetched https://github.com/apple/swift-asn1.git from cache (1.45s)
Fetching https://github.com/apple/swift-metrics.git from cache
Fetched https://github.com/apple/swift-certificates.git from cache (1.80s)
Fetching https://github.com/apple/swift-log.git from cache
[5631/13948] Fetching swift-service-context, multipart-kit, websocket-kit, swift-distributed-tracing
Fetched https://github.com/apple/swift-distributed-tracing.git from cache (2.43s)
Fetching https://github.com/apple/swift-nio-extras.git from cache
Fetched https://github.com/apple/swift-metrics.git from cache (1.31s)
Fetching https://github.com/apple/swift-nio-http2.git from cache
[5630/7991] Fetching swift-service-context, multipart-kit, websocket-kit
Fetched https://github.com/apple/swift-log.git from cache (1.25s)
Fetching https://github.com/apple/swift-nio-ssl.git from cache
Fetched https://github.com/apple/swift-nio-extras.git from cache (1.26s)
Fetching https://github.com/vapor/routing-kit.git
Fetched https://github.com/apple/swift-nio-http2.git from cache (1.12s)
Fetching https://github.com/apple/swift-crypto.git from cache
Fetched https://github.com/apple/swift-nio-ssl.git from cache (1.17s)
Fetching https://github.com/vapor/console-kit.git
[5631/29489] Fetching swift-service-context, multipart-kit, websocket-kit, routing-kit
[17885/36231] Fetching swift-service-context, multipart-kit, websocket-kit, routing-kit, console-kit
Fetched https://github.com/vapor/console-kit.git from cache (1.30s)
Fetching https://github.com/vapor/async-kit.git
Fetched https://github.com/vapor/routing-kit.git from cache (1.88s)
Fetching https://github.com/swift-server/async-http-client.git from cache
Fetched https://github.com/apple/swift-crypto.git from cache (1.80s)
[5630/7991] Fetching swift-service-context, multipart-kit, websocket-kit
[5631/10495] Fetching swift-service-context, multipart-kit, websocket-kit, async-kit
Fetched https://github.com/vapor/async-kit.git from cache (1.02s)
[5630/7991] Fetching swift-service-context, multipart-kit, websocket-kit
Fetched https://github.com/swift-server/async-http-client.git from cache (1.46s)
Fetched https://github.com/vapor/websocket-kit.git from cache (41.99s)
Fetched https://github.com/vapor/multipart-kit.git from cache (41.99s)
Fetched https://github.com/apple/swift-service-context.git from cache (41.99s)
Fetched https://github.com/apple/swift-algorithms.git from cache (42.00s)
Computing version for https://github.com/apple/swift-algorithms.git
Computed https://github.com/apple/swift-algorithms.git at 1.2.1 (42.92s)
Fetching https://github.com/apple/swift-numerics.git from cache
Fetched https://github.com/apple/swift-numerics.git from cache (1.13s)
Computing version for https://github.com/vapor/routing-kit.git
Computed https://github.com/vapor/routing-kit.git at 4.9.3 (1.64s)
Computing version for https://github.com/apple/swift-service-context.git
Computed https://github.com/apple/swift-service-context.git at 1.3.0 (0.48s)
Computing version for https://github.com/vapor/websocket-kit.git
Computed https://github.com/vapor/websocket-kit.git at 2.16.2 (0.49s)
Fetching https://github.com/apple/swift-nio-transport-services.git from cache
Fetched https://github.com/apple/swift-nio-transport-services.git from cache (0.93s)
Computing version for https://github.com/apple/swift-numerics.git
Computed https://github.com/apple/swift-numerics.git at 1.1.1 (1.44s)
Computing version for https://github.com/apple/swift-nio-ssl.git
Computed https://github.com/apple/swift-nio-ssl.git at 2.37.2 (0.51s)
Computing version for https://github.com/vapor/console-kit.git
Computed https://github.com/vapor/console-kit.git at 4.16.1 (0.49s)
Computing version for https://github.com/apple/swift-log.git
Computed https://github.com/apple/swift-log.git at 1.15.0 (0.49s)
Computing version for https://github.com/vapor/async-kit.git
Computed https://github.com/vapor/async-kit.git at 1.22.0 (0.48s)
Computing version for https://github.com/apple/swift-distributed-tracing.git
Computed https://github.com/apple/swift-distributed-tracing.git at 1.4.1 (0.48s)
Computing version for https://github.com/apple/swift-metrics.git
Computed https://github.com/apple/swift-metrics.git at 2.11.0 (0.48s)
Computing version for https://github.com/apple/swift-asn1.git
Computed https://github.com/apple/swift-asn1.git at 1.7.1 (2.44s)
Computing version for https://github.com/apple/swift-certificates.git
Computed https://github.com/apple/swift-certificates.git at 1.19.4 (0.64s)
Computing version for https://github.com/vapor/multipart-kit.git
Computed https://github.com/vapor/multipart-kit.git at 4.7.1 (0.50s)
Computing version for https://github.com/apple/swift-nio-transport-services.git
Computed https://github.com/apple/swift-nio-transport-services.git at 1.28.0 (0.49s)
Computing version for https://github.com/apple/swift-crypto.git
Computed https://github.com/apple/swift-crypto.git at 4.5.1 (1.09s)
Computing version for https://github.com/apple/swift-nio-extras.git
Computed https://github.com/apple/swift-nio-extras.git at 1.34.3 (0.66s)
Fetching https://github.com/apple/swift-async-algorithms.git
Fetching https://github.com/apple/swift-http-structured-headers.git from cache
Fetching https://github.com/swift-server/swift-service-lifecycle.git
Fetching https://github.com/apple/swift-http-types.git from cache
[1/2811] Fetching swift-service-lifecycle
[198/9466] Fetching swift-service-lifecycle, swift-async-algorithms
Fetched https://github.com/swift-server/swift-service-lifecycle.git from cache (1.43s)
Fetched https://github.com/apple/swift-async-algorithms.git from cache (1.44s)
Fetched https://github.com/apple/swift-http-structured-headers.git from cache (1.44s)
Fetched https://github.com/apple/swift-http-types.git from cache (1.45s)
Computing version for https://github.com/swift-server/swift-service-lifecycle.git
Computed https://github.com/swift-server/swift-service-lifecycle.git at 2.11.0 (1.97s)
Computing version for https://github.com/apple/swift-async-algorithms.git
Computed https://github.com/apple/swift-async-algorithms.git at 1.1.5 (0.53s)
Computing version for https://github.com/apple/swift-http-types.git
Computed https://github.com/apple/swift-http-types.git at 1.6.0 (0.50s)
Computing version for https://github.com/apple/swift-http-structured-headers.git
Computed https://github.com/apple/swift-http-structured-headers.git at 1.7.0 (0.47s)
Computing version for https://github.com/apple/swift-nio-http2.git
Computed https://github.com/apple/swift-nio-http2.git at 1.45.0 (0.50s)
Computing version for https://github.com/swift-server/async-http-client.git
Computed https://github.com/swift-server/async-http-client.git at 1.36.0 (0.50s)
Creating working copy for https://github.com/apple/swift-collections.git
Working copy of https://github.com/apple/swift-collections.git resolved at 1.6.0
Creating working copy for https://github.com/apple/swift-argument-parser.git
Working copy of https://github.com/apple/swift-argument-parser.git resolved at 1.8.2
Creating working copy for https://github.com/apple/swift-service-context.git
Working copy of https://github.com/apple/swift-service-context.git resolved at 1.3.0
Creating working copy for https://github.com/ivantokar/prompt.git
Working copy of https://github.com/ivantokar/prompt.git resolved at 1.1.2
Creating working copy for https://github.com/vapor/routing-kit.git
Working copy of https://github.com/vapor/routing-kit.git resolved at 4.9.3
Creating working copy for https://github.com/apple/swift-async-algorithms.git
Working copy of https://github.com/apple/swift-async-algorithms.git resolved at 1.1.5
Creating working copy for https://github.com/apple/swift-nio-http2.git
Working copy of https://github.com/apple/swift-nio-http2.git resolved at 1.45.0
Creating working copy for https://github.com/vapor/multipart-kit.git
Working copy of https://github.com/vapor/multipart-kit.git resolved at 4.7.1
Creating working copy for https://github.com/apple/swift-atomics.git
Working copy of https://github.com/apple/swift-atomics.git resolved at 1.3.1
Creating working copy for https://github.com/vapor/async-kit.git
Working copy of https://github.com/vapor/async-kit.git resolved at 1.22.0
Creating working copy for https://github.com/apple/swift-crypto.git
Working copy of https://github.com/apple/swift-crypto.git resolved at 4.5.1
Creating working copy for https://github.com/vapor/websocket-kit.git
Working copy of https://github.com/vapor/websocket-kit.git resolved at 2.16.2
Creating working copy for https://github.com/vapor/vapor.git
Working copy of https://github.com/vapor/vapor.git resolved at 4.122.0
Creating working copy for https://github.com/ivantokar/hokusai.git
Working copy of https://github.com/ivantokar/hokusai.git resolved at 1.0.0
Creating working copy for https://github.com/apple/swift-testing.git
Working copy of https://github.com/apple/swift-testing.git resolved at 0.99.0
Creating working copy for https://github.com/apple/swift-metrics.git
Working copy of https://github.com/apple/swift-metrics.git resolved at 2.11.0
Creating working copy for https://github.com/apple/swift-http-types.git
Working copy of https://github.com/apple/swift-http-types.git resolved at 1.6.0
Creating working copy for https://github.com/apple/swift-algorithms.git
Working copy of https://github.com/apple/swift-algorithms.git resolved at 1.2.1
Creating working copy for https://github.com/vapor/console-kit.git
Working copy of https://github.com/vapor/console-kit.git resolved at 4.16.1
Creating working copy for https://github.com/apple/swift-log.git
Working copy of https://github.com/apple/swift-log.git resolved at 1.15.0
Creating working copy for https://github.com/apple/swift-system.git
Working copy of https://github.com/apple/swift-system.git resolved at 1.8.0
Creating working copy for https://github.com/apple/swift-nio-transport-services.git
Working copy of https://github.com/apple/swift-nio-transport-services.git resolved at 1.28.0
Creating working copy for https://github.com/swift-server/swift-service-lifecycle.git
Working copy of https://github.com/swift-server/swift-service-lifecycle.git resolved at 2.11.0
Creating working copy for https://github.com/apple/swift-distributed-tracing.git
Working copy of https://github.com/apple/swift-distributed-tracing.git resolved at 1.4.1
Creating working copy for https://github.com/apple/swift-asn1.git
Working copy of https://github.com/apple/swift-asn1.git resolved at 1.7.1
Creating working copy for https://github.com/apple/swift-certificates.git
Working copy of https://github.com/apple/swift-certificates.git resolved at 1.19.4
Creating working copy for https://github.com/onevcat/Rainbow.git
Working copy of https://github.com/onevcat/Rainbow.git resolved at 4.2.1
Creating working copy for https://github.com/apple/swift-nio-ssl.git
Working copy of https://github.com/apple/swift-nio-ssl.git resolved at 2.37.2
Creating working copy for https://github.com/apple/swift-numerics.git
Working copy of https://github.com/apple/swift-numerics.git resolved at 1.1.1
Creating working copy for https://github.com/swiftlang/swift-syntax.git
Working copy of https://github.com/swiftlang/swift-syntax.git resolved at 600.0.1
Creating working copy for https://github.com/apple/swift-nio.git
Working copy of https://github.com/apple/swift-nio.git resolved at 2.101.3
Creating working copy for https://github.com/apple/swift-http-structured-headers.git
Working copy of https://github.com/apple/swift-http-structured-headers.git resolved at 1.7.0
Creating working copy for https://github.com/swift-server/async-http-client.git
Working copy of https://github.com/swift-server/async-http-client.git resolved at 1.36.0
Creating working copy for https://github.com/apple/swift-nio-extras.git
Working copy of https://github.com/apple/swift-nio-extras.git resolved at 1.34.3
warning: failed to retrieve search paths with pkg-config; maybe pkg-config is not installed
warning: you may be able to install cairo using your system-packager:
    brew install cairo
warning: you may be able to install vips using your system-packager:
    brew install vips
warning: you may be able to install cairo using your system-packager:
    brew install cairo
warning: you may be able to install vips using your system-packager:
    brew install vips
Running build ...
env DEVELOPER_DIR=/Applications/Xcode-16.3.0.app xcrun swift build --arch arm64
[0/1] Planning build
[1/1] Compiling plugin GenerateManual
[2/2] Compiling plugin GenerateDoccReference
Building for debugging...
[2/772] Compiling ssl_transcript.cc
[3/772] Compiling ssl_stat.cc
[3/772] Compiling tls_method.cc
[5/772] Compiling ssl_versions.cc
[6/772] Compiling t1_enc.cc
[7/772] Compiling tls13_client.cc
[7/772] Compiling tls13_both.cc
[9/772] Compiling tls13_enc.cc
[10/772] Compiling tls13_server.cc
[11/772] Compiling ssl_x509.cc
[12/772] Write swift-version-2F0A5646E1D333AE.txt
[13/772] Compiling ssl_key_share.cc
[14/772] Compiling ssl_privkey.cc
[15/772] Compiling ssl_cipher.cc
[16/772] Compiling ssl_buffer.cc
[16/772] Compiling ssl_session.cc
[18/772] Compiling ssl_file.cc
[19/772] Compiling ssl_cert.cc
[20/772] Compiling ssl_credential.cc
[21/774] Compiling ssl_lib.cc
[22/783] Compiling ssl_asn1.cc
[24/857] Compiling ServiceContextModule ServiceContextKey.swift
[25/857] Emitting module ServiceContextModule
[26/857] Compiling ServiceContextModule ServiceContext.swift
[27/857] Compiling RealModule RealFunctions.swift
[28/898] Emitting module _NIOBase64
[29/898] Compiling _NIOBase64 Base64.swift
[30/898] Compiling RealModule Real.swift
[31/898] Compiling RealModule Float80+Real.swift
[32/898] Compiling RealModule RelaxedArithmetic.swift
[33/898] Emitting module _CertificateInternals
[34/898] Compiling _CertificateInternals _TinyArray.swift
[35/898] Compiling Hokusai ImageBackend.swift
[36/898] Compiling Hokusai ThumbnailSupport.swift
[37/898] Compiling _NIODataStructures _TinyArray.swift
[38/898] Compiling _NIODataStructures PriorityQueue.swift
[39/898] Compiling Hokusai Convert.swift
[40/898] Compiling Hokusai Crop.swift
[41/899] Compiling RealModule ElementaryFunctions.swift
[42/899] Compiling _NIODataStructures Heap.swift
[43/899] Compiling RealModule Float+Real.swift
[44/899] Compiling RealModule Float16+Real.swift
[45/899] Compiling RealModule Double+Real.swift
[46/899] Compiling RealModule AugmentedArithmetic.swift
[47/899] Compiling Logging LogEvent.swift
[48/900] Compiling Logging LoggingSystem.swift
[49/987] Emitting module _NIODataStructures
[50/993] Compiling Logging Locks.swift
[51/993] Compiling Logging SwiftLogNoOpLogHandler.swift
[52/993] Compiling InternalCollectionsUtilities _UniqueCollection.swift
[53/998] Compiling Crypto ASN1Strings.swift
[54/998] Compiling Crypto ArraySliceBigint.swift
[55/998] Emitting module RealModule
[56/998] Compiling Logging LogHandler.swift
[57/998] Compiling Logging Logger+Attributes.swift
[58/998] Compiling Logging MetadataProvider.swift
[59/998] Compiling Crypto SubjectPublicKeyInfo.swift
[60/998] Compiling Crypto CryptoError_boring.swift
[61/999] Compiling Logging Logger+With.swift
unable to find node: pound
unable to find node: pound
[62/999] Compiling Logging Logger.swift
[63/999] Compiling Crypto Cipher.swift
[64/999] Compiling Crypto Nonces.swift
[65/999] Compiling Crypto ASN1.swift
[66/1002] Compiling Crypto ASN1Null.swift
[67/1002] Compiling Crypto ASN1OctetString.swift
[68/1002] Compiling Crypto AES-GCM.swift
[69/1002] Compiling Crypto AES-GCM_boring.swift
[70/1002] Compiling Crypto ChaChaPoly_boring.swift
[71/1002] Compiling Crypto ChaChaPoly.swift
[72/1002] Compiling Crypto GeneralizedTime.swift
[73/1002] Compiling Crypto ObjectIdentifier.swift
[74/1002] Compiling Crypto ECDSASignature.swift
[75/1002] Compiling Crypto PEMDocument.swift
[76/1002] Compiling Instrumentation NoOpInstrument.swift
[77/1002] Compiling Instrumentation Locks.swift
[78/1002] Compiling Instrumentation InstrumentationSystem.swift
[79/1002] Emitting module Instrumentation
[80/1002] Compiling Instrumentation Instrument.swift
[81/1002] Compiling Instrumentation MultiplexInstrument.swift
<module-includes>:1:9: note: in file included from <module-includes>:1:
1 | #import "shim.h"
  |         `- note: in file included from <module-includes>:1:
2 |
/Users/admin/builder/spi-builder-workspace/.build/checkouts/hokusai/Sources/CVips/shim.h:4:10: error: 'vips/vips.h' file not found
  2 | #define CVIPS_SHIM_H
  3 |
  4 | #include <vips/vips.h>
    |          `- error: 'vips/vips.h' file not found
  5 | #include <cairo/cairo-pdf.h>
  6 |
/Users/admin/builder/spi-builder-workspace/.build/checkouts/hokusai/Sources/Hokusai/Backend/ThumbnailSupport.swift:1:8: error: could not build Objective-C module 'CVips'
 1 | import CVips
   |        `- error: could not build Objective-C module 'CVips'
 2 |
 3 | /// PURPOSE: Single home for thumbnail argument validation and the mapping
<module-includes>:1:9: note: in file included from <module-includes>:1:
1 | #import "shim.h"
  |         `- note: in file included from <module-includes>:1:
2 |
/Users/admin/builder/spi-builder-workspace/.build/checkouts/hokusai/Sources/CVips/shim.h:4:10: error: 'vips/vips.h' file not found
  2 | #define CVIPS_SHIM_H
  3 |
  4 | #include <vips/vips.h>
    |          `- error: 'vips/vips.h' file not found
  5 | #include <cairo/cairo-pdf.h>
  6 |
/Users/admin/builder/spi-builder-workspace/.build/checkouts/hokusai/Sources/Hokusai/Backend/ThumbnailSupport.swift:1:8: error: could not build Objective-C module 'CVips'
 1 | import CVips
   |        `- error: could not build Objective-C module 'CVips'
 2 |
 3 | /// PURPOSE: Single home for thumbnail argument validation and the mapping
<module-includes>:1:9: note: in file included from <module-includes>:1:
1 | #import "shim.h"
  |         `- note: in file included from <module-includes>:1:
2 |
/Users/admin/builder/spi-builder-workspace/.build/checkouts/hokusai/Sources/CVips/shim.h:4:10: error: 'vips/vips.h' file not found
  2 | #define CVIPS_SHIM_H
  3 |
  4 | #include <vips/vips.h>
    |          `- error: 'vips/vips.h' file not found
  5 | #include <cairo/cairo-pdf.h>
  6 |
/Users/admin/builder/spi-builder-workspace/.build/checkouts/hokusai/Sources/Hokusai/Backend/ThumbnailSupport.swift:1:8: error: could not build Objective-C module 'CVips'
 1 | import CVips
   |        `- error: could not build Objective-C module 'CVips'
 2 |
 3 | /// PURPOSE: Single home for thumbnail argument validation and the mapping
<module-includes>:1:9: note: in file included from <module-includes>:1:
1 | #import "shim.h"
  |         `- note: in file included from <module-includes>:1:
2 |
/Users/admin/builder/spi-builder-workspace/.build/checkouts/hokusai/Sources/CVips/shim.h:4:10: error: 'vips/vips.h' file not found
  2 | #define CVIPS_SHIM_H
  3 |
  4 | #include <vips/vips.h>
    |          `- error: 'vips/vips.h' file not found
  5 | #include <cairo/cairo-pdf.h>
  6 |
/Users/admin/builder/spi-builder-workspace/.build/checkouts/hokusai/Sources/Hokusai/Backend/ThumbnailSupport.swift:1:8: error: could not build Objective-C module 'CVips'
 1 | import CVips
   |        `- error: could not build Objective-C module 'CVips'
 2 |
 3 | /// PURPOSE: Single home for thumbnail argument validation and the mapping
<module-includes>:1:9: note: in file included from <module-includes>:1:
1 | #import "shim.h"
  |         `- note: in file included from <module-includes>:1:
2 |
/Users/admin/builder/spi-builder-workspace/.build/checkouts/hokusai/Sources/CVips/shim.h:4:10: error: 'vips/vips.h' file not found
  2 | #define CVIPS_SHIM_H
  3 |
  4 | #include <vips/vips.h>
    |          `- error: 'vips/vips.h' file not found
  5 | #include <cairo/cairo-pdf.h>
  6 |
/Users/admin/builder/spi-builder-workspace/.build/checkouts/hokusai/Sources/Hokusai/Backend/ThumbnailSupport.swift:1:8: error: could not build Objective-C module 'CVips'
 1 | import CVips
   |        `- error: could not build Objective-C module 'CVips'
 2 |
 3 | /// PURPOSE: Single home for thumbnail argument validation and the mapping
<module-includes>:1:9: note: in file included from <module-includes>:1:
1 | #import "shim.h"
  |         `- note: in file included from <module-includes>:1:
2 |
/Users/admin/builder/spi-builder-workspace/.build/checkouts/hokusai/Sources/CVips/shim.h:4:10: error: 'vips/vips.h' file not found
  2 | #define CVIPS_SHIM_H
  3 |
  4 | #include <vips/vips.h>
    |          `- error: 'vips/vips.h' file not found
  5 | #include <cairo/cairo-pdf.h>
  6 |
/Users/admin/builder/spi-builder-workspace/.build/checkouts/hokusai/Sources/Hokusai/Backend/ThumbnailSupport.swift:1:8: error: could not build Objective-C module 'CVips'
 1 | import CVips
   |        `- error: could not build Objective-C module 'CVips'
 2 |
 3 | /// PURPOSE: Single home for thumbnail argument validation and the mapping
[88/1004] Compiling Crypto PKCS8PrivateKey.swift
[89/1004] Compiling Crypto SEC1PrivateKey.swift
[90/1004] Emitting module Logging
unable to find node: pound
unable to find node: pound
[91/1004] Compiling Crypto HashFunctions.swift
[92/1004] Compiling Crypto HashFunctions_SHA2.swift
[93/1004] Compiling Crypto Digest.swift
[94/1004] Compiling Crypto Digests.swift
[95/1004] Compiling Crypto CryptoKitErrors.swift
[96/1004] Compiling Crypto Digest_boring.swift
[101/1004] Compiling Crypto ASN1Identifier.swift
[102/1004] Compiling Crypto ASN1Integer.swift
[115/1013] Compiling Crypto NISTCurvesKeys.swift
[116/1013] Compiling Crypto X25519Keys.swift
[117/1013] Compiling Crypto SymmetricKeys.swift
[118/1013] Compiling Crypto HMAC.swift
[119/1013] Compiling Crypto MACFunctions.swift
[120/1013] Compiling Crypto MessageAuthenticationCode.swift
[121/1013] Compiling Crypto AES.swift
[122/1013] Compiling Crypto ECDSASignature_boring.swift
[123/1013] Compiling Crypto ECDSA_boring.swift
[124/1013] Compiling Crypto HashFunctions_SHA3.swift
[125/1013] Compiling Crypto Digest_xkcp.swift
[126/1013] Compiling Crypto HPKE-AEAD.swift
[127/1013] Compiling Crypto HPKE-Ciphersuite.swift
[128/1013] Compiling Crypto HPKE-KDF.swift
[129/1013] Compiling Crypto HPKE-KexKeyDerivation.swift
[130/1013] Compiling Crypto HPKE-LabeledExtract.swift
[131/1013] Compiling Crypto HPKE-Utils.swift
[132/1013] Compiling Crypto DHKEM.swift
[133/1013] Compiling Crypto HPKE-KEM-Curve25519.swift
[134/1013] Compiling SwiftASN1 DER.swift
[141/1013] Compiling Crypto ASN1Any.swift
[142/1013] Compiling Crypto ASN1BitString.swift
[143/1013] Compiling Crypto ASN1Boolean.swift
[144/1013] Compiling Crypto EdDSA_boring.swift
[145/1013] Compiling Crypto MLDSA_boring.swift
[146/1013] Compiling Crypto MLDSA_wrapper.swift
[147/1013] Compiling Crypto HPKE-NIST-EC-KEMs.swift
[148/1013] Compiling Crypto HPKE-KEM.swift
[149/1013] Compiling Crypto HPKE-Errors.swift
[150/1013] Compiling Crypto HPKE.swift
[151/1013] Compiling Crypto HPKE-Context.swift
[152/1013] Compiling Crypto HPKE-KeySchedule.swift
[153/1013] Compiling Crypto HPKE-Modes.swift
[154/1013] Compiling Crypto Insecure.swift
[155/1013] Compiling Crypto Insecure_HashFunctions.swift
[156/1013] Compiling Crypto MLKEM_boring.swift
[157/1013] Compiling Crypto ANSIx963.swift
[158/1013] Compiling Crypto HKDF.swift
[159/1013] Compiling Crypto AESWrap.swift
[160/1013] Compiling Crypto AESWrap_boring.swift
[161/1013] Compiling Crypto Ed25519_boring.swift
[162/1013] Compiling Crypto NISTCurvesKeys_boring.swift
[163/1013] Compiling Crypto X25519Keys_boring.swift
[164/1013] Compiling Crypto Curve25519.swift
[165/1013] Compiling Crypto Ed25519Keys.swift
[166/1013] Compiling Hokusai Text.swift
[167/1013] Compiling Hokusai Thumbnail.swift
[176/1013] Compiling Crypto MLKEM_wrapper.swift
[177/1013] Compiling Crypto XWing_boring.swift
[178/1013] Compiling Crypto KEM-Errors.swift
[179/1013] Compiling Crypto KEM.swift
[180/1013] Compiling Crypto MLKEM.swift
[181/1013] Compiling Crypto XWing.swift
[182/1013] Compiling Crypto ECDH_boring.swift
[183/1013] Compiling Crypto DH.swift
[184/1013] Compiling Crypto ECDH.swift
[188/1013] Compiling SystemPackage Util.swift
[189/1013] Compiling SystemPackage UtilConsumers.swift
[190/1013] Compiling SystemPackage WinSDK+Overlay.swift
[191/1013] Compiling Crypto Signature.swift
[192/1013] Compiling Crypto CryptoKitErrors_boring.swift
[193/1013] Compiling Crypto Optional+withUnsafeBytes_boring.swift
[204/1013] Emitting module Crypto
[205/1013] Emitting module InternalCollectionsUtilities
<module-includes>:1:9: note: in file included from <module-includes>:1:
1 | #import "shim.h"
  |         `- note: in file included from <module-includes>:1:
2 |
/Users/admin/builder/spi-builder-workspace/.build/checkouts/hokusai/Sources/CVips/shim.h:4:10: error: 'vips/vips.h' file not found
  2 | #define CVIPS_SHIM_H
  3 |
  4 | #include <vips/vips.h>
    |          `- error: 'vips/vips.h' file not found
  5 | #include <cairo/cairo-pdf.h>
  6 |
/Users/admin/builder/spi-builder-workspace/.build/checkouts/hokusai/Sources/Hokusai/Backend/ThumbnailSupport.swift:1:8: error: could not build Objective-C module 'CVips'
 1 | import CVips
   |        `- error: could not build Objective-C module 'CVips'
 2 |
 3 | /// PURPOSE: Single home for thumbnail argument validation and the mapping
<module-includes>:1:9: note: in file included from <module-includes>:1:
1 | #import "shim.h"
  |         `- note: in file included from <module-includes>:1:
2 |
/Users/admin/builder/spi-builder-workspace/.build/checkouts/hokusai/Sources/CVips/shim.h:4:10: error: 'vips/vips.h' file not found
  2 | #define CVIPS_SHIM_H
  3 |
  4 | #include <vips/vips.h>
    |          `- error: 'vips/vips.h' file not found
  5 | #include <cairo/cairo-pdf.h>
  6 |
/Users/admin/builder/spi-builder-workspace/.build/checkouts/hokusai/Sources/Hokusai/Backend/ThumbnailSupport.swift:1:8: error: could not build Objective-C module 'CVips'
 1 | import CVips
   |        `- error: could not build Objective-C module 'CVips'
 2 |
 3 | /// PURPOSE: Single home for thumbnail argument validation and the mapping
<module-includes>:1:9: note: in file included from <module-includes>:1:
1 | #import "shim.h"
  |         `- note: in file included from <module-includes>:1:
2 |
/Users/admin/builder/spi-builder-workspace/.build/checkouts/hokusai/Sources/CVips/shim.h:4:10: error: 'vips/vips.h' file not found
  2 | #define CVIPS_SHIM_H
  3 |
  4 | #include <vips/vips.h>
    |          `- error: 'vips/vips.h' file not found
  5 | #include <cairo/cairo-pdf.h>
  6 |
/Users/admin/builder/spi-builder-workspace/.build/checkouts/hokusai/Sources/Hokusai/Backend/ThumbnailSupport.swift:1:8: error: could not build Objective-C module 'CVips'
 1 | import CVips
   |        `- error: could not build Objective-C module 'CVips'
 2 |
 3 | /// PURPOSE: Single home for thumbnail argument validation and the mapping
<module-includes>:1:9: note: in file included from <module-includes>:1:
1 | #import "shim.h"
  |         `- note: in file included from <module-includes>:1:
2 |
/Users/admin/builder/spi-builder-workspace/.build/checkouts/hokusai/Sources/CVips/shim.h:4:10: error: 'vips/vips.h' file not found
  2 | #define CVIPS_SHIM_H
  3 |
  4 | #include <vips/vips.h>
    |          `- error: 'vips/vips.h' file not found
  5 | #include <cairo/cairo-pdf.h>
  6 |
/Users/admin/builder/spi-builder-workspace/.build/checkouts/hokusai/Sources/Hokusai/Backend/ThumbnailSupport.swift:1:8: error: could not build Objective-C module 'CVips'
 1 | import CVips
   |        `- error: could not build Objective-C module 'CVips'
 2 |
 3 | /// PURPOSE: Single home for thumbnail argument validation and the mapping
<module-includes>:1:9: note: in file included from <module-includes>:1:
1 | #import "shim.h"
  |         `- note: in file included from <module-includes>:1:
2 |
/Users/admin/builder/spi-builder-workspace/.build/checkouts/hokusai/Sources/CVips/shim.h:4:10: error: 'vips/vips.h' file not found
  2 | #define CVIPS_SHIM_H
  3 |
  4 | #include <vips/vips.h>
    |          `- error: 'vips/vips.h' file not found
  5 | #include <cairo/cairo-pdf.h>
  6 |
/Users/admin/builder/spi-builder-workspace/.build/checkouts/hokusai/Sources/Hokusai/Backend/ThumbnailSupport.swift:1:8: error: could not build Objective-C module 'CVips'
 1 | import CVips
   |        `- error: could not build Objective-C module 'CVips'
 2 |
 3 | /// PURPOSE: Single home for thumbnail argument validation and the mapping
<module-includes>:1:9: note: in file included from <module-includes>:1:
1 | #import "shim.h"
  |         `- note: in file included from <module-includes>:1:
2 |
/Users/admin/builder/spi-builder-workspace/.build/checkouts/hokusai/Sources/CVips/shim.h:4:10: error: 'vips/vips.h' file not found
  2 | #define CVIPS_SHIM_H
  3 |
  4 | #include <vips/vips.h>
    |          `- error: 'vips/vips.h' file not found
  5 | #include <cairo/cairo-pdf.h>
  6 |
/Users/admin/builder/spi-builder-workspace/.build/checkouts/hokusai/Sources/Hokusai/Backend/ThumbnailSupport.swift:1:8: error: could not build Objective-C module 'CVips'
 1 | import CVips
   |        `- error: could not build Objective-C module 'CVips'
 2 |
 3 | /// PURPOSE: Single home for thumbnail argument validation and the mapping
<module-includes>:1:9: note: in file included from <module-includes>:1:
1 | #import "shim.h"
  |         `- note: in file included from <module-includes>:1:
2 |
/Users/admin/builder/spi-builder-workspace/.build/checkouts/hokusai/Sources/CVips/shim.h:4:10: error: 'vips/vips.h' file not found
  2 | #define CVIPS_SHIM_H
  3 |
  4 | #include <vips/vips.h>
    |          `- error: 'vips/vips.h' file not found
  5 | #include <cairo/cairo-pdf.h>
  6 |
/Users/admin/builder/spi-builder-workspace/.build/checkouts/hokusai/Sources/Hokusai/Backend/ThumbnailSupport.swift:1:8: error: could not build Objective-C module 'CVips'
 1 | import CVips
   |        `- error: could not build Objective-C module 'CVips'
 2 |
 3 | /// PURPOSE: Single home for thumbnail argument validation and the mapping
<module-includes>:1:9: note: in file included from <module-includes>:1:
1 | #import "shim.h"
  |         `- note: in file included from <module-includes>:1:
2 |
/Users/admin/builder/spi-builder-workspace/.build/checkouts/hokusai/Sources/CVips/shim.h:4:10: error: 'vips/vips.h' file not found
  2 | #define CVIPS_SHIM_H
  3 |
  4 | #include <vips/vips.h>
    |          `- error: 'vips/vips.h' file not found
  5 | #include <cairo/cairo-pdf.h>
  6 |
/Users/admin/builder/spi-builder-workspace/.build/checkouts/hokusai/Sources/Hokusai/Backend/ThumbnailSupport.swift:1:8: error: could not build Objective-C module 'CVips'
 1 | import CVips
   |        `- error: could not build Objective-C module 'CVips'
 2 |
 3 | /// PURPOSE: Single home for thumbnail argument validation and the mapping
<module-includes>:1:9: note: in file included from <module-includes>:1:
1 | #import "shim.h"
  |         `- note: in file included from <module-includes>:1:
2 |
/Users/admin/builder/spi-builder-workspace/.build/checkouts/hokusai/Sources/CVips/shim.h:4:10: error: 'vips/vips.h' file not found
  2 | #define CVIPS_SHIM_H
  3 |
  4 | #include <vips/vips.h>
    |          `- error: 'vips/vips.h' file not found
  5 | #include <cairo/cairo-pdf.h>
  6 |
/Users/admin/builder/spi-builder-workspace/.build/checkouts/hokusai/Sources/Hokusai/Backend/ThumbnailSupport.swift:1:8: error: could not build Objective-C module 'CVips'
 1 | import CVips
   |        `- error: could not build Objective-C module 'CVips'
 2 |
 3 | /// PURPOSE: Single home for thumbnail argument validation and the mapping
<module-includes>:1:9: note: in file included from <module-includes>:1:
1 | #import "shim.h"
  |         `- note: in file included from <module-includes>:1:
2 |
/Users/admin/builder/spi-builder-workspace/.build/checkouts/hokusai/Sources/CVips/shim.h:4:10: error: 'vips/vips.h' file not found
  2 | #define CVIPS_SHIM_H
  3 |
  4 | #include <vips/vips.h>
    |          `- error: 'vips/vips.h' file not found
  5 | #include <cairo/cairo-pdf.h>
  6 |
/Users/admin/builder/spi-builder-workspace/.build/checkouts/hokusai/Sources/Hokusai/Backend/ThumbnailSupport.swift:1:8: error: could not build Objective-C module 'CVips'
 1 | import CVips
   |        `- error: could not build Objective-C module 'CVips'
 2 |
 3 | /// PURPOSE: Single home for thumbnail argument validation and the mapping
<module-includes>:1:9: note: in file included from <module-includes>:1:
1 | #import "shim.h"
  |         `- note: in file included from <module-includes>:1:
2 |
/Users/admin/builder/spi-builder-workspace/.build/checkouts/hokusai/Sources/CVips/shim.h:4:10: error: 'vips/vips.h' file not found
  2 | #define CVIPS_SHIM_H
  3 |
  4 | #include <vips/vips.h>
    |          `- error: 'vips/vips.h' file not found
  5 | #include <cairo/cairo-pdf.h>
  6 |
/Users/admin/builder/spi-builder-workspace/.build/checkouts/hokusai/Sources/Hokusai/Backend/ThumbnailSupport.swift:1:8: error: could not build Objective-C module 'CVips'
 1 | import CVips
   |        `- error: could not build Objective-C module 'CVips'
 2 |
 3 | /// PURPOSE: Single home for thumbnail argument validation and the mapping
[235/1027] Compiling SwiftASN1 Errors.swift
[240/1027] Compiling Tracing TracingTime.swift
[244/1027] Compiling Tracing TracerProtocol.swift
error: emit-module command failed with exit code 1 (use -v to see invocation)
[245/1027] Emitting module Hokusai
<module-includes>:1:9: note: in file included from <module-includes>:1:
1 | #import "shim.h"
  |         `- note: in file included from <module-includes>:1:
2 |
/Users/admin/builder/spi-builder-workspace/.build/checkouts/hokusai/Sources/CVips/shim.h:4:10: error: 'vips/vips.h' file not found
  2 | #define CVIPS_SHIM_H
  3 |
  4 | #include <vips/vips.h>
    |          `- error: 'vips/vips.h' file not found
  5 | #include <cairo/cairo-pdf.h>
  6 |
/Users/admin/builder/spi-builder-workspace/.build/checkouts/hokusai/Sources/Hokusai/Backend/ThumbnailSupport.swift:1:8: error: could not build Objective-C module 'CVips'
 1 | import CVips
   |        `- error: could not build Objective-C module 'CVips'
 2 |
 3 | /// PURPOSE: Single home for thumbnail argument validation and the mapping
<module-includes>:1:9: note: in file included from <module-includes>:1:
1 | #import "shim.h"
  |         `- note: in file included from <module-includes>:1:
2 |
/Users/admin/builder/spi-builder-workspace/.build/checkouts/hokusai/Sources/CVips/shim.h:4:10: error: 'vips/vips.h' file not found
  2 | #define CVIPS_SHIM_H
  3 |
  4 | #include <vips/vips.h>
    |          `- error: 'vips/vips.h' file not found
  5 | #include <cairo/cairo-pdf.h>
  6 |
/Users/admin/builder/spi-builder-workspace/.build/checkouts/hokusai/Sources/Hokusai/Backend/ThumbnailSupport.swift:1:8: error: could not build Objective-C module 'CVips'
 1 | import CVips
   |        `- error: could not build Objective-C module 'CVips'
 2 |
 3 | /// PURPOSE: Single home for thumbnail argument validation and the mapping
<module-includes>:1:9: note: in file included from <module-includes>:1:
1 | #import "shim.h"
  |         `- note: in file included from <module-includes>:1:
2 |
/Users/admin/builder/spi-builder-workspace/.build/checkouts/hokusai/Sources/CVips/shim.h:4:10: error: 'vips/vips.h' file not found
  2 | #define CVIPS_SHIM_H
  3 |
  4 | #include <vips/vips.h>
    |          `- error: 'vips/vips.h' file not found
  5 | #include <cairo/cairo-pdf.h>
  6 |
/Users/admin/builder/spi-builder-workspace/.build/checkouts/hokusai/Sources/Hokusai/Backend/ThumbnailSupport.swift:1:8: error: could not build Objective-C module 'CVips'
 1 | import CVips
   |        `- error: could not build Objective-C module 'CVips'
 2 |
 3 | /// PURPOSE: Single home for thumbnail argument validation and the mapping
<module-includes>:1:9: note: in file included from <module-includes>:1:
1 | #import "shim.h"
  |         `- note: in file included from <module-includes>:1:
2 |
/Users/admin/builder/spi-builder-workspace/.build/checkouts/hokusai/Sources/CVips/shim.h:4:10: error: 'vips/vips.h' file not found
  2 | #define CVIPS_SHIM_H
  3 |
  4 | #include <vips/vips.h>
    |          `- error: 'vips/vips.h' file not found
  5 | #include <cairo/cairo-pdf.h>
  6 |
/Users/admin/builder/spi-builder-workspace/.build/checkouts/hokusai/Sources/Hokusai/Backend/ThumbnailSupport.swift:1:8: error: could not build Objective-C module 'CVips'
 1 | import CVips
   |        `- error: could not build Objective-C module 'CVips'
 2 |
 3 | /// PURPOSE: Single home for thumbnail argument validation and the mapping
[249/1027] Compiling Tracing TracerProtocol+Legacy.swift
[250/1027] Emitting module SystemPackage
[251/1027] Compiling CoreMetrics MappingMetricsFactory.swift
[252/1027] Compiling CoreMetrics WithMetricsFactory.swift
[253/1027] Compiling CoreMetrics Locks.swift
[254/1027] Emitting module CoreMetrics
<module-includes>:1:9: note: in file included from <module-includes>:1:
1 | #import "shim.h"
  |         `- note: in file included from <module-includes>:1:
2 |
/Users/admin/builder/spi-builder-workspace/.build/checkouts/hokusai/Sources/CVips/shim.h:4:10: error: 'vips/vips.h' file not found
  2 | #define CVIPS_SHIM_H
  3 |
  4 | #include <vips/vips.h>
    |          `- error: 'vips/vips.h' file not found
  5 | #include <cairo/cairo-pdf.h>
  6 |
/Users/admin/builder/spi-builder-workspace/.build/checkouts/hokusai/Sources/Hokusai/Backend/ThumbnailSupport.swift:1:8: error: could not build Objective-C module 'CVips'
 1 | import CVips
   |        `- error: could not build Objective-C module 'CVips'
 2 |
 3 | /// PURPOSE: Single home for thumbnail argument validation and the mapping
[256/1027] Compiling CoreMetrics Metrics.swift
<module-includes>:1:9: note: in file included from <module-includes>:1:
1 | #import "shim.h"
  |         `- note: in file included from <module-includes>:1:
2 |
/Users/admin/builder/spi-builder-workspace/.build/checkouts/hokusai/Sources/CVips/shim.h:4:10: error: 'vips/vips.h' file not found
  2 | #define CVIPS_SHIM_H
  3 |
  4 | #include <vips/vips.h>
    |          `- error: 'vips/vips.h' file not found
  5 | #include <cairo/cairo-pdf.h>
  6 |
/Users/admin/builder/spi-builder-workspace/.build/checkouts/hokusai/Sources/Hokusai/Backend/ThumbnailSupport.swift:1:8: error: could not build Objective-C module 'CVips'
 1 | import CVips
   |        `- error: could not build Objective-C module 'CVips'
 2 |
 3 | /// PURPOSE: Single home for thumbnail argument validation and the mapping
[257/1027] Compiling ssl_aead_ctx.cc
[257/1027] Compiling s3_pkt.cc
[257/1027] Compiling s3_lib.cc
[258/1027] Compiling Tracing Tracer.swift
[259/1027] Emitting module Tracing
[260/1027] Compiling Tracing NoOpTracer.swift
[261/1027] Compiling Tracing InstrumentationSystem+Tracing.swift
[262/1027] Compiling RoutingKit Router.swift
[263/1027] Emitting module RoutingKit
warning: failed to retrieve search paths with pkg-config; maybe pkg-config is not installed
warning: you may be able to install cairo using your system-packager:
    brew install cairo
warning: you may be able to install vips using your system-packager:
    brew install vips
warning: you may be able to install cairo using your system-packager:
    brew install cairo
warning: you may be able to install vips using your system-packager:
    brew install vips
BUILD FAILURE 6.1 macosSpm