Build Information
Failed to build HackerRankKit, reference 0.9.0 (701e5d), with Swift 6.1 for macOS (Xcode) using Xcode 16.3 on 25 Sep 2026 21:35:32 UTC.
Build Command
No build command. This typically means the build failed at an early stage where we determine the build command.Build Log
========================================
RunAll
========================================
Builder version: 5.1.0
Interrupt handler set up.
========================================
Checkout
========================================
Clone URL: https://github.com/adamtheturtle/HackerRankKit.git
Reference: 0.9.0
Initialized empty Git repository in /Users/admin/builder/spi-builder-workspace/.git/
From https://github.com/adamtheturtle/HackerRankKit
* tag 0.9.0 -> FETCH_HEAD
HEAD is now at 701e5da Merge pull request #213 from adamtheturtle/codex/hk-release-0.9.0
Cloned https://github.com/adamtheturtle/HackerRankKit.git
Revision (git rev-parse @):
701e5da5e38308378b523d8e9c078ff07eb229e8
SPI manifest file found: $PWD/.spi.yml
SUCCESS checkout https://github.com/adamtheturtle/HackerRankKit.git at 0.9.0
========================================
Build
========================================
Selected platform: macosXcodebuild
Swift version: 6.1
Building package at path: $PWD
https://github.com/adamtheturtle/HackerRankKit.git
https://github.com/adamtheturtle/HackerRankKit.git
error: 'spi-builder-workspace': package 'spi-builder-workspace' is using Swift tools version 6.2.0 but the installed version is 6.1.0
error: fatalError
Command line invocation:
/Applications/Xcode-16.3.0.app/Contents/Developer/usr/bin/xcodebuild -IDEClonedSourcePackagesDirPathOverride=/Users/admin/builder/spi-builder-workspace/.dependencies -resolvePackageDependencies
Resolve Package Graph
package 'spi-builder-workspace' is using Swift tools version 6.2.0 but the installed version is 6.1.0
Resolved source packages:
spi-builder-workspace: (null)
2026-09-25 14:35:31.749 xcodebuild[505:2894] Writing error result bundle to /var/folders/5k/5yc19ymj0jqd5v0zvgfqz0xw0000gn/T/ResultBundle_2026-25-09_14-35-0031.xcresult
xcodebuild: error: Could not resolve package dependencies:
package 'spi-builder-workspace' is using Swift tools version 6.2.0 but the installed version is 6.1.0
Command line invocation:
/Applications/Xcode-16.3.0.app/Contents/Developer/usr/bin/xcodebuild -IDEClonedSourcePackagesDirPathOverride=/Users/admin/builder/spi-builder-workspace/.dependencies -resolvePackageDependencies
Resolve Package Graph
package 'spi-builder-workspace' is using Swift tools version 6.2.0 but the installed version is 6.1.0
Resolved source packages:
spi-builder-workspace: (null)
2026-09-25 14:35:32.470 xcodebuild[516:3009] Writing error result bundle to /var/folders/5k/5yc19ymj0jqd5v0zvgfqz0xw0000gn/T/ResultBundle_2026-25-09_14-35-0032.xcresult
xcodebuild: error: Could not resolve package dependencies:
package 'spi-builder-workspace' is using Swift tools version 6.2.0 but the installed version is 6.1.0
BUILD FAILURE 6.1 macosXcodebuild