Build Information
Failed to build ArcBLEKit, reference 0.2.4 (4eaf9c), with Swift 6.1 for Wasm on 28 Sep 2026 17:33:14 UTC.
Build Command
bash -c docker run --pull=always --rm -v "checkouts-54344844-2":/host -w "$PWD" -e JAVA_HOME="/root/.sdkman/candidates/java/current" -e SPI_BUILD="1" -e SPI_PROCESSING="1" registry.gitlab.com/saguaro1/spi-images:wasm-6.1-latest swift build --swift-sdk wasm32-unknown-wasi 2>&1Build Log
========================================
RunAll
========================================
Builder version: 5.1.0
Interrupt handler set up.
========================================
Checkout
========================================
Clone URL: https://github.com/ilawsonlu/ArcBLEKit.git
Reference: 0.2.4
Initialized empty Git repository in /host/spi-builder-workspace/.git/
hint: Using 'master' as the name for the initial branch. This default branch name
hint: is subject to change. To configure the initial branch name to use in all
hint: of your new repositories, which will suppress this warning, call:
hint:
hint: git config --global init.defaultBranch <name>
hint:
hint: Names commonly chosen instead of 'master' are 'main', 'trunk' and
hint: 'development'. The just-created branch can be renamed via this command:
hint:
hint: git branch -m <name>
From https://github.com/ilawsonlu/ArcBLEKit
* tag 0.2.4 -> FETCH_HEAD
HEAD is now at 4eaf9c8 fix: preserve write-without-response readiness signals (#5)
Cloned https://github.com/ilawsonlu/ArcBLEKit.git
Revision (git rev-parse @):
4eaf9c8bb8d3cb1b93895c4fedfed92f23805941
SPI manifest file found: $PWD/.spi.yml
SUCCESS checkout https://github.com/ilawsonlu/ArcBLEKit.git at 0.2.4
========================================
Build
========================================
Selected platform: wasm
Swift version: 6.1
Building package at path: $PWD
https://github.com/ilawsonlu/ArcBLEKit.git
https://github.com/ilawsonlu/ArcBLEKit.git
WARNING: environment variable SUPPRESS_SWIFT_6_FLAGS is not set
Running build ...
bash -c docker run --pull=always --rm -v "checkouts-54344844-2":/host -w "$PWD" -e JAVA_HOME="/root/.sdkman/candidates/java/current" -e SPI_BUILD="1" -e SPI_PROCESSING="1" registry.gitlab.com/saguaro1/spi-images:wasm-6.1-latest swift build --swift-sdk wasm32-unknown-wasi -Xswiftc -Xfrontend -Xswiftc -stats-output-dir -Xswiftc -Xfrontend -Xswiftc .stats -Xswiftc -strict-concurrency=complete -Xswiftc -enable-upcoming-feature -Xswiftc StrictConcurrency -Xswiftc -enable-upcoming-feature -Xswiftc DisableOutwardActorInference -Xswiftc -enable-upcoming-feature -Xswiftc GlobalActorIsolatedTypesUsability -Xswiftc -enable-upcoming-feature -Xswiftc InferSendableFromCaptures 2>&1
wasm-6.1-latest: Pulling from saguaro1/spi-images
Digest: sha256:beceeede496da67681f4fa220a6b97cc098a0178841a413735f598dc6bbaf4c8
Status: Image is up to date for registry.gitlab.com/saguaro1/spi-images:wasm-6.1-latest
Building for debugging...
[0/2] Write sources
[1/2] Write swift-version-24593BA9C3E375BF.txt
error: emit-module command failed with exit code 1 (use -v to see invocation)
[3/24] Emitting module ArcBLEKit
/host/spi-builder-workspace/Sources/ArcBLEKit/BLEDevice.swift:2:24: error: no such module 'CoreBluetooth'
1 | #if compiler(>=5.6)
2 | @preconcurrency import CoreBluetooth
| `- error: no such module 'CoreBluetooth'
3 | #else
4 | import CoreBluetooth
[4/27] Compiling ArcBLEKit PeripheralBox.swift
/host/spi-builder-workspace/Sources/ArcBLEKit/BLEDevice.swift:2:24: error: no such module 'CoreBluetooth'
1 | #if compiler(>=5.6)
2 | @preconcurrency import CoreBluetooth
| `- error: no such module 'CoreBluetooth'
3 | #else
4 | import CoreBluetooth
[5/27] Compiling ArcBLEKit PeripheralRepresenting.swift
/host/spi-builder-workspace/Sources/ArcBLEKit/BLEDevice.swift:2:24: error: no such module 'CoreBluetooth'
1 | #if compiler(>=5.6)
2 | @preconcurrency import CoreBluetooth
| `- error: no such module 'CoreBluetooth'
3 | #else
4 | import CoreBluetooth
[6/27] Compiling ArcBLEKit SessionOperationQueue.swift
/host/spi-builder-workspace/Sources/ArcBLEKit/BLEDevice.swift:2:24: error: no such module 'CoreBluetooth'
1 | #if compiler(>=5.6)
2 | @preconcurrency import CoreBluetooth
| `- error: no such module 'CoreBluetooth'
3 | #else
4 | import CoreBluetooth
[7/27] Compiling ArcBLEKit CharacteristicCache.swift
/host/spi-builder-workspace/Sources/ArcBLEKit/BLEDevice.swift:2:24: error: no such module 'CoreBluetooth'
1 | #if compiler(>=5.6)
2 | @preconcurrency import CoreBluetooth
| `- error: no such module 'CoreBluetooth'
3 | #else
4 | import CoreBluetooth
[8/27] Compiling ArcBLEKit GATTOperationCoordinator.swift
/host/spi-builder-workspace/Sources/ArcBLEKit/BLEDevice.swift:2:24: error: no such module 'CoreBluetooth'
1 | #if compiler(>=5.6)
2 | @preconcurrency import CoreBluetooth
| `- error: no such module 'CoreBluetooth'
3 | #else
4 | import CoreBluetooth
[9/27] Compiling ArcBLEKit NotificationRegistry.swift
/host/spi-builder-workspace/Sources/ArcBLEKit/BLEDevice.swift:2:24: error: no such module 'CoreBluetooth'
1 | #if compiler(>=5.6)
2 | @preconcurrency import CoreBluetooth
| `- error: no such module 'CoreBluetooth'
3 | #else
4 | import CoreBluetooth
[10/27] Compiling ArcBLEKit BLEAdvertisement.swift
/host/spi-builder-workspace/Sources/ArcBLEKit/BLEDevice.swift:2:24: error: no such module 'CoreBluetooth'
1 | #if compiler(>=5.6)
2 | @preconcurrency import CoreBluetooth
| `- error: no such module 'CoreBluetooth'
3 | #else
4 | import CoreBluetooth
[11/27] Compiling ArcBLEKit BLEAdvertisementParser.swift
/host/spi-builder-workspace/Sources/ArcBLEKit/BLEDevice.swift:2:24: error: no such module 'CoreBluetooth'
1 | #if compiler(>=5.6)
2 | @preconcurrency import CoreBluetooth
| `- error: no such module 'CoreBluetooth'
3 | #else
4 | import CoreBluetooth
[12/27] Compiling ArcBLEKit BluetoothState.swift
/host/spi-builder-workspace/Sources/ArcBLEKit/BLEDevice.swift:2:24: error: no such module 'CoreBluetooth'
1 | #if compiler(>=5.6)
2 | @preconcurrency import CoreBluetooth
| `- error: no such module 'CoreBluetooth'
3 | #else
4 | import CoreBluetooth
[13/27] Compiling ArcBLEKit CancellationHandlerBox.swift
/host/spi-builder-workspace/Sources/ArcBLEKit/BLEDevice.swift:2:24: error: no such module 'CoreBluetooth'
1 | #if compiler(>=5.6)
2 | @preconcurrency import CoreBluetooth
| `- error: no such module 'CoreBluetooth'
3 | #else
4 | import CoreBluetooth
[14/27] Compiling ArcBLEKit CentralManagerBox.swift
/host/spi-builder-workspace/Sources/ArcBLEKit/BLEDevice.swift:2:24: error: no such module 'CoreBluetooth'
1 | #if compiler(>=5.6)
2 | @preconcurrency import CoreBluetooth
| `- error: no such module 'CoreBluetooth'
3 | #else
4 | import CoreBluetooth
[15/27] Compiling ArcBLEKit CentralManaging.swift
/host/spi-builder-workspace/Sources/ArcBLEKit/BLEDevice.swift:2:24: error: no such module 'CoreBluetooth'
1 | #if compiler(>=5.6)
2 | @preconcurrency import CoreBluetooth
| `- error: no such module 'CoreBluetooth'
3 | #else
4 | import CoreBluetooth
[16/27] Compiling ArcBLEKit ConnectionOptions.swift
/host/spi-builder-workspace/Sources/ArcBLEKit/BLEDevice.swift:2:24: error: no such module 'CoreBluetooth'
1 | #if compiler(>=5.6)
2 | @preconcurrency import CoreBluetooth
| `- error: no such module 'CoreBluetooth'
3 | #else
4 | import CoreBluetooth
[17/27] Compiling ArcBLEKit ConnectionState.swift
/host/spi-builder-workspace/Sources/ArcBLEKit/BLEDevice.swift:2:24: error: no such module 'CoreBluetooth'
1 | #if compiler(>=5.6)
2 | @preconcurrency import CoreBluetooth
| `- error: no such module 'CoreBluetooth'
3 | #else
4 | import CoreBluetooth
[18/27] Compiling ArcBLEKit GATTOperationOptions.swift
/host/spi-builder-workspace/Sources/ArcBLEKit/BLEDevice.swift:2:24: error: no such module 'CoreBluetooth'
1 | #if compiler(>=5.6)
2 | @preconcurrency import CoreBluetooth
| `- error: no such module 'CoreBluetooth'
3 | #else
4 | import CoreBluetooth
[19/27] Compiling ArcBLEKit BLEClient.swift
/host/spi-builder-workspace/Sources/ArcBLEKit/BLEDevice.swift:2:24: error: no such module 'CoreBluetooth'
1 | #if compiler(>=5.6)
2 | @preconcurrency import CoreBluetooth
| `- error: no such module 'CoreBluetooth'
3 | #else
4 | import CoreBluetooth
[20/27] Compiling ArcBLEKit BLEDevice.swift
/host/spi-builder-workspace/Sources/ArcBLEKit/BLEDevice.swift:2:24: error: no such module 'CoreBluetooth'
1 | #if compiler(>=5.6)
2 | @preconcurrency import CoreBluetooth
| `- error: no such module 'CoreBluetooth'
3 | #else
4 | import CoreBluetooth
[21/27] Compiling ArcBLEKit BLEError.swift
/host/spi-builder-workspace/Sources/ArcBLEKit/BLEDevice.swift:2:24: error: no such module 'CoreBluetooth'
1 | #if compiler(>=5.6)
2 | @preconcurrency import CoreBluetooth
| `- error: no such module 'CoreBluetooth'
3 | #else
4 | import CoreBluetooth
[22/27] Compiling ArcBLEKit PeripheralSession+Operations.swift
/host/spi-builder-workspace/Sources/ArcBLEKit/BLEDevice.swift:2:24: error: no such module 'CoreBluetooth'
1 | #if compiler(>=5.6)
2 | @preconcurrency import CoreBluetooth
| `- error: no such module 'CoreBluetooth'
3 | #else
4 | import CoreBluetooth
[23/27] Compiling ArcBLEKit PeripheralSession.swift
/host/spi-builder-workspace/Sources/ArcBLEKit/BLEDevice.swift:2:24: error: no such module 'CoreBluetooth'
1 | #if compiler(>=5.6)
2 | @preconcurrency import CoreBluetooth
| `- error: no such module 'CoreBluetooth'
3 | #else
4 | import CoreBluetooth
[24/27] Compiling ArcBLEKit ScanFilter.swift
/host/spi-builder-workspace/Sources/ArcBLEKit/BLEDevice.swift:2:24: error: no such module 'CoreBluetooth'
1 | #if compiler(>=5.6)
2 | @preconcurrency import CoreBluetooth
| `- error: no such module 'CoreBluetooth'
3 | #else
4 | import CoreBluetooth
[25/27] Compiling ArcBLEKit BLEClient+Reconnect.swift
/host/spi-builder-workspace/Sources/ArcBLEKit/BLEDevice.swift:2:24: error: no such module 'CoreBluetooth'
1 | #if compiler(>=5.6)
2 | @preconcurrency import CoreBluetooth
| `- error: no such module 'CoreBluetooth'
3 | #else
4 | import CoreBluetooth
[26/27] Compiling ArcBLEKit BLEClient+Scan.swift
/host/spi-builder-workspace/Sources/ArcBLEKit/BLEDevice.swift:2:24: error: no such module 'CoreBluetooth'
1 | #if compiler(>=5.6)
2 | @preconcurrency import CoreBluetooth
| `- error: no such module 'CoreBluetooth'
3 | #else
4 | import CoreBluetooth
[27/27] Compiling ArcBLEKit BLEClient+State.swift
/host/spi-builder-workspace/Sources/ArcBLEKit/BLEDevice.swift:2:24: error: no such module 'CoreBluetooth'
1 | #if compiler(>=5.6)
2 | @preconcurrency import CoreBluetooth
| `- error: no such module 'CoreBluetooth'
3 | #else
4 | import CoreBluetooth
Running build ...
bash -c docker run --pull=always --rm -v "checkouts-54344844-2":/host -w "$PWD" -e JAVA_HOME="/root/.sdkman/candidates/java/current" -e SPI_BUILD="1" -e SPI_PROCESSING="1" registry.gitlab.com/saguaro1/spi-images:wasm-6.1-latest swift build --swift-sdk wasm32-unknown-wasi 2>&1
wasm-6.1-latest: Pulling from saguaro1/spi-images
Digest: sha256:beceeede496da67681f4fa220a6b97cc098a0178841a413735f598dc6bbaf4c8
Status: Image is up to date for registry.gitlab.com/saguaro1/spi-images:wasm-6.1-latest
[0/1] Planning build
Building for debugging...
[0/1] Write swift-version-24593BA9C3E375BF.txt
[2/23] Compiling ArcBLEKit BLEAdvertisement.swift
/host/spi-builder-workspace/Sources/ArcBLEKit/BLEDevice.swift:2:24: error: no such module 'CoreBluetooth'
1 | #if compiler(>=5.6)
2 | @preconcurrency import CoreBluetooth
| `- error: no such module 'CoreBluetooth'
3 | #else
4 | import CoreBluetooth
[3/23] Compiling ArcBLEKit BLEAdvertisementParser.swift
/host/spi-builder-workspace/Sources/ArcBLEKit/BLEDevice.swift:2:24: error: no such module 'CoreBluetooth'
1 | #if compiler(>=5.6)
2 | @preconcurrency import CoreBluetooth
| `- error: no such module 'CoreBluetooth'
3 | #else
4 | import CoreBluetooth
[4/23] Compiling ArcBLEKit BluetoothState.swift
/host/spi-builder-workspace/Sources/ArcBLEKit/BLEDevice.swift:2:24: error: no such module 'CoreBluetooth'
1 | #if compiler(>=5.6)
2 | @preconcurrency import CoreBluetooth
| `- error: no such module 'CoreBluetooth'
3 | #else
4 | import CoreBluetooth
[5/26] Compiling ArcBLEKit BLEClient+Reconnect.swift
/host/spi-builder-workspace/Sources/ArcBLEKit/BLEDevice.swift:2:24: error: no such module 'CoreBluetooth'
1 | #if compiler(>=5.6)
2 | @preconcurrency import CoreBluetooth
| `- error: no such module 'CoreBluetooth'
3 | #else
4 | import CoreBluetooth
[6/26] Compiling ArcBLEKit BLEClient+Scan.swift
/host/spi-builder-workspace/Sources/ArcBLEKit/BLEDevice.swift:2:24: error: no such module 'CoreBluetooth'
1 | #if compiler(>=5.6)
2 | @preconcurrency import CoreBluetooth
| `- error: no such module 'CoreBluetooth'
3 | #else
4 | import CoreBluetooth
[7/26] Compiling ArcBLEKit BLEClient+State.swift
/host/spi-builder-workspace/Sources/ArcBLEKit/BLEDevice.swift:2:24: error: no such module 'CoreBluetooth'
1 | #if compiler(>=5.6)
2 | @preconcurrency import CoreBluetooth
| `- error: no such module 'CoreBluetooth'
3 | #else
4 | import CoreBluetooth
error: emit-module command failed with exit code 1 (use -v to see invocation)
[8/26] Emitting module ArcBLEKit
/host/spi-builder-workspace/Sources/ArcBLEKit/BLEDevice.swift:2:24: error: no such module 'CoreBluetooth'
1 | #if compiler(>=5.6)
2 | @preconcurrency import CoreBluetooth
| `- error: no such module 'CoreBluetooth'
3 | #else
4 | import CoreBluetooth
[9/26] Compiling ArcBLEKit CharacteristicCache.swift
/host/spi-builder-workspace/Sources/ArcBLEKit/BLEDevice.swift:2:24: error: no such module 'CoreBluetooth'
1 | #if compiler(>=5.6)
2 | @preconcurrency import CoreBluetooth
| `- error: no such module 'CoreBluetooth'
3 | #else
4 | import CoreBluetooth
[10/26] Compiling ArcBLEKit GATTOperationCoordinator.swift
/host/spi-builder-workspace/Sources/ArcBLEKit/BLEDevice.swift:2:24: error: no such module 'CoreBluetooth'
1 | #if compiler(>=5.6)
2 | @preconcurrency import CoreBluetooth
| `- error: no such module 'CoreBluetooth'
3 | #else
4 | import CoreBluetooth
[11/26] Compiling ArcBLEKit NotificationRegistry.swift
/host/spi-builder-workspace/Sources/ArcBLEKit/BLEDevice.swift:2:24: error: no such module 'CoreBluetooth'
1 | #if compiler(>=5.6)
2 | @preconcurrency import CoreBluetooth
| `- error: no such module 'CoreBluetooth'
3 | #else
4 | import CoreBluetooth
[12/26] Compiling ArcBLEKit ConnectionOptions.swift
/host/spi-builder-workspace/Sources/ArcBLEKit/BLEDevice.swift:2:24: error: no such module 'CoreBluetooth'
1 | #if compiler(>=5.6)
2 | @preconcurrency import CoreBluetooth
| `- error: no such module 'CoreBluetooth'
3 | #else
4 | import CoreBluetooth
[13/26] Compiling ArcBLEKit ConnectionState.swift
/host/spi-builder-workspace/Sources/ArcBLEKit/BLEDevice.swift:2:24: error: no such module 'CoreBluetooth'
1 | #if compiler(>=5.6)
2 | @preconcurrency import CoreBluetooth
| `- error: no such module 'CoreBluetooth'
3 | #else
4 | import CoreBluetooth
[14/26] Compiling ArcBLEKit GATTOperationOptions.swift
/host/spi-builder-workspace/Sources/ArcBLEKit/BLEDevice.swift:2:24: error: no such module 'CoreBluetooth'
1 | #if compiler(>=5.6)
2 | @preconcurrency import CoreBluetooth
| `- error: no such module 'CoreBluetooth'
3 | #else
4 | import CoreBluetooth
[15/26] Compiling ArcBLEKit BLEClient.swift
/host/spi-builder-workspace/Sources/ArcBLEKit/BLEDevice.swift:2:24: error: no such module 'CoreBluetooth'
1 | #if compiler(>=5.6)
2 | @preconcurrency import CoreBluetooth
| `- error: no such module 'CoreBluetooth'
3 | #else
4 | import CoreBluetooth
[16/26] Compiling ArcBLEKit BLEDevice.swift
/host/spi-builder-workspace/Sources/ArcBLEKit/BLEDevice.swift:2:24: error: no such module 'CoreBluetooth'
1 | #if compiler(>=5.6)
2 | @preconcurrency import CoreBluetooth
| `- error: no such module 'CoreBluetooth'
3 | #else
4 | import CoreBluetooth
[17/26] Compiling ArcBLEKit BLEError.swift
/host/spi-builder-workspace/Sources/ArcBLEKit/BLEDevice.swift:2:24: error: no such module 'CoreBluetooth'
1 | #if compiler(>=5.6)
2 | @preconcurrency import CoreBluetooth
| `- error: no such module 'CoreBluetooth'
3 | #else
4 | import CoreBluetooth
[18/26] Compiling ArcBLEKit CancellationHandlerBox.swift
/host/spi-builder-workspace/Sources/ArcBLEKit/BLEDevice.swift:2:24: error: no such module 'CoreBluetooth'
1 | #if compiler(>=5.6)
2 | @preconcurrency import CoreBluetooth
| `- error: no such module 'CoreBluetooth'
3 | #else
4 | import CoreBluetooth
[19/26] Compiling ArcBLEKit CentralManagerBox.swift
/host/spi-builder-workspace/Sources/ArcBLEKit/BLEDevice.swift:2:24: error: no such module 'CoreBluetooth'
1 | #if compiler(>=5.6)
2 | @preconcurrency import CoreBluetooth
| `- error: no such module 'CoreBluetooth'
3 | #else
4 | import CoreBluetooth
[20/26] Compiling ArcBLEKit CentralManaging.swift
/host/spi-builder-workspace/Sources/ArcBLEKit/BLEDevice.swift:2:24: error: no such module 'CoreBluetooth'
1 | #if compiler(>=5.6)
2 | @preconcurrency import CoreBluetooth
| `- error: no such module 'CoreBluetooth'
3 | #else
4 | import CoreBluetooth
[21/26] Compiling ArcBLEKit PeripheralBox.swift
/host/spi-builder-workspace/Sources/ArcBLEKit/BLEDevice.swift:2:24: error: no such module 'CoreBluetooth'
1 | #if compiler(>=5.6)
2 | @preconcurrency import CoreBluetooth
| `- error: no such module 'CoreBluetooth'
3 | #else
4 | import CoreBluetooth
[22/26] Compiling ArcBLEKit PeripheralRepresenting.swift
/host/spi-builder-workspace/Sources/ArcBLEKit/BLEDevice.swift:2:24: error: no such module 'CoreBluetooth'
1 | #if compiler(>=5.6)
2 | @preconcurrency import CoreBluetooth
| `- error: no such module 'CoreBluetooth'
3 | #else
4 | import CoreBluetooth
[23/26] Compiling ArcBLEKit SessionOperationQueue.swift
/host/spi-builder-workspace/Sources/ArcBLEKit/BLEDevice.swift:2:24: error: no such module 'CoreBluetooth'
1 | #if compiler(>=5.6)
2 | @preconcurrency import CoreBluetooth
| `- error: no such module 'CoreBluetooth'
3 | #else
4 | import CoreBluetooth
[24/26] Compiling ArcBLEKit PeripheralSession+Operations.swift
/host/spi-builder-workspace/Sources/ArcBLEKit/BLEDevice.swift:2:24: error: no such module 'CoreBluetooth'
1 | #if compiler(>=5.6)
2 | @preconcurrency import CoreBluetooth
| `- error: no such module 'CoreBluetooth'
3 | #else
4 | import CoreBluetooth
[25/26] Compiling ArcBLEKit PeripheralSession.swift
/host/spi-builder-workspace/Sources/ArcBLEKit/BLEDevice.swift:2:24: error: no such module 'CoreBluetooth'
1 | #if compiler(>=5.6)
2 | @preconcurrency import CoreBluetooth
| `- error: no such module 'CoreBluetooth'
3 | #else
4 | import CoreBluetooth
[26/26] Compiling ArcBLEKit ScanFilter.swift
/host/spi-builder-workspace/Sources/ArcBLEKit/BLEDevice.swift:2:24: error: no such module 'CoreBluetooth'
1 | #if compiler(>=5.6)
2 | @preconcurrency import CoreBluetooth
| `- error: no such module 'CoreBluetooth'
3 | #else
4 | import CoreBluetooth
BUILD FAILURE 6.1 wasm