Build Information
Failed to build swift-async-algorithms, reference 1.1.7 (13713a), with Swift 6.1 for Wasm on 3 Oct 2026 12:12:38 UTC.
Build Command
bash -c docker run --pull=always --rm -v "checkouts-54344844-2":/host -w "$PWD" -e JAVA_HOME="/root/.sdkman/candidates/java/current" -e SPI_BUILD="1" -e SPI_PROCESSING="1" registry.gitlab.com/saguaro1/spi-images:wasm-6.1-latest swift build --swift-sdk wasm32-unknown-wasi 2>&1Build Log
========================================
RunAll
========================================
Builder version: 5.1.1
Interrupt handler set up.
========================================
Checkout
========================================
Clone URL: https://github.com/apple/swift-async-algorithms.git
Reference: 1.1.7
Initialized empty Git repository in /host/spi-builder-workspace/.git/
hint: Using 'master' as the name for the initial branch. This default branch name
hint: is subject to change. To configure the initial branch name to use in all
hint: of your new repositories, which will suppress this warning, call:
hint:
hint: git config --global init.defaultBranch <name>
hint:
hint: Names commonly chosen instead of 'master' are 'main', 'trunk' and
hint: 'development'. The just-created branch can be renamed via this command:
hint:
hint: git branch -m <name>
From https://github.com/apple/swift-async-algorithms
* tag 1.1.7 -> FETCH_HEAD
HEAD is now at 13713a4 Fix compilation errors in AsyncStreaming (#459)
Cloned https://github.com/apple/swift-async-algorithms.git
Revision (git rev-parse @):
13713a4ffdee8abd929f92568ee9462a46ae26e0
SPI manifest file found: $PWD/.spi.yml
SUCCESS checkout https://github.com/apple/swift-async-algorithms.git at 1.1.7
========================================
Build
========================================
Selected platform: wasm
Swift version: 6.1
Building package at path: $PWD
https://github.com/apple/swift-async-algorithms.git
https://github.com/apple/swift-async-algorithms.git
WARNING: environment variable SUPPRESS_SWIFT_6_FLAGS is not set
Running build ...
bash -c docker run --pull=always --rm -v "checkouts-54344844-2":/host -w "$PWD" -e JAVA_HOME="/root/.sdkman/candidates/java/current" -e SPI_BUILD="1" -e SPI_PROCESSING="1" registry.gitlab.com/saguaro1/spi-images:wasm-6.1-latest swift build --swift-sdk wasm32-unknown-wasi -Xswiftc -Xfrontend -Xswiftc -stats-output-dir -Xswiftc -Xfrontend -Xswiftc .stats -Xswiftc -strict-concurrency=complete -Xswiftc -enable-upcoming-feature -Xswiftc StrictConcurrency -Xswiftc -enable-upcoming-feature -Xswiftc DisableOutwardActorInference -Xswiftc -enable-upcoming-feature -Xswiftc GlobalActorIsolatedTypesUsability -Xswiftc -enable-upcoming-feature -Xswiftc InferSendableFromCaptures 2>&1
wasm-6.1-latest: Pulling from saguaro1/spi-images
Digest: sha256:beceeede496da67681f4fa220a6b97cc098a0178841a413735f598dc6bbaf4c8
Status: Image is up to date for registry.gitlab.com/saguaro1/spi-images:wasm-6.1-latest
Fetching https://github.com/apple/swift-collections.git
[1/28538] Fetching swift-collections
Fetched https://github.com/apple/swift-collections.git from cache (1.92s)
Computing version for https://github.com/apple/swift-collections.git
Computed https://github.com/apple/swift-collections.git at 1.6.0 (0.56s)
Creating working copy for https://github.com/apple/swift-collections.git
Working copy of https://github.com/apple/swift-collections.git resolved at 1.6.0
Building for debugging...
[0/8] Write sources
[7/8] Write swift-version-24593BA9C3E375BF.txt
[9/26] Emitting module InternalCollectionsUtilities
<unknown>:0: warning: upcoming feature 'InferSendableFromCaptures' is already enabled as of Swift version 6
<unknown>:0: warning: upcoming feature 'GlobalActorIsolatedTypesUsability' is already enabled as of Swift version 6
<unknown>:0: warning: upcoming feature 'DisableOutwardActorInference' is already enabled as of Swift version 6
[10/28] Compiling InternalCollectionsUtilities _UnsafeBitSet+_Word.swift
<unknown>:0: warning: upcoming feature 'InferSendableFromCaptures' is already enabled as of Swift version 6
<unknown>:0: warning: upcoming feature 'GlobalActorIsolatedTypesUsability' is already enabled as of Swift version 6
<unknown>:0: warning: upcoming feature 'DisableOutwardActorInference' is already enabled as of Swift version 6
[11/28] Compiling InternalCollectionsUtilities _UnsafeBitSet.swift
<unknown>:0: warning: upcoming feature 'InferSendableFromCaptures' is already enabled as of Swift version 6
<unknown>:0: warning: upcoming feature 'GlobalActorIsolatedTypesUsability' is already enabled as of Swift version 6
<unknown>:0: warning: upcoming feature 'DisableOutwardActorInference' is already enabled as of Swift version 6
[12/28] Compiling InternalCollectionsUtilities _SortedCollection.swift
<unknown>:0: warning: upcoming feature 'InferSendableFromCaptures' is already enabled as of Swift version 6
<unknown>:0: warning: upcoming feature 'GlobalActorIsolatedTypesUsability' is already enabled as of Swift version 6
<unknown>:0: warning: upcoming feature 'DisableOutwardActorInference' is already enabled as of Swift version 6
[13/28] Compiling InternalCollectionsUtilities _UniqueCollection.swift
<unknown>:0: warning: upcoming feature 'InferSendableFromCaptures' is already enabled as of Swift version 6
<unknown>:0: warning: upcoming feature 'GlobalActorIsolatedTypesUsability' is already enabled as of Swift version 6
<unknown>:0: warning: upcoming feature 'DisableOutwardActorInference' is already enabled as of Swift version 6
[14/28] Compiling InternalCollectionsUtilities Debugging.swift
<unknown>:0: warning: upcoming feature 'InferSendableFromCaptures' is already enabled as of Swift version 6
<unknown>:0: warning: upcoming feature 'GlobalActorIsolatedTypesUsability' is already enabled as of Swift version 6
<unknown>:0: warning: upcoming feature 'DisableOutwardActorInference' is already enabled as of Swift version 6
[15/28] Compiling InternalCollectionsUtilities Descriptions.swift
<unknown>:0: warning: upcoming feature 'InferSendableFromCaptures' is already enabled as of Swift version 6
<unknown>:0: warning: upcoming feature 'GlobalActorIsolatedTypesUsability' is already enabled as of Swift version 6
<unknown>:0: warning: upcoming feature 'DisableOutwardActorInference' is already enabled as of Swift version 6
[16/28] Compiling InternalCollectionsUtilities FixedWidthInteger+roundUpToPowerOfTwo.swift
<unknown>:0: warning: upcoming feature 'InferSendableFromCaptures' is already enabled as of Swift version 6
<unknown>:0: warning: upcoming feature 'GlobalActorIsolatedTypesUsability' is already enabled as of Swift version 6
<unknown>:0: warning: upcoming feature 'DisableOutwardActorInference' is already enabled as of Swift version 6
[17/28] Compiling InternalCollectionsUtilities UnsafeBufferPointer+Extras.swift
<unknown>:0: warning: upcoming feature 'InferSendableFromCaptures' is already enabled as of Swift version 6
<unknown>:0: warning: upcoming feature 'GlobalActorIsolatedTypesUsability' is already enabled as of Swift version 6
<unknown>:0: warning: upcoming feature 'DisableOutwardActorInference' is already enabled as of Swift version 6
[18/28] Compiling InternalCollectionsUtilities UnsafeMutableBufferPointer+Extras.swift
<unknown>:0: warning: upcoming feature 'InferSendableFromCaptures' is already enabled as of Swift version 6
<unknown>:0: warning: upcoming feature 'GlobalActorIsolatedTypesUsability' is already enabled as of Swift version 6
<unknown>:0: warning: upcoming feature 'DisableOutwardActorInference' is already enabled as of Swift version 6
[19/28] Compiling InternalCollectionsUtilities UnsafeMutableRawBufferPointer+Extras.swift
<unknown>:0: warning: upcoming feature 'InferSendableFromCaptures' is already enabled as of Swift version 6
<unknown>:0: warning: upcoming feature 'GlobalActorIsolatedTypesUsability' is already enabled as of Swift version 6
<unknown>:0: warning: upcoming feature 'DisableOutwardActorInference' is already enabled as of Swift version 6
[20/28] Compiling InternalCollectionsUtilities UnsafeRawBufferPointer+Extras.swift
<unknown>:0: warning: upcoming feature 'InferSendableFromCaptures' is already enabled as of Swift version 6
<unknown>:0: warning: upcoming feature 'GlobalActorIsolatedTypesUsability' is already enabled as of Swift version 6
<unknown>:0: warning: upcoming feature 'DisableOutwardActorInference' is already enabled as of Swift version 6
[21/28] Compiling InternalCollectionsUtilities String+Padding.swift
<unknown>:0: warning: upcoming feature 'InferSendableFromCaptures' is already enabled as of Swift version 6
<unknown>:0: warning: upcoming feature 'GlobalActorIsolatedTypesUsability' is already enabled as of Swift version 6
<unknown>:0: warning: upcoming feature 'DisableOutwardActorInference' is already enabled as of Swift version 6
[22/28] Compiling InternalCollectionsUtilities _UnsafeBitSet+Index.swift
<unknown>:0: warning: upcoming feature 'InferSendableFromCaptures' is already enabled as of Swift version 6
<unknown>:0: warning: upcoming feature 'GlobalActorIsolatedTypesUsability' is already enabled as of Swift version 6
<unknown>:0: warning: upcoming feature 'DisableOutwardActorInference' is already enabled as of Swift version 6
[23/28] Compiling InternalCollectionsUtilities Integer rank.swift
<unknown>:0: warning: upcoming feature 'InferSendableFromCaptures' is already enabled as of Swift version 6
<unknown>:0: warning: upcoming feature 'GlobalActorIsolatedTypesUsability' is already enabled as of Swift version 6
<unknown>:0: warning: upcoming feature 'DisableOutwardActorInference' is already enabled as of Swift version 6
[24/28] Compiling InternalCollectionsUtilities UInt+first and last set bit.swift
<unknown>:0: warning: upcoming feature 'InferSendableFromCaptures' is already enabled as of Swift version 6
<unknown>:0: warning: upcoming feature 'GlobalActorIsolatedTypesUsability' is already enabled as of Swift version 6
<unknown>:0: warning: upcoming feature 'DisableOutwardActorInference' is already enabled as of Swift version 6
[25/28] Compiling InternalCollectionsUtilities UInt+reversed.swift
<unknown>:0: warning: upcoming feature 'InferSendableFromCaptures' is already enabled as of Swift version 6
<unknown>:0: warning: upcoming feature 'GlobalActorIsolatedTypesUsability' is already enabled as of Swift version 6
<unknown>:0: warning: upcoming feature 'DisableOutwardActorInference' is already enabled as of Swift version 6
[26/28] Compiling InternalCollectionsUtilities LifetimeOverride.swift
<unknown>:0: warning: upcoming feature 'InferSendableFromCaptures' is already enabled as of Swift version 6
<unknown>:0: warning: upcoming feature 'GlobalActorIsolatedTypesUsability' is already enabled as of Swift version 6
<unknown>:0: warning: upcoming feature 'DisableOutwardActorInference' is already enabled as of Swift version 6
[27/28] Compiling InternalCollectionsUtilities RandomAccessCollection+Offsets.swift
<unknown>:0: warning: upcoming feature 'InferSendableFromCaptures' is already enabled as of Swift version 6
<unknown>:0: warning: upcoming feature 'GlobalActorIsolatedTypesUsability' is already enabled as of Swift version 6
<unknown>:0: warning: upcoming feature 'DisableOutwardActorInference' is already enabled as of Swift version 6
[28/28] Compiling InternalCollectionsUtilities Span+Extras.swift
<unknown>:0: warning: upcoming feature 'InferSendableFromCaptures' is already enabled as of Swift version 6
<unknown>:0: warning: upcoming feature 'GlobalActorIsolatedTypesUsability' is already enabled as of Swift version 6
<unknown>:0: warning: upcoming feature 'DisableOutwardActorInference' is already enabled as of Swift version 6
[30/122] Compiling ContainersPreview Producer+Map.swift
<unknown>:0: warning: upcoming feature 'InferSendableFromCaptures' is already enabled as of Swift version 6
<unknown>:0: warning: upcoming feature 'GlobalActorIsolatedTypesUsability' is already enabled as of Swift version 6
<unknown>:0: warning: upcoming feature 'DisableOutwardActorInference' is already enabled as of Swift version 6
[31/122] Compiling ContainersPreview Producer+Reduce.swift
<unknown>:0: warning: upcoming feature 'InferSendableFromCaptures' is already enabled as of Swift version 6
<unknown>:0: warning: upcoming feature 'GlobalActorIsolatedTypesUsability' is already enabled as of Swift version 6
<unknown>:0: warning: upcoming feature 'DisableOutwardActorInference' is already enabled as of Swift version 6
[32/122] Compiling ContainersPreview Producer.swift
<unknown>:0: warning: upcoming feature 'InferSendableFromCaptures' is already enabled as of Swift version 6
<unknown>:0: warning: upcoming feature 'GlobalActorIsolatedTypesUsability' is already enabled as of Swift version 6
<unknown>:0: warning: upcoming feature 'DisableOutwardActorInference' is already enabled as of Swift version 6
[33/122] Compiling ContainersPreview InputSpan.swift
<unknown>:0: warning: upcoming feature 'InferSendableFromCaptures' is already enabled as of Swift version 6
<unknown>:0: warning: upcoming feature 'GlobalActorIsolatedTypesUsability' is already enabled as of Swift version 6
<unknown>:0: warning: upcoming feature 'DisableOutwardActorInference' is already enabled as of Swift version 6
[34/122] Compiling ContainersPreview MutableRef.swift
<unknown>:0: warning: upcoming feature 'InferSendableFromCaptures' is already enabled as of Swift version 6
<unknown>:0: warning: upcoming feature 'GlobalActorIsolatedTypesUsability' is already enabled as of Swift version 6
<unknown>:0: warning: upcoming feature 'DisableOutwardActorInference' is already enabled as of Swift version 6
[35/122] Emitting module ContainersPreview
<unknown>:0: warning: upcoming feature 'InferSendableFromCaptures' is already enabled as of Swift version 6
<unknown>:0: warning: upcoming feature 'GlobalActorIsolatedTypesUsability' is already enabled as of Swift version 6
<unknown>:0: warning: upcoming feature 'DisableOutwardActorInference' is already enabled as of Swift version 6
[36/122] Compiling ContainersPreview Drain+Map.swift
<unknown>:0: warning: upcoming feature 'InferSendableFromCaptures' is already enabled as of Swift version 6
<unknown>:0: warning: upcoming feature 'GlobalActorIsolatedTypesUsability' is already enabled as of Swift version 6
<unknown>:0: warning: upcoming feature 'DisableOutwardActorInference' is already enabled as of Swift version 6
[37/122] Compiling ContainersPreview Drain+Reduce.swift
<unknown>:0: warning: upcoming feature 'InferSendableFromCaptures' is already enabled as of Swift version 6
<unknown>:0: warning: upcoming feature 'GlobalActorIsolatedTypesUsability' is already enabled as of Swift version 6
<unknown>:0: warning: upcoming feature 'DisableOutwardActorInference' is already enabled as of Swift version 6
[38/122] Compiling ContainersPreview Drain.swift
<unknown>:0: warning: upcoming feature 'InferSendableFromCaptures' is already enabled as of Swift version 6
<unknown>:0: warning: upcoming feature 'GlobalActorIsolatedTypesUsability' is already enabled as of Swift version 6
<unknown>:0: warning: upcoming feature 'DisableOutwardActorInference' is already enabled as of Swift version 6
[39/122] Compiling ContainersPreview Producer+Collect.swift
<unknown>:0: warning: upcoming feature 'InferSendableFromCaptures' is already enabled as of Swift version 6
<unknown>:0: warning: upcoming feature 'GlobalActorIsolatedTypesUsability' is already enabled as of Swift version 6
<unknown>:0: warning: upcoming feature 'DisableOutwardActorInference' is already enabled as of Swift version 6
[40/122] Compiling ContainersPreview Producer+Filter.swift
<unknown>:0: warning: upcoming feature 'InferSendableFromCaptures' is already enabled as of Swift version 6
<unknown>:0: warning: upcoming feature 'GlobalActorIsolatedTypesUsability' is already enabled as of Swift version 6
<unknown>:0: warning: upcoming feature 'DisableOutwardActorInference' is already enabled as of Swift version 6
[41/126] Compiling ContainersPreview BorrowingSequence+Standard Conformances.swift
<unknown>:0: warning: upcoming feature 'InferSendableFromCaptures' is already enabled as of Swift version 6
<unknown>:0: warning: upcoming feature 'GlobalActorIsolatedTypesUsability' is already enabled as of Swift version 6
<unknown>:0: warning: upcoming feature 'DisableOutwardActorInference' is already enabled as of Swift version 6
[42/126] Compiling ContainersPreview BorrowingSequence+Utilities.swift
<unknown>:0: warning: upcoming feature 'InferSendableFromCaptures' is already enabled as of Swift version 6
<unknown>:0: warning: upcoming feature 'GlobalActorIsolatedTypesUsability' is already enabled as of Swift version 6
<unknown>:0: warning: upcoming feature 'DisableOutwardActorInference' is already enabled as of Swift version 6
[43/126] Compiling ContainersPreview BorrowingSequence.swift
<unknown>:0: warning: upcoming feature 'InferSendableFromCaptures' is already enabled as of Swift version 6
<unknown>:0: warning: upcoming feature 'GlobalActorIsolatedTypesUsability' is already enabled as of Swift version 6
<unknown>:0: warning: upcoming feature 'DisableOutwardActorInference' is already enabled as of Swift version 6
[44/126] Compiling ContainersPreview BidirectionalContainer.swift
<unknown>:0: warning: upcoming feature 'InferSendableFromCaptures' is already enabled as of Swift version 6
<unknown>:0: warning: upcoming feature 'GlobalActorIsolatedTypesUsability' is already enabled as of Swift version 6
<unknown>:0: warning: upcoming feature 'DisableOutwardActorInference' is already enabled as of Swift version 6
[45/126] Compiling ContainersPreview Container+Filter.swift
<unknown>:0: warning: upcoming feature 'InferSendableFromCaptures' is already enabled as of Swift version 6
<unknown>:0: warning: upcoming feature 'GlobalActorIsolatedTypesUsability' is already enabled as of Swift version 6
<unknown>:0: warning: upcoming feature 'DisableOutwardActorInference' is already enabled as of Swift version 6
[46/126] Compiling ContainersPreview OutputSpan+Extras.swift
<unknown>:0: warning: upcoming feature 'InferSendableFromCaptures' is already enabled as of Swift version 6
<unknown>:0: warning: upcoming feature 'GlobalActorIsolatedTypesUsability' is already enabled as of Swift version 6
<unknown>:0: warning: upcoming feature 'DisableOutwardActorInference' is already enabled as of Swift version 6
[47/126] Compiling ContainersPreview TemporaryAllocation.swift
<unknown>:0: warning: upcoming feature 'InferSendableFromCaptures' is already enabled as of Swift version 6
<unknown>:0: warning: upcoming feature 'GlobalActorIsolatedTypesUsability' is already enabled as of Swift version 6
<unknown>:0: warning: upcoming feature 'DisableOutwardActorInference' is already enabled as of Swift version 6
[48/126] Compiling ContainersPreview BorrowingIteratorProtocol+Copy.swift
<unknown>:0: warning: upcoming feature 'InferSendableFromCaptures' is already enabled as of Swift version 6
<unknown>:0: warning: upcoming feature 'GlobalActorIsolatedTypesUsability' is already enabled as of Swift version 6
<unknown>:0: warning: upcoming feature 'DisableOutwardActorInference' is already enabled as of Swift version 6
[49/126] Compiling ContainersPreview BorrowingIteratorProtocol+ElementsEqual.swift
<unknown>:0: warning: upcoming feature 'InferSendableFromCaptures' is already enabled as of Swift version 6
<unknown>:0: warning: upcoming feature 'GlobalActorIsolatedTypesUsability' is already enabled as of Swift version 6
<unknown>:0: warning: upcoming feature 'DisableOutwardActorInference' is already enabled as of Swift version 6
[50/126] Compiling ContainersPreview BorrowingIteratorProtocol+Filter.swift
<unknown>:0: warning: upcoming feature 'InferSendableFromCaptures' is already enabled as of Swift version 6
<unknown>:0: warning: upcoming feature 'GlobalActorIsolatedTypesUsability' is already enabled as of Swift version 6
<unknown>:0: warning: upcoming feature 'DisableOutwardActorInference' is already enabled as of Swift version 6
[51/126] Compiling ContainersPreview Ref.swift
<unknown>:0: warning: upcoming feature 'InferSendableFromCaptures' is already enabled as of Swift version 6
<unknown>:0: warning: upcoming feature 'GlobalActorIsolatedTypesUsability' is already enabled as of Swift version 6
<unknown>:0: warning: upcoming feature 'DisableOutwardActorInference' is already enabled as of Swift version 6
[52/126] Compiling ContainersPreview Shared.swift
<unknown>:0: warning: upcoming feature 'InferSendableFromCaptures' is already enabled as of Swift version 6
<unknown>:0: warning: upcoming feature 'GlobalActorIsolatedTypesUsability' is already enabled as of Swift version 6
<unknown>:0: warning: upcoming feature 'DisableOutwardActorInference' is already enabled as of Swift version 6
[53/126] Compiling ContainersPreview SpanIterator.swift
<unknown>:0: warning: upcoming feature 'InferSendableFromCaptures' is already enabled as of Swift version 6
<unknown>:0: warning: upcoming feature 'GlobalActorIsolatedTypesUsability' is already enabled as of Swift version 6
<unknown>:0: warning: upcoming feature 'DisableOutwardActorInference' is already enabled as of Swift version 6
[54/126] Compiling ContainersPreview UniqueBox.swift
<unknown>:0: warning: upcoming feature 'InferSendableFromCaptures' is already enabled as of Swift version 6
<unknown>:0: warning: upcoming feature 'GlobalActorIsolatedTypesUsability' is already enabled as of Swift version 6
<unknown>:0: warning: upcoming feature 'DisableOutwardActorInference' is already enabled as of Swift version 6
[55/126] Compiling ContainersPreview PermutableContainer.swift
<unknown>:0: warning: upcoming feature 'InferSendableFromCaptures' is already enabled as of Swift version 6
<unknown>:0: warning: upcoming feature 'GlobalActorIsolatedTypesUsability' is already enabled as of Swift version 6
<unknown>:0: warning: upcoming feature 'DisableOutwardActorInference' is already enabled as of Swift version 6
[56/126] Compiling ContainersPreview RandomAccessContainer.swift
<unknown>:0: warning: upcoming feature 'InferSendableFromCaptures' is already enabled as of Swift version 6
<unknown>:0: warning: upcoming feature 'GlobalActorIsolatedTypesUsability' is already enabled as of Swift version 6
<unknown>:0: warning: upcoming feature 'DisableOutwardActorInference' is already enabled as of Swift version 6
[57/126] Compiling ContainersPreview RangeExpression2.swift
<unknown>:0: warning: upcoming feature 'InferSendableFromCaptures' is already enabled as of Swift version 6
<unknown>:0: warning: upcoming feature 'GlobalActorIsolatedTypesUsability' is already enabled as of Swift version 6
<unknown>:0: warning: upcoming feature 'DisableOutwardActorInference' is already enabled as of Swift version 6
[58/126] Compiling ContainersPreview RangeReplaceableContainer.swift
<unknown>:0: warning: upcoming feature 'InferSendableFromCaptures' is already enabled as of Swift version 6
<unknown>:0: warning: upcoming feature 'GlobalActorIsolatedTypesUsability' is already enabled as of Swift version 6
<unknown>:0: warning: upcoming feature 'DisableOutwardActorInference' is already enabled as of Swift version 6
[59/126] Compiling ContainersPreview Strideable+Limits.swift
<unknown>:0: warning: upcoming feature 'InferSendableFromCaptures' is already enabled as of Swift version 6
<unknown>:0: warning: upcoming feature 'GlobalActorIsolatedTypesUsability' is already enabled as of Swift version 6
<unknown>:0: warning: upcoming feature 'DisableOutwardActorInference' is already enabled as of Swift version 6
[60/126] Compiling ContainersPreview BorrowingIteratorProtocol+Map.swift
<unknown>:0: warning: upcoming feature 'InferSendableFromCaptures' is already enabled as of Swift version 6
<unknown>:0: warning: upcoming feature 'GlobalActorIsolatedTypesUsability' is already enabled as of Swift version 6
<unknown>:0: warning: upcoming feature 'DisableOutwardActorInference' is already enabled as of Swift version 6
[61/126] Compiling ContainersPreview BorrowingIteratorProtocol+Reduce.swift
<unknown>:0: warning: upcoming feature 'InferSendableFromCaptures' is already enabled as of Swift version 6
<unknown>:0: warning: upcoming feature 'GlobalActorIsolatedTypesUsability' is already enabled as of Swift version 6
<unknown>:0: warning: upcoming feature 'DisableOutwardActorInference' is already enabled as of Swift version 6
[62/126] Compiling ContainersPreview BorrowingIteratorProtocol+SpanwiseZip.swift
<unknown>:0: warning: upcoming feature 'InferSendableFromCaptures' is already enabled as of Swift version 6
<unknown>:0: warning: upcoming feature 'GlobalActorIsolatedTypesUsability' is already enabled as of Swift version 6
<unknown>:0: warning: upcoming feature 'DisableOutwardActorInference' is already enabled as of Swift version 6
[63/126] Compiling ContainersPreview BorrowingIteratorProtocol.swift
<unknown>:0: warning: upcoming feature 'InferSendableFromCaptures' is already enabled as of Swift version 6
<unknown>:0: warning: upcoming feature 'GlobalActorIsolatedTypesUsability' is already enabled as of Swift version 6
<unknown>:0: warning: upcoming feature 'DisableOutwardActorInference' is already enabled as of Swift version 6
[64/126] Compiling ContainersPreview BorrowingSequence+Algorithms.swift
<unknown>:0: warning: upcoming feature 'InferSendableFromCaptures' is already enabled as of Swift version 6
<unknown>:0: warning: upcoming feature 'GlobalActorIsolatedTypesUsability' is already enabled as of Swift version 6
<unknown>:0: warning: upcoming feature 'DisableOutwardActorInference' is already enabled as of Swift version 6
[65/126] Compiling ContainersPreview Container+SpanwiseZip.swift
<unknown>:0: warning: upcoming feature 'InferSendableFromCaptures' is already enabled as of Swift version 6
<unknown>:0: warning: upcoming feature 'GlobalActorIsolatedTypesUsability' is already enabled as of Swift version 6
<unknown>:0: warning: upcoming feature 'DisableOutwardActorInference' is already enabled as of Swift version 6
[66/126] Compiling ContainersPreview Container.swift
<unknown>:0: warning: upcoming feature 'InferSendableFromCaptures' is already enabled as of Swift version 6
<unknown>:0: warning: upcoming feature 'GlobalActorIsolatedTypesUsability' is already enabled as of Swift version 6
<unknown>:0: warning: upcoming feature 'DisableOutwardActorInference' is already enabled as of Swift version 6
[67/126] Compiling ContainersPreview ContainerIterator.swift
<unknown>:0: warning: upcoming feature 'InferSendableFromCaptures' is already enabled as of Swift version 6
<unknown>:0: warning: upcoming feature 'GlobalActorIsolatedTypesUsability' is already enabled as of Swift version 6
<unknown>:0: warning: upcoming feature 'DisableOutwardActorInference' is already enabled as of Swift version 6
[68/126] Compiling ContainersPreview DynamicContainer.swift
<unknown>:0: warning: upcoming feature 'InferSendableFromCaptures' is already enabled as of Swift version 6
<unknown>:0: warning: upcoming feature 'GlobalActorIsolatedTypesUsability' is already enabled as of Swift version 6
<unknown>:0: warning: upcoming feature 'DisableOutwardActorInference' is already enabled as of Swift version 6
[69/126] Compiling ContainersPreview MutableContainer.swift
<unknown>:0: warning: upcoming feature 'InferSendableFromCaptures' is already enabled as of Swift version 6
<unknown>:0: warning: upcoming feature 'GlobalActorIsolatedTypesUsability' is already enabled as of Swift version 6
<unknown>:0: warning: upcoming feature 'DisableOutwardActorInference' is already enabled as of Swift version 6
[71/168] Compiling DequeModule UniqueDeque+Container.swift
<unknown>:0: warning: upcoming feature 'InferSendableFromCaptures' is already enabled as of Swift version 6
<unknown>:0: warning: upcoming feature 'GlobalActorIsolatedTypesUsability' is already enabled as of Swift version 6
<unknown>:0: warning: upcoming feature 'DisableOutwardActorInference' is already enabled as of Swift version 6
[72/168] Compiling DequeModule UniqueDeque+Deprecated.swift
<unknown>:0: warning: upcoming feature 'InferSendableFromCaptures' is already enabled as of Swift version 6
<unknown>:0: warning: upcoming feature 'GlobalActorIsolatedTypesUsability' is already enabled as of Swift version 6
<unknown>:0: warning: upcoming feature 'DisableOutwardActorInference' is already enabled as of Swift version 6
[73/168] Compiling DequeModule UniqueDeque+Descriptions.swift
<unknown>:0: warning: upcoming feature 'InferSendableFromCaptures' is already enabled as of Swift version 6
<unknown>:0: warning: upcoming feature 'GlobalActorIsolatedTypesUsability' is already enabled as of Swift version 6
<unknown>:0: warning: upcoming feature 'DisableOutwardActorInference' is already enabled as of Swift version 6
[74/168] Compiling DequeModule UniqueDeque+Equatable.swift
<unknown>:0: warning: upcoming feature 'InferSendableFromCaptures' is already enabled as of Swift version 6
<unknown>:0: warning: upcoming feature 'GlobalActorIsolatedTypesUsability' is already enabled as of Swift version 6
<unknown>:0: warning: upcoming feature 'DisableOutwardActorInference' is already enabled as of Swift version 6
[75/168] Compiling DequeModule UniqueDeque+Experimental.swift
<unknown>:0: warning: upcoming feature 'InferSendableFromCaptures' is already enabled as of Swift version 6
<unknown>:0: warning: upcoming feature 'GlobalActorIsolatedTypesUsability' is already enabled as of Swift version 6
<unknown>:0: warning: upcoming feature 'DisableOutwardActorInference' is already enabled as of Swift version 6
[76/168] Compiling DequeModule UniqueDeque+Hashable.swift
<unknown>:0: warning: upcoming feature 'InferSendableFromCaptures' is already enabled as of Swift version 6
<unknown>:0: warning: upcoming feature 'GlobalActorIsolatedTypesUsability' is already enabled as of Swift version 6
<unknown>:0: warning: upcoming feature 'DisableOutwardActorInference' is already enabled as of Swift version 6
[77/168] Compiling DequeModule UniqueDeque+Initializers.swift
<unknown>:0: warning: upcoming feature 'InferSendableFromCaptures' is already enabled as of Swift version 6
<unknown>:0: warning: upcoming feature 'GlobalActorIsolatedTypesUsability' is already enabled as of Swift version 6
<unknown>:0: warning: upcoming feature 'DisableOutwardActorInference' is already enabled as of Swift version 6
[78/168] Compiling DequeModule UniqueDeque+Insertions.swift
<unknown>:0: warning: upcoming feature 'InferSendableFromCaptures' is already enabled as of Swift version 6
<unknown>:0: warning: upcoming feature 'GlobalActorIsolatedTypesUsability' is already enabled as of Swift version 6
<unknown>:0: warning: upcoming feature 'DisableOutwardActorInference' is already enabled as of Swift version 6
[79/168] Compiling DequeModule UniqueDeque+Prepend.swift
<unknown>:0: warning: upcoming feature 'InferSendableFromCaptures' is already enabled as of Swift version 6
<unknown>:0: warning: upcoming feature 'GlobalActorIsolatedTypesUsability' is already enabled as of Swift version 6
<unknown>:0: warning: upcoming feature 'DisableOutwardActorInference' is already enabled as of Swift version 6
[80/168] Compiling DequeModule UniqueDeque+Removals.swift
<unknown>:0: warning: upcoming feature 'InferSendableFromCaptures' is already enabled as of Swift version 6
<unknown>:0: warning: upcoming feature 'GlobalActorIsolatedTypesUsability' is already enabled as of Swift version 6
<unknown>:0: warning: upcoming feature 'DisableOutwardActorInference' is already enabled as of Swift version 6
[81/173] Compiling DequeModule _DequeBuffer.swift
<unknown>:0: warning: upcoming feature 'InferSendableFromCaptures' is already enabled as of Swift version 6
<unknown>:0: warning: upcoming feature 'GlobalActorIsolatedTypesUsability' is already enabled as of Swift version 6
<unknown>:0: warning: upcoming feature 'DisableOutwardActorInference' is already enabled as of Swift version 6
[82/173] Compiling DequeModule _DequeBufferHeader.swift
<unknown>:0: warning: upcoming feature 'InferSendableFromCaptures' is already enabled as of Swift version 6
<unknown>:0: warning: upcoming feature 'GlobalActorIsolatedTypesUsability' is already enabled as of Swift version 6
<unknown>:0: warning: upcoming feature 'DisableOutwardActorInference' is already enabled as of Swift version 6
[83/173] Compiling DequeModule RigidDeque+Append.swift
<unknown>:0: warning: upcoming feature 'InferSendableFromCaptures' is already enabled as of Swift version 6
<unknown>:0: warning: upcoming feature 'GlobalActorIsolatedTypesUsability' is already enabled as of Swift version 6
<unknown>:0: warning: upcoming feature 'DisableOutwardActorInference' is already enabled as of Swift version 6
[84/173] Compiling DequeModule RigidDeque+Consumption.swift
<unknown>:0: warning: upcoming feature 'InferSendableFromCaptures' is already enabled as of Swift version 6
<unknown>:0: warning: upcoming feature 'GlobalActorIsolatedTypesUsability' is already enabled as of Swift version 6
<unknown>:0: warning: upcoming feature 'DisableOutwardActorInference' is already enabled as of Swift version 6
[85/173] Compiling DequeModule RigidDeque+Container.swift
<unknown>:0: warning: upcoming feature 'InferSendableFromCaptures' is already enabled as of Swift version 6
<unknown>:0: warning: upcoming feature 'GlobalActorIsolatedTypesUsability' is already enabled as of Swift version 6
<unknown>:0: warning: upcoming feature 'DisableOutwardActorInference' is already enabled as of Swift version 6
[86/173] Compiling DequeModule RigidDeque+Descriptions.swift
<unknown>:0: warning: upcoming feature 'InferSendableFromCaptures' is already enabled as of Swift version 6
<unknown>:0: warning: upcoming feature 'GlobalActorIsolatedTypesUsability' is already enabled as of Swift version 6
<unknown>:0: warning: upcoming feature 'DisableOutwardActorInference' is already enabled as of Swift version 6
[87/173] Compiling DequeModule RigidDeque+Removals.swift
<unknown>:0: warning: upcoming feature 'InferSendableFromCaptures' is already enabled as of Swift version 6
<unknown>:0: warning: upcoming feature 'GlobalActorIsolatedTypesUsability' is already enabled as of Swift version 6
<unknown>:0: warning: upcoming feature 'DisableOutwardActorInference' is already enabled as of Swift version 6
[88/173] Compiling DequeModule RigidDeque+Replacements.swift
<unknown>:0: warning: upcoming feature 'InferSendableFromCaptures' is already enabled as of Swift version 6
<unknown>:0: warning: upcoming feature 'GlobalActorIsolatedTypesUsability' is already enabled as of Swift version 6
<unknown>:0: warning: upcoming feature 'DisableOutwardActorInference' is already enabled as of Swift version 6
[89/173] Compiling DequeModule RigidDeque+Testing.swift
<unknown>:0: warning: upcoming feature 'InferSendableFromCaptures' is already enabled as of Swift version 6
<unknown>:0: warning: upcoming feature 'GlobalActorIsolatedTypesUsability' is already enabled as of Swift version 6
<unknown>:0: warning: upcoming feature 'DisableOutwardActorInference' is already enabled as of Swift version 6
[90/173] Compiling DequeModule RigidDeque.swift
<unknown>:0: warning: upcoming feature 'InferSendableFromCaptures' is already enabled as of Swift version 6
<unknown>:0: warning: upcoming feature 'GlobalActorIsolatedTypesUsability' is already enabled as of Swift version 6
<unknown>:0: warning: upcoming feature 'DisableOutwardActorInference' is already enabled as of Swift version 6
[91/173] Compiling DequeModule UniqueDeque+Append.swift
<unknown>:0: warning: upcoming feature 'InferSendableFromCaptures' is already enabled as of Swift version 6
<unknown>:0: warning: upcoming feature 'GlobalActorIsolatedTypesUsability' is already enabled as of Swift version 6
<unknown>:0: warning: upcoming feature 'DisableOutwardActorInference' is already enabled as of Swift version 6
[92/173] Compiling DequeModule UniqueDeque+Consumption.swift
<unknown>:0: warning: upcoming feature 'InferSendableFromCaptures' is already enabled as of Swift version 6
<unknown>:0: warning: upcoming feature 'GlobalActorIsolatedTypesUsability' is already enabled as of Swift version 6
<unknown>:0: warning: upcoming feature 'DisableOutwardActorInference' is already enabled as of Swift version 6
[93/173] Compiling DequeModule Deque+Testing.swift
<unknown>:0: warning: upcoming feature 'InferSendableFromCaptures' is already enabled as of Swift version 6
<unknown>:0: warning: upcoming feature 'GlobalActorIsolatedTypesUsability' is already enabled as of Swift version 6
<unknown>:0: warning: upcoming feature 'DisableOutwardActorInference' is already enabled as of Swift version 6
[94/173] Compiling DequeModule Deque._Storage.swift
<unknown>:0: warning: upcoming feature 'InferSendableFromCaptures' is already enabled as of Swift version 6
<unknown>:0: warning: upcoming feature 'GlobalActorIsolatedTypesUsability' is already enabled as of Swift version 6
<unknown>:0: warning: upcoming feature 'DisableOutwardActorInference' is already enabled as of Swift version 6
[95/173] Compiling DequeModule Deque._UnsafeHandle.swift
<unknown>:0: warning: upcoming feature 'InferSendableFromCaptures' is already enabled as of Swift version 6
<unknown>:0: warning: upcoming feature 'GlobalActorIsolatedTypesUsability' is already enabled as of Swift version 6
<unknown>:0: warning: upcoming feature 'DisableOutwardActorInference' is already enabled as of Swift version 6
[96/173] Compiling DequeModule Deque.swift
<unknown>:0: warning: upcoming feature 'InferSendableFromCaptures' is already enabled as of Swift version 6
<unknown>:0: warning: upcoming feature 'GlobalActorIsolatedTypesUsability' is already enabled as of Swift version 6
<unknown>:0: warning: upcoming feature 'DisableOutwardActorInference' is already enabled as of Swift version 6
<unknown>:0: warning: upcoming feature 'InferSendableFromCaptures' is already enabled as of Swift version 6
<unknown>:0: warning: upcoming feature 'GlobalActorIsolatedTypesUsability' is already enabled as of Swift version 6
<unknown>:0: warning: upcoming feature 'DisableOutwardActorInference' is already enabled as of Swift version 6
<unknown>:0: warning: upcoming feature 'InferSendableFromCaptures' is already enabled as of Swift version 6
<unknown>:0: warning: upcoming feature 'GlobalActorIsolatedTypesUsability' is already enabled as of Swift version 6
<unknown>:0: warning: upcoming feature 'DisableOutwardActorInference' is already enabled as of Swift version 6
<unknown>:0: warning: upcoming feature 'InferSendableFromCaptures' is already enabled as of Swift version 6
<unknown>:0: warning: upcoming feature 'GlobalActorIsolatedTypesUsability' is already enabled as of Swift version 6
<unknown>:0: warning: upcoming feature 'DisableOutwardActorInference' is already enabled as of Swift version 6
<unknown>:0: warning: upcoming feature 'InferSendableFromCaptures' is already enabled as of Swift version 6
<unknown>:0: warning: upcoming feature 'GlobalActorIsolatedTypesUsability' is already enabled as of Swift version 6
<unknown>:0: warning: upcoming feature 'DisableOutwardActorInference' is already enabled as of Swift version 6
[101/180] Compiling DequeModule Deque+Codable.swift
<unknown>:0: warning: upcoming feature 'InferSendableFromCaptures' is already enabled as of Swift version 6
<unknown>:0: warning: upcoming feature 'GlobalActorIsolatedTypesUsability' is already enabled as of Swift version 6
<unknown>:0: warning: upcoming feature 'DisableOutwardActorInference' is already enabled as of Swift version 6
[102/180] Compiling DequeModule Deque+Collection.swift
<unknown>:0: warning: upcoming feature 'InferSendableFromCaptures' is already enabled as of Swift version 6
<unknown>:0: warning: upcoming feature 'GlobalActorIsolatedTypesUsability' is already enabled as of Swift version 6
<unknown>:0: warning: upcoming feature 'DisableOutwardActorInference' is already enabled as of Swift version 6
[103/180] Compiling DequeModule Deque+CustomReflectable.swift
<unknown>:0: warning: upcoming feature 'InferSendableFromCaptures' is already enabled as of Swift version 6
<unknown>:0: warning: upcoming feature 'GlobalActorIsolatedTypesUsability' is already enabled as of Swift version 6
<unknown>:0: warning: upcoming feature 'DisableOutwardActorInference' is already enabled as of Swift version 6
[104/180] Compiling DequeModule Deque+Descriptions.swift
<unknown>:0: warning: upcoming feature 'InferSendableFromCaptures' is already enabled as of Swift version 6
<unknown>:0: warning: upcoming feature 'GlobalActorIsolatedTypesUsability' is already enabled as of Swift version 6
<unknown>:0: warning: upcoming feature 'DisableOutwardActorInference' is already enabled as of Swift version 6
[105/180] Compiling DequeModule Deque+Equatable.swift
<unknown>:0: warning: upcoming feature 'InferSendableFromCaptures' is already enabled as of Swift version 6
<unknown>:0: warning: upcoming feature 'GlobalActorIsolatedTypesUsability' is already enabled as of Swift version 6
<unknown>:0: warning: upcoming feature 'DisableOutwardActorInference' is already enabled as of Swift version 6
[106/180] Compiling DequeModule Deque+ExpressibleByArrayLiteral.swift
<unknown>:0: warning: upcoming feature 'InferSendableFromCaptures' is already enabled as of Swift version 6
<unknown>:0: warning: upcoming feature 'GlobalActorIsolatedTypesUsability' is already enabled as of Swift version 6
<unknown>:0: warning: upcoming feature 'DisableOutwardActorInference' is already enabled as of Swift version 6
[107/180] Compiling DequeModule Deque+Extras.swift
<unknown>:0: warning: upcoming feature 'InferSendableFromCaptures' is already enabled as of Swift version 6
<unknown>:0: warning: upcoming feature 'GlobalActorIsolatedTypesUsability' is already enabled as of Swift version 6
<unknown>:0: warning: upcoming feature 'DisableOutwardActorInference' is already enabled as of Swift version 6
[108/180] Compiling DequeModule Deque+Hashable.swift
<unknown>:0: warning: upcoming feature 'InferSendableFromCaptures' is already enabled as of Swift version 6
<unknown>:0: warning: upcoming feature 'GlobalActorIsolatedTypesUsability' is already enabled as of Swift version 6
<unknown>:0: warning: upcoming feature 'DisableOutwardActorInference' is already enabled as of Swift version 6
[109/180] Compiling DequeModule RigidDeque+Equatable.swift
<unknown>:0: warning: upcoming feature 'InferSendableFromCaptures' is already enabled as of Swift version 6
<unknown>:0: warning: upcoming feature 'GlobalActorIsolatedTypesUsability' is already enabled as of Swift version 6
<unknown>:0: warning: upcoming feature 'DisableOutwardActorInference' is already enabled as of Swift version 6
[110/180] Compiling DequeModule RigidDeque+Experimental.swift
<unknown>:0: warning: upcoming feature 'InferSendableFromCaptures' is already enabled as of Swift version 6
<unknown>:0: warning: upcoming feature 'GlobalActorIsolatedTypesUsability' is already enabled as of Swift version 6
<unknown>:0: warning: upcoming feature 'DisableOutwardActorInference' is already enabled as of Swift version 6
[111/180] Compiling DequeModule RigidDeque+Hashable.swift
<unknown>:0: warning: upcoming feature 'InferSendableFromCaptures' is already enabled as of Swift version 6
<unknown>:0: warning: upcoming feature 'GlobalActorIsolatedTypesUsability' is already enabled as of Swift version 6
<unknown>:0: warning: upcoming feature 'DisableOutwardActorInference' is already enabled as of Swift version 6
[112/180] Compiling DequeModule RigidDeque+Initializers.swift
<unknown>:0: warning: upcoming feature 'InferSendableFromCaptures' is already enabled as of Swift version 6
<unknown>:0: warning: upcoming feature 'GlobalActorIsolatedTypesUsability' is already enabled as of Swift version 6
<unknown>:0: warning: upcoming feature 'DisableOutwardActorInference' is already enabled as of Swift version 6
[113/180] Compiling DequeModule RigidDeque+Insertions.swift
<unknown>:0: warning: upcoming feature 'InferSendableFromCaptures' is already enabled as of Swift version 6
<unknown>:0: warning: upcoming feature 'GlobalActorIsolatedTypesUsability' is already enabled as of Swift version 6
<unknown>:0: warning: upcoming feature 'DisableOutwardActorInference' is already enabled as of Swift version 6
[114/180] Compiling DequeModule RigidDeque+Prepend.swift
<unknown>:0: warning: upcoming feature 'InferSendableFromCaptures' is already enabled as of Swift version 6
<unknown>:0: warning: upcoming feature 'GlobalActorIsolatedTypesUsability' is already enabled as of Swift version 6
<unknown>:0: warning: upcoming feature 'DisableOutwardActorInference' is already enabled as of Swift version 6
<unknown>:0: warning: upcoming feature 'InferSendableFromCaptures' is already enabled as of Swift version 6
<unknown>:0: warning: upcoming feature 'GlobalActorIsolatedTypesUsability' is already enabled as of Swift version 6
<unknown>:0: warning: upcoming feature 'DisableOutwardActorInference' is already enabled as of Swift version 6
<unknown>:0: warning: upcoming feature 'InferSendableFromCaptures' is already enabled as of Swift version 6
<unknown>:0: warning: upcoming feature 'GlobalActorIsolatedTypesUsability' is already enabled as of Swift version 6
<unknown>:0: warning: upcoming feature 'DisableOutwardActorInference' is already enabled as of Swift version 6
<unknown>:0: warning: upcoming feature 'InferSendableFromCaptures' is already enabled as of Swift version 6
<unknown>:0: warning: upcoming feature 'GlobalActorIsolatedTypesUsability' is already enabled as of Swift version 6
<unknown>:0: warning: upcoming feature 'DisableOutwardActorInference' is already enabled as of Swift version 6
<unknown>:0: warning: upcoming feature 'InferSendableFromCaptures' is already enabled as of Swift version 6
<unknown>:0: warning: upcoming feature 'GlobalActorIsolatedTypesUsability' is already enabled as of Swift version 6
<unknown>:0: warning: upcoming feature 'DisableOutwardActorInference' is already enabled as of Swift version 6
<unknown>:0: warning: upcoming feature 'InferSendableFromCaptures' is already enabled as of Swift version 6
<unknown>:0: warning: upcoming feature 'GlobalActorIsolatedTypesUsability' is already enabled as of Swift version 6
<unknown>:0: warning: upcoming feature 'DisableOutwardActorInference' is already enabled as of Swift version 6
<unknown>:0: warning: upcoming feature 'InferSendableFromCaptures' is already enabled as of Swift version 6
<unknown>:0: warning: upcoming feature 'GlobalActorIsolatedTypesUsability' is already enabled as of Swift version 6
<unknown>:0: warning: upcoming feature 'DisableOutwardActorInference' is already enabled as of Swift version 6
<unknown>:0: warning: upcoming feature 'InferSendableFromCaptures' is already enabled as of Swift version 6
<unknown>:0: warning: upcoming feature 'GlobalActorIsolatedTypesUsability' is already enabled as of Swift version 6
<unknown>:0: warning: upcoming feature 'DisableOutwardActorInference' is already enabled as of Swift version 6
<unknown>:0: warning: upcoming feature 'InferSendableFromCaptures' is already enabled as of Swift version 6
<unknown>:0: warning: upcoming feature 'GlobalActorIsolatedTypesUsability' is already enabled as of Swift version 6
<unknown>:0: warning: upcoming feature 'DisableOutwardActorInference' is already enabled as of Swift version 6
<unknown>:0: warning: upcoming feature 'InferSendableFromCaptures' is already enabled as of Swift version 6
<unknown>:0: warning: upcoming feature 'GlobalActorIsolatedTypesUsability' is already enabled as of Swift version 6
<unknown>:0: warning: upcoming feature 'DisableOutwardActorInference' is already enabled as of Swift version 6
<unknown>:0: warning: upcoming feature 'InferSendableFromCaptures' is already enabled as of Swift version 6
<unknown>:0: warning: upcoming feature 'GlobalActorIsolatedTypesUsability' is already enabled as of Swift version 6
<unknown>:0: warning: upcoming feature 'DisableOutwardActorInference' is already enabled as of Swift version 6
<unknown>:0: warning: upcoming feature 'InferSendableFromCaptures' is already enabled as of Swift version 6
<unknown>:0: warning: upcoming feature 'GlobalActorIsolatedTypesUsability' is already enabled as of Swift version 6
<unknown>:0: warning: upcoming feature 'DisableOutwardActorInference' is already enabled as of Swift version 6
<unknown>:0: warning: upcoming feature 'InferSendableFromCaptures' is already enabled as of Swift version 6
<unknown>:0: warning: upcoming feature 'GlobalActorIsolatedTypesUsability' is already enabled as of Swift version 6
<unknown>:0: warning: upcoming feature 'DisableOutwardActorInference' is already enabled as of Swift version 6
[127/180] Compiling DequeModule UniqueDeque+Replacements.swift
<unknown>:0: warning: upcoming feature 'InferSendableFromCaptures' is already enabled as of Swift version 6
<unknown>:0: warning: upcoming feature 'GlobalActorIsolatedTypesUsability' is already enabled as of Swift version 6
<unknown>:0: warning: upcoming feature 'DisableOutwardActorInference' is already enabled as of Swift version 6
[128/180] Compiling DequeModule UniqueDeque.swift
<unknown>:0: warning: upcoming feature 'InferSendableFromCaptures' is already enabled as of Swift version 6
<unknown>:0: warning: upcoming feature 'GlobalActorIsolatedTypesUsability' is already enabled as of Swift version 6
<unknown>:0: warning: upcoming feature 'DisableOutwardActorInference' is already enabled as of Swift version 6
[129/180] Compiling DequeModule _DequeSlot.swift
<unknown>:0: warning: upcoming feature 'InferSendableFromCaptures' is already enabled as of Swift version 6
<unknown>:0: warning: upcoming feature 'GlobalActorIsolatedTypesUsability' is already enabled as of Swift version 6
<unknown>:0: warning: upcoming feature 'DisableOutwardActorInference' is already enabled as of Swift version 6
[130/180] Compiling DequeModule _UnsafeDequeHandle.swift
<unknown>:0: warning: upcoming feature 'InferSendableFromCaptures' is already enabled as of Swift version 6
<unknown>:0: warning: upcoming feature 'GlobalActorIsolatedTypesUsability' is already enabled as of Swift version 6
<unknown>:0: warning: upcoming feature 'DisableOutwardActorInference' is already enabled as of Swift version 6
[131/180] Compiling DequeModule _UnsafeDequeSegments.swift
<unknown>:0: warning: upcoming feature 'InferSendableFromCaptures' is already enabled as of Swift version 6
<unknown>:0: warning: upcoming feature 'GlobalActorIsolatedTypesUsability' is already enabled as of Swift version 6
<unknown>:0: warning: upcoming feature 'DisableOutwardActorInference' is already enabled as of Swift version 6
[132/180] Compiling OrderedCollections OrderedSet+Diffing.swift
<unknown>:0: warning: upcoming feature 'InferSendableFromCaptures' is already enabled as of Swift version 6
<unknown>:0: warning: upcoming feature 'GlobalActorIsolatedTypesUsability' is already enabled as of Swift version 6
<unknown>:0: warning: upcoming feature 'DisableOutwardActorInference' is already enabled as of Swift version 6
[133/180] Compiling OrderedCollections OrderedSet+Equatable.swift
<unknown>:0: warning: upcoming feature 'InferSendableFromCaptures' is already enabled as of Swift version 6
<unknown>:0: warning: upcoming feature 'GlobalActorIsolatedTypesUsability' is already enabled as of Swift version 6
<unknown>:0: warning: upcoming feature 'DisableOutwardActorInference' is already enabled as of Swift version 6
[134/180] Compiling OrderedCollections OrderedSet+ExpressibleByArrayLiteral.swift
<unknown>:0: warning: upcoming feature 'InferSendableFromCaptures' is already enabled as of Swift version 6
<unknown>:0: warning: upcoming feature 'GlobalActorIsolatedTypesUsability' is already enabled as of Swift version 6
<unknown>:0: warning: upcoming feature 'DisableOutwardActorInference' is already enabled as of Swift version 6
[135/180] Compiling OrderedCollections OrderedSet+Hashable.swift
<unknown>:0: warning: upcoming feature 'InferSendableFromCaptures' is already enabled as of Swift version 6
<unknown>:0: warning: upcoming feature 'GlobalActorIsolatedTypesUsability' is already enabled as of Swift version 6
<unknown>:0: warning: upcoming feature 'DisableOutwardActorInference' is already enabled as of Swift version 6
[136/180] Compiling OrderedCollections OrderedSet+Initializers.swift
<unknown>:0: warning: upcoming feature 'InferSendableFromCaptures' is already enabled as of Swift version 6
<unknown>:0: warning: upcoming feature 'GlobalActorIsolatedTypesUsability' is already enabled as of Swift version 6
<unknown>:0: warning: upcoming feature 'DisableOutwardActorInference' is already enabled as of Swift version 6
[137/180] Compiling OrderedCollections OrderedSet+Insertions.swift
<unknown>:0: warning: upcoming feature 'InferSendableFromCaptures' is already enabled as of Swift version 6
<unknown>:0: warning: upcoming feature 'GlobalActorIsolatedTypesUsability' is already enabled as of Swift version 6
<unknown>:0: warning: upcoming feature 'DisableOutwardActorInference' is already enabled as of Swift version 6
[138/180] Compiling OrderedCollections OrderedSet+Invariants.swift
<unknown>:0: warning: upcoming feature 'InferSendableFromCaptures' is already enabled as of Swift version 6
<unknown>:0: warning: upcoming feature 'GlobalActorIsolatedTypesUsability' is already enabled as of Swift version 6
<unknown>:0: warning: upcoming feature 'DisableOutwardActorInference' is already enabled as of Swift version 6
[139/180] Compiling OrderedCollections OrderedSet+Move.swift
<unknown>:0: warning: upcoming feature 'InferSendableFromCaptures' is already enabled as of Swift version 6
<unknown>:0: warning: upcoming feature 'GlobalActorIsolatedTypesUsability' is already enabled as of Swift version 6
<unknown>:0: warning: upcoming feature 'DisableOutwardActorInference' is already enabled as of Swift version 6
[140/180] Compiling OrderedCollections OrderedSet+Partial MutableCollection.swift
<unknown>:0: warning: upcoming feature 'InferSendableFromCaptures' is already enabled as of Swift version 6
<unknown>:0: warning: upcoming feature 'GlobalActorIsolatedTypesUsability' is already enabled as of Swift version 6
<unknown>:0: warning: upcoming feature 'DisableOutwardActorInference' is already enabled as of Swift version 6
[141/180] Compiling OrderedCollections OrderedSet+Partial RangeReplaceableCollection.swift
<unknown>:0: warning: upcoming feature 'InferSendableFromCaptures' is already enabled as of Swift version 6
<unknown>:0: warning: upcoming feature 'GlobalActorIsolatedTypesUsability' is already enabled as of Swift version 6
<unknown>:0: warning: upcoming feature 'DisableOutwardActorInference' is already enabled as of Swift version 6
[142/180] Compiling OrderedCollections OrderedSet+Partial SetAlgebra formIntersection.swift
<unknown>:0: warning: upcoming feature 'InferSendableFromCaptures' is already enabled as of Swift version 6
<unknown>:0: warning: upcoming feature 'GlobalActorIsolatedTypesUsability' is already enabled as of Swift version 6
<unknown>:0: warning: upcoming feature 'DisableOutwardActorInference' is already enabled as of Swift version 6
<unknown>:0: warning: upcoming feature 'InferSendableFromCaptures' is already enabled as of Swift version 6
<unknown>:0: warning: upcoming feature 'GlobalActorIsolatedTypesUsability' is already enabled as of Swift version 6
<unknown>:0: warning: upcoming feature 'DisableOutwardActorInference' is already enabled as of Swift version 6
<unknown>:0: warning: upcoming feature 'InferSendableFromCaptures' is already enabled as of Swift version 6
<unknown>:0: warning: upcoming feature 'GlobalActorIsolatedTypesUsability' is already enabled as of Swift version 6
<unknown>:0: warning: upcoming feature 'DisableOutwardActorInference' is already enabled as of Swift version 6
<unknown>:0: warning: upcoming feature 'InferSendableFromCaptures' is already enabled as of Swift version 6
<unknown>:0: warning: upcoming feature 'GlobalActorIsolatedTypesUsability' is already enabled as of Swift version 6
<unknown>:0: warning: upcoming feature 'DisableOutwardActorInference' is already enabled as of Swift version 6
<unknown>:0: warning: upcoming feature 'InferSendableFromCaptures' is already enabled as of Swift version 6
<unknown>:0: warning: upcoming feature 'GlobalActorIsolatedTypesUsability' is already enabled as of Swift version 6
<unknown>:0: warning: upcoming feature 'DisableOutwardActorInference' is already enabled as of Swift version 6
<unknown>:0: warning: upcoming feature 'InferSendableFromCaptures' is already enabled as of Swift version 6
<unknown>:0: warning: upcoming feature 'GlobalActorIsolatedTypesUsability' is already enabled as of Swift version 6
<unknown>:0: warning: upcoming feature 'DisableOutwardActorInference' is already enabled as of Swift version 6
<unknown>:0: warning: upcoming feature 'InferSendableFromCaptures' is already enabled as of Swift version 6
<unknown>:0: warning: upcoming feature 'GlobalActorIsolatedTypesUsability' is already enabled as of Swift version 6
<unknown>:0: warning: upcoming feature 'DisableOutwardActorInference' is already enabled as of Swift version 6
<unknown>:0: warning: upcoming feature 'InferSendableFromCaptures' is already enabled as of Swift version 6
<unknown>:0: warning: upcoming feature 'GlobalActorIsolatedTypesUsability' is already enabled as of Swift version 6
<unknown>:0: warning: upcoming feature 'DisableOutwardActorInference' is already enabled as of Swift version 6
<unknown>:0: warning: upcoming feature 'InferSendableFromCaptures' is already enabled as of Swift version 6
<unknown>:0: warning: upcoming feature 'GlobalActorIsolatedTypesUsability' is already enabled as of Swift version 6
<unknown>:0: warning: upcoming feature 'DisableOutwardActorInference' is already enabled as of Swift version 6
<unknown>:0: warning: upcoming feature 'InferSendableFromCaptures' is already enabled as of Swift version 6
<unknown>:0: warning: upcoming feature 'GlobalActorIsolatedTypesUsability' is already enabled as of Swift version 6
<unknown>:0: warning: upcoming feature 'DisableOutwardActorInference' is already enabled as of Swift version 6
<unknown>:0: warning: upcoming feature 'InferSendableFromCaptures' is already enabled as of Swift version 6
<unknown>:0: warning: upcoming feature 'GlobalActorIsolatedTypesUsability' is already enabled as of Swift version 6
<unknown>:0: warning: upcoming feature 'DisableOutwardActorInference' is already enabled as of Swift version 6
<unknown>:0: warning: upcoming feature 'InferSendableFromCaptures' is already enabled as of Swift version 6
<unknown>:0: warning: upcoming feature 'GlobalActorIsolatedTypesUsability' is already enabled as of Swift version 6
<unknown>:0: warning: upcoming feature 'DisableOutwardActorInference' is already enabled as of Swift version 6
<unknown>:0: warning: upcoming feature 'InferSendableFromCaptures' is already enabled as of Swift version 6
<unknown>:0: warning: upcoming feature 'GlobalActorIsolatedTypesUsability' is already enabled as of Swift version 6
<unknown>:0: warning: upcoming feature 'DisableOutwardActorInference' is already enabled as of Swift version 6
<unknown>:0: warning: upcoming feature 'InferSendableFromCaptures' is already enabled as of Swift version 6
<unknown>:0: warning: upcoming feature 'GlobalActorIsolatedTypesUsability' is already enabled as of Swift version 6
<unknown>:0: warning: upcoming feature 'DisableOutwardActorInference' is already enabled as of Swift version 6
<unknown>:0: warning: upcoming feature 'InferSendableFromCaptures' is already enabled as of Swift version 6
<unknown>:0: warning: upcoming feature 'GlobalActorIsolatedTypesUsability' is already enabled as of Swift version 6
<unknown>:0: warning: upcoming feature 'DisableOutwardActorInference' is already enabled as of Swift version 6
<unknown>:0: warning: upcoming feature 'InferSendableFromCaptures' is already enabled as of Swift version 6
<unknown>:0: warning: upcoming feature 'GlobalActorIsolatedTypesUsability' is already enabled as of Swift version 6
<unknown>:0: warning: upcoming feature 'DisableOutwardActorInference' is already enabled as of Swift version 6
<unknown>:0: warning: upcoming feature 'InferSendableFromCaptures' is already enabled as of Swift version 6
<unknown>:0: warning: upcoming feature 'GlobalActorIsolatedTypesUsability' is already enabled as of Swift version 6
<unknown>:0: warning: upcoming feature 'DisableOutwardActorInference' is already enabled as of Swift version 6
<unknown>:0: warning: upcoming feature 'InferSendableFromCaptures' is already enabled as of Swift version 6
<unknown>:0: warning: upcoming feature 'GlobalActorIsolatedTypesUsability' is already enabled as of Swift version 6
<unknown>:0: warning: upcoming feature 'DisableOutwardActorInference' is already enabled as of Swift version 6
<unknown>:0: warning: upcoming feature 'InferSendableFromCaptures' is already enabled as of Swift version 6
<unknown>:0: warning: upcoming feature 'GlobalActorIsolatedTypesUsability' is already enabled as of Swift version 6
<unknown>:0: warning: upcoming feature 'DisableOutwardActorInference' is already enabled as of Swift version 6
<unknown>:0: warning: upcoming feature 'InferSendableFromCaptures' is already enabled as of Swift version 6
<unknown>:0: warning: upcoming feature 'GlobalActorIsolatedTypesUsability' is already enabled as of Swift version 6
<unknown>:0: warning: upcoming feature 'DisableOutwardActorInference' is already enabled as of Swift version 6
<unknown>:0: warning: upcoming feature 'InferSendableFromCaptures' is already enabled as of Swift version 6
<unknown>:0: warning: upcoming feature 'GlobalActorIsolatedTypesUsability' is already enabled as of Swift version 6
<unknown>:0: warning: upcoming feature 'DisableOutwardActorInference' is already enabled as of Swift version 6
<unknown>:0: warning: upcoming feature 'InferSendableFromCaptures' is already enabled as of Swift version 6
<unknown>:0: warning: upcoming feature 'GlobalActorIsolatedTypesUsability' is already enabled as of Swift version 6
<unknown>:0: warning: upcoming feature 'DisableOutwardActorInference' is already enabled as of Swift version 6
<unknown>:0: warning: upcoming feature 'InferSendableFromCaptures' is already enabled as of Swift version 6
<unknown>:0: warning: upcoming feature 'GlobalActorIsolatedTypesUsability' is already enabled as of Swift version 6
<unknown>:0: warning: upcoming feature 'DisableOutwardActorInference' is already enabled as of Swift version 6
<unknown>:0: warning: upcoming feature 'InferSendableFromCaptures' is already enabled as of Swift version 6
<unknown>:0: warning: upcoming feature 'GlobalActorIsolatedTypesUsability' is already enabled as of Swift version 6
<unknown>:0: warning: upcoming feature 'DisableOutwardActorInference' is already enabled as of Swift version 6
<unknown>:0: warning: upcoming feature 'InferSendableFromCaptures' is already enabled as of Swift version 6
<unknown>:0: warning: upcoming feature 'GlobalActorIsolatedTypesUsability' is already enabled as of Swift version 6
<unknown>:0: warning: upcoming feature 'DisableOutwardActorInference' is already enabled as of Swift version 6
[167/180] Emitting module DequeModule
<unknown>:0: warning: upcoming feature 'InferSendableFromCaptures' is already enabled as of Swift version 6
<unknown>:0: warning: upcoming feature 'GlobalActorIsolatedTypesUsability' is already enabled as of Swift version 6
<unknown>:0: warning: upcoming feature 'DisableOutwardActorInference' is already enabled as of Swift version 6
[168/180] Compiling OrderedCollections OrderedSet+Sendable.swift
<unknown>:0: warning: upcoming feature 'InferSendableFromCaptures' is already enabled as of Swift version 6
<unknown>:0: warning: upcoming feature 'GlobalActorIsolatedTypesUsability' is already enabled as of Swift version 6
<unknown>:0: warning: upcoming feature 'DisableOutwardActorInference' is already enabled as of Swift version 6
[169/180] Compiling OrderedCollections OrderedSet+SubSequence.swift
<unknown>:0: warning: upcoming feature 'InferSendableFromCaptures' is already enabled as of Swift version 6
<unknown>:0: warning: upcoming feature 'GlobalActorIsolatedTypesUsability' is already enabled as of Swift version 6
<unknown>:0: warning: upcoming feature 'DisableOutwardActorInference' is already enabled as of Swift version 6
[170/180] Compiling OrderedCollections OrderedSet+Testing.swift
<unknown>:0: warning: upcoming feature 'InferSendableFromCaptures' is already enabled as of Swift version 6
<unknown>:0: warning: upcoming feature 'GlobalActorIsolatedTypesUsability' is already enabled as of Swift version 6
<unknown>:0: warning: upcoming feature 'DisableOutwardActorInference' is already enabled as of Swift version 6
[171/180] Compiling OrderedCollections OrderedSet+UnorderedView.swift
<unknown>:0: warning: upcoming feature 'InferSendableFromCaptures' is already enabled as of Swift version 6
<unknown>:0: warning: upcoming feature 'GlobalActorIsolatedTypesUsability' is already enabled as of Swift version 6
<unknown>:0: warning: upcoming feature 'DisableOutwardActorInference' is already enabled as of Swift version 6
[172/180] Compiling OrderedCollections OrderedSet+UnstableInternals.swift
<unknown>:0: warning: upcoming feature 'InferSendableFromCaptures' is already enabled as of Swift version 6
<unknown>:0: warning: upcoming feature 'GlobalActorIsolatedTypesUsability' is already enabled as of Swift version 6
<unknown>:0: warning: upcoming feature 'DisableOutwardActorInference' is already enabled as of Swift version 6
[173/180] Compiling OrderedCollections OrderedSet.swift
<unknown>:0: warning: upcoming feature 'InferSendableFromCaptures' is already enabled as of Swift version 6
<unknown>:0: warning: upcoming feature 'GlobalActorIsolatedTypesUsability' is already enabled as of Swift version 6
<unknown>:0: warning: upcoming feature 'DisableOutwardActorInference' is already enabled as of Swift version 6
[174/180] Compiling OrderedCollections _UnsafeBitset.swift
<unknown>:0: warning: upcoming feature 'InferSendableFromCaptures' is already enabled as of Swift version 6
<unknown>:0: warning: upcoming feature 'GlobalActorIsolatedTypesUsability' is already enabled as of Swift version 6
<unknown>:0: warning: upcoming feature 'DisableOutwardActorInference' is already enabled as of Swift version 6
[175/180] Emitting module OrderedCollections
<unknown>:0: warning: upcoming feature 'InferSendableFromCaptures' is already enabled as of Swift version 6
<unknown>:0: warning: upcoming feature 'GlobalActorIsolatedTypesUsability' is already enabled as of Swift version 6
<unknown>:0: warning: upcoming feature 'DisableOutwardActorInference' is already enabled as of Swift version 6
<unknown>:0: warning: upcoming feature 'InferSendableFromCaptures' is already enabled as of Swift version 6
<unknown>:0: warning: upcoming feature 'GlobalActorIsolatedTypesUsability' is already enabled as of Swift version 6
<unknown>:0: warning: upcoming feature 'DisableOutwardActorInference' is already enabled as of Swift version 6
<unknown>:0: warning: upcoming feature 'InferSendableFromCaptures' is already enabled as of Swift version 6
<unknown>:0: warning: upcoming feature 'GlobalActorIsolatedTypesUsability' is already enabled as of Swift version 6
<unknown>:0: warning: upcoming feature 'DisableOutwardActorInference' is already enabled as of Swift version 6
<unknown>:0: warning: upcoming feature 'InferSendableFromCaptures' is already enabled as of Swift version 6
<unknown>:0: warning: upcoming feature 'GlobalActorIsolatedTypesUsability' is already enabled as of Swift version 6
<unknown>:0: warning: upcoming feature 'DisableOutwardActorInference' is already enabled as of Swift version 6
<unknown>:0: warning: upcoming feature 'InferSendableFromCaptures' is already enabled as of Swift version 6
<unknown>:0: warning: upcoming feature 'GlobalActorIsolatedTypesUsability' is already enabled as of Swift version 6
<unknown>:0: warning: upcoming feature 'DisableOutwardActorInference' is already enabled as of Swift version 6
<unknown>:0: warning: upcoming feature 'InferSendableFromCaptures' is already enabled as of Swift version 6
<unknown>:0: warning: upcoming feature 'GlobalActorIsolatedTypesUsability' is already enabled as of Swift version 6
<unknown>:0: warning: upcoming feature 'DisableOutwardActorInference' is already enabled as of Swift version 6
error: emit-module command failed with exit code 1 (use -v to see invocation)
[183/235] Emitting module AsyncAlgorithms
/host/spi-builder-workspace/Sources/AsyncAlgorithms/Locking.swift:168:49: error: 'Primitive' is not a member type of struct 'AsyncAlgorithms.Lock'
31 | #endif
32 |
33 | internal struct Lock {
| `- note: 'Lock' declared here
34 | #if canImport(Darwin)
35 | typealias Primitive = os_unfair_lock
:
166 | }
167 |
168 | private let buffer: ManagedBuffer<State, Lock.Primitive>
| `- error: 'Primitive' is not a member type of struct 'AsyncAlgorithms.Lock'
169 |
170 | init(_ initial: State) {
/host/spi-builder-workspace/Sources/AsyncAlgorithms/Locking.swift:50:49: error: cannot find type 'Primitive' in scope
48 | #endif
49 |
50 | typealias PlatformLock = UnsafeMutablePointer<Primitive>
| `- error: cannot find type 'Primitive' in scope
51 | let platformLock: PlatformLock
52 |
/host/spi-builder-workspace/Sources/AsyncAlgorithms/Locking.swift:162:63: error: 'Primitive' is not a member type of struct 'AsyncAlgorithms.Lock'
31 | #endif
32 |
33 | internal struct Lock {
| `- note: 'Lock' declared here
34 | #if canImport(Darwin)
35 | typealias Primitive = os_unfair_lock
:
160 |
161 | struct ManagedCriticalState<State> {
162 | private final class LockedBuffer: ManagedBuffer<State, Lock.Primitive> {
| `- error: 'Primitive' is not a member type of struct 'AsyncAlgorithms.Lock'
163 | deinit {
164 | withUnsafeMutablePointerToElements { Lock.deinitialize($0) }
[184/242] Compiling AsyncAlgorithms AsyncAdjacentPairsSequence.swift
[185/242] Compiling AsyncAlgorithms AsyncBufferedByteIterator.swift
[186/242] Compiling AsyncAlgorithms AsyncChain2Sequence.swift
[187/242] Compiling AsyncAlgorithms AsyncChain3Sequence.swift
[188/242] Compiling AsyncAlgorithms AsyncChunkedByGroupSequence.swift
[189/242] Compiling AsyncAlgorithms AsyncChunkedOnProjectionSequence.swift
[190/242] Compiling AsyncAlgorithms AsyncChunksOfCountOrSignalSequence.swift
[191/242] Compiling AsyncAlgorithms AsyncChunksOfCountSequence.swift
[192/242] Compiling AsyncAlgorithms AsyncCompactedSequence.swift
[193/242] Compiling AsyncAlgorithms AsyncExclusiveReductionsSequence.swift
[194/242] Compiling AsyncAlgorithms AsyncInclusiveReductionsSequence.swift
[195/242] Compiling AsyncAlgorithms AsyncJoinedBySeparatorSequence.swift
[196/242] Compiling AsyncAlgorithms AsyncJoinedSequence.swift
[197/242] Compiling AsyncAlgorithms AsyncMapErrorSequence.swift
[198/242] Compiling AsyncAlgorithms AsyncRemoveDuplicatesSequence.swift
[199/242] Compiling AsyncAlgorithms AsyncShareSequence.swift
[200/242] Compiling AsyncAlgorithms UnboundedBufferStateMachine.swift
/host/spi-builder-workspace/Sources/AsyncAlgorithms/Locking.swift:168:49: error: 'Primitive' is not a member type of struct 'AsyncAlgorithms.Lock'
31 | #endif
32 |
33 | internal struct Lock {
| `- note: 'Lock' declared here
34 | #if canImport(Darwin)
35 | typealias Primitive = os_unfair_lock
:
166 | }
167 |
168 | private let buffer: ManagedBuffer<State, Lock.Primitive>
| `- error: 'Primitive' is not a member type of struct 'AsyncAlgorithms.Lock'
169 |
170 | init(_ initial: State) {
[201/242] Compiling AsyncAlgorithms UnboundedBufferStorage.swift
/host/spi-builder-workspace/Sources/AsyncAlgorithms/Locking.swift:168:49: error: 'Primitive' is not a member type of struct 'AsyncAlgorithms.Lock'
31 | #endif
32 |
33 | internal struct Lock {
| `- note: 'Lock' declared here
34 | #if canImport(Darwin)
35 | typealias Primitive = os_unfair_lock
:
166 | }
167 |
168 | private let buffer: ManagedBuffer<State, Lock.Primitive>
| `- error: 'Primitive' is not a member type of struct 'AsyncAlgorithms.Lock'
169 |
170 | init(_ initial: State) {
[202/242] Compiling AsyncAlgorithms AsyncChannel.swift
/host/spi-builder-workspace/Sources/AsyncAlgorithms/Locking.swift:168:49: error: 'Primitive' is not a member type of struct 'AsyncAlgorithms.Lock'
31 | #endif
32 |
33 | internal struct Lock {
| `- note: 'Lock' declared here
34 | #if canImport(Darwin)
35 | typealias Primitive = os_unfair_lock
:
166 | }
167 |
168 | private let buffer: ManagedBuffer<State, Lock.Primitive>
| `- error: 'Primitive' is not a member type of struct 'AsyncAlgorithms.Lock'
169 |
170 | init(_ initial: State) {
[203/242] Compiling AsyncAlgorithms AsyncThrowingChannel.swift
/host/spi-builder-workspace/Sources/AsyncAlgorithms/Locking.swift:168:49: error: 'Primitive' is not a member type of struct 'AsyncAlgorithms.Lock'
31 | #endif
32 |
33 | internal struct Lock {
| `- note: 'Lock' declared here
34 | #if canImport(Darwin)
35 | typealias Primitive = os_unfair_lock
:
166 | }
167 |
168 | private let buffer: ManagedBuffer<State, Lock.Primitive>
| `- error: 'Primitive' is not a member type of struct 'AsyncAlgorithms.Lock'
169 |
170 | init(_ initial: State) {
[204/242] Compiling AsyncAlgorithms ChannelStateMachine.swift
/host/spi-builder-workspace/Sources/AsyncAlgorithms/Locking.swift:168:49: error: 'Primitive' is not a member type of struct 'AsyncAlgorithms.Lock'
31 | #endif
32 |
33 | internal struct Lock {
| `- note: 'Lock' declared here
34 | #if canImport(Darwin)
35 | typealias Primitive = os_unfair_lock
:
166 | }
167 |
168 | private let buffer: ManagedBuffer<State, Lock.Primitive>
| `- error: 'Primitive' is not a member type of struct 'AsyncAlgorithms.Lock'
169 |
170 | init(_ initial: State) {
[205/242] Compiling AsyncAlgorithms ChannelStorage.swift
/host/spi-builder-workspace/Sources/AsyncAlgorithms/Locking.swift:168:49: error: 'Primitive' is not a member type of struct 'AsyncAlgorithms.Lock'
31 | #endif
32 |
33 | internal struct Lock {
| `- note: 'Lock' declared here
34 | #if canImport(Darwin)
35 | typealias Primitive = os_unfair_lock
:
166 | }
167 |
168 | private let buffer: ManagedBuffer<State, Lock.Primitive>
| `- error: 'Primitive' is not a member type of struct 'AsyncAlgorithms.Lock'
169 |
170 | init(_ initial: State) {
[206/242] Compiling AsyncAlgorithms AsyncCombineLatest2Sequence.swift
/host/spi-builder-workspace/Sources/AsyncAlgorithms/Locking.swift:168:49: error: 'Primitive' is not a member type of struct 'AsyncAlgorithms.Lock'
31 | #endif
32 |
33 | internal struct Lock {
| `- note: 'Lock' declared here
34 | #if canImport(Darwin)
35 | typealias Primitive = os_unfair_lock
:
166 | }
167 |
168 | private let buffer: ManagedBuffer<State, Lock.Primitive>
| `- error: 'Primitive' is not a member type of struct 'AsyncAlgorithms.Lock'
169 |
170 | init(_ initial: State) {
[207/242] Compiling AsyncAlgorithms AsyncCombineLatest3Sequence.swift
/host/spi-builder-workspace/Sources/AsyncAlgorithms/Locking.swift:168:49: error: 'Primitive' is not a member type of struct 'AsyncAlgorithms.Lock'
31 | #endif
32 |
33 | internal struct Lock {
| `- note: 'Lock' declared here
34 | #if canImport(Darwin)
35 | typealias Primitive = os_unfair_lock
:
166 | }
167 |
168 | private let buffer: ManagedBuffer<State, Lock.Primitive>
| `- error: 'Primitive' is not a member type of struct 'AsyncAlgorithms.Lock'
169 |
170 | init(_ initial: State) {
[208/242] Compiling AsyncAlgorithms CombineLatestStateMachine.swift
/host/spi-builder-workspace/Sources/AsyncAlgorithms/Locking.swift:168:49: error: 'Primitive' is not a member type of struct 'AsyncAlgorithms.Lock'
31 | #endif
32 |
33 | internal struct Lock {
| `- note: 'Lock' declared here
34 | #if canImport(Darwin)
35 | typealias Primitive = os_unfair_lock
:
166 | }
167 |
168 | private let buffer: ManagedBuffer<State, Lock.Primitive>
| `- error: 'Primitive' is not a member type of struct 'AsyncAlgorithms.Lock'
169 |
170 | init(_ initial: State) {
[209/242] Compiling AsyncAlgorithms CombineLatestStorage.swift
/host/spi-builder-workspace/Sources/AsyncAlgorithms/Locking.swift:168:49: error: 'Primitive' is not a member type of struct 'AsyncAlgorithms.Lock'
31 | #endif
32 |
33 | internal struct Lock {
| `- note: 'Lock' declared here
34 | #if canImport(Darwin)
35 | typealias Primitive = os_unfair_lock
:
166 | }
167 |
168 | private let buffer: ManagedBuffer<State, Lock.Primitive>
| `- error: 'Primitive' is not a member type of struct 'AsyncAlgorithms.Lock'
169 |
170 | init(_ initial: State) {
[210/242] Compiling AsyncAlgorithms AsyncDebounceSequence.swift
/host/spi-builder-workspace/Sources/AsyncAlgorithms/Locking.swift:168:49: error: 'Primitive' is not a member type of struct 'AsyncAlgorithms.Lock'
31 | #endif
32 |
33 | internal struct Lock {
| `- note: 'Lock' declared here
34 | #if canImport(Darwin)
35 | typealias Primitive = os_unfair_lock
:
166 | }
167 |
168 | private let buffer: ManagedBuffer<State, Lock.Primitive>
| `- error: 'Primitive' is not a member type of struct 'AsyncAlgorithms.Lock'
169 |
170 | init(_ initial: State) {
[211/242] Compiling AsyncAlgorithms DebounceStateMachine.swift
/host/spi-builder-workspace/Sources/AsyncAlgorithms/Locking.swift:168:49: error: 'Primitive' is not a member type of struct 'AsyncAlgorithms.Lock'
31 | #endif
32 |
33 | internal struct Lock {
| `- note: 'Lock' declared here
34 | #if canImport(Darwin)
35 | typealias Primitive = os_unfair_lock
:
166 | }
167 |
168 | private let buffer: ManagedBuffer<State, Lock.Primitive>
| `- error: 'Primitive' is not a member type of struct 'AsyncAlgorithms.Lock'
169 |
170 | init(_ initial: State) {
[212/242] Compiling AsyncAlgorithms DebounceStorage.swift
/host/spi-builder-workspace/Sources/AsyncAlgorithms/Locking.swift:168:49: error: 'Primitive' is not a member type of struct 'AsyncAlgorithms.Lock'
31 | #endif
32 |
33 | internal struct Lock {
| `- note: 'Lock' declared here
34 | #if canImport(Darwin)
35 | typealias Primitive = os_unfair_lock
:
166 | }
167 |
168 | private let buffer: ManagedBuffer<State, Lock.Primitive>
| `- error: 'Primitive' is not a member type of struct 'AsyncAlgorithms.Lock'
169 |
170 | init(_ initial: State) {
[213/242] Compiling AsyncAlgorithms Dictionary.swift
/host/spi-builder-workspace/Sources/AsyncAlgorithms/Locking.swift:168:49: error: 'Primitive' is not a member type of struct 'AsyncAlgorithms.Lock'
31 | #endif
32 |
33 | internal struct Lock {
| `- note: 'Lock' declared here
34 | #if canImport(Darwin)
35 | typealias Primitive = os_unfair_lock
:
166 | }
167 |
168 | private let buffer: ManagedBuffer<State, Lock.Primitive>
| `- error: 'Primitive' is not a member type of struct 'AsyncAlgorithms.Lock'
169 |
170 | init(_ initial: State) {
[214/242] Compiling AsyncAlgorithms AsyncSyncSequence.swift
/host/spi-builder-workspace/Sources/AsyncAlgorithms/Locking.swift:168:49: error: 'Primitive' is not a member type of struct 'AsyncAlgorithms.Lock'
31 | #endif
32 |
33 | internal struct Lock {
| `- note: 'Lock' declared here
34 | #if canImport(Darwin)
35 | typealias Primitive = os_unfair_lock
:
166 | }
167 |
168 | private let buffer: ManagedBuffer<State, Lock.Primitive>
| `- error: 'Primitive' is not a member type of struct 'AsyncAlgorithms.Lock'
169 |
170 | init(_ initial: State) {
[215/242] Compiling AsyncAlgorithms AsyncThrottleSequence.swift
/host/spi-builder-workspace/Sources/AsyncAlgorithms/Locking.swift:168:49: error: 'Primitive' is not a member type of struct 'AsyncAlgorithms.Lock'
31 | #endif
32 |
33 | internal struct Lock {
| `- note: 'Lock' declared here
34 | #if canImport(Darwin)
35 | typealias Primitive = os_unfair_lock
:
166 | }
167 |
168 | private let buffer: ManagedBuffer<State, Lock.Primitive>
| `- error: 'Primitive' is not a member type of struct 'AsyncAlgorithms.Lock'
169 |
170 | init(_ initial: State) {
[216/242] Compiling AsyncAlgorithms AsyncThrowingExclusiveReductionsSequence.swift
/host/spi-builder-workspace/Sources/AsyncAlgorithms/Locking.swift:168:49: error: 'Primitive' is not a member type of struct 'AsyncAlgorithms.Lock'
31 | #endif
32 |
33 | internal struct Lock {
| `- note: 'Lock' declared here
34 | #if canImport(Darwin)
35 | typealias Primitive = os_unfair_lock
:
166 | }
167 |
168 | private let buffer: ManagedBuffer<State, Lock.Primitive>
| `- error: 'Primitive' is not a member type of struct 'AsyncAlgorithms.Lock'
169 |
170 | init(_ initial: State) {
[217/242] Compiling AsyncAlgorithms AsyncThrowingInclusiveReductionsSequence.swift
/host/spi-builder-workspace/Sources/AsyncAlgorithms/Locking.swift:168:49: error: 'Primitive' is not a member type of struct 'AsyncAlgorithms.Lock'
31 | #endif
32 |
33 | internal struct Lock {
| `- note: 'Lock' declared here
34 | #if canImport(Darwin)
35 | typealias Primitive = os_unfair_lock
:
166 | }
167 |
168 | private let buffer: ManagedBuffer<State, Lock.Primitive>
| `- error: 'Primitive' is not a member type of struct 'AsyncAlgorithms.Lock'
169 |
170 | init(_ initial: State) {
[218/242] Compiling AsyncAlgorithms AsyncTimerSequence.swift
/host/spi-builder-workspace/Sources/AsyncAlgorithms/Locking.swift:168:49: error: 'Primitive' is not a member type of struct 'AsyncAlgorithms.Lock'
31 | #endif
32 |
33 | internal struct Lock {
| `- note: 'Lock' declared here
34 | #if canImport(Darwin)
35 | typealias Primitive = os_unfair_lock
:
166 | }
167 |
168 | private let buffer: ManagedBuffer<State, Lock.Primitive>
| `- error: 'Primitive' is not a member type of struct 'AsyncAlgorithms.Lock'
169 |
170 | init(_ initial: State) {
[219/242] Compiling AsyncAlgorithms AsyncBufferSequence.swift
/host/spi-builder-workspace/Sources/AsyncAlgorithms/Locking.swift:168:49: error: 'Primitive' is not a member type of struct 'AsyncAlgorithms.Lock'
31 | #endif
32 |
33 | internal struct Lock {
| `- note: 'Lock' declared here
34 | #if canImport(Darwin)
35 | typealias Primitive = os_unfair_lock
:
166 | }
167 |
168 | private let buffer: ManagedBuffer<State, Lock.Primitive>
| `- error: 'Primitive' is not a member type of struct 'AsyncAlgorithms.Lock'
169 |
170 | init(_ initial: State) {
[220/242] Compiling AsyncAlgorithms BoundedBufferStateMachine.swift
/host/spi-builder-workspace/Sources/AsyncAlgorithms/Locking.swift:168:49: error: 'Primitive' is not a member type of struct 'AsyncAlgorithms.Lock'
31 | #endif
32 |
33 | internal struct Lock {
| `- note: 'Lock' declared here
34 | #if canImport(Darwin)
35 | typealias Primitive = os_unfair_lock
:
166 | }
167 |
168 | private let buffer: ManagedBuffer<State, Lock.Primitive>
| `- error: 'Primitive' is not a member type of struct 'AsyncAlgorithms.Lock'
169 |
170 | init(_ initial: State) {
[221/242] Compiling AsyncAlgorithms BoundedBufferStorage.swift
/host/spi-builder-workspace/Sources/AsyncAlgorithms/Locking.swift:168:49: error: 'Primitive' is not a member type of struct 'AsyncAlgorithms.Lock'
31 | #endif
32 |
33 | internal struct Lock {
| `- note: 'Lock' declared here
34 | #if canImport(Darwin)
35 | typealias Primitive = os_unfair_lock
:
166 | }
167 |
168 | private let buffer: ManagedBuffer<State, Lock.Primitive>
| `- error: 'Primitive' is not a member type of struct 'AsyncAlgorithms.Lock'
169 |
170 | init(_ initial: State) {
[222/242] Compiling AsyncAlgorithms AsyncMerge2Sequence.swift
/host/spi-builder-workspace/Sources/AsyncAlgorithms/Locking.swift:50:49: error: cannot find type 'Primitive' in scope
48 | #endif
49 |
50 | typealias PlatformLock = UnsafeMutablePointer<Primitive>
| `- error: cannot find type 'Primitive' in scope
51 | let platformLock: PlatformLock
52 |
[223/242] Compiling AsyncAlgorithms AsyncMerge3Sequence.swift
/host/spi-builder-workspace/Sources/AsyncAlgorithms/Locking.swift:50:49: error: cannot find type 'Primitive' in scope
48 | #endif
49 |
50 | typealias PlatformLock = UnsafeMutablePointer<Primitive>
| `- error: cannot find type 'Primitive' in scope
51 | let platformLock: PlatformLock
52 |
[224/242] Compiling AsyncAlgorithms MergeStateMachine.swift
/host/spi-builder-workspace/Sources/AsyncAlgorithms/Locking.swift:50:49: error: cannot find type 'Primitive' in scope
48 | #endif
49 |
50 | typealias PlatformLock = UnsafeMutablePointer<Primitive>
| `- error: cannot find type 'Primitive' in scope
51 | let platformLock: PlatformLock
52 |
[225/242] Compiling AsyncAlgorithms MergeStorage.swift
/host/spi-builder-workspace/Sources/AsyncAlgorithms/Locking.swift:50:49: error: cannot find type 'Primitive' in scope
48 | #endif
49 |
50 | typealias PlatformLock = UnsafeMutablePointer<Primitive>
| `- error: cannot find type 'Primitive' in scope
51 | let platformLock: PlatformLock
52 |
[226/242] Compiling AsyncAlgorithms MultiProducerSingleConsumerAsyncChannel+Internal.swift
/host/spi-builder-workspace/Sources/AsyncAlgorithms/Locking.swift:50:49: error: cannot find type 'Primitive' in scope
48 | #endif
49 |
50 | typealias PlatformLock = UnsafeMutablePointer<Primitive>
| `- error: cannot find type 'Primitive' in scope
51 | let platformLock: PlatformLock
52 |
[227/242] Compiling AsyncAlgorithms MultiProducerSingleConsumerAsyncChannel.swift
/host/spi-builder-workspace/Sources/AsyncAlgorithms/Locking.swift:50:49: error: cannot find type 'Primitive' in scope
48 | #endif
49 |
50 | typealias PlatformLock = UnsafeMutablePointer<Primitive>
| `- error: cannot find type 'Primitive' in scope
51 | let platformLock: PlatformLock
52 |
[228/242] Compiling AsyncAlgorithms RangeReplaceableCollection.swift
/host/spi-builder-workspace/Sources/AsyncAlgorithms/Locking.swift:50:49: error: cannot find type 'Primitive' in scope
48 | #endif
49 |
50 | typealias PlatformLock = UnsafeMutablePointer<Primitive>
| `- error: cannot find type 'Primitive' in scope
51 | let platformLock: PlatformLock
52 |
[229/242] Compiling AsyncAlgorithms AsyncFlatMapLatestSequence.swift
/host/spi-builder-workspace/Sources/AsyncAlgorithms/Locking.swift:50:49: error: cannot find type 'Primitive' in scope
48 | #endif
49 |
50 | typealias PlatformLock = UnsafeMutablePointer<Primitive>
| `- error: cannot find type 'Primitive' in scope
51 | let platformLock: PlatformLock
52 |
/host/spi-builder-workspace/Sources/AsyncAlgorithms/Locking.swift:162:63: error: 'Primitive' is not a member type of struct 'AsyncAlgorithms.Lock'
31 | #endif
32 |
33 | internal struct Lock {
| `- note: 'Lock' declared here
34 | #if canImport(Darwin)
35 | typealias Primitive = os_unfair_lock
:
160 |
161 | struct ManagedCriticalState<State> {
162 | private final class LockedBuffer: ManagedBuffer<State, Lock.Primitive> {
| `- error: 'Primitive' is not a member type of struct 'AsyncAlgorithms.Lock'
163 | deinit {
164 | withUnsafeMutablePointerToElements { Lock.deinitialize($0) }
/host/spi-builder-workspace/Sources/AsyncAlgorithms/Locking.swift:168:49: error: 'Primitive' is not a member type of struct 'AsyncAlgorithms.Lock'
31 | #endif
32 |
33 | internal struct Lock {
| `- note: 'Lock' declared here
34 | #if canImport(Darwin)
35 | typealias Primitive = os_unfair_lock
:
166 | }
167 |
168 | private let buffer: ManagedBuffer<State, Lock.Primitive>
| `- error: 'Primitive' is not a member type of struct 'AsyncAlgorithms.Lock'
169 |
170 | init(_ initial: State) {
/host/spi-builder-workspace/Sources/AsyncAlgorithms/Locking.swift:164:7: error: type of expression is ambiguous without a type annotation
162 | private final class LockedBuffer: ManagedBuffer<State, Lock.Primitive> {
163 | deinit {
164 | withUnsafeMutablePointerToElements { Lock.deinitialize($0) }
| `- error: type of expression is ambiguous without a type annotation
165 | }
166 | }
/host/spi-builder-workspace/Sources/AsyncAlgorithms/Locking.swift:171:12: error: type of expression is ambiguous without a type annotation
169 |
170 | init(_ initial: State) {
171 | buffer = LockedBuffer.create(minimumCapacity: 1) { buffer in
| `- error: type of expression is ambiguous without a type annotation
172 | buffer.withUnsafeMutablePointerToElements { Lock.initialize($0) }
173 | return initial
[230/242] Compiling AsyncAlgorithms FlatMapLatestStateMachine.swift
/host/spi-builder-workspace/Sources/AsyncAlgorithms/Locking.swift:50:49: error: cannot find type 'Primitive' in scope
48 | #endif
49 |
50 | typealias PlatformLock = UnsafeMutablePointer<Primitive>
| `- error: cannot find type 'Primitive' in scope
51 | let platformLock: PlatformLock
52 |
/host/spi-builder-workspace/Sources/AsyncAlgorithms/Locking.swift:162:63: error: 'Primitive' is not a member type of struct 'AsyncAlgorithms.Lock'
31 | #endif
32 |
33 | internal struct Lock {
| `- note: 'Lock' declared here
34 | #if canImport(Darwin)
35 | typealias Primitive = os_unfair_lock
:
160 |
161 | struct ManagedCriticalState<State> {
162 | private final class LockedBuffer: ManagedBuffer<State, Lock.Primitive> {
| `- error: 'Primitive' is not a member type of struct 'AsyncAlgorithms.Lock'
163 | deinit {
164 | withUnsafeMutablePointerToElements { Lock.deinitialize($0) }
/host/spi-builder-workspace/Sources/AsyncAlgorithms/Locking.swift:168:49: error: 'Primitive' is not a member type of struct 'AsyncAlgorithms.Lock'
31 | #endif
32 |
33 | internal struct Lock {
| `- note: 'Lock' declared here
34 | #if canImport(Darwin)
35 | typealias Primitive = os_unfair_lock
:
166 | }
167 |
168 | private let buffer: ManagedBuffer<State, Lock.Primitive>
| `- error: 'Primitive' is not a member type of struct 'AsyncAlgorithms.Lock'
169 |
170 | init(_ initial: State) {
/host/spi-builder-workspace/Sources/AsyncAlgorithms/Locking.swift:164:7: error: type of expression is ambiguous without a type annotation
162 | private final class LockedBuffer: ManagedBuffer<State, Lock.Primitive> {
163 | deinit {
164 | withUnsafeMutablePointerToElements { Lock.deinitialize($0) }
| `- error: type of expression is ambiguous without a type annotation
165 | }
166 | }
/host/spi-builder-workspace/Sources/AsyncAlgorithms/Locking.swift:171:12: error: type of expression is ambiguous without a type annotation
169 |
170 | init(_ initial: State) {
171 | buffer = LockedBuffer.create(minimumCapacity: 1) { buffer in
| `- error: type of expression is ambiguous without a type annotation
172 | buffer.withUnsafeMutablePointerToElements { Lock.initialize($0) }
173 | return initial
[231/242] Compiling AsyncAlgorithms FlatMapLatestStorage.swift
/host/spi-builder-workspace/Sources/AsyncAlgorithms/Locking.swift:50:49: error: cannot find type 'Primitive' in scope
48 | #endif
49 |
50 | typealias PlatformLock = UnsafeMutablePointer<Primitive>
| `- error: cannot find type 'Primitive' in scope
51 | let platformLock: PlatformLock
52 |
/host/spi-builder-workspace/Sources/AsyncAlgorithms/Locking.swift:162:63: error: 'Primitive' is not a member type of struct 'AsyncAlgorithms.Lock'
31 | #endif
32 |
33 | internal struct Lock {
| `- note: 'Lock' declared here
34 | #if canImport(Darwin)
35 | typealias Primitive = os_unfair_lock
:
160 |
161 | struct ManagedCriticalState<State> {
162 | private final class LockedBuffer: ManagedBuffer<State, Lock.Primitive> {
| `- error: 'Primitive' is not a member type of struct 'AsyncAlgorithms.Lock'
163 | deinit {
164 | withUnsafeMutablePointerToElements { Lock.deinitialize($0) }
/host/spi-builder-workspace/Sources/AsyncAlgorithms/Locking.swift:168:49: error: 'Primitive' is not a member type of struct 'AsyncAlgorithms.Lock'
31 | #endif
32 |
33 | internal struct Lock {
| `- note: 'Lock' declared here
34 | #if canImport(Darwin)
35 | typealias Primitive = os_unfair_lock
:
166 | }
167 |
168 | private let buffer: ManagedBuffer<State, Lock.Primitive>
| `- error: 'Primitive' is not a member type of struct 'AsyncAlgorithms.Lock'
169 |
170 | init(_ initial: State) {
/host/spi-builder-workspace/Sources/AsyncAlgorithms/Locking.swift:164:7: error: type of expression is ambiguous without a type annotation
162 | private final class LockedBuffer: ManagedBuffer<State, Lock.Primitive> {
163 | deinit {
164 | withUnsafeMutablePointerToElements { Lock.deinitialize($0) }
| `- error: type of expression is ambiguous without a type annotation
165 | }
166 | }
/host/spi-builder-workspace/Sources/AsyncAlgorithms/Locking.swift:171:12: error: type of expression is ambiguous without a type annotation
169 |
170 | init(_ initial: State) {
171 | buffer = LockedBuffer.create(minimumCapacity: 1) { buffer in
| `- error: type of expression is ambiguous without a type annotation
172 | buffer.withUnsafeMutablePointerToElements { Lock.initialize($0) }
173 | return initial
[232/242] Compiling AsyncAlgorithms Disconnected.swift
/host/spi-builder-workspace/Sources/AsyncAlgorithms/Locking.swift:50:49: error: cannot find type 'Primitive' in scope
48 | #endif
49 |
50 | typealias PlatformLock = UnsafeMutablePointer<Primitive>
| `- error: cannot find type 'Primitive' in scope
51 | let platformLock: PlatformLock
52 |
/host/spi-builder-workspace/Sources/AsyncAlgorithms/Locking.swift:162:63: error: 'Primitive' is not a member type of struct 'AsyncAlgorithms.Lock'
31 | #endif
32 |
33 | internal struct Lock {
| `- note: 'Lock' declared here
34 | #if canImport(Darwin)
35 | typealias Primitive = os_unfair_lock
:
160 |
161 | struct ManagedCriticalState<State> {
162 | private final class LockedBuffer: ManagedBuffer<State, Lock.Primitive> {
| `- error: 'Primitive' is not a member type of struct 'AsyncAlgorithms.Lock'
163 | deinit {
164 | withUnsafeMutablePointerToElements { Lock.deinitialize($0) }
/host/spi-builder-workspace/Sources/AsyncAlgorithms/Locking.swift:168:49: error: 'Primitive' is not a member type of struct 'AsyncAlgorithms.Lock'
31 | #endif
32 |
33 | internal struct Lock {
| `- note: 'Lock' declared here
34 | #if canImport(Darwin)
35 | typealias Primitive = os_unfair_lock
:
166 | }
167 |
168 | private let buffer: ManagedBuffer<State, Lock.Primitive>
| `- error: 'Primitive' is not a member type of struct 'AsyncAlgorithms.Lock'
169 |
170 | init(_ initial: State) {
/host/spi-builder-workspace/Sources/AsyncAlgorithms/Locking.swift:164:7: error: type of expression is ambiguous without a type annotation
162 | private final class LockedBuffer: ManagedBuffer<State, Lock.Primitive> {
163 | deinit {
164 | withUnsafeMutablePointerToElements { Lock.deinitialize($0) }
| `- error: type of expression is ambiguous without a type annotation
165 | }
166 | }
/host/spi-builder-workspace/Sources/AsyncAlgorithms/Locking.swift:171:12: error: type of expression is ambiguous without a type annotation
169 |
170 | init(_ initial: State) {
171 | buffer = LockedBuffer.create(minimumCapacity: 1) { buffer in
| `- error: type of expression is ambiguous without a type annotation
172 | buffer.withUnsafeMutablePointerToElements { Lock.initialize($0) }
173 | return initial
[233/242] Compiling AsyncAlgorithms _TinyArray.swift
/host/spi-builder-workspace/Sources/AsyncAlgorithms/Locking.swift:50:49: error: cannot find type 'Primitive' in scope
48 | #endif
49 |
50 | typealias PlatformLock = UnsafeMutablePointer<Primitive>
| `- error: cannot find type 'Primitive' in scope
51 | let platformLock: PlatformLock
52 |
/host/spi-builder-workspace/Sources/AsyncAlgorithms/Locking.swift:162:63: error: 'Primitive' is not a member type of struct 'AsyncAlgorithms.Lock'
31 | #endif
32 |
33 | internal struct Lock {
| `- note: 'Lock' declared here
34 | #if canImport(Darwin)
35 | typealias Primitive = os_unfair_lock
:
160 |
161 | struct ManagedCriticalState<State> {
162 | private final class LockedBuffer: ManagedBuffer<State, Lock.Primitive> {
| `- error: 'Primitive' is not a member type of struct 'AsyncAlgorithms.Lock'
163 | deinit {
164 | withUnsafeMutablePointerToElements { Lock.deinitialize($0) }
/host/spi-builder-workspace/Sources/AsyncAlgorithms/Locking.swift:168:49: error: 'Primitive' is not a member type of struct 'AsyncAlgorithms.Lock'
31 | #endif
32 |
33 | internal struct Lock {
| `- note: 'Lock' declared here
34 | #if canImport(Darwin)
35 | typealias Primitive = os_unfair_lock
:
166 | }
167 |
168 | private let buffer: ManagedBuffer<State, Lock.Primitive>
| `- error: 'Primitive' is not a member type of struct 'AsyncAlgorithms.Lock'
169 |
170 | init(_ initial: State) {
/host/spi-builder-workspace/Sources/AsyncAlgorithms/Locking.swift:164:7: error: type of expression is ambiguous without a type annotation
162 | private final class LockedBuffer: ManagedBuffer<State, Lock.Primitive> {
163 | deinit {
164 | withUnsafeMutablePointerToElements { Lock.deinitialize($0) }
| `- error: type of expression is ambiguous without a type annotation
165 | }
166 | }
/host/spi-builder-workspace/Sources/AsyncAlgorithms/Locking.swift:171:12: error: type of expression is ambiguous without a type annotation
169 |
170 | init(_ initial: State) {
171 | buffer = LockedBuffer.create(minimumCapacity: 1) { buffer in
| `- error: type of expression is ambiguous without a type annotation
172 | buffer.withUnsafeMutablePointerToElements { Lock.initialize($0) }
173 | return initial
[234/242] Compiling AsyncAlgorithms AsyncInterspersedSequence.swift
/host/spi-builder-workspace/Sources/AsyncAlgorithms/Locking.swift:50:49: error: cannot find type 'Primitive' in scope
48 | #endif
49 |
50 | typealias PlatformLock = UnsafeMutablePointer<Primitive>
| `- error: cannot find type 'Primitive' in scope
51 | let platformLock: PlatformLock
52 |
/host/spi-builder-workspace/Sources/AsyncAlgorithms/Locking.swift:162:63: error: 'Primitive' is not a member type of struct 'AsyncAlgorithms.Lock'
31 | #endif
32 |
33 | internal struct Lock {
| `- note: 'Lock' declared here
34 | #if canImport(Darwin)
35 | typealias Primitive = os_unfair_lock
:
160 |
161 | struct ManagedCriticalState<State> {
162 | private final class LockedBuffer: ManagedBuffer<State, Lock.Primitive> {
| `- error: 'Primitive' is not a member type of struct 'AsyncAlgorithms.Lock'
163 | deinit {
164 | withUnsafeMutablePointerToElements { Lock.deinitialize($0) }
/host/spi-builder-workspace/Sources/AsyncAlgorithms/Locking.swift:168:49: error: 'Primitive' is not a member type of struct 'AsyncAlgorithms.Lock'
31 | #endif
32 |
33 | internal struct Lock {
| `- note: 'Lock' declared here
34 | #if canImport(Darwin)
35 | typealias Primitive = os_unfair_lock
:
166 | }
167 |
168 | private let buffer: ManagedBuffer<State, Lock.Primitive>
| `- error: 'Primitive' is not a member type of struct 'AsyncAlgorithms.Lock'
169 |
170 | init(_ initial: State) {
/host/spi-builder-workspace/Sources/AsyncAlgorithms/Locking.swift:164:7: error: type of expression is ambiguous without a type annotation
162 | private final class LockedBuffer: ManagedBuffer<State, Lock.Primitive> {
163 | deinit {
164 | withUnsafeMutablePointerToElements { Lock.deinitialize($0) }
| `- error: type of expression is ambiguous without a type annotation
165 | }
166 | }
/host/spi-builder-workspace/Sources/AsyncAlgorithms/Locking.swift:171:12: error: type of expression is ambiguous without a type annotation
169 |
170 | init(_ initial: State) {
171 | buffer = LockedBuffer.create(minimumCapacity: 1) { buffer in
| `- error: type of expression is ambiguous without a type annotation
172 | buffer.withUnsafeMutablePointerToElements { Lock.initialize($0) }
173 | return initial
[235/242] Compiling AsyncAlgorithms Locking.swift
/host/spi-builder-workspace/Sources/AsyncAlgorithms/Locking.swift:50:49: error: cannot find type 'Primitive' in scope
48 | #endif
49 |
50 | typealias PlatformLock = UnsafeMutablePointer<Primitive>
| `- error: cannot find type 'Primitive' in scope
51 | let platformLock: PlatformLock
52 |
/host/spi-builder-workspace/Sources/AsyncAlgorithms/Locking.swift:162:63: error: 'Primitive' is not a member type of struct 'AsyncAlgorithms.Lock'
31 | #endif
32 |
33 | internal struct Lock {
| `- note: 'Lock' declared here
34 | #if canImport(Darwin)
35 | typealias Primitive = os_unfair_lock
:
160 |
161 | struct ManagedCriticalState<State> {
162 | private final class LockedBuffer: ManagedBuffer<State, Lock.Primitive> {
| `- error: 'Primitive' is not a member type of struct 'AsyncAlgorithms.Lock'
163 | deinit {
164 | withUnsafeMutablePointerToElements { Lock.deinitialize($0) }
/host/spi-builder-workspace/Sources/AsyncAlgorithms/Locking.swift:168:49: error: 'Primitive' is not a member type of struct 'AsyncAlgorithms.Lock'
31 | #endif
32 |
33 | internal struct Lock {
| `- note: 'Lock' declared here
34 | #if canImport(Darwin)
35 | typealias Primitive = os_unfair_lock
:
166 | }
167 |
168 | private let buffer: ManagedBuffer<State, Lock.Primitive>
| `- error: 'Primitive' is not a member type of struct 'AsyncAlgorithms.Lock'
169 |
170 | init(_ initial: State) {
/host/spi-builder-workspace/Sources/AsyncAlgorithms/Locking.swift:164:7: error: type of expression is ambiguous without a type annotation
162 | private final class LockedBuffer: ManagedBuffer<State, Lock.Primitive> {
163 | deinit {
164 | withUnsafeMutablePointerToElements { Lock.deinitialize($0) }
| `- error: type of expression is ambiguous without a type annotation
165 | }
166 | }
/host/spi-builder-workspace/Sources/AsyncAlgorithms/Locking.swift:171:12: error: type of expression is ambiguous without a type annotation
169 |
170 | init(_ initial: State) {
171 | buffer = LockedBuffer.create(minimumCapacity: 1) { buffer in
| `- error: type of expression is ambiguous without a type annotation
172 | buffer.withUnsafeMutablePointerToElements { Lock.initialize($0) }
173 | return initial
[236/242] Compiling AsyncAlgorithms Rethrow.swift
/host/spi-builder-workspace/Sources/AsyncAlgorithms/Locking.swift:168:49: error: 'Primitive' is not a member type of struct 'AsyncAlgorithms.Lock'
31 | #endif
32 |
33 | internal struct Lock {
| `- note: 'Lock' declared here
34 | #if canImport(Darwin)
35 | typealias Primitive = os_unfair_lock
:
166 | }
167 |
168 | private let buffer: ManagedBuffer<State, Lock.Primitive>
| `- error: 'Primitive' is not a member type of struct 'AsyncAlgorithms.Lock'
169 |
170 | init(_ initial: State) {
[237/242] Compiling AsyncAlgorithms SetAlgebra.swift
/host/spi-builder-workspace/Sources/AsyncAlgorithms/Locking.swift:168:49: error: 'Primitive' is not a member type of struct 'AsyncAlgorithms.Lock'
31 | #endif
32 |
33 | internal struct Lock {
| `- note: 'Lock' declared here
34 | #if canImport(Darwin)
35 | typealias Primitive = os_unfair_lock
:
166 | }
167 |
168 | private let buffer: ManagedBuffer<State, Lock.Primitive>
| `- error: 'Primitive' is not a member type of struct 'AsyncAlgorithms.Lock'
169 |
170 | init(_ initial: State) {
[238/242] Compiling AsyncAlgorithms UnsafeTransfer.swift
/host/spi-builder-workspace/Sources/AsyncAlgorithms/Locking.swift:168:49: error: 'Primitive' is not a member type of struct 'AsyncAlgorithms.Lock'
31 | #endif
32 |
33 | internal struct Lock {
| `- note: 'Lock' declared here
34 | #if canImport(Darwin)
35 | typealias Primitive = os_unfair_lock
:
166 | }
167 |
168 | private let buffer: ManagedBuffer<State, Lock.Primitive>
| `- error: 'Primitive' is not a member type of struct 'AsyncAlgorithms.Lock'
169 |
170 | init(_ initial: State) {
[239/242] Compiling AsyncAlgorithms AsyncZip2Sequence.swift
/host/spi-builder-workspace/Sources/AsyncAlgorithms/Locking.swift:168:49: error: 'Primitive' is not a member type of struct 'AsyncAlgorithms.Lock'
31 | #endif
32 |
33 | internal struct Lock {
| `- note: 'Lock' declared here
34 | #if canImport(Darwin)
35 | typealias Primitive = os_unfair_lock
:
166 | }
167 |
168 | private let buffer: ManagedBuffer<State, Lock.Primitive>
| `- error: 'Primitive' is not a member type of struct 'AsyncAlgorithms.Lock'
169 |
170 | init(_ initial: State) {
[240/242] Compiling AsyncAlgorithms AsyncZip3Sequence.swift
/host/spi-builder-workspace/Sources/AsyncAlgorithms/Locking.swift:168:49: error: 'Primitive' is not a member type of struct 'AsyncAlgorithms.Lock'
31 | #endif
32 |
33 | internal struct Lock {
| `- note: 'Lock' declared here
34 | #if canImport(Darwin)
35 | typealias Primitive = os_unfair_lock
:
166 | }
167 |
168 | private let buffer: ManagedBuffer<State, Lock.Primitive>
| `- error: 'Primitive' is not a member type of struct 'AsyncAlgorithms.Lock'
169 |
170 | init(_ initial: State) {
[241/242] Compiling AsyncAlgorithms ZipStateMachine.swift
/host/spi-builder-workspace/Sources/AsyncAlgorithms/Locking.swift:168:49: error: 'Primitive' is not a member type of struct 'AsyncAlgorithms.Lock'
31 | #endif
32 |
33 | internal struct Lock {
| `- note: 'Lock' declared here
34 | #if canImport(Darwin)
35 | typealias Primitive = os_unfair_lock
:
166 | }
167 |
168 | private let buffer: ManagedBuffer<State, Lock.Primitive>
| `- error: 'Primitive' is not a member type of struct 'AsyncAlgorithms.Lock'
169 |
170 | init(_ initial: State) {
[242/242] Compiling AsyncAlgorithms ZipStorage.swift
/host/spi-builder-workspace/Sources/AsyncAlgorithms/Locking.swift:168:49: error: 'Primitive' is not a member type of struct 'AsyncAlgorithms.Lock'
31 | #endif
32 |
33 | internal struct Lock {
| `- note: 'Lock' declared here
34 | #if canImport(Darwin)
35 | typealias Primitive = os_unfair_lock
:
166 | }
167 |
168 | private let buffer: ManagedBuffer<State, Lock.Primitive>
| `- error: 'Primitive' is not a member type of struct 'AsyncAlgorithms.Lock'
169 |
170 | init(_ initial: State) {
Running build ...
bash -c docker run --pull=always --rm -v "checkouts-54344844-2":/host -w "$PWD" -e JAVA_HOME="/root/.sdkman/candidates/java/current" -e SPI_BUILD="1" -e SPI_PROCESSING="1" registry.gitlab.com/saguaro1/spi-images:wasm-6.1-latest swift build --swift-sdk wasm32-unknown-wasi 2>&1
wasm-6.1-latest: Pulling from saguaro1/spi-images
Digest: sha256:beceeede496da67681f4fa220a6b97cc098a0178841a413735f598dc6bbaf4c8
Status: Image is up to date for registry.gitlab.com/saguaro1/spi-images:wasm-6.1-latest
[0/1] Planning build
Building for debugging...
[0/1] Write swift-version-24593BA9C3E375BF.txt
[2/19] Compiling InternalCollectionsUtilities UnsafeMutableRawBufferPointer+Extras.swift
[3/19] Compiling InternalCollectionsUtilities UnsafeRawBufferPointer+Extras.swift
[4/21] Compiling InternalCollectionsUtilities _SortedCollection.swift
[5/21] Compiling InternalCollectionsUtilities _UniqueCollection.swift
[6/21] Compiling InternalCollectionsUtilities UnsafeBufferPointer+Extras.swift
[7/21] Compiling InternalCollectionsUtilities UnsafeMutableBufferPointer+Extras.swift
[8/21] Compiling InternalCollectionsUtilities Integer rank.swift
[9/21] Compiling InternalCollectionsUtilities UInt+first and last set bit.swift
[10/21] Compiling InternalCollectionsUtilities UInt+reversed.swift
[11/21] Emitting module InternalCollectionsUtilities
[12/21] Compiling InternalCollectionsUtilities String+Padding.swift
[13/21] Compiling InternalCollectionsUtilities _UnsafeBitSet+Index.swift
[14/21] Compiling InternalCollectionsUtilities LifetimeOverride.swift
[15/21] Compiling InternalCollectionsUtilities RandomAccessCollection+Offsets.swift
[16/21] Compiling InternalCollectionsUtilities Span+Extras.swift
[17/21] Compiling InternalCollectionsUtilities Debugging.swift
[18/21] Compiling InternalCollectionsUtilities Descriptions.swift
[19/21] Compiling InternalCollectionsUtilities FixedWidthInteger+roundUpToPowerOfTwo.swift
[20/21] Compiling InternalCollectionsUtilities _UnsafeBitSet+_Word.swift
[21/21] Compiling InternalCollectionsUtilities _UnsafeBitSet.swift
[23/115] Emitting module ContainersPreview
[24/119] Compiling OrderedCollections OrderedSet+Partial RangeReplaceableCollection.swift
[25/119] Compiling OrderedCollections OrderedSet+Partial SetAlgebra formIntersection.swift
[26/119] Compiling OrderedCollections OrderedDictionary+Hashable.swift
[27/119] Compiling OrderedCollections OrderedDictionary+Initializers.swift
[28/119] Compiling OrderedCollections OrderedDictionary+Invariants.swift
[29/119] Compiling OrderedCollections _HashTable+Testing.swift
[30/119] Compiling OrderedCollections _HashTable+UnsafeHandle.swift
[31/119] Compiling OrderedCollections _HashTable.swift
[32/119] Compiling OrderedCollections _Hashtable+Header.swift
[33/119] Compiling OrderedCollections OrderedSet+Hashable.swift
[34/119] Compiling OrderedCollections OrderedSet+Initializers.swift
[35/119] Compiling OrderedCollections OrderedSet+Insertions.swift
[36/119] Compiling OrderedCollections OrderedSet+Invariants.swift
[37/119] Compiling OrderedCollections OrderedSet+Move.swift
[38/119] Compiling OrderedCollections OrderedSet+Partial MutableCollection.swift
[39/119] Compiling OrderedCollections OrderedDictionary+Codable.swift
[40/119] Compiling OrderedCollections OrderedDictionary+CustomReflectable.swift
[41/119] Compiling OrderedCollections OrderedDictionary+Deprecations.swift
[42/119] Compiling OrderedCollections OrderedDictionary+Descriptions.swift
[43/119] Compiling OrderedCollections OrderedDictionary+Elements.SubSequence.swift
[44/119] Compiling OrderedCollections OrderedSet+ExpressibleByArrayLiteral.swift
[45/119] Compiling OrderedCollections _HashTable+Bucket.swift
[46/119] Compiling OrderedCollections _HashTable+BucketIterator.swift
[47/119] Compiling OrderedCollections _HashTable+Constants.swift
[48/119] Compiling OrderedCollections _HashTable+CustomStringConvertible.swift
[49/119] Compiling OrderedCollections OrderedDictionary+Elements.swift
[50/119] Compiling OrderedCollections OrderedDictionary+Equatable.swift
[51/119] Compiling OrderedCollections OrderedDictionary+ExpressibleByDictionaryLiteral.swift
[52/119] Compiling OrderedCollections OrderedDictionary+Values.swift
[53/119] Compiling OrderedCollections OrderedDictionary.swift
[54/119] Compiling OrderedCollections OrderedSet+Codable.swift
[55/119] Compiling OrderedCollections OrderedSet+CustomReflectable.swift
[56/119] Compiling OrderedCollections OrderedSet+Descriptions.swift
[57/119] Compiling OrderedCollections OrderedSet+Diffing.swift
[58/119] Compiling OrderedCollections OrderedSet+Equatable.swift
[59/119] Compiling ContainersPreview Ref.swift
[60/119] Compiling ContainersPreview Shared.swift
[61/119] Compiling ContainersPreview SpanIterator.swift
[62/119] Compiling ContainersPreview UniqueBox.swift
[64/120] Compiling OrderedCollections OrderedSet+Partial SetAlgebra isSuperset.swift
[65/120] Compiling OrderedCollections OrderedSet+Partial SetAlgebra subtract.swift
[66/120] Compiling OrderedCollections OrderedSet+Partial SetAlgebra subtracting.swift
[67/120] Compiling OrderedCollections OrderedSet+Partial SetAlgebra symmetricDifference.swift
[68/120] Compiling OrderedCollections OrderedSet+Partial SetAlgebra union.swift
[69/120] Compiling OrderedCollections OrderedSet+Partial SetAlgebra+Basics.swift
[70/120] Compiling OrderedCollections OrderedSet+RandomAccessCollection.swift
[71/120] Compiling OrderedCollections OrderedSet+ReserveCapacity.swift
[72/120] Compiling OrderedCollections OrderedSet+Partial SetAlgebra formSymmetricDifference.swift
[73/120] Compiling OrderedCollections OrderedSet+Partial SetAlgebra formUnion.swift
[74/120] Compiling OrderedCollections OrderedSet+Partial SetAlgebra intersection.swift
[75/120] Compiling OrderedCollections OrderedSet+Partial SetAlgebra isDisjoint.swift
[76/120] Compiling OrderedCollections OrderedSet+Partial SetAlgebra isEqualSet.swift
[77/120] Compiling OrderedCollections OrderedSet+Partial SetAlgebra isStrictSubset.swift
[78/120] Compiling OrderedCollections OrderedSet+Partial SetAlgebra isStrictSuperset.swift
[79/120] Compiling OrderedCollections OrderedSet+Partial SetAlgebra isSubset.swift
[80/168] Compiling DequeModule RigidDeque+Removals.swift
[81/168] Compiling DequeModule RigidDeque+Replacements.swift
[82/168] Compiling DequeModule RigidDeque+Testing.swift
[83/168] Compiling DequeModule RigidDeque.swift
[84/168] Compiling DequeModule UniqueDeque+Append.swift
[85/168] Compiling DequeModule UniqueDeque+Consumption.swift
[86/173] Compiling DequeModule UniqueDeque+Container.swift
[87/173] Compiling DequeModule UniqueDeque+Deprecated.swift
[88/173] Compiling DequeModule UniqueDeque+Descriptions.swift
[89/173] Compiling DequeModule UniqueDeque+Equatable.swift
[90/173] Compiling DequeModule UniqueDeque+Experimental.swift
[91/173] Compiling DequeModule UniqueDeque+Hashable.swift
[92/173] Compiling DequeModule UniqueDeque+Initializers.swift
[93/173] Compiling DequeModule UniqueDeque+Insertions.swift
[94/173] Compiling DequeModule UniqueDeque+Prepend.swift
[95/173] Compiling DequeModule UniqueDeque+Removals.swift
[96/173] Compiling DequeModule Deque+Codable.swift
[97/173] Compiling DequeModule Deque+Collection.swift
[98/173] Compiling DequeModule Deque+CustomReflectable.swift
[99/173] Compiling DequeModule Deque+Descriptions.swift
[100/173] Compiling DequeModule Deque+Equatable.swift
[101/173] Compiling DequeModule Deque+ExpressibleByArrayLiteral.swift
[102/173] Compiling DequeModule Deque+Extras.swift
[103/173] Compiling DequeModule Deque+Hashable.swift
[104/173] Compiling DequeModule Deque+Testing.swift
[105/173] Compiling DequeModule Deque._Storage.swift
[106/173] Compiling DequeModule Deque._UnsafeHandle.swift
[107/173] Compiling DequeModule Deque.swift
[116/173] Compiling DequeModule _DequeBuffer.swift
[117/173] Compiling DequeModule _DequeBufferHeader.swift
[118/173] Compiling DequeModule RigidDeque+Append.swift
[119/173] Compiling DequeModule RigidDeque+Consumption.swift
[120/173] Compiling DequeModule RigidDeque+Container.swift
[121/173] Compiling DequeModule RigidDeque+Descriptions.swift
[129/173] Compiling DequeModule RigidDeque+Equatable.swift
[130/173] Compiling DequeModule RigidDeque+Experimental.swift
[131/173] Compiling DequeModule RigidDeque+Hashable.swift
[132/173] Compiling DequeModule RigidDeque+Initializers.swift
[133/173] Compiling DequeModule RigidDeque+Insertions.swift
[134/173] Compiling DequeModule RigidDeque+Prepend.swift
[136/173] Compiling OrderedCollections OrderedSet+Sendable.swift
[137/173] Compiling OrderedCollections OrderedSet+SubSequence.swift
[138/173] Compiling OrderedCollections OrderedSet+Testing.swift
[139/173] Compiling OrderedCollections OrderedSet+UnorderedView.swift
[140/173] Compiling OrderedCollections OrderedSet+UnstableInternals.swift
[141/173] Compiling OrderedCollections OrderedSet.swift
[142/173] Compiling OrderedCollections _UnsafeBitset.swift
[167/173] Emitting module OrderedCollections
[169/174] Emitting module DequeModule
[170/174] Compiling DequeModule UniqueDeque+Replacements.swift
[171/174] Compiling DequeModule UniqueDeque.swift
[172/174] Compiling DequeModule _DequeSlot.swift
[173/174] Compiling DequeModule _UnsafeDequeHandle.swift
[174/174] Compiling DequeModule _UnsafeDequeSegments.swift
error: emit-module command failed with exit code 1 (use -v to see invocation)
[176/228] Emitting module AsyncAlgorithms
/host/spi-builder-workspace/Sources/AsyncAlgorithms/Locking.swift:168:49: error: 'Primitive' is not a member type of struct 'AsyncAlgorithms.Lock'
31 | #endif
32 |
33 | internal struct Lock {
| `- note: 'Lock' declared here
34 | #if canImport(Darwin)
35 | typealias Primitive = os_unfair_lock
:
166 | }
167 |
168 | private let buffer: ManagedBuffer<State, Lock.Primitive>
| `- error: 'Primitive' is not a member type of struct 'AsyncAlgorithms.Lock'
169 |
170 | init(_ initial: State) {
/host/spi-builder-workspace/Sources/AsyncAlgorithms/Locking.swift:50:49: error: cannot find type 'Primitive' in scope
48 | #endif
49 |
50 | typealias PlatformLock = UnsafeMutablePointer<Primitive>
| `- error: cannot find type 'Primitive' in scope
51 | let platformLock: PlatformLock
52 |
/host/spi-builder-workspace/Sources/AsyncAlgorithms/Locking.swift:162:63: error: 'Primitive' is not a member type of struct 'AsyncAlgorithms.Lock'
31 | #endif
32 |
33 | internal struct Lock {
| `- note: 'Lock' declared here
34 | #if canImport(Darwin)
35 | typealias Primitive = os_unfair_lock
:
160 |
161 | struct ManagedCriticalState<State> {
162 | private final class LockedBuffer: ManagedBuffer<State, Lock.Primitive> {
| `- error: 'Primitive' is not a member type of struct 'AsyncAlgorithms.Lock'
163 | deinit {
164 | withUnsafeMutablePointerToElements { Lock.deinitialize($0) }
[177/235] Compiling AsyncAlgorithms AsyncFlatMapLatestSequence.swift
/host/spi-builder-workspace/Sources/AsyncAlgorithms/Locking.swift:50:49: error: cannot find type 'Primitive' in scope
48 | #endif
49 |
50 | typealias PlatformLock = UnsafeMutablePointer<Primitive>
| `- error: cannot find type 'Primitive' in scope
51 | let platformLock: PlatformLock
52 |
/host/spi-builder-workspace/Sources/AsyncAlgorithms/Locking.swift:162:63: error: 'Primitive' is not a member type of struct 'AsyncAlgorithms.Lock'
31 | #endif
32 |
33 | internal struct Lock {
| `- note: 'Lock' declared here
34 | #if canImport(Darwin)
35 | typealias Primitive = os_unfair_lock
:
160 |
161 | struct ManagedCriticalState<State> {
162 | private final class LockedBuffer: ManagedBuffer<State, Lock.Primitive> {
| `- error: 'Primitive' is not a member type of struct 'AsyncAlgorithms.Lock'
163 | deinit {
164 | withUnsafeMutablePointerToElements { Lock.deinitialize($0) }
/host/spi-builder-workspace/Sources/AsyncAlgorithms/Locking.swift:168:49: error: 'Primitive' is not a member type of struct 'AsyncAlgorithms.Lock'
31 | #endif
32 |
33 | internal struct Lock {
| `- note: 'Lock' declared here
34 | #if canImport(Darwin)
35 | typealias Primitive = os_unfair_lock
:
166 | }
167 |
168 | private let buffer: ManagedBuffer<State, Lock.Primitive>
| `- error: 'Primitive' is not a member type of struct 'AsyncAlgorithms.Lock'
169 |
170 | init(_ initial: State) {
/host/spi-builder-workspace/Sources/AsyncAlgorithms/Locking.swift:164:7: error: type of expression is ambiguous without a type annotation
162 | private final class LockedBuffer: ManagedBuffer<State, Lock.Primitive> {
163 | deinit {
164 | withUnsafeMutablePointerToElements { Lock.deinitialize($0) }
| `- error: type of expression is ambiguous without a type annotation
165 | }
166 | }
/host/spi-builder-workspace/Sources/AsyncAlgorithms/Locking.swift:171:12: error: type of expression is ambiguous without a type annotation
169 |
170 | init(_ initial: State) {
171 | buffer = LockedBuffer.create(minimumCapacity: 1) { buffer in
| `- error: type of expression is ambiguous without a type annotation
172 | buffer.withUnsafeMutablePointerToElements { Lock.initialize($0) }
173 | return initial
[178/235] Compiling AsyncAlgorithms FlatMapLatestStateMachine.swift
/host/spi-builder-workspace/Sources/AsyncAlgorithms/Locking.swift:50:49: error: cannot find type 'Primitive' in scope
48 | #endif
49 |
50 | typealias PlatformLock = UnsafeMutablePointer<Primitive>
| `- error: cannot find type 'Primitive' in scope
51 | let platformLock: PlatformLock
52 |
/host/spi-builder-workspace/Sources/AsyncAlgorithms/Locking.swift:162:63: error: 'Primitive' is not a member type of struct 'AsyncAlgorithms.Lock'
31 | #endif
32 |
33 | internal struct Lock {
| `- note: 'Lock' declared here
34 | #if canImport(Darwin)
35 | typealias Primitive = os_unfair_lock
:
160 |
161 | struct ManagedCriticalState<State> {
162 | private final class LockedBuffer: ManagedBuffer<State, Lock.Primitive> {
| `- error: 'Primitive' is not a member type of struct 'AsyncAlgorithms.Lock'
163 | deinit {
164 | withUnsafeMutablePointerToElements { Lock.deinitialize($0) }
/host/spi-builder-workspace/Sources/AsyncAlgorithms/Locking.swift:168:49: error: 'Primitive' is not a member type of struct 'AsyncAlgorithms.Lock'
31 | #endif
32 |
33 | internal struct Lock {
| `- note: 'Lock' declared here
34 | #if canImport(Darwin)
35 | typealias Primitive = os_unfair_lock
:
166 | }
167 |
168 | private let buffer: ManagedBuffer<State, Lock.Primitive>
| `- error: 'Primitive' is not a member type of struct 'AsyncAlgorithms.Lock'
169 |
170 | init(_ initial: State) {
/host/spi-builder-workspace/Sources/AsyncAlgorithms/Locking.swift:164:7: error: type of expression is ambiguous without a type annotation
162 | private final class LockedBuffer: ManagedBuffer<State, Lock.Primitive> {
163 | deinit {
164 | withUnsafeMutablePointerToElements { Lock.deinitialize($0) }
| `- error: type of expression is ambiguous without a type annotation
165 | }
166 | }
/host/spi-builder-workspace/Sources/AsyncAlgorithms/Locking.swift:171:12: error: type of expression is ambiguous without a type annotation
169 |
170 | init(_ initial: State) {
171 | buffer = LockedBuffer.create(minimumCapacity: 1) { buffer in
| `- error: type of expression is ambiguous without a type annotation
172 | buffer.withUnsafeMutablePointerToElements { Lock.initialize($0) }
173 | return initial
[179/235] Compiling AsyncAlgorithms FlatMapLatestStorage.swift
/host/spi-builder-workspace/Sources/AsyncAlgorithms/Locking.swift:50:49: error: cannot find type 'Primitive' in scope
48 | #endif
49 |
50 | typealias PlatformLock = UnsafeMutablePointer<Primitive>
| `- error: cannot find type 'Primitive' in scope
51 | let platformLock: PlatformLock
52 |
/host/spi-builder-workspace/Sources/AsyncAlgorithms/Locking.swift:162:63: error: 'Primitive' is not a member type of struct 'AsyncAlgorithms.Lock'
31 | #endif
32 |
33 | internal struct Lock {
| `- note: 'Lock' declared here
34 | #if canImport(Darwin)
35 | typealias Primitive = os_unfair_lock
:
160 |
161 | struct ManagedCriticalState<State> {
162 | private final class LockedBuffer: ManagedBuffer<State, Lock.Primitive> {
| `- error: 'Primitive' is not a member type of struct 'AsyncAlgorithms.Lock'
163 | deinit {
164 | withUnsafeMutablePointerToElements { Lock.deinitialize($0) }
/host/spi-builder-workspace/Sources/AsyncAlgorithms/Locking.swift:168:49: error: 'Primitive' is not a member type of struct 'AsyncAlgorithms.Lock'
31 | #endif
32 |
33 | internal struct Lock {
| `- note: 'Lock' declared here
34 | #if canImport(Darwin)
35 | typealias Primitive = os_unfair_lock
:
166 | }
167 |
168 | private let buffer: ManagedBuffer<State, Lock.Primitive>
| `- error: 'Primitive' is not a member type of struct 'AsyncAlgorithms.Lock'
169 |
170 | init(_ initial: State) {
/host/spi-builder-workspace/Sources/AsyncAlgorithms/Locking.swift:164:7: error: type of expression is ambiguous without a type annotation
162 | private final class LockedBuffer: ManagedBuffer<State, Lock.Primitive> {
163 | deinit {
164 | withUnsafeMutablePointerToElements { Lock.deinitialize($0) }
| `- error: type of expression is ambiguous without a type annotation
165 | }
166 | }
/host/spi-builder-workspace/Sources/AsyncAlgorithms/Locking.swift:171:12: error: type of expression is ambiguous without a type annotation
169 |
170 | init(_ initial: State) {
171 | buffer = LockedBuffer.create(minimumCapacity: 1) { buffer in
| `- error: type of expression is ambiguous without a type annotation
172 | buffer.withUnsafeMutablePointerToElements { Lock.initialize($0) }
173 | return initial
[180/235] Compiling AsyncAlgorithms Disconnected.swift
/host/spi-builder-workspace/Sources/AsyncAlgorithms/Locking.swift:50:49: error: cannot find type 'Primitive' in scope
48 | #endif
49 |
50 | typealias PlatformLock = UnsafeMutablePointer<Primitive>
| `- error: cannot find type 'Primitive' in scope
51 | let platformLock: PlatformLock
52 |
/host/spi-builder-workspace/Sources/AsyncAlgorithms/Locking.swift:162:63: error: 'Primitive' is not a member type of struct 'AsyncAlgorithms.Lock'
31 | #endif
32 |
33 | internal struct Lock {
| `- note: 'Lock' declared here
34 | #if canImport(Darwin)
35 | typealias Primitive = os_unfair_lock
:
160 |
161 | struct ManagedCriticalState<State> {
162 | private final class LockedBuffer: ManagedBuffer<State, Lock.Primitive> {
| `- error: 'Primitive' is not a member type of struct 'AsyncAlgorithms.Lock'
163 | deinit {
164 | withUnsafeMutablePointerToElements { Lock.deinitialize($0) }
/host/spi-builder-workspace/Sources/AsyncAlgorithms/Locking.swift:168:49: error: 'Primitive' is not a member type of struct 'AsyncAlgorithms.Lock'
31 | #endif
32 |
33 | internal struct Lock {
| `- note: 'Lock' declared here
34 | #if canImport(Darwin)
35 | typealias Primitive = os_unfair_lock
:
166 | }
167 |
168 | private let buffer: ManagedBuffer<State, Lock.Primitive>
| `- error: 'Primitive' is not a member type of struct 'AsyncAlgorithms.Lock'
169 |
170 | init(_ initial: State) {
/host/spi-builder-workspace/Sources/AsyncAlgorithms/Locking.swift:164:7: error: type of expression is ambiguous without a type annotation
162 | private final class LockedBuffer: ManagedBuffer<State, Lock.Primitive> {
163 | deinit {
164 | withUnsafeMutablePointerToElements { Lock.deinitialize($0) }
| `- error: type of expression is ambiguous without a type annotation
165 | }
166 | }
/host/spi-builder-workspace/Sources/AsyncAlgorithms/Locking.swift:171:12: error: type of expression is ambiguous without a type annotation
169 |
170 | init(_ initial: State) {
171 | buffer = LockedBuffer.create(minimumCapacity: 1) { buffer in
| `- error: type of expression is ambiguous without a type annotation
172 | buffer.withUnsafeMutablePointerToElements { Lock.initialize($0) }
173 | return initial
[181/235] Compiling AsyncAlgorithms _TinyArray.swift
/host/spi-builder-workspace/Sources/AsyncAlgorithms/Locking.swift:50:49: error: cannot find type 'Primitive' in scope
48 | #endif
49 |
50 | typealias PlatformLock = UnsafeMutablePointer<Primitive>
| `- error: cannot find type 'Primitive' in scope
51 | let platformLock: PlatformLock
52 |
/host/spi-builder-workspace/Sources/AsyncAlgorithms/Locking.swift:162:63: error: 'Primitive' is not a member type of struct 'AsyncAlgorithms.Lock'
31 | #endif
32 |
33 | internal struct Lock {
| `- note: 'Lock' declared here
34 | #if canImport(Darwin)
35 | typealias Primitive = os_unfair_lock
:
160 |
161 | struct ManagedCriticalState<State> {
162 | private final class LockedBuffer: ManagedBuffer<State, Lock.Primitive> {
| `- error: 'Primitive' is not a member type of struct 'AsyncAlgorithms.Lock'
163 | deinit {
164 | withUnsafeMutablePointerToElements { Lock.deinitialize($0) }
/host/spi-builder-workspace/Sources/AsyncAlgorithms/Locking.swift:168:49: error: 'Primitive' is not a member type of struct 'AsyncAlgorithms.Lock'
31 | #endif
32 |
33 | internal struct Lock {
| `- note: 'Lock' declared here
34 | #if canImport(Darwin)
35 | typealias Primitive = os_unfair_lock
:
166 | }
167 |
168 | private let buffer: ManagedBuffer<State, Lock.Primitive>
| `- error: 'Primitive' is not a member type of struct 'AsyncAlgorithms.Lock'
169 |
170 | init(_ initial: State) {
/host/spi-builder-workspace/Sources/AsyncAlgorithms/Locking.swift:164:7: error: type of expression is ambiguous without a type annotation
162 | private final class LockedBuffer: ManagedBuffer<State, Lock.Primitive> {
163 | deinit {
164 | withUnsafeMutablePointerToElements { Lock.deinitialize($0) }
| `- error: type of expression is ambiguous without a type annotation
165 | }
166 | }
/host/spi-builder-workspace/Sources/AsyncAlgorithms/Locking.swift:171:12: error: type of expression is ambiguous without a type annotation
169 |
170 | init(_ initial: State) {
171 | buffer = LockedBuffer.create(minimumCapacity: 1) { buffer in
| `- error: type of expression is ambiguous without a type annotation
172 | buffer.withUnsafeMutablePointerToElements { Lock.initialize($0) }
173 | return initial
[182/235] Compiling AsyncAlgorithms AsyncInterspersedSequence.swift
/host/spi-builder-workspace/Sources/AsyncAlgorithms/Locking.swift:50:49: error: cannot find type 'Primitive' in scope
48 | #endif
49 |
50 | typealias PlatformLock = UnsafeMutablePointer<Primitive>
| `- error: cannot find type 'Primitive' in scope
51 | let platformLock: PlatformLock
52 |
/host/spi-builder-workspace/Sources/AsyncAlgorithms/Locking.swift:162:63: error: 'Primitive' is not a member type of struct 'AsyncAlgorithms.Lock'
31 | #endif
32 |
33 | internal struct Lock {
| `- note: 'Lock' declared here
34 | #if canImport(Darwin)
35 | typealias Primitive = os_unfair_lock
:
160 |
161 | struct ManagedCriticalState<State> {
162 | private final class LockedBuffer: ManagedBuffer<State, Lock.Primitive> {
| `- error: 'Primitive' is not a member type of struct 'AsyncAlgorithms.Lock'
163 | deinit {
164 | withUnsafeMutablePointerToElements { Lock.deinitialize($0) }
/host/spi-builder-workspace/Sources/AsyncAlgorithms/Locking.swift:168:49: error: 'Primitive' is not a member type of struct 'AsyncAlgorithms.Lock'
31 | #endif
32 |
33 | internal struct Lock {
| `- note: 'Lock' declared here
34 | #if canImport(Darwin)
35 | typealias Primitive = os_unfair_lock
:
166 | }
167 |
168 | private let buffer: ManagedBuffer<State, Lock.Primitive>
| `- error: 'Primitive' is not a member type of struct 'AsyncAlgorithms.Lock'
169 |
170 | init(_ initial: State) {
/host/spi-builder-workspace/Sources/AsyncAlgorithms/Locking.swift:164:7: error: type of expression is ambiguous without a type annotation
162 | private final class LockedBuffer: ManagedBuffer<State, Lock.Primitive> {
163 | deinit {
164 | withUnsafeMutablePointerToElements { Lock.deinitialize($0) }
| `- error: type of expression is ambiguous without a type annotation
165 | }
166 | }
/host/spi-builder-workspace/Sources/AsyncAlgorithms/Locking.swift:171:12: error: type of expression is ambiguous without a type annotation
169 |
170 | init(_ initial: State) {
171 | buffer = LockedBuffer.create(minimumCapacity: 1) { buffer in
| `- error: type of expression is ambiguous without a type annotation
172 | buffer.withUnsafeMutablePointerToElements { Lock.initialize($0) }
173 | return initial
[183/235] Compiling AsyncAlgorithms Locking.swift
/host/spi-builder-workspace/Sources/AsyncAlgorithms/Locking.swift:50:49: error: cannot find type 'Primitive' in scope
48 | #endif
49 |
50 | typealias PlatformLock = UnsafeMutablePointer<Primitive>
| `- error: cannot find type 'Primitive' in scope
51 | let platformLock: PlatformLock
52 |
/host/spi-builder-workspace/Sources/AsyncAlgorithms/Locking.swift:162:63: error: 'Primitive' is not a member type of struct 'AsyncAlgorithms.Lock'
31 | #endif
32 |
33 | internal struct Lock {
| `- note: 'Lock' declared here
34 | #if canImport(Darwin)
35 | typealias Primitive = os_unfair_lock
:
160 |
161 | struct ManagedCriticalState<State> {
162 | private final class LockedBuffer: ManagedBuffer<State, Lock.Primitive> {
| `- error: 'Primitive' is not a member type of struct 'AsyncAlgorithms.Lock'
163 | deinit {
164 | withUnsafeMutablePointerToElements { Lock.deinitialize($0) }
/host/spi-builder-workspace/Sources/AsyncAlgorithms/Locking.swift:168:49: error: 'Primitive' is not a member type of struct 'AsyncAlgorithms.Lock'
31 | #endif
32 |
33 | internal struct Lock {
| `- note: 'Lock' declared here
34 | #if canImport(Darwin)
35 | typealias Primitive = os_unfair_lock
:
166 | }
167 |
168 | private let buffer: ManagedBuffer<State, Lock.Primitive>
| `- error: 'Primitive' is not a member type of struct 'AsyncAlgorithms.Lock'
169 |
170 | init(_ initial: State) {
/host/spi-builder-workspace/Sources/AsyncAlgorithms/Locking.swift:164:7: error: type of expression is ambiguous without a type annotation
162 | private final class LockedBuffer: ManagedBuffer<State, Lock.Primitive> {
163 | deinit {
164 | withUnsafeMutablePointerToElements { Lock.deinitialize($0) }
| `- error: type of expression is ambiguous without a type annotation
165 | }
166 | }
/host/spi-builder-workspace/Sources/AsyncAlgorithms/Locking.swift:171:12: error: type of expression is ambiguous without a type annotation
169 |
170 | init(_ initial: State) {
171 | buffer = LockedBuffer.create(minimumCapacity: 1) { buffer in
| `- error: type of expression is ambiguous without a type annotation
172 | buffer.withUnsafeMutablePointerToElements { Lock.initialize($0) }
173 | return initial
[184/235] Compiling AsyncAlgorithms UnboundedBufferStateMachine.swift
/host/spi-builder-workspace/Sources/AsyncAlgorithms/Locking.swift:168:49: error: 'Primitive' is not a member type of struct 'AsyncAlgorithms.Lock'
31 | #endif
32 |
33 | internal struct Lock {
| `- note: 'Lock' declared here
34 | #if canImport(Darwin)
35 | typealias Primitive = os_unfair_lock
:
166 | }
167 |
168 | private let buffer: ManagedBuffer<State, Lock.Primitive>
| `- error: 'Primitive' is not a member type of struct 'AsyncAlgorithms.Lock'
169 |
170 | init(_ initial: State) {
[185/235] Compiling AsyncAlgorithms UnboundedBufferStorage.swift
/host/spi-builder-workspace/Sources/AsyncAlgorithms/Locking.swift:168:49: error: 'Primitive' is not a member type of struct 'AsyncAlgorithms.Lock'
31 | #endif
32 |
33 | internal struct Lock {
| `- note: 'Lock' declared here
34 | #if canImport(Darwin)
35 | typealias Primitive = os_unfair_lock
:
166 | }
167 |
168 | private let buffer: ManagedBuffer<State, Lock.Primitive>
| `- error: 'Primitive' is not a member type of struct 'AsyncAlgorithms.Lock'
169 |
170 | init(_ initial: State) {
[186/235] Compiling AsyncAlgorithms AsyncChannel.swift
/host/spi-builder-workspace/Sources/AsyncAlgorithms/Locking.swift:168:49: error: 'Primitive' is not a member type of struct 'AsyncAlgorithms.Lock'
31 | #endif
32 |
33 | internal struct Lock {
| `- note: 'Lock' declared here
34 | #if canImport(Darwin)
35 | typealias Primitive = os_unfair_lock
:
166 | }
167 |
168 | private let buffer: ManagedBuffer<State, Lock.Primitive>
| `- error: 'Primitive' is not a member type of struct 'AsyncAlgorithms.Lock'
169 |
170 | init(_ initial: State) {
[187/235] Compiling AsyncAlgorithms AsyncThrowingChannel.swift
/host/spi-builder-workspace/Sources/AsyncAlgorithms/Locking.swift:168:49: error: 'Primitive' is not a member type of struct 'AsyncAlgorithms.Lock'
31 | #endif
32 |
33 | internal struct Lock {
| `- note: 'Lock' declared here
34 | #if canImport(Darwin)
35 | typealias Primitive = os_unfair_lock
:
166 | }
167 |
168 | private let buffer: ManagedBuffer<State, Lock.Primitive>
| `- error: 'Primitive' is not a member type of struct 'AsyncAlgorithms.Lock'
169 |
170 | init(_ initial: State) {
[188/235] Compiling AsyncAlgorithms ChannelStateMachine.swift
/host/spi-builder-workspace/Sources/AsyncAlgorithms/Locking.swift:168:49: error: 'Primitive' is not a member type of struct 'AsyncAlgorithms.Lock'
31 | #endif
32 |
33 | internal struct Lock {
| `- note: 'Lock' declared here
34 | #if canImport(Darwin)
35 | typealias Primitive = os_unfair_lock
:
166 | }
167 |
168 | private let buffer: ManagedBuffer<State, Lock.Primitive>
| `- error: 'Primitive' is not a member type of struct 'AsyncAlgorithms.Lock'
169 |
170 | init(_ initial: State) {
[189/235] Compiling AsyncAlgorithms ChannelStorage.swift
/host/spi-builder-workspace/Sources/AsyncAlgorithms/Locking.swift:168:49: error: 'Primitive' is not a member type of struct 'AsyncAlgorithms.Lock'
31 | #endif
32 |
33 | internal struct Lock {
| `- note: 'Lock' declared here
34 | #if canImport(Darwin)
35 | typealias Primitive = os_unfair_lock
:
166 | }
167 |
168 | private let buffer: ManagedBuffer<State, Lock.Primitive>
| `- error: 'Primitive' is not a member type of struct 'AsyncAlgorithms.Lock'
169 |
170 | init(_ initial: State) {
[190/235] Compiling AsyncAlgorithms AsyncCombineLatest2Sequence.swift
/host/spi-builder-workspace/Sources/AsyncAlgorithms/Locking.swift:168:49: error: 'Primitive' is not a member type of struct 'AsyncAlgorithms.Lock'
31 | #endif
32 |
33 | internal struct Lock {
| `- note: 'Lock' declared here
34 | #if canImport(Darwin)
35 | typealias Primitive = os_unfair_lock
:
166 | }
167 |
168 | private let buffer: ManagedBuffer<State, Lock.Primitive>
| `- error: 'Primitive' is not a member type of struct 'AsyncAlgorithms.Lock'
169 |
170 | init(_ initial: State) {
[191/235] Compiling AsyncAlgorithms AsyncMerge2Sequence.swift
/host/spi-builder-workspace/Sources/AsyncAlgorithms/Locking.swift:50:49: error: cannot find type 'Primitive' in scope
48 | #endif
49 |
50 | typealias PlatformLock = UnsafeMutablePointer<Primitive>
| `- error: cannot find type 'Primitive' in scope
51 | let platformLock: PlatformLock
52 |
[192/235] Compiling AsyncAlgorithms AsyncMerge3Sequence.swift
/host/spi-builder-workspace/Sources/AsyncAlgorithms/Locking.swift:50:49: error: cannot find type 'Primitive' in scope
48 | #endif
49 |
50 | typealias PlatformLock = UnsafeMutablePointer<Primitive>
| `- error: cannot find type 'Primitive' in scope
51 | let platformLock: PlatformLock
52 |
[193/235] Compiling AsyncAlgorithms MergeStateMachine.swift
/host/spi-builder-workspace/Sources/AsyncAlgorithms/Locking.swift:50:49: error: cannot find type 'Primitive' in scope
48 | #endif
49 |
50 | typealias PlatformLock = UnsafeMutablePointer<Primitive>
| `- error: cannot find type 'Primitive' in scope
51 | let platformLock: PlatformLock
52 |
[194/235] Compiling AsyncAlgorithms MergeStorage.swift
/host/spi-builder-workspace/Sources/AsyncAlgorithms/Locking.swift:50:49: error: cannot find type 'Primitive' in scope
48 | #endif
49 |
50 | typealias PlatformLock = UnsafeMutablePointer<Primitive>
| `- error: cannot find type 'Primitive' in scope
51 | let platformLock: PlatformLock
52 |
[195/235] Compiling AsyncAlgorithms MultiProducerSingleConsumerAsyncChannel+Internal.swift
/host/spi-builder-workspace/Sources/AsyncAlgorithms/Locking.swift:50:49: error: cannot find type 'Primitive' in scope
48 | #endif
49 |
50 | typealias PlatformLock = UnsafeMutablePointer<Primitive>
| `- error: cannot find type 'Primitive' in scope
51 | let platformLock: PlatformLock
52 |
[196/235] Compiling AsyncAlgorithms MultiProducerSingleConsumerAsyncChannel.swift
/host/spi-builder-workspace/Sources/AsyncAlgorithms/Locking.swift:50:49: error: cannot find type 'Primitive' in scope
48 | #endif
49 |
50 | typealias PlatformLock = UnsafeMutablePointer<Primitive>
| `- error: cannot find type 'Primitive' in scope
51 | let platformLock: PlatformLock
52 |
[197/235] Compiling AsyncAlgorithms RangeReplaceableCollection.swift
/host/spi-builder-workspace/Sources/AsyncAlgorithms/Locking.swift:50:49: error: cannot find type 'Primitive' in scope
48 | #endif
49 |
50 | typealias PlatformLock = UnsafeMutablePointer<Primitive>
| `- error: cannot find type 'Primitive' in scope
51 | let platformLock: PlatformLock
52 |
[198/235] Compiling AsyncAlgorithms AsyncAdjacentPairsSequence.swift
[199/235] Compiling AsyncAlgorithms AsyncBufferedByteIterator.swift
[200/235] Compiling AsyncAlgorithms AsyncChain2Sequence.swift
[201/235] Compiling AsyncAlgorithms AsyncChain3Sequence.swift
[202/235] Compiling AsyncAlgorithms AsyncChunkedByGroupSequence.swift
[203/235] Compiling AsyncAlgorithms AsyncChunkedOnProjectionSequence.swift
[204/235] Compiling AsyncAlgorithms AsyncChunksOfCountOrSignalSequence.swift
[205/235] Compiling AsyncAlgorithms AsyncChunksOfCountSequence.swift
[206/235] Compiling AsyncAlgorithms AsyncCombineLatest3Sequence.swift
/host/spi-builder-workspace/Sources/AsyncAlgorithms/Locking.swift:168:49: error: 'Primitive' is not a member type of struct 'AsyncAlgorithms.Lock'
31 | #endif
32 |
33 | internal struct Lock {
| `- note: 'Lock' declared here
34 | #if canImport(Darwin)
35 | typealias Primitive = os_unfair_lock
:
166 | }
167 |
168 | private let buffer: ManagedBuffer<State, Lock.Primitive>
| `- error: 'Primitive' is not a member type of struct 'AsyncAlgorithms.Lock'
169 |
170 | init(_ initial: State) {
[207/235] Compiling AsyncAlgorithms CombineLatestStateMachine.swift
/host/spi-builder-workspace/Sources/AsyncAlgorithms/Locking.swift:168:49: error: 'Primitive' is not a member type of struct 'AsyncAlgorithms.Lock'
31 | #endif
32 |
33 | internal struct Lock {
| `- note: 'Lock' declared here
34 | #if canImport(Darwin)
35 | typealias Primitive = os_unfair_lock
:
166 | }
167 |
168 | private let buffer: ManagedBuffer<State, Lock.Primitive>
| `- error: 'Primitive' is not a member type of struct 'AsyncAlgorithms.Lock'
169 |
170 | init(_ initial: State) {
[208/235] Compiling AsyncAlgorithms CombineLatestStorage.swift
/host/spi-builder-workspace/Sources/AsyncAlgorithms/Locking.swift:168:49: error: 'Primitive' is not a member type of struct 'AsyncAlgorithms.Lock'
31 | #endif
32 |
33 | internal struct Lock {
| `- note: 'Lock' declared here
34 | #if canImport(Darwin)
35 | typealias Primitive = os_unfair_lock
:
166 | }
167 |
168 | private let buffer: ManagedBuffer<State, Lock.Primitive>
| `- error: 'Primitive' is not a member type of struct 'AsyncAlgorithms.Lock'
169 |
170 | init(_ initial: State) {
[209/235] Compiling AsyncAlgorithms AsyncDebounceSequence.swift
/host/spi-builder-workspace/Sources/AsyncAlgorithms/Locking.swift:168:49: error: 'Primitive' is not a member type of struct 'AsyncAlgorithms.Lock'
31 | #endif
32 |
33 | internal struct Lock {
| `- note: 'Lock' declared here
34 | #if canImport(Darwin)
35 | typealias Primitive = os_unfair_lock
:
166 | }
167 |
168 | private let buffer: ManagedBuffer<State, Lock.Primitive>
| `- error: 'Primitive' is not a member type of struct 'AsyncAlgorithms.Lock'
169 |
170 | init(_ initial: State) {
[210/235] Compiling AsyncAlgorithms DebounceStateMachine.swift
/host/spi-builder-workspace/Sources/AsyncAlgorithms/Locking.swift:168:49: error: 'Primitive' is not a member type of struct 'AsyncAlgorithms.Lock'
31 | #endif
32 |
33 | internal struct Lock {
| `- note: 'Lock' declared here
34 | #if canImport(Darwin)
35 | typealias Primitive = os_unfair_lock
:
166 | }
167 |
168 | private let buffer: ManagedBuffer<State, Lock.Primitive>
| `- error: 'Primitive' is not a member type of struct 'AsyncAlgorithms.Lock'
169 |
170 | init(_ initial: State) {
[211/235] Compiling AsyncAlgorithms DebounceStorage.swift
/host/spi-builder-workspace/Sources/AsyncAlgorithms/Locking.swift:168:49: error: 'Primitive' is not a member type of struct 'AsyncAlgorithms.Lock'
31 | #endif
32 |
33 | internal struct Lock {
| `- note: 'Lock' declared here
34 | #if canImport(Darwin)
35 | typealias Primitive = os_unfair_lock
:
166 | }
167 |
168 | private let buffer: ManagedBuffer<State, Lock.Primitive>
| `- error: 'Primitive' is not a member type of struct 'AsyncAlgorithms.Lock'
169 |
170 | init(_ initial: State) {
[212/235] Compiling AsyncAlgorithms Dictionary.swift
/host/spi-builder-workspace/Sources/AsyncAlgorithms/Locking.swift:168:49: error: 'Primitive' is not a member type of struct 'AsyncAlgorithms.Lock'
31 | #endif
32 |
33 | internal struct Lock {
| `- note: 'Lock' declared here
34 | #if canImport(Darwin)
35 | typealias Primitive = os_unfair_lock
:
166 | }
167 |
168 | private let buffer: ManagedBuffer<State, Lock.Primitive>
| `- error: 'Primitive' is not a member type of struct 'AsyncAlgorithms.Lock'
169 |
170 | init(_ initial: State) {
[213/235] Compiling AsyncAlgorithms AsyncSyncSequence.swift
/host/spi-builder-workspace/Sources/AsyncAlgorithms/Locking.swift:168:49: error: 'Primitive' is not a member type of struct 'AsyncAlgorithms.Lock'
31 | #endif
32 |
33 | internal struct Lock {
| `- note: 'Lock' declared here
34 | #if canImport(Darwin)
35 | typealias Primitive = os_unfair_lock
:
166 | }
167 |
168 | private let buffer: ManagedBuffer<State, Lock.Primitive>
| `- error: 'Primitive' is not a member type of struct 'AsyncAlgorithms.Lock'
169 |
170 | init(_ initial: State) {
[214/235] Compiling AsyncAlgorithms AsyncThrottleSequence.swift
/host/spi-builder-workspace/Sources/AsyncAlgorithms/Locking.swift:168:49: error: 'Primitive' is not a member type of struct 'AsyncAlgorithms.Lock'
31 | #endif
32 |
33 | internal struct Lock {
| `- note: 'Lock' declared here
34 | #if canImport(Darwin)
35 | typealias Primitive = os_unfair_lock
:
166 | }
167 |
168 | private let buffer: ManagedBuffer<State, Lock.Primitive>
| `- error: 'Primitive' is not a member type of struct 'AsyncAlgorithms.Lock'
169 |
170 | init(_ initial: State) {
[215/235] Compiling AsyncAlgorithms AsyncThrowingExclusiveReductionsSequence.swift
/host/spi-builder-workspace/Sources/AsyncAlgorithms/Locking.swift:168:49: error: 'Primitive' is not a member type of struct 'AsyncAlgorithms.Lock'
31 | #endif
32 |
33 | internal struct Lock {
| `- note: 'Lock' declared here
34 | #if canImport(Darwin)
35 | typealias Primitive = os_unfair_lock
:
166 | }
167 |
168 | private let buffer: ManagedBuffer<State, Lock.Primitive>
| `- error: 'Primitive' is not a member type of struct 'AsyncAlgorithms.Lock'
169 |
170 | init(_ initial: State) {
[216/235] Compiling AsyncAlgorithms AsyncThrowingInclusiveReductionsSequence.swift
/host/spi-builder-workspace/Sources/AsyncAlgorithms/Locking.swift:168:49: error: 'Primitive' is not a member type of struct 'AsyncAlgorithms.Lock'
31 | #endif
32 |
33 | internal struct Lock {
| `- note: 'Lock' declared here
34 | #if canImport(Darwin)
35 | typealias Primitive = os_unfair_lock
:
166 | }
167 |
168 | private let buffer: ManagedBuffer<State, Lock.Primitive>
| `- error: 'Primitive' is not a member type of struct 'AsyncAlgorithms.Lock'
169 |
170 | init(_ initial: State) {
[217/235] Compiling AsyncAlgorithms AsyncTimerSequence.swift
/host/spi-builder-workspace/Sources/AsyncAlgorithms/Locking.swift:168:49: error: 'Primitive' is not a member type of struct 'AsyncAlgorithms.Lock'
31 | #endif
32 |
33 | internal struct Lock {
| `- note: 'Lock' declared here
34 | #if canImport(Darwin)
35 | typealias Primitive = os_unfair_lock
:
166 | }
167 |
168 | private let buffer: ManagedBuffer<State, Lock.Primitive>
| `- error: 'Primitive' is not a member type of struct 'AsyncAlgorithms.Lock'
169 |
170 | init(_ initial: State) {
[218/235] Compiling AsyncAlgorithms AsyncBufferSequence.swift
/host/spi-builder-workspace/Sources/AsyncAlgorithms/Locking.swift:168:49: error: 'Primitive' is not a member type of struct 'AsyncAlgorithms.Lock'
31 | #endif
32 |
33 | internal struct Lock {
| `- note: 'Lock' declared here
34 | #if canImport(Darwin)
35 | typealias Primitive = os_unfair_lock
:
166 | }
167 |
168 | private let buffer: ManagedBuffer<State, Lock.Primitive>
| `- error: 'Primitive' is not a member type of struct 'AsyncAlgorithms.Lock'
169 |
170 | init(_ initial: State) {
[219/235] Compiling AsyncAlgorithms BoundedBufferStateMachine.swift
/host/spi-builder-workspace/Sources/AsyncAlgorithms/Locking.swift:168:49: error: 'Primitive' is not a member type of struct 'AsyncAlgorithms.Lock'
31 | #endif
32 |
33 | internal struct Lock {
| `- note: 'Lock' declared here
34 | #if canImport(Darwin)
35 | typealias Primitive = os_unfair_lock
:
166 | }
167 |
168 | private let buffer: ManagedBuffer<State, Lock.Primitive>
| `- error: 'Primitive' is not a member type of struct 'AsyncAlgorithms.Lock'
169 |
170 | init(_ initial: State) {
[220/235] Compiling AsyncAlgorithms BoundedBufferStorage.swift
/host/spi-builder-workspace/Sources/AsyncAlgorithms/Locking.swift:168:49: error: 'Primitive' is not a member type of struct 'AsyncAlgorithms.Lock'
31 | #endif
32 |
33 | internal struct Lock {
| `- note: 'Lock' declared here
34 | #if canImport(Darwin)
35 | typealias Primitive = os_unfair_lock
:
166 | }
167 |
168 | private let buffer: ManagedBuffer<State, Lock.Primitive>
| `- error: 'Primitive' is not a member type of struct 'AsyncAlgorithms.Lock'
169 |
170 | init(_ initial: State) {
[221/235] Compiling AsyncAlgorithms AsyncCompactedSequence.swift
[222/235] Compiling AsyncAlgorithms AsyncExclusiveReductionsSequence.swift
[223/235] Compiling AsyncAlgorithms AsyncInclusiveReductionsSequence.swift
[224/235] Compiling AsyncAlgorithms AsyncJoinedBySeparatorSequence.swift
[225/235] Compiling AsyncAlgorithms AsyncJoinedSequence.swift
[226/235] Compiling AsyncAlgorithms AsyncMapErrorSequence.swift
[227/235] Compiling AsyncAlgorithms AsyncRemoveDuplicatesSequence.swift
[228/235] Compiling AsyncAlgorithms AsyncShareSequence.swift
[229/235] Compiling AsyncAlgorithms Rethrow.swift
/host/spi-builder-workspace/Sources/AsyncAlgorithms/Locking.swift:168:49: error: 'Primitive' is not a member type of struct 'AsyncAlgorithms.Lock'
31 | #endif
32 |
33 | internal struct Lock {
| `- note: 'Lock' declared here
34 | #if canImport(Darwin)
35 | typealias Primitive = os_unfair_lock
:
166 | }
167 |
168 | private let buffer: ManagedBuffer<State, Lock.Primitive>
| `- error: 'Primitive' is not a member type of struct 'AsyncAlgorithms.Lock'
169 |
170 | init(_ initial: State) {
[230/235] Compiling AsyncAlgorithms SetAlgebra.swift
/host/spi-builder-workspace/Sources/AsyncAlgorithms/Locking.swift:168:49: error: 'Primitive' is not a member type of struct 'AsyncAlgorithms.Lock'
31 | #endif
32 |
33 | internal struct Lock {
| `- note: 'Lock' declared here
34 | #if canImport(Darwin)
35 | typealias Primitive = os_unfair_lock
:
166 | }
167 |
168 | private let buffer: ManagedBuffer<State, Lock.Primitive>
| `- error: 'Primitive' is not a member type of struct 'AsyncAlgorithms.Lock'
169 |
170 | init(_ initial: State) {
[231/235] Compiling AsyncAlgorithms UnsafeTransfer.swift
/host/spi-builder-workspace/Sources/AsyncAlgorithms/Locking.swift:168:49: error: 'Primitive' is not a member type of struct 'AsyncAlgorithms.Lock'
31 | #endif
32 |
33 | internal struct Lock {
| `- note: 'Lock' declared here
34 | #if canImport(Darwin)
35 | typealias Primitive = os_unfair_lock
:
166 | }
167 |
168 | private let buffer: ManagedBuffer<State, Lock.Primitive>
| `- error: 'Primitive' is not a member type of struct 'AsyncAlgorithms.Lock'
169 |
170 | init(_ initial: State) {
[232/235] Compiling AsyncAlgorithms AsyncZip2Sequence.swift
/host/spi-builder-workspace/Sources/AsyncAlgorithms/Locking.swift:168:49: error: 'Primitive' is not a member type of struct 'AsyncAlgorithms.Lock'
31 | #endif
32 |
33 | internal struct Lock {
| `- note: 'Lock' declared here
34 | #if canImport(Darwin)
35 | typealias Primitive = os_unfair_lock
:
166 | }
167 |
168 | private let buffer: ManagedBuffer<State, Lock.Primitive>
| `- error: 'Primitive' is not a member type of struct 'AsyncAlgorithms.Lock'
169 |
170 | init(_ initial: State) {
[233/235] Compiling AsyncAlgorithms AsyncZip3Sequence.swift
/host/spi-builder-workspace/Sources/AsyncAlgorithms/Locking.swift:168:49: error: 'Primitive' is not a member type of struct 'AsyncAlgorithms.Lock'
31 | #endif
32 |
33 | internal struct Lock {
| `- note: 'Lock' declared here
34 | #if canImport(Darwin)
35 | typealias Primitive = os_unfair_lock
:
166 | }
167 |
168 | private let buffer: ManagedBuffer<State, Lock.Primitive>
| `- error: 'Primitive' is not a member type of struct 'AsyncAlgorithms.Lock'
169 |
170 | init(_ initial: State) {
[234/235] Compiling AsyncAlgorithms ZipStateMachine.swift
/host/spi-builder-workspace/Sources/AsyncAlgorithms/Locking.swift:168:49: error: 'Primitive' is not a member type of struct 'AsyncAlgorithms.Lock'
31 | #endif
32 |
33 | internal struct Lock {
| `- note: 'Lock' declared here
34 | #if canImport(Darwin)
35 | typealias Primitive = os_unfair_lock
:
166 | }
167 |
168 | private let buffer: ManagedBuffer<State, Lock.Primitive>
| `- error: 'Primitive' is not a member type of struct 'AsyncAlgorithms.Lock'
169 |
170 | init(_ initial: State) {
[235/235] Compiling AsyncAlgorithms ZipStorage.swift
/host/spi-builder-workspace/Sources/AsyncAlgorithms/Locking.swift:168:49: error: 'Primitive' is not a member type of struct 'AsyncAlgorithms.Lock'
31 | #endif
32 |
33 | internal struct Lock {
| `- note: 'Lock' declared here
34 | #if canImport(Darwin)
35 | typealias Primitive = os_unfair_lock
:
166 | }
167 |
168 | private let buffer: ManagedBuffer<State, Lock.Primitive>
| `- error: 'Primitive' is not a member type of struct 'AsyncAlgorithms.Lock'
169 |
170 | init(_ initial: State) {
BUILD FAILURE 6.1 wasm