The Swift Package Index logo.Swift Package Index

Build Information

Failed to build FluentMongo, reference master (76bc6e), with Swift 6.4 for watchOS using Xcode 27.0 on 19 Sep 2026 23:25:13 UTC.

Build Command

env DEVELOPER_DIR=/Applications/Xcode-27.0.0-Release.Candidate.app xcrun xcodebuild -IDEClonedSourcePackagesDirPathOverride=$PWD/.dependencies -skipMacroValidation -skipPackagePluginValidation -derivedDataPath $PWD/.derivedData build -scheme FluentMongo -destination generic/platform=watchOS

Build Log

PruneExplicitPrecompiledModules /Users/admin/builder/spi-builder-workspace/.derivedData/Build/Intermediates.noindex/SwiftExplicitPrecompiledModules
PruneExplicitPrecompiledModules /Users/admin/builder/spi-builder-workspace/.derivedData/SDKExplicitPrecompiledModules
PruneExplicitPrecompiledModules /Users/admin/builder/spi-builder-workspace/.derivedData/Build/Intermediates.noindex/ExplicitPrecompiledModules
2026-09-19 19:24:54.075 xcodebuild[1207:6641] [MT] IDERunDestination: Supported platforms for the buildables in the current scheme is empty.
** BUILD FAILED **
The following build commands failed:
	CompileC /Users/admin/builder/spi-builder-workspace/.derivedData/Build/Intermediates.noindex/mongo-swift-driver.build/Debug-watchos/CLibMongoC-t.build/Objects-normal/arm64_32/mongoc-stream-tls.o /Users/admin/builder/spi-builder-workspace/.dependencies/checkouts/mongo-swift-driver/Sources/CLibMongoC/mongoc/mongoc-stream-tls.c normal arm64_32 c com.apple.compilers.llvm.clang.1_0.compiler (in target 'CLibMongoC' from project 'mongo-swift-driver')
	Building workspace FluentMongo with scheme FluentMongo
(2 failures)
Command line invocation:
    /Applications/Xcode-27.0.0-Release.Candidate.app/Contents/Developer/usr/bin/xcodebuild -IDEClonedSourcePackagesDirPathOverride=/Users/admin/builder/spi-builder-workspace/.dependencies -resolvePackageDependencies
Resolve Package Graph
Resolved source packages:
  swift-bson: https://github.com/mongodb/swift-bson @ 3.1.0
  swift-numerics: https://github.com/apple/swift-numerics.git @ 1.1.1
  swift-extras-base64: https://github.com/swift-extras/swift-extras-base64 @ 0.5.0
  swift-extras-json: https://github.com/swift-extras/swift-extras-json @ 0.6.0
  async-kit: https://github.com/vapor/async-kit.git @ 1.22.0
  swift-atomics: https://github.com/apple/swift-atomics @ 1.3.1
  swift-collections: https://github.com/apple/swift-collections.git @ 1.6.0
  mongo-swift-driver: https://github.com/mongodb/mongo-swift-driver.git @ 1.3.1
  swift-log: https://github.com/apple/swift-log.git @ 1.15.1
  swift-algorithms: https://github.com/apple/swift-algorithms.git @ 1.2.1
  fluent-kit: https://github.com/vapor/fluent-kit.git @ 1.36.1
  FluentMongo: /Users/admin/builder/spi-builder-workspace
  sql-kit: https://github.com/vapor/sql-kit.git @ 3.36.0
  swift-system: https://github.com/apple/swift-system.git @ 1.8.1
  Nimble: https://github.com/Quick/Nimble.git @ 8.1.2
  swift-nio: https://github.com/apple/swift-nio @ 2.103.0
resolved source packages: swift-bson, swift-numerics, swift-extras-base64, swift-extras-json, async-kit, swift-atomics, swift-collections, mongo-swift-driver, swift-log, swift-algorithms, fluent-kit, FluentMongo, sql-kit, swift-system, Nimble, swift-nio
2026-09-19 19:25:06.531 xcodebuild[1720:8780] [MT] IDERunDestination: Supported platforms for the buildables in the current scheme is empty.
{
  "dependencies" : [
    {
      "identity" : "fluent-kit",
      "requirement" : {
        "range" : [
          {
            "lower_bound" : "1.36.1",
            "upper_bound" : "1.37.0"
          }
        ]
      },
      "type" : "sourceControl",
      "url" : "https://github.com/vapor/fluent-kit.git"
    },
    {
      "identity" : "mongo-swift-driver",
      "requirement" : {
        "range" : [
          {
            "lower_bound" : "1.3.1",
            "upper_bound" : "2.0.0"
          }
        ]
      },
      "type" : "sourceControl",
      "url" : "https://github.com/mongodb/mongo-swift-driver.git"
    }
  ],
  "manifest_display_name" : "FluentMongo",
  "name" : "FluentMongo",
  "path" : "/Users/admin/builder/spi-builder-workspace",
  "platforms" : [
    {
      "name" : "macos",
      "version" : "10.15"
    }
  ],
  "products" : [
    {
      "name" : "FluentMongo",
      "targets" : [
        "FluentMongo"
      ],
      "type" : {
        "library" : [
          "automatic"
        ]
      }
    }
  ],
  "targets" : [
    {
      "c99name" : "FluentMongoTests",
      "module_type" : "SwiftTarget",
      "name" : "FluentMongoTests",
      "path" : "Tests/FluentMongoTests",
      "product_dependencies" : [
        "FluentBenchmark"
      ],
      "sources" : [
        "FluentBenchmarkTests.swift",
        "FluentMongoTests.swift",
        "Pet.swift",
        "PetToy.swift",
        "Toy.swift",
        "User.swift"
      ],
      "target_dependencies" : [
        "FluentMongo"
      ],
      "type" : "test"
    },
    {
      "c99name" : "FluentMongo",
      "module_type" : "SwiftTarget",
      "name" : "FluentMongo",
      "path" : "Sources/FluentMongo",
      "product_dependencies" : [
        "FluentKit",
        "MongoSwift"
      ],
      "product_memberships" : [
        "FluentMongo"
      ],
      "sources" : [
        "BSONCoder+BSON.swift",
        "DatabaseQueryAggregate+Mongo.swift",
        "DatabaseQueryField+Mongo.swift",
        "DatabaseQueryFilter+Mongo.swift",
        "DatabaseQueryJoin+Mongo.swift",
        "DatabaseQueryLimit+Mongo.swift",
        "DatabaseQueryOffset+Mongo.swift",
        "DatabaseQuerySort+Mongo.swift",
        "DatabaseQueryValue+Mongo.swift",
        "DatabaseSchema+Mongo.swift",
        "Document+Nested.swift",
        "Error.swift",
        "Exports.swift",
        "Fluent+Additions.swift",
        "FluentMongoConfiguration.swift",
        "IndexBuilder.swift",
        "MongoConfiguration.swift",
        "MongoConnection.swift",
        "MongoConnectionSource.swift",
        "MongoDatabase.swift",
        "MongoDatabaseDriver.swift",
        "MongoDatabaseOutput.swift",
        "MongoQueryConverter.swift",
        "MongoSchemaConverter.swift",
        "QueryBuilder+Mongo.swift"
      ],
      "type" : "library"
    }
  ],
  "tools_version" : "5.7"
}
{
  "workspace" : {
    "name" : "FluentMongo",
    "schemes" : [
      "FluentMongo"
    ]
  }
}
2026-09-19 19:25:08.517 xcodebuild[1728:8848] [MT] IDERunDestination: Supported platforms for the buildables in the current scheme is empty.
Running build ...
env DEVELOPER_DIR=/Applications/Xcode-27.0.0-Release.Candidate.app xcrun xcodebuild -IDEClonedSourcePackagesDirPathOverride=$PWD/.dependencies -skipMacroValidation -skipPackagePluginValidation -derivedDataPath $PWD/.derivedData build -scheme FluentMongo -destination generic/platform=watchOS
Command line invocation:
    /Applications/Xcode-27.0.0-Release.Candidate.app/Contents/Developer/usr/bin/xcodebuild -IDEClonedSourcePackagesDirPathOverride=/Users/admin/builder/spi-builder-workspace/.dependencies -skipMacroValidation -skipPackagePluginValidation -derivedDataPath /Users/admin/builder/spi-builder-workspace/.derivedData build -scheme FluentMongo -destination generic/platform=watchOS
Resolve Package Graph
Resolved source packages:
  swift-algorithms: https://github.com/apple/swift-algorithms.git @ 1.2.1
  async-kit: https://github.com/vapor/async-kit.git @ 1.22.0
  swift-log: https://github.com/apple/swift-log.git @ 1.15.1
  Nimble: https://github.com/Quick/Nimble.git @ 8.1.2
  swift-system: https://github.com/apple/swift-system.git @ 1.8.1
  sql-kit: https://github.com/vapor/sql-kit.git @ 3.36.0
  fluent-kit: https://github.com/vapor/fluent-kit.git @ 1.36.1
  swift-collections: https://github.com/apple/swift-collections.git @ 1.6.0
  swift-extras-json: https://github.com/swift-extras/swift-extras-json @ 0.6.0
  swift-numerics: https://github.com/apple/swift-numerics.git @ 1.1.1
  swift-atomics: https://github.com/apple/swift-atomics @ 1.3.1
  swift-nio: https://github.com/apple/swift-nio @ 2.103.0
  swift-bson: https://github.com/mongodb/swift-bson @ 3.1.0
  FluentMongo: /Users/admin/builder/spi-builder-workspace
  swift-extras-base64: https://github.com/swift-extras/swift-extras-base64 @ 0.5.0
  mongo-swift-driver: https://github.com/mongodb/mongo-swift-driver.git @ 1.3.1
ComputePackagePrebuildTargetDependencyGraph
Prepare packages
CreateBuildRequest
SendProjectDescription
CreateBuildOperation
ComputeTargetDependencyGraph
note: Building targets in dependency order
note: Target dependency graph (57 targets)
    Target 'FluentMongo-product' in project 'FluentMongo'
        ➜ Explicit dependency on target 'FluentMongo' in project 'FluentMongo'
        ➜ Explicit dependency on target 'FluentKit-product' in project 'fluent-kit'
        ➜ Explicit dependency on target 'MongoSwift-product' in project 'mongo-swift-driver'
    Target 'FluentMongo' in project 'FluentMongo'
        ➜ Explicit dependency on target 'FluentKit-product' in project 'fluent-kit'
        ➜ Explicit dependency on target 'MongoSwift-product' in project 'mongo-swift-driver'
    Target 'MongoSwift-product' in project 'mongo-swift-driver'
        ➜ Explicit dependency on target 'MongoSwift' in project 'mongo-swift-driver'
        ➜ Explicit dependency on target 'CLibMongoC' in project 'mongo-swift-driver'
        ➜ Explicit dependency on target 'Atomics-product' in project 'swift-atomics'
        ➜ Explicit dependency on target 'NIO-product' in project 'swift-nio'
        ➜ Explicit dependency on target 'NIOConcurrencyHelpers-product' in project 'swift-nio'
        ➜ Explicit dependency on target 'SwiftBSON-product' in project 'swift-bson'
    Target 'MongoSwift' in project 'mongo-swift-driver'
        ➜ Explicit dependency on target 'CLibMongoC' in project 'mongo-swift-driver'
        ➜ Explicit dependency on target 'Atomics-product' in project 'swift-atomics'
        ➜ Explicit dependency on target 'NIO-product' in project 'swift-nio'
        ➜ Explicit dependency on target 'NIOConcurrencyHelpers-product' in project 'swift-nio'
        ➜ Explicit dependency on target 'SwiftBSON-product' in project 'swift-bson'
    Target 'SwiftBSON-product' in project 'swift-bson'
        ➜ Explicit dependency on target 'SwiftBSON' in project 'swift-bson'
        ➜ Explicit dependency on target 'NIO-product' in project 'swift-nio'
        ➜ Explicit dependency on target 'ExtrasJSON-product' in project 'swift-extras-json'
        ➜ Explicit dependency on target 'ExtrasBase64-product' in project 'swift-extras-base64'
    Target 'SwiftBSON' in project 'swift-bson'
        ➜ Explicit dependency on target 'NIO-product' in project 'swift-nio'
        ➜ Explicit dependency on target 'ExtrasJSON-product' in project 'swift-extras-json'
        ➜ Explicit dependency on target 'ExtrasBase64-product' in project 'swift-extras-base64'
    Target 'ExtrasBase64-product' in project 'swift-extras-base64'
        ➜ Explicit dependency on target 'ExtrasBase64' in project 'swift-extras-base64'
    Target 'ExtrasBase64' in project 'swift-extras-base64' (no dependencies)
    Target 'ExtrasJSON-product' in project 'swift-extras-json'
        ➜ Explicit dependency on target 'ExtrasJSON' in project 'swift-extras-json'
    Target 'ExtrasJSON' in project 'swift-extras-json' (no dependencies)
    Target 'NIOConcurrencyHelpers-product' in project 'swift-nio'
        ➜ Explicit dependency on target 'NIOConcurrencyHelpers' in project 'swift-nio'
        ➜ Explicit dependency on target 'CNIOAtomics' in project 'swift-nio'
    Target 'NIO-product' in project 'swift-nio'
        ➜ Explicit dependency on target 'NIO' in project 'swift-nio'
        ➜ Explicit dependency on target 'CNIOAtomics' in project 'swift-nio'
        ➜ Explicit dependency on target 'NIOConcurrencyHelpers' in project 'swift-nio'
        ➜ Explicit dependency on target '_NIOBase64' in project 'swift-nio'
        ➜ Explicit dependency on target 'CNIOOpenBSD' in project 'swift-nio'
        ➜ Explicit dependency on target 'CNIOFreeBSD' in project 'swift-nio'
        ➜ Explicit dependency on target 'CNIODarwin' in project 'swift-nio'
        ➜ Explicit dependency on target 'CNIOLinux' in project 'swift-nio'
        ➜ Explicit dependency on target 'CNIOWindows' in project 'swift-nio'
        ➜ Explicit dependency on target 'CNIOWASI' in project 'swift-nio'
        ➜ Explicit dependency on target '_NIODataStructures' in project 'swift-nio'
        ➜ Explicit dependency on target 'NIOCore' in project 'swift-nio'
        ➜ Explicit dependency on target 'NIOEmbedded' in project 'swift-nio'
        ➜ Explicit dependency on target 'CNIOPosix' in project 'swift-nio'
        ➜ Explicit dependency on target 'NIOPosix' in project 'swift-nio'
        ➜ Explicit dependency on target 'DequeModule-product' in project 'swift-collections'
        ➜ Explicit dependency on target 'Atomics-product' in project 'swift-atomics'
    Target 'NIO' in project 'swift-nio'
        ➜ Explicit dependency on target 'CNIOAtomics' in project 'swift-nio'
        ➜ Explicit dependency on target 'NIOConcurrencyHelpers' in project 'swift-nio'
        ➜ Explicit dependency on target '_NIOBase64' in project 'swift-nio'
        ➜ Explicit dependency on target 'CNIOOpenBSD' in project 'swift-nio'
        ➜ Explicit dependency on target 'CNIOFreeBSD' in project 'swift-nio'
        ➜ Explicit dependency on target 'CNIODarwin' in project 'swift-nio'
        ➜ Explicit dependency on target 'CNIOLinux' in project 'swift-nio'
        ➜ Explicit dependency on target 'CNIOWindows' in project 'swift-nio'
        ➜ Explicit dependency on target 'CNIOWASI' in project 'swift-nio'
        ➜ Explicit dependency on target '_NIODataStructures' in project 'swift-nio'
        ➜ Explicit dependency on target 'NIOCore' in project 'swift-nio'
        ➜ Explicit dependency on target 'NIOEmbedded' in project 'swift-nio'
        ➜ Explicit dependency on target 'CNIOPosix' in project 'swift-nio'
        ➜ Explicit dependency on target 'NIOPosix' in project 'swift-nio'
        ➜ Explicit dependency on target 'DequeModule-product' in project 'swift-collections'
        ➜ Explicit dependency on target 'Atomics-product' in project 'swift-atomics'
    Target 'CLibMongoC' in project 'mongo-swift-driver' (no dependencies)
    Target 'FluentKit-product' in project 'fluent-kit'
        ➜ Explicit dependency on target 'FluentKit' in project 'fluent-kit'
        ➜ Explicit dependency on target 'NIOCore-product' in project 'swift-nio'
        ➜ Explicit dependency on target 'Logging-product' in project 'swift-log'
        ➜ Explicit dependency on target 'AsyncKit-product' in project 'async-kit'
    Target 'FluentKit' in project 'fluent-kit'
        ➜ Explicit dependency on target 'NIOCore-product' in project 'swift-nio'
        ➜ Explicit dependency on target 'Logging-product' in project 'swift-log'
        ➜ Explicit dependency on target 'AsyncKit-product' in project 'async-kit'
    Target 'AsyncKit-product' in project 'async-kit'
        ➜ Explicit dependency on target 'AsyncKit' in project 'async-kit'
        ➜ Explicit dependency on target 'Logging-product' in project 'swift-log'
        ➜ Explicit dependency on target 'NIOCore-product' in project 'swift-nio'
        ➜ Explicit dependency on target 'NIOEmbedded-product' in project 'swift-nio'
        ➜ Explicit dependency on target 'NIOPosix-product' in project 'swift-nio'
        ➜ Explicit dependency on target 'Collections-product' in project 'swift-collections'
        ➜ Explicit dependency on target 'Algorithms-product' in project 'swift-algorithms'
    Target 'AsyncKit' in project 'async-kit'
        ➜ Explicit dependency on target 'Logging-product' in project 'swift-log'
        ➜ Explicit dependency on target 'NIOCore-product' in project 'swift-nio'
        ➜ Explicit dependency on target 'NIOEmbedded-product' in project 'swift-nio'
        ➜ Explicit dependency on target 'NIOPosix-product' in project 'swift-nio'
        ➜ Explicit dependency on target 'Collections-product' in project 'swift-collections'
        ➜ Explicit dependency on target 'Algorithms-product' in project 'swift-algorithms'
    Target 'Algorithms-product' in project 'swift-algorithms'
        ➜ Explicit dependency on target 'Algorithms' in project 'swift-algorithms'
        ➜ Explicit dependency on target 'RealModule-product' in project 'swift-numerics'
    Target 'Algorithms' in project 'swift-algorithms'
        ➜ Explicit dependency on target 'RealModule-product' in project 'swift-numerics'
    Target 'RealModule-product' in project 'swift-numerics'
        ➜ Explicit dependency on target 'RealModule' in project 'swift-numerics'
        ➜ Explicit dependency on target '_NumericsShims' in project 'swift-numerics'
    Target 'RealModule' in project 'swift-numerics'
        ➜ Explicit dependency on target '_NumericsShims' in project 'swift-numerics'
    Target '_NumericsShims' in project 'swift-numerics' (no dependencies)
    Target 'Collections-product' in project 'swift-collections'
        ➜ Explicit dependency on target 'Collections' in project 'swift-collections'
        ➜ Explicit dependency on target 'InternalCollectionsUtilities' in project 'swift-collections'
        ➜ Explicit dependency on target 'BitCollections' in project 'swift-collections'
        ➜ Explicit dependency on target 'ContainersPreview' in project 'swift-collections'
        ➜ Explicit dependency on target 'DequeModule' in project 'swift-collections'
        ➜ Explicit dependency on target 'HashTreeCollections' in project 'swift-collections'
        ➜ Explicit dependency on target 'HeapModule' in project 'swift-collections'
        ➜ Explicit dependency on target 'OrderedCollections' in project 'swift-collections'
        ➜ Explicit dependency on target '_RopeModule' in project 'swift-collections'
    Target 'Collections' in project 'swift-collections'
        ➜ Explicit dependency on target 'InternalCollectionsUtilities' in project 'swift-collections'
        ➜ Explicit dependency on target 'BitCollections' in project 'swift-collections'
        ➜ Explicit dependency on target 'ContainersPreview' in project 'swift-collections'
        ➜ Explicit dependency on target 'DequeModule' in project 'swift-collections'
        ➜ Explicit dependency on target 'HashTreeCollections' in project 'swift-collections'
        ➜ Explicit dependency on target 'HeapModule' in project 'swift-collections'
        ➜ Explicit dependency on target 'OrderedCollections' in project 'swift-collections'
        ➜ Explicit dependency on target '_RopeModule' in project 'swift-collections'
    Target '_RopeModule' in project 'swift-collections'
        ➜ Explicit dependency on target 'InternalCollectionsUtilities' in project 'swift-collections'
    Target 'OrderedCollections' in project 'swift-collections'
        ➜ Explicit dependency on target 'InternalCollectionsUtilities' in project 'swift-collections'
    Target 'HeapModule' in project 'swift-collections'
        ➜ Explicit dependency on target 'InternalCollectionsUtilities' in project 'swift-collections'
    Target 'HashTreeCollections' in project 'swift-collections'
        ➜ Explicit dependency on target 'InternalCollectionsUtilities' in project 'swift-collections'
    Target 'BitCollections' in project 'swift-collections'
        ➜ Explicit dependency on target 'InternalCollectionsUtilities' in project 'swift-collections'
    Target 'NIOPosix-product' in project 'swift-nio'
        ➜ Explicit dependency on target 'NIOPosix' in project 'swift-nio'
        ➜ Explicit dependency on target 'swift-nio_NIOPosix' in project 'swift-nio'
        ➜ Explicit dependency on target 'CNIOOpenBSD' in project 'swift-nio'
        ➜ Explicit dependency on target 'CNIOLinux' in project 'swift-nio'
        ➜ Explicit dependency on target 'CNIODarwin' in project 'swift-nio'
        ➜ Explicit dependency on target 'CNIOWindows' in project 'swift-nio'
        ➜ Explicit dependency on target 'CNIOAtomics' in project 'swift-nio'
        ➜ Explicit dependency on target 'NIOConcurrencyHelpers' in project 'swift-nio'
        ➜ Explicit dependency on target '_NIOBase64' in project 'swift-nio'
        ➜ Explicit dependency on target 'CNIOFreeBSD' in project 'swift-nio'
        ➜ Explicit dependency on target 'CNIOWASI' in project 'swift-nio'
        ➜ Explicit dependency on target '_NIODataStructures' in project 'swift-nio'
        ➜ Explicit dependency on target 'NIOCore' in project 'swift-nio'
        ➜ Explicit dependency on target 'CNIOPosix' in project 'swift-nio'
        ➜ Explicit dependency on target 'DequeModule-product' in project 'swift-collections'
        ➜ Explicit dependency on target 'Atomics-product' in project 'swift-atomics'
    Target 'NIOPosix' in project 'swift-nio'
        ➜ Explicit dependency on target 'swift-nio_NIOPosix' in project 'swift-nio'
        ➜ Explicit dependency on target 'CNIOOpenBSD' in project 'swift-nio'
        ➜ Explicit dependency on target 'CNIOLinux' in project 'swift-nio'
        ➜ Explicit dependency on target 'CNIODarwin' in project 'swift-nio'
        ➜ Explicit dependency on target 'CNIOWindows' in project 'swift-nio'
        ➜ Explicit dependency on target 'CNIOAtomics' in project 'swift-nio'
        ➜ Explicit dependency on target 'NIOConcurrencyHelpers' in project 'swift-nio'
        ➜ Explicit dependency on target '_NIOBase64' in project 'swift-nio'
        ➜ Explicit dependency on target 'CNIOFreeBSD' in project 'swift-nio'
        ➜ Explicit dependency on target 'CNIOWASI' in project 'swift-nio'
        ➜ Explicit dependency on target '_NIODataStructures' in project 'swift-nio'
        ➜ Explicit dependency on target 'NIOCore' in project 'swift-nio'
        ➜ Explicit dependency on target 'CNIOPosix' in project 'swift-nio'
        ➜ Explicit dependency on target 'DequeModule-product' in project 'swift-collections'
        ➜ Explicit dependency on target 'Atomics-product' in project 'swift-atomics'
    Target 'CNIOPosix' in project 'swift-nio' (no dependencies)
    Target 'swift-nio_NIOPosix' in project 'swift-nio' (no dependencies)
    Target 'NIOEmbedded-product' in project 'swift-nio'
        ➜ Explicit dependency on target 'NIOEmbedded' in project 'swift-nio'
        ➜ Explicit dependency on target 'CNIOAtomics' in project 'swift-nio'
        ➜ Explicit dependency on target 'NIOConcurrencyHelpers' in project 'swift-nio'
        ➜ Explicit dependency on target '_NIOBase64' in project 'swift-nio'
        ➜ Explicit dependency on target 'CNIOOpenBSD' in project 'swift-nio'
        ➜ Explicit dependency on target 'CNIOFreeBSD' in project 'swift-nio'
        ➜ Explicit dependency on target 'CNIODarwin' in project 'swift-nio'
        ➜ Explicit dependency on target 'CNIOLinux' in project 'swift-nio'
        ➜ Explicit dependency on target 'CNIOWindows' in project 'swift-nio'
        ➜ Explicit dependency on target 'CNIOWASI' in project 'swift-nio'
        ➜ Explicit dependency on target '_NIODataStructures' in project 'swift-nio'
        ➜ Explicit dependency on target 'NIOCore' in project 'swift-nio'
        ➜ Explicit dependency on target 'DequeModule-product' in project 'swift-collections'
        ➜ Explicit dependency on target 'Atomics-product' in project 'swift-atomics'
    Target 'NIOEmbedded' in project 'swift-nio'
        ➜ Explicit dependency on target 'CNIOAtomics' in project 'swift-nio'
        ➜ Explicit dependency on target 'NIOConcurrencyHelpers' in project 'swift-nio'
        ➜ Explicit dependency on target '_NIOBase64' in project 'swift-nio'
        ➜ Explicit dependency on target 'CNIOOpenBSD' in project 'swift-nio'
        ➜ Explicit dependency on target 'CNIOFreeBSD' in project 'swift-nio'
        ➜ Explicit dependency on target 'CNIODarwin' in project 'swift-nio'
        ➜ Explicit dependency on target 'CNIOLinux' in project 'swift-nio'
        ➜ Explicit dependency on target 'CNIOWindows' in project 'swift-nio'
        ➜ Explicit dependency on target 'CNIOWASI' in project 'swift-nio'
        ➜ Explicit dependency on target '_NIODataStructures' in project 'swift-nio'
        ➜ Explicit dependency on target 'NIOCore' in project 'swift-nio'
        ➜ Explicit dependency on target 'DequeModule-product' in project 'swift-collections'
        ➜ Explicit dependency on target 'Atomics-product' in project 'swift-atomics'
    Target 'Logging-product' in project 'swift-log'
        ➜ Explicit dependency on target 'Logging' in project 'swift-log'
    Target 'Logging' in project 'swift-log' (no dependencies)
    Target 'NIOCore-product' in project 'swift-nio'
        ➜ Explicit dependency on target 'NIOCore' in project 'swift-nio'
        ➜ Explicit dependency on target 'CNIOAtomics' in project 'swift-nio'
        ➜ Explicit dependency on target 'NIOConcurrencyHelpers' in project 'swift-nio'
        ➜ Explicit dependency on target '_NIOBase64' in project 'swift-nio'
        ➜ Explicit dependency on target 'CNIOOpenBSD' in project 'swift-nio'
        ➜ Explicit dependency on target 'CNIOFreeBSD' in project 'swift-nio'
        ➜ Explicit dependency on target 'CNIODarwin' in project 'swift-nio'
        ➜ Explicit dependency on target 'CNIOLinux' in project 'swift-nio'
        ➜ Explicit dependency on target 'CNIOWindows' in project 'swift-nio'
        ➜ Explicit dependency on target 'CNIOWASI' in project 'swift-nio'
        ➜ Explicit dependency on target '_NIODataStructures' in project 'swift-nio'
        ➜ Explicit dependency on target 'DequeModule-product' in project 'swift-collections'
        ➜ Explicit dependency on target 'Atomics-product' in project 'swift-atomics'
    Target 'NIOCore' in project 'swift-nio'
        ➜ Explicit dependency on target 'CNIOAtomics' in project 'swift-nio'
        ➜ Explicit dependency on target 'NIOConcurrencyHelpers' in project 'swift-nio'
        ➜ Explicit dependency on target '_NIOBase64' in project 'swift-nio'
        ➜ Explicit dependency on target 'CNIOOpenBSD' in project 'swift-nio'
        ➜ Explicit dependency on target 'CNIOFreeBSD' in project 'swift-nio'
        ➜ Explicit dependency on target 'CNIODarwin' in project 'swift-nio'
        ➜ Explicit dependency on target 'CNIOLinux' in project 'swift-nio'
        ➜ Explicit dependency on target 'CNIOWindows' in project 'swift-nio'
        ➜ Explicit dependency on target 'CNIOWASI' in project 'swift-nio'
        ➜ Explicit dependency on target '_NIODataStructures' in project 'swift-nio'
        ➜ Explicit dependency on target 'DequeModule-product' in project 'swift-collections'
        ➜ Explicit dependency on target 'Atomics-product' in project 'swift-atomics'
    Target 'Atomics-product' in project 'swift-atomics'
        ➜ Explicit dependency on target 'Atomics' in project 'swift-atomics'
        ➜ Explicit dependency on target '_AtomicsShims' in project 'swift-atomics'
    Target 'Atomics' in project 'swift-atomics'
        ➜ Explicit dependency on target '_AtomicsShims' in project 'swift-atomics'
    Target '_AtomicsShims' in project 'swift-atomics' (no dependencies)
    Target 'DequeModule-product' in project 'swift-collections'
        ➜ Explicit dependency on target 'DequeModule' in project 'swift-collections'
        ➜ Explicit dependency on target 'InternalCollectionsUtilities' in project 'swift-collections'
        ➜ Explicit dependency on target 'ContainersPreview' in project 'swift-collections'
    Target 'DequeModule' in project 'swift-collections'
        ➜ Explicit dependency on target 'InternalCollectionsUtilities' in project 'swift-collections'
        ➜ Explicit dependency on target 'ContainersPreview' in project 'swift-collections'
    Target 'ContainersPreview' in project 'swift-collections'
        ➜ Explicit dependency on target 'InternalCollectionsUtilities' in project 'swift-collections'
    Target 'InternalCollectionsUtilities' in project 'swift-collections' (no dependencies)
    Target '_NIODataStructures' in project 'swift-nio' (no dependencies)
    Target 'CNIOWASI' in project 'swift-nio' (no dependencies)
    Target 'CNIOWindows' in project 'swift-nio' (no dependencies)
    Target 'CNIOLinux' in project 'swift-nio' (no dependencies)
    Target 'CNIODarwin' in project 'swift-nio' (no dependencies)
    Target 'CNIOFreeBSD' in project 'swift-nio' (no dependencies)
    Target 'CNIOOpenBSD' in project 'swift-nio' (no dependencies)
    Target '_NIOBase64' in project 'swift-nio' (no dependencies)
    Target 'NIOConcurrencyHelpers' in project 'swift-nio'
        ➜ Explicit dependency on target 'CNIOAtomics' in project 'swift-nio'
    Target 'CNIOAtomics' in project 'swift-nio' (no dependencies)
GatherProvisioningInputs
CreateBuildDescription
ClangStatCache /Applications/Xcode-27.0.0-Release.Candidate.app/Contents/Developer/Toolchains/XcodeDefault.xctoolchain/usr/bin/clang-stat-cache /Applications/Xcode-27.0.0-Release.Candidate.app/Contents/Developer/Platforms/WatchOS.platform/Developer/SDKs/WatchOS27.0.sdk /Users/admin/builder/spi-builder-workspace/.derivedData/SDKStatCaches.noindex/watchos27.0-24R360-e829b21a6f8c9b70876ba0858053c04477534ef55a1706bf4c1112bbb242f0a2.sdkstatcache
    cd /Users/admin/builder/spi-builder-workspace/.swiftpm/xcode
    /Applications/Xcode-27.0.0-Release.Candidate.app/Contents/Developer/Toolchains/XcodeDefault.xctoolchain/usr/bin/clang-stat-cache /Applications/Xcode-27.0.0-Release.Candidate.app/Contents/Developer/Platforms/WatchOS.platform/Developer/SDKs/WatchOS27.0.sdk -o /Users/admin/builder/spi-builder-workspace/.derivedData/SDKStatCaches.noindex/watchos27.0-24R360-e829b21a6f8c9b70876ba0858053c04477534ef55a1706bf4c1112bbb242f0a2.sdkstatcache
ScanDependencies /Users/admin/builder/spi-builder-workspace/.derivedData/Build/Intermediates.noindex/mongo-swift-driver.build/Debug-watchos/CLibMongoC-t.build/Objects-normal/arm64_32/mongoc-rpc.o /Users/admin/builder/spi-builder-workspace/.dependencies/checkouts/mongo-swift-driver/Sources/CLibMongoC/mongoc/mongoc-rpc.c normal arm64_32 c com.apple.compilers.llvm.clang.1_0.compiler (in target 'CLibMongoC' from project 'mongo-swift-driver')
    cd /Users/admin/builder/spi-builder-workspace/.swiftpm/xcode

    Using response file: /Users/admin/builder/spi-builder-workspace/.derivedData/Build/Intermediates.noindex/mongo-swift-driver.build/Debug-watchos/CLibMongoC-t.build/Objects-normal/arm64_32/7187679823f38a2a940e0043cdf9d637-common-args.resp

    builtin-ScanDependencies -o /Users/admin/builder/spi-builder-workspace/.derivedData/Build/Intermediates.noindex/mongo-swift-driver.build/Debug-watchos/CLibMongoC-t.build/Objects-normal/arm64_32/mongoc-rpc.o.scan -- /Applications/Xcode-27.0.0-Release.Candidate.app/Contents/Developer/Toolchains/XcodeDefault.xctoolchain/usr/bin/clang -x c -ivfsstatcache /Users/admin/builder/spi-builder-workspace/.derivedData/SDKStatCaches.noindex/watchos27.0-24R360-e829b21a6f8c9b70876ba0858053c04477534ef55a1706bf4c1112bbb242f0a2.sdkstatcache -target arm64_32-apple-watchos9.0 -fmessage-length\=0 -fdiagnostics-show-note-include-stack -fmacro-backtrace-limit\=0 -fno-color-diagnostics -fmodules-prune-interval\=86400 -fmodules-prune-after\=345600 -fbuild-session-file\=/Users/admin/builder/spi-builder-workspace/.derivedData/ModuleCache.noindex/Session.modulevalidation -fmodules-validate-once-per-build-session -Wnon-modular-include-in-framework-module -Werror\=non-modular-include-in-framework-module -Wno-trigraphs -Wno-missing-field-initializers -Wno-missing-prototypes -Wno-return-type -Wno-missing-braces -Wparentheses -Wswitch -Wno-unused-function -Wno-unused-label -Wno-unused-parameter -Wno-unused-variable -Wunused-value -Wno-empty-body -Wno-uninitialized -Wno-unknown-pragmas -w -Wno-shadow -Wno-four-char-constants -Wno-conversion -Wno-constant-conversion -Wno-int-conversion -Wno-bool-conversion -Wno-enum-conversion -Wno-float-conversion -Wno-non-literal-null-conversion -Wno-objc-literal-conversion -Wno-shorten-64-to-32 -Wpointer-sign -Wno-newline-eof -Wno-implicit-fallthrough -isysroot /Applications/Xcode-27.0.0-Release.Candidate.app/Contents/Developer/Platforms/WatchOS.platform/Developer/SDKs/WatchOS27.0.sdk -fstrict-aliasing -Wdeprecated-declarations -Wno-sign-conversion -Wno-infinite-recursion -Wno-comma -Wno-block-capture-autoreleasing -Wno-strict-prototypes -Wno-semicolon-before-method-body -index-store-path /Users/admin/builder/spi-builder-workspace/.derivedData/Index.noindex/DataStore @/Users/admin/builder/spi-builder-workspace/.derivedData/Build/Intermediates.noindex/mongo-swift-driver.build/Debug-watchos/CLibMongoC-t.build/Objects-normal/arm64_32/7187679823f38a2a940e0043cdf9d637-common-args.resp -MMD -MT dependencies -MF /Users/admin/builder/spi-builder-workspace/.derivedData/Build/Intermediates.noindex/mongo-swift-driver.build/Debug-watchos/CLibMongoC-t.build/Objects-normal/arm64_32/mongoc-rpc.d --serialize-diagnostics /Users/admin/builder/spi-builder-workspace/.derivedData/Build/Intermediates.noindex/mongo-swift-driver.build/Debug-watchos/CLibMongoC-t.build/Objects-normal/arm64_32/mongoc-rpc.dia -c /Users/admin/builder/spi-builder-workspace/.dependencies/checkouts/mongo-swift-driver/Sources/CLibMongoC/mongoc/mongoc-rpc.c -o /Users/admin/builder/spi-builder-workspace/.derivedData/Build/Intermediates.noindex/mongo-swift-driver.build/Debug-watchos/CLibMongoC-t.build/Objects-normal/arm64_32/mongoc-rpc.o -index-unit-output-path /mongo-swift-driver.build/Debug-watchos/CLibMongoC-t.build/Objects-normal/arm64_32/mongoc-rpc.o
ScanDependencies /Users/admin/builder/spi-builder-workspace/.derivedData/Build/Intermediates.noindex/mongo-swift-driver.build/Debug-watchos/CLibMongoC-t.build/Objects-normal/arm64_32/mongoc-read-prefs.o /Users/admin/builder/spi-builder-workspace/.dependencies/checkouts/mongo-swift-driver/Sources/CLibMongoC/mongoc/mongoc-read-prefs.c normal arm64_32 c com.apple.compilers.llvm.clang.1_0.compiler (in target 'CLibMongoC' from project 'mongo-swift-driver')
    cd /Users/admin/builder/spi-builder-workspace/.swiftpm/xcode

    Using response file: /Users/admin/builder/spi-builder-workspace/.derivedData/Build/Intermediates.noindex/mongo-swift-driver.build/Debug-watchos/CLibMongoC-t.build/Objects-normal/arm64_32/7187679823f38a2a940e0043cdf9d637-common-args.resp

    builtin-ScanDependencies -o /Users/admin/builder/spi-builder-workspace/.derivedData/Build/Intermediates.noindex/mongo-swift-driver.build/Debug-watchos/CLibMongoC-t.build/Objects-normal/arm64_32/mongoc-read-prefs.o.scan -- /Applications/Xcode-27.0.0-Release.Candidate.app/Contents/Developer/Toolchains/XcodeDefault.xctoolchain/usr/bin/clang -x c -ivfsstatcache /Users/admin/builder/spi-builder-workspace/.derivedData/SDKStatCaches.noindex/watchos27.0-24R360-e829b21a6f8c9b70876ba0858053c04477534ef55a1706bf4c1112bbb242f0a2.sdkstatcache -target arm64_32-apple-watchos9.0 -fmessage-length\=0 -fdiagnostics-show-note-include-stack -fmacro-backtrace-limit\=0 -fno-color-diagnostics -fmodules-prune-interval\=86400 -fmodules-prune-after\=345600 -fbuild-session-file\=/Users/admin/builder/spi-builder-workspace/.derivedData/ModuleCache.noindex/Session.modulevalidation -fmodules-validate-once-per-build-session -Wnon-modular-include-in-framework-module -Werror\=non-modular-include-in-framework-module -Wno-trigraphs -Wno-missing-field-initializers -Wno-missing-prototypes -Wno-return-type -Wno-missing-braces -Wparentheses -Wswitch -Wno-unused-function -Wno-unused-label -Wno-unused-parameter -Wno-unused-variable -Wunused-value -Wno-empty-body -Wno-uninitialized -Wno-unknown-pragmas -w -Wno-shadow -Wno-four-char-constants -Wno-conversion -Wno-constant-conversion -Wno-int-conversion -Wno-bool-conversion -Wno-enum-conversion -Wno-float-conversion -Wno-non-literal-null-conversion -Wno-objc-literal-conversion -Wno-shorten-64-to-32 -Wpointer-sign -Wno-newline-eof -Wno-implicit-fallthrough -isysroot /Applications/Xcode-27.0.0-Release.Candidate.app/Contents/Developer/Platforms/WatchOS.platform/Developer/SDKs/WatchOS27.0.sdk -fstrict-aliasing -Wdeprecated-declarations -Wno-sign-conversion -Wno-infinite-recursion -Wno-comma -Wno-block-capture-autoreleasing -Wno-strict-prototypes -Wno-semicolon-before-method-body -index-store-path /Users/admin/builder/spi-builder-workspace/.derivedData/Index.noindex/DataStore @/Users/admin/builder/spi-builder-workspace/.derivedData/Build/Intermediates.noindex/mongo-swift-driver.build/Debug-watchos/CLibMongoC-t.build/Objects-normal/arm64_32/7187679823f38a2a940e0043cdf9d637-common-args.resp -MMD -MT dependencies -MF /Users/admin/builder/spi-builder-workspace/.derivedData/Build/Intermediates.noindex/mongo-swift-driver.build/Debug-watchos/CLibMongoC-t.build/Objects-normal/arm64_32/mongoc-read-prefs.d --serialize-diagnostics /Users/admin/builder/spi-builder-workspace/.derivedData/Build/Intermediates.noindex/mongo-swift-driver.build/Debug-watchos/CLibMongoC-t.build/Objects-normal/arm64_32/mongoc-read-prefs.dia -c /Users/admin/builder/spi-builder-workspace/.dependencies/checkouts/mongo-swift-driver/Sources/CLibMongoC/mongoc/mongoc-read-prefs.c -o /Users/admin/builder/spi-builder-workspace/.derivedData/Build/Intermediates.noindex/mongo-swift-driver.build/Debug-watchos/CLibMongoC-t.build/Objects-normal/arm64_32/mongoc-read-prefs.o -index-unit-output-path /mongo-swift-driver.build/Debug-watchos/CLibMongoC-t.build/Objects-normal/arm64_32/mongoc-read-prefs.o
ScanDependencies /Users/admin/builder/spi-builder-workspace/.derivedData/Build/Intermediates.noindex/mongo-swift-driver.build/Debug-watchos/CLibMongoC-t.build/Objects-normal/arm64_32/mongoc-read-concern.o /Users/admin/builder/spi-builder-workspace/.dependencies/checkouts/mongo-swift-driver/Sources/CLibMongoC/mongoc/mongoc-read-concern.c normal arm64_32 c com.apple.compilers.llvm.clang.1_0.compiler (in target 'CLibMongoC' from project 'mongo-swift-driver')
    cd /Users/admin/builder/spi-builder-workspace/.swiftpm/xcode

    Using response file: /Users/admin/builder/spi-builder-workspace/.derivedData/Build/Intermediates.noindex/mongo-swift-driver.build/Debug-watchos/CLibMongoC-t.build/Objects-normal/arm64_32/7187679823f38a2a940e0043cdf9d637-common-args.resp

    builtin-ScanDependencies -o /Users/admin/builder/spi-builder-workspace/.derivedData/Build/Intermediates.noindex/mongo-swift-driver.build/Debug-watchos/CLibMongoC-t.build/Objects-normal/arm64_32/mongoc-read-concern.o.scan -- /Applications/Xcode-27.0.0-Release.Candidate.app/Contents/Developer/Toolchains/XcodeDefault.xctoolchain/usr/bin/clang -x c -ivfsstatcache /Users/admin/builder/spi-builder-workspace/.derivedData/SDKStatCaches.noindex/watchos27.0-24R360-e829b21a6f8c9b70876ba0858053c04477534ef55a1706bf4c1112bbb242f0a2.sdkstatcache -target arm64_32-apple-watchos9.0 -fmessage-length\=0 -fdiagnostics-show-note-include-stack -fmacro-backtrace-limit\=0 -fno-color-diagnostics -fmodules-prune-interval\=86400 -fmodules-prune-after\=345600 -fbuild-session-file\=/Users/admin/builder/spi-builder-workspace/.derivedData/ModuleCache.noindex/Session.modulevalidation -fmodules-validate-once-per-build-session -Wnon-modular-include-in-framework-module -Werror\=non-modular-include-in-framework-module -Wno-trigraphs -Wno-missing-field-initializers -Wno-missing-prototypes -Wno-return-type -Wno-missing-braces -Wparentheses -Wswitch -Wno-unused-function -Wno-unused-label -Wno-unused-parameter -Wno-unused-variable -Wunused-value -Wno-empty-body -Wno-uninitialized -Wno-unknown-pragmas -w -Wno-shadow -Wno-four-char-constants -Wno-conversion -Wno-constant-conversion -Wno-int-conversion -Wno-bool-conversion -Wno-enum-conversion -Wno-float-conversion -Wno-non-literal-null-conversion -Wno-objc-literal-conversion -Wno-shorten-64-to-32 -Wpointer-sign -Wno-newline-eof -Wno-implicit-fallthrough -isysroot /Applications/Xcode-27.0.0-Release.Candidate.app/Contents/Developer/Platforms/WatchOS.platform/Developer/SDKs/WatchOS27.0.sdk -fstrict-aliasing -Wdeprecated-declarations -Wno-sign-conversion -Wno-infinite-recursion -Wno-comma -Wno-block-capture-autoreleasing -Wno-strict-prototypes -Wno-semicolon-before-method-body -index-store-path /Users/admin/builder/spi-builder-workspace/.derivedData/Index.noindex/DataStore @/Users/admin/builder/spi-builder-workspace/.derivedData/Build/Intermediates.noindex/mongo-swift-driver.build/Debug-watchos/CLibMongoC-t.build/Objects-normal/arm64_32/7187679823f38a2a940e0043cdf9d637-common-args.resp -MMD -MT dependencies -MF /Users/admin/builder/spi-builder-workspace/.derivedData/Build/Intermediates.noindex/mongo-swift-driver.build/Debug-watchos/CLibMongoC-t.build/Objects-normal/arm64_32/mongoc-read-concern.d --serialize-diagnostics /Users/admin/builder/spi-builder-workspace/.derivedData/Build/Intermediates.noindex/mongo-swift-driver.build/Debug-watchos/CLibMongoC-t.build/Objects-normal/arm64_32/mongoc-read-concern.dia -c /Users/admin/builder/spi-builder-workspace/.dependencies/checkouts/mongo-swift-driver/Sources/CLibMongoC/mongoc/mongoc-read-concern.c -o /Users/admin/builder/spi-builder-workspace/.derivedData/Build/Intermediates.noindex/mongo-swift-driver.build/Debug-watchos/CLibMongoC-t.build/Objects-normal/arm64_32/mongoc-read-concern.o -index-unit-output-path /mongo-swift-driver.build/Debug-watchos/CLibMongoC-t.build/Objects-normal/arm64_32/mongoc-read-concern.o
ScanDependencies /Users/admin/builder/spi-builder-workspace/.derivedData/Build/Intermediates.noindex/mongo-swift-driver.build/Debug-watchos/CLibMongoC-t.build/Objects-normal/arm64_32/mongoc-rand-openssl.o /Users/admin/builder/spi-builder-workspace/.dependencies/checkouts/mongo-swift-driver/Sources/CLibMongoC/mongoc/mongoc-rand-openssl.c normal arm64_32 c com.apple.compilers.llvm.clang.1_0.compiler (in target 'CLibMongoC' from project 'mongo-swift-driver')
    cd /Users/admin/builder/spi-builder-workspace/.swiftpm/xcode

    Using response file: /Users/admin/builder/spi-builder-workspace/.derivedData/Build/Intermediates.noindex/mongo-swift-driver.build/Debug-watchos/CLibMongoC-t.build/Objects-normal/arm64_32/7187679823f38a2a940e0043cdf9d637-common-args.resp

    builtin-ScanDependencies -o /Users/admin/builder/spi-builder-workspace/.derivedData/Build/Intermediates.noindex/mongo-swift-driver.build/Debug-watchos/CLibMongoC-t.build/Objects-normal/arm64_32/mongoc-rand-openssl.o.scan -- /Applications/Xcode-27.0.0-Release.Candidate.app/Contents/Developer/Toolchains/XcodeDefault.xctoolchain/usr/bin/clang -x c -ivfsstatcache /Users/admin/builder/spi-builder-workspace/.derivedData/SDKStatCaches.noindex/watchos27.0-24R360-e829b21a6f8c9b70876ba0858053c04477534ef55a1706bf4c1112bbb242f0a2.sdkstatcache -target arm64_32-apple-watchos9.0 -fmessage-length\=0 -fdiagnostics-show-note-include-stack -fmacro-backtrace-limit\=0 -fno-color-diagnostics -fmodules-prune-interval\=86400 -fmodules-prune-after\=345600 -fbuild-session-file\=/Users/admin/builder/spi-builder-workspace/.derivedData/ModuleCache.noindex/Session.modulevalidation -fmodules-validate-once-per-build-session -Wnon-modular-include-in-framework-module -Werror\=non-modular-include-in-framework-module -Wno-trigraphs -Wno-missing-field-initializers -Wno-missing-prototypes -Wno-return-type -Wno-missing-braces -Wparentheses -Wswitch -Wno-unused-function -Wno-unused-label -Wno-unused-parameter -Wno-unused-variable -Wunused-value -Wno-empty-body -Wno-uninitialized -Wno-unknown-pragmas -w -Wno-shadow -Wno-four-char-constants -Wno-conversion -Wno-constant-conversion -Wno-int-conversion -Wno-bool-conversion -Wno-enum-conversion -Wno-float-conversion -Wno-non-literal-null-conversion -Wno-objc-literal-conversion -Wno-shorten-64-to-32 -Wpointer-sign -Wno-newline-eof -Wno-implicit-fallthrough -isysroot /Applications/Xcode-27.0.0-Release.Candidate.app/Contents/Developer/Platforms/WatchOS.platform/Developer/SDKs/WatchOS27.0.sdk -fstrict-aliasing -Wdeprecated-declarations -Wno-sign-conversion -Wno-infinite-recursion -Wno-comma -Wno-block-capture-autoreleasing -Wno-strict-prototypes -Wno-semicolon-before-method-body -index-store-path /Users/admin/builder/spi-builder-workspace/.derivedData/Index.noindex/DataStore @/Users/admin/builder/spi-builder-workspace/.derivedData/Build/Intermediates.noindex/mongo-swift-driver.build/Debug-watchos/CLibMongoC-t.build/Objects-normal/arm64_32/7187679823f38a2a940e0043cdf9d637-common-args.resp -MMD -MT dependencies -MF /Users/admin/builder/spi-builder-workspace/.derivedData/Build/Intermediates.noindex/mongo-swift-driver.build/Debug-watchos/CLibMongoC-t.build/Objects-normal/arm64_32/mongoc-rand-openssl.d --serialize-diagnostics /Users/admin/builder/spi-builder-workspace/.derivedData/Build/Intermediates.noindex/mongo-swift-driver.build/Debug-watchos/CLibMongoC-t.build/Objects-normal/arm64_32/mongoc-rand-openssl.dia -c /Users/admin/builder/spi-builder-workspace/.dependencies/checkouts/mongo-swift-driver/Sources/CLibMongoC/mongoc/mongoc-rand-openssl.c -o /Users/admin/builder/spi-builder-workspace/.derivedData/Build/Intermediates.noindex/mongo-swift-driver.build/Debug-watchos/CLibMongoC-t.build/Objects-normal/arm64_32/mongoc-rand-openssl.o -index-unit-output-path /mongo-swift-driver.build/Debug-watchos/CLibMongoC-t.build/Objects-normal/arm64_32/mongoc-rand-openssl.o
ScanDependencies /Users/admin/builder/spi-builder-workspace/.derivedData/Build/Intermediates.noindex/mongo-swift-driver.build/Debug-watchos/CLibMongoC-t.build/Objects-normal/arm64_32/mongoc-rand-common-crypto.o /Users/admin/builder/spi-builder-workspace/.dependencies/checkouts/mongo-swift-driver/Sources/CLibMongoC/mongoc/mongoc-rand-common-crypto.c normal arm64_32 c com.apple.compilers.llvm.clang.1_0.compiler (in target 'CLibMongoC' from project 'mongo-swift-driver')
    cd /Users/admin/builder/spi-builder-workspace/.swiftpm/xcode

    Using response file: /Users/admin/builder/spi-builder-workspace/.derivedData/Build/Intermediates.noindex/mongo-swift-driver.build/Debug-watchos/CLibMongoC-t.build/Objects-normal/arm64_32/7187679823f38a2a940e0043cdf9d637-common-args.resp

    builtin-ScanDependencies -o /Users/admin/builder/spi-builder-workspace/.derivedData/Build/Intermediates.noindex/mongo-swift-driver.build/Debug-watchos/CLibMongoC-t.build/Objects-normal/arm64_32/mongoc-rand-common-crypto.o.scan -- /Applications/Xcode-27.0.0-Release.Candidate.app/Contents/Developer/Toolchains/XcodeDefault.xctoolchain/usr/bin/clang -x c -ivfsstatcache /Users/admin/builder/spi-builder-workspace/.derivedData/SDKStatCaches.noindex/watchos27.0-24R360-e829b21a6f8c9b70876ba0858053c04477534ef55a1706bf4c1112bbb242f0a2.sdkstatcache -target arm64_32-apple-watchos9.0 -fmessage-length\=0 -fdiagnostics-show-note-include-stack -fmacro-backtrace-limit\=0 -fno-color-diagnostics -fmodules-prune-interval\=86400 -fmodules-prune-after\=345600 -fbuild-session-file\=/Users/admin/builder/spi-builder-workspace/.derivedData/ModuleCache.noindex/Session.modulevalidation -fmodules-validate-once-per-build-session -Wnon-modular-include-in-framework-module -Werror\=non-modular-include-in-framework-module -Wno-trigraphs -Wno-missing-field-initializers -Wno-missing-prototypes -Wno-return-type -Wno-missing-braces -Wparentheses -Wswitch -Wno-unused-function -Wno-unused-label -Wno-unused-parameter -Wno-unused-variable -Wunused-value -Wno-empty-body -Wno-uninitialized -Wno-unknown-pragmas -w -Wno-shadow -Wno-four-char-constants -Wno-conversion -Wno-constant-conversion -Wno-int-conversion -Wno-bool-conversion -Wno-enum-conversion -Wno-float-conversion -Wno-non-literal-null-conversion -Wno-objc-literal-conversion -Wno-shorten-64-to-32 -Wpointer-sign -Wno-newline-eof -Wno-implicit-fallthrough -isysroot /Applications/Xcode-27.0.0-Release.Candidate.app/Contents/Developer/Platforms/WatchOS.platform/Developer/SDKs/WatchOS27.0.sdk -fstrict-aliasing -Wdeprecated-declarations -Wno-sign-conversion -Wno-infinite-recursion -Wno-comma -Wno-block-capture-autoreleasing -Wno-strict-prototypes -Wno-semicolon-before-method-body -index-store-path /Users/admin/builder/spi-builder-workspace/.derivedData/Index.noindex/DataStore @/Users/admin/builder/spi-builder-workspace/.derivedData/Build/Intermediates.noindex/mongo-swift-driver.build/Debug-watchos/CLibMongoC-t.build/Objects-normal/arm64_32/7187679823f38a2a940e0043cdf9d637-common-args.resp -MMD -MT dependencies -MF /Users/admin/builder/spi-builder-workspace/.derivedData/Build/Intermediates.noindex/mongo-swift-driver.build/Debug-watchos/CLibMongoC-t.build/Objects-normal/arm64_32/mongoc-rand-common-crypto.d --serialize-diagnostics /Users/admin/builder/spi-builder-workspace/.derivedData/Build/Intermediates.noindex/mongo-swift-driver.build/Debug-watchos/CLibMongoC-t.build/Objects-normal/arm64_32/mongoc-rand-common-crypto.dia -c /Users/admin/builder/spi-builder-workspace/.dependencies/checkouts/mongo-swift-driver/Sources/CLibMongoC/mongoc/mongoc-rand-common-crypto.c -o /Users/admin/builder/spi-builder-workspace/.derivedData/Build/Intermediates.noindex/mongo-swift-driver.build/Debug-watchos/CLibMongoC-t.build/Objects-normal/arm64_32/mongoc-rand-common-crypto.o -index-unit-output-path /mongo-swift-driver.build/Debug-watchos/CLibMongoC-t.build/Objects-normal/arm64_32/mongoc-rand-common-crypto.o
ScanDependencies /Users/admin/builder/spi-builder-workspace/.derivedData/Build/Intermediates.noindex/mongo-swift-driver.build/Debug-watchos/CLibMongoC-t.build/Objects-normal/arm64_32/mongoc-queue.o /Users/admin/builder/spi-builder-workspace/.dependencies/checkouts/mongo-swift-driver/Sources/CLibMongoC/mongoc/mongoc-queue.c normal arm64_32 c com.apple.compilers.llvm.clang.1_0.compiler (in target 'CLibMongoC' from project 'mongo-swift-driver')
    cd /Users/admin/builder/spi-builder-workspace/.swiftpm/xcode

    Using response file: /Users/admin/builder/spi-builder-workspace/.derivedData/Build/Intermediates.noindex/mongo-swift-driver.build/Debug-watchos/CLibMongoC-t.build/Objects-normal/arm64_32/7187679823f38a2a940e0043cdf9d637-common-args.resp

    builtin-ScanDependencies -o /Users/admin/builder/spi-builder-workspace/.derivedData/Build/Intermediates.noindex/mongo-swift-driver.build/Debug-watchos/CLibMongoC-t.build/Objects-normal/arm64_32/mongoc-queue.o.scan -- /Applications/Xcode-27.0.0-Release.Candidate.app/Contents/Developer/Toolchains/XcodeDefault.xctoolchain/usr/bin/clang -x c -ivfsstatcache /Users/admin/builder/spi-builder-workspace/.derivedData/SDKStatCaches.noindex/watchos27.0-24R360-e829b21a6f8c9b70876ba0858053c04477534ef55a1706bf4c1112bbb242f0a2.sdkstatcache -target arm64_32-apple-watchos9.0 -fmessage-length\=0 -fdiagnostics-show-note-include-stack -fmacro-backtrace-limit\=0 -fno-color-diagnostics -fmodules-prune-interval\=86400 -fmodules-prune-after\=345600 -fbuild-session-file\=/Users/admin/builder/spi-builder-workspace/.derivedData/ModuleCache.noindex/Session.modulevalidation -fmodules-validate-once-per-build-session -Wnon-modular-include-in-framework-module -Werror\=non-modular-include-in-framework-module -Wno-trigraphs -Wno-missing-field-initializers -Wno-missing-prototypes -Wno-return-type -Wno-missing-braces -Wparentheses -Wswitch -Wno-unused-function -Wno-unused-label -Wno-unused-parameter -Wno-unused-variable -Wunused-value -Wno-empty-body -Wno-uninitialized -Wno-unknown-pragmas -w -Wno-shadow -Wno-four-char-constants -Wno-conversion -Wno-constant-conversion -Wno-int-conversion -Wno-bool-conversion -Wno-enum-conversion -Wno-float-conversion -Wno-non-literal-null-conversion -Wno-objc-literal-conversion -Wno-shorten-64-to-32 -Wpointer-sign -Wno-newline-eof -Wno-implicit-fallthrough -isysroot /Applications/Xcode-27.0.0-Release.Candidate.app/Contents/Developer/Platforms/WatchOS.platform/Developer/SDKs/WatchOS27.0.sdk -fstrict-aliasing -Wdeprecated-declarations -Wno-sign-conversion -Wno-infinite-recursion -Wno-comma -Wno-block-capture-autoreleasing -Wno-strict-prototypes -Wno-semicolon-before-method-body -index-store-path /Users/admin/builder/spi-builder-workspace/.derivedData/Index.noindex/DataStore @/Users/admin/builder/spi-builder-workspace/.derivedData/Build/Intermediates.noindex/mongo-swift-driver.build/Debug-watchos/CLibMongoC-t.build/Objects-normal/arm64_32/7187679823f38a2a940e0043cdf9d637-common-args.resp -MMD -MT dependencies -MF /Users/admin/builder/spi-builder-workspace/.derivedData/Build/Intermediates.noindex/mongo-swift-driver.build/Debug-watchos/CLibMongoC-t.build/Objects-normal/arm64_32/mongoc-queue.d --serialize-diagnostics /Users/admin/builder/spi-builder-workspace/.derivedData/Build/Intermediates.noindex/mongo-swift-driver.build/Debug-watchos/CLibMongoC-t.build/Objects-normal/arm64_32/mongoc-queue.dia -c /Users/admin/builder/spi-builder-workspace/.dependencies/checkouts/mongo-swift-driver/Sources/CLibMongoC/mongoc/mongoc-queue.c -o /Users/admin/builder/spi-builder-workspace/.derivedData/Build/Intermediates.noindex/mongo-swift-driver.build/Debug-watchos/CLibMongoC-t.build/Objects-normal/arm64_32/mongoc-queue.o -index-unit-output-path /mongo-swift-driver.build/Debug-watchos/CLibMongoC-t.build/Objects-normal/arm64_32/mongoc-queue.o
ScanDependencies /Users/admin/builder/spi-builder-workspace/.derivedData/Build/Intermediates.noindex/mongo-swift-driver.build/Debug-watchos/CLibMongoC-t.build/Objects-normal/arm64_32/mongoc-rand-cng.o /Users/admin/builder/spi-builder-workspace/.dependencies/checkouts/mongo-swift-driver/Sources/CLibMongoC/mongoc/mongoc-rand-cng.c normal arm64_32 c com.apple.compilers.llvm.clang.1_0.compiler (in target 'CLibMongoC' from project 'mongo-swift-driver')
    cd /Users/admin/builder/spi-builder-workspace/.swiftpm/xcode

    Using response file: /Users/admin/builder/spi-builder-workspace/.derivedData/Build/Intermediates.noindex/mongo-swift-driver.build/Debug-watchos/CLibMongoC-t.build/Objects-normal/arm64_32/7187679823f38a2a940e0043cdf9d637-common-args.resp

    builtin-ScanDependencies -o /Users/admin/builder/spi-builder-workspace/.derivedData/Build/Intermediates.noindex/mongo-swift-driver.build/Debug-watchos/CLibMongoC-t.build/Objects-normal/arm64_32/mongoc-rand-cng.o.scan -- /Applications/Xcode-27.0.0-Release.Candidate.app/Contents/Developer/Toolchains/XcodeDefault.xctoolchain/usr/bin/clang -x c -ivfsstatcache /Users/admin/builder/spi-builder-workspace/.derivedData/SDKStatCaches.noindex/watchos27.0-24R360-e829b21a6f8c9b70876ba0858053c04477534ef55a1706bf4c1112bbb242f0a2.sdkstatcache -target arm64_32-apple-watchos9.0 -fmessage-length\=0 -fdiagnostics-show-note-include-stack -fmacro-backtrace-limit\=0 -fno-color-diagnostics -fmodules-prune-interval\=86400 -fmodules-prune-after\=345600 -fbuild-session-file\=/Users/admin/builder/spi-builder-workspace/.derivedData/ModuleCache.noindex/Session.modulevalidation -fmodules-validate-once-per-build-session -Wnon-modular-include-in-framework-module -Werror\=non-modular-include-in-framework-module -Wno-trigraphs -Wno-missing-field-initializers -Wno-missing-prototypes -Wno-return-type -Wno-missing-braces -Wparentheses -Wswitch -Wno-unused-function -Wno-unused-label -Wno-unused-parameter -Wno-unused-variable -Wunused-value -Wno-empty-body -Wno-uninitialized -Wno-unknown-pragmas -w -Wno-shadow -Wno-four-char-constants -Wno-conversion -Wno-constant-conversion -Wno-int-conversion -Wno-bool-conversion -Wno-enum-conversion -Wno-float-conversion -Wno-non-literal-null-conversion -Wno-objc-literal-conversion -Wno-shorten-64-to-32 -Wpointer-sign -Wno-newline-eof -Wno-implicit-fallthrough -isysroot /Applications/Xcode-27.0.0-Release.Candidate.app/Contents/Developer/Platforms/WatchOS.platform/Developer/SDKs/WatchOS27.0.sdk -fstrict-aliasing -Wdeprecated-declarations -Wno-sign-conversion -Wno-infinite-recursion -Wno-comma -Wno-block-capture-autoreleasing -Wno-strict-prototypes -Wno-semicolon-before-method-body -index-store-path /Users/admin/builder/spi-builder-workspace/.derivedData/Index.noindex/DataStore @/Users/admin/builder/spi-builder-workspace/.derivedData/Build/Intermediates.noindex/mongo-swift-driver.build/Debug-watchos/CLibMongoC-t.build/Objects-normal/arm64_32/7187679823f38a2a940e0043cdf9d637-common-args.resp -MMD -MT dependencies -MF /Users/admin/builder/spi-builder-workspace/.derivedData/Build/Intermediates.noindex/mongo-swift-driver.build/Debug-watchos/CLibMongoC-t.build/Objects-normal/arm64_32/mongoc-rand-cng.d --serialize-diagnostics /Users/admin/builder/spi-builder-workspace/.derivedData/Build/Intermediates.noindex/mongo-swift-driver.build/Debug-watchos/CLibMongoC-t.build/Objects-normal/arm64_32/mongoc-rand-cng.dia -c /Users/admin/builder/spi-builder-workspace/.dependencies/checkouts/mongo-swift-driver/Sources/CLibMongoC/mongoc/mongoc-rand-cng.c -o /Users/admin/builder/spi-builder-workspace/.derivedData/Build/Intermediates.noindex/mongo-swift-driver.build/Debug-watchos/CLibMongoC-t.build/Objects-normal/arm64_32/mongoc-rand-cng.o -index-unit-output-path /mongo-swift-driver.build/Debug-watchos/CLibMongoC-t.build/Objects-normal/arm64_32/mongoc-rand-cng.o
ScanDependencies /Users/admin/builder/spi-builder-workspace/.derivedData/Build/Intermediates.noindex/mongo-swift-driver.build/Debug-watchos/CLibMongoC-t.build/Objects-normal/arm64_32/mongoc-opts.o /Users/admin/builder/spi-builder-workspace/.dependencies/checkouts/mongo-swift-driver/Sources/CLibMongoC/mongoc/mongoc-opts.c normal arm64_32 c com.apple.compilers.llvm.clang.1_0.compiler (in target 'CLibMongoC' from project 'mongo-swift-driver')
    cd /Users/admin/builder/spi-builder-workspace/.swiftpm/xcode

    Using response file: /Users/admin/builder/spi-builder-workspace/.derivedData/Build/Intermediates.noindex/mongo-swift-driver.build/Debug-watchos/CLibMongoC-t.build/Objects-normal/arm64_32/7187679823f38a2a940e0043cdf9d637-common-args.resp

    builtin-ScanDependencies -o /Users/admin/builder/spi-builder-workspace/.derivedData/Build/Intermediates.noindex/mongo-swift-driver.build/Debug-watchos/CLibMongoC-t.build/Objects-normal/arm64_32/mongoc-opts.o.scan -- /Applications/Xcode-27.0.0-Release.Candidate.app/Contents/Developer/Toolchains/XcodeDefault.xctoolchain/usr/bin/clang -x c -ivfsstatcache /Users/admin/builder/spi-builder-workspace/.derivedData/SDKStatCaches.noindex/watchos27.0-24R360-e829b21a6f8c9b70876ba0858053c04477534ef55a1706bf4c1112bbb242f0a2.sdkstatcache -target arm64_32-apple-watchos9.0 -fmessage-length\=0 -fdiagnostics-show-note-include-stack -fmacro-backtrace-limit\=0 -fno-color-diagnostics -fmodules-prune-interval\=86400 -fmodules-prune-after\=345600 -fbuild-session-file\=/Users/admin/builder/spi-builder-workspace/.derivedData/ModuleCache.noindex/Session.modulevalidation -fmodules-validate-once-per-build-session -Wnon-modular-include-in-framework-module -Werror\=non-modular-include-in-framework-module -Wno-trigraphs -Wno-missing-field-initializers -Wno-missing-prototypes -Wno-return-type -Wno-missing-braces -Wparentheses -Wswitch -Wno-unused-function -Wno-unused-label -Wno-unused-parameter -Wno-unused-variable -Wunused-value -Wno-empty-body -Wno-uninitialized -Wno-unknown-pragmas -w -Wno-shadow -Wno-four-char-constants -Wno-conversion -Wno-constant-conversion -Wno-int-conversion -Wno-bool-conversion -Wno-enum-conversion -Wno-float-conversion -Wno-non-literal-null-conversion -Wno-objc-literal-conversion -Wno-shorten-64-to-32 -Wpointer-sign -Wno-newline-eof -Wno-implicit-fallthrough -isysroot /Applications/Xcode-27.0.0-Release.Candidate.app/Contents/Developer/Platforms/WatchOS.platform/Developer/SDKs/WatchOS27.0.sdk -fstrict-aliasing -Wdeprecated-declarations -Wno-sign-conversion -Wno-infinite-recursion -Wno-comma -Wno-block-capture-autoreleasing -Wno-strict-prototypes -Wno-semicolon-before-method-body -index-store-path /Users/admin/builder/spi-builder-workspace/.derivedData/Index.noindex/DataStore @/Users/admin/builder/spi-builder-workspace/.derivedData/Build/Intermediates.noindex/mongo-swift-driver.build/Debug-watchos/CLibMongoC-t.build/Objects-normal/arm64_32/7187679823f38a2a940e0043cdf9d637-common-args.resp -MMD -MT dependencies -MF /Users/admin/builder/spi-builder-workspace/.derivedData/Build/Intermediates.noindex/mongo-swift-driver.build/Debug-watchos/CLibMongoC-t.build/Objects-normal/arm64_32/mongoc-opts.d --serialize-diagnostics /Users/admin/builder/spi-builder-workspace/.derivedData/Build/Intermediates.noindex/mongo-swift-driver.build/Debug-watchos/CLibMongoC-t.build/Objects-normal/arm64_32/mongoc-opts.dia -c /Users/admin/builder/spi-builder-workspace/.dependencies/checkouts/mongo-swift-driver/Sources/CLibMongoC/mongoc/mongoc-opts.c -o /Users/admin/builder/spi-builder-workspace/.derivedData/Build/Intermediates.noindex/mongo-swift-driver.build/Debug-watchos/CLibMongoC-t.build/Objects-normal/arm64_32/mongoc-opts.o -index-unit-output-path /mongo-swift-driver.build/Debug-watchos/CLibMongoC-t.build/Objects-normal/arm64_32/mongoc-opts.o
ScanDependencies /Users/admin/builder/spi-builder-workspace/.derivedData/Build/Intermediates.noindex/mongo-swift-driver.build/Debug-watchos/CLibMongoC-t.build/Objects-normal/arm64_32/mongoc-opts-helpers.o /Users/admin/builder/spi-builder-workspace/.dependencies/checkouts/mongo-swift-driver/Sources/CLibMongoC/mongoc/mongoc-opts-helpers.c normal arm64_32 c com.apple.compilers.llvm.clang.1_0.compiler (in target 'CLibMongoC' from project 'mongo-swift-driver')
    cd /Users/admin/builder/spi-builder-workspace/.swiftpm/xcode

    Using response file: /Users/admin/builder/spi-builder-workspace/.derivedData/Build/Intermediates.noindex/mongo-swift-driver.build/Debug-watchos/CLibMongoC-t.build/Objects-normal/arm64_32/7187679823f38a2a940e0043cdf9d637-common-args.resp

    builtin-ScanDependencies -o /Users/admin/builder/spi-builder-workspace/.derivedData/Build/Intermediates.noindex/mongo-swift-driver.build/Debug-watchos/CLibMongoC-t.build/Objects-normal/arm64_32/mongoc-opts-helpers.o.scan -- /Applications/Xcode-27.0.0-Release.Candidate.app/Contents/Developer/Toolchains/XcodeDefault.xctoolchain/usr/bin/clang -x c -ivfsstatcache /Users/admin/builder/spi-builder-workspace/.derivedData/SDKStatCaches.noindex/watchos27.0-24R360-e829b21a6f8c9b70876ba0858053c04477534ef55a1706bf4c1112bbb242f0a2.sdkstatcache -target arm64_32-apple-watchos9.0 -fmessage-length\=0 -fdiagnostics-show-note-include-stack -fmacro-backtrace-limit\=0 -fno-color-diagnostics -fmodules-prune-interval\=86400 -fmodules-prune-after\=345600 -fbuild-session-file\=/Users/admin/builder/spi-builder-workspace/.derivedData/ModuleCache.noindex/Session.modulevalidation -fmodules-validate-once-per-build-session -Wnon-modular-include-in-framework-module -Werror\=non-modular-include-in-framework-module -Wno-trigraphs -Wno-missing-field-initializers -Wno-missing-prototypes -Wno-return-type -Wno-missing-braces -Wparentheses -Wswitch -Wno-unused-function -Wno-unused-label -Wno-unused-parameter -Wno-unused-variable -Wunused-value -Wno-empty-body -Wno-uninitialized -Wno-unknown-pragmas -w -Wno-shadow -Wno-four-char-constants -Wno-conversion -Wno-constant-conversion -Wno-int-conversion -Wno-bool-conversion -Wno-enum-conversion -Wno-float-conversion -Wno-non-literal-null-conversion -Wno-objc-literal-conversion -Wno-shorten-64-to-32 -Wpointer-sign -Wno-newline-eof -Wno-implicit-fallthrough -isysroot /Applications/Xcode-27.0.0-Release.Candidate.app/Contents/Developer/Platforms/WatchOS.platform/Developer/SDKs/WatchOS27.0.sdk -fstrict-aliasing -Wdeprecated-declarations -Wno-sign-conversion -Wno-infinite-recursion -Wno-comma -Wno-block-capture-autoreleasing -Wno-strict-prototypes -Wno-semicolon-before-method-body -index-store-path /Users/admin/builder/spi-builder-workspace/.derivedData/Index.noindex/DataStore @/Users/admin/builder/spi-builder-workspace/.derivedData/Build/Intermediates.noindex/mongo-swift-driver.build/Debug-watchos/CLibMongoC-t.build/Objects-normal/arm64_32/7187679823f38a2a940e0043cdf9d637-common-args.resp -MMD -MT dependencies -MF /Users/admin/builder/spi-builder-workspace/.derivedData/Build/Intermediates.noindex/mongo-swift-driver.build/Debug-watchos/CLibMongoC-t.build/Objects-normal/arm64_32/mongoc-opts-helpers.d --serialize-diagnostics /Users/admin/builder/spi-builder-workspace/.derivedData/Build/Intermediates.noindex/mongo-swift-driver.build/Debug-watchos/CLibMongoC-t.build/Objects-normal/arm64_32/mongoc-opts-helpers.dia -c /Users/admin/builder/spi-builder-workspace/.dependencies/checkouts/mongo-swift-driver/Sources/CLibMongoC/mongoc/mongoc-opts-helpers.c -o /Users/admin/builder/spi-builder-workspace/.derivedData/Build/Intermediates.noindex/mongo-swift-driver.build/Debug-watchos/CLibMongoC-t.build/Objects-normal/arm64_32/mongoc-opts-helpers.o -index-unit-output-path /mongo-swift-driver.build/Debug-watchos/CLibMongoC-t.build/Objects-normal/arm64_32/mongoc-opts-helpers.o
ScanDependencies /Users/admin/builder/spi-builder-workspace/.derivedData/Build/Intermediates.noindex/mongo-swift-driver.build/Debug-watchos/CLibMongoC-t.build/Objects-normal/arm64_32/mongoc-optional.o /Users/admin/builder/spi-builder-workspace/.dependencies/checkouts/mongo-swift-driver/Sources/CLibMongoC/mongoc/mongoc-optional.c normal arm64_32 c com.apple.compilers.llvm.clang.1_0.compiler (in target 'CLibMongoC' from project 'mongo-swift-driver')
    cd /Users/admin/builder/spi-builder-workspace/.swiftpm/xcode

    Using response file: /Users/admin/builder/spi-builder-workspace/.derivedData/Build/Intermediates.noindex/mongo-swift-driver.build/Debug-watchos/CLibMongoC-t.build/Objects-normal/arm64_32/7187679823f38a2a940e0043cdf9d637-common-args.resp

    builtin-ScanDependencies -o /Users/admin/builder/spi-builder-workspace/.derivedData/Build/Intermediates.noindex/mongo-swift-driver.build/Debug-watchos/CLibMongoC-t.build/Objects-normal/arm64_32/mongoc-optional.o.scan -- /Applications/Xcode-27.0.0-Release.Candidate.app/Contents/Developer/Toolchains/XcodeDefault.xctoolchain/usr/bin/clang -x c -ivfsstatcache /Users/admin/builder/spi-builder-workspace/.derivedData/SDKStatCaches.noindex/watchos27.0-24R360-e829b21a6f8c9b70876ba0858053c04477534ef55a1706bf4c1112bbb242f0a2.sdkstatcache -target arm64_32-apple-watchos9.0 -fmessage-length\=0 -fdiagnostics-show-note-include-stack -fmacro-backtrace-limit\=0 -fno-color-diagnostics -fmodules-prune-interval\=86400 -fmodules-prune-after\=345600 -fbuild-session-file\=/Users/admin/builder/spi-builder-workspace/.derivedData/ModuleCache.noindex/Session.modulevalidation -fmodules-validate-once-per-build-session -Wnon-modular-include-in-framework-module -Werror\=non-modular-include-in-framework-module -Wno-trigraphs -Wno-missing-field-initializers -Wno-missing-prototypes -Wno-return-type -Wno-missing-braces -Wparentheses -Wswitch -Wno-unused-function -Wno-unused-label -Wno-unused-parameter -Wno-unused-variable -Wunused-value -Wno-empty-body -Wno-uninitialized -Wno-unknown-pragmas -w -Wno-shadow -Wno-four-char-constants -Wno-conversion -Wno-constant-conversion -Wno-int-conversion -Wno-bool-conversion -Wno-enum-conversion -Wno-float-conversion -Wno-non-literal-null-conversion -Wno-objc-literal-conversion -Wno-shorten-64-to-32 -Wpointer-sign -Wno-newline-eof -Wno-implicit-fallthrough -isysroot /Applications/Xcode-27.0.0-Release.Candidate.app/Contents/Developer/Platforms/WatchOS.platform/Developer/SDKs/WatchOS27.0.sdk -fstrict-aliasing -Wdeprecated-declarations -Wno-sign-conversion -Wno-infinite-recursion -Wno-comma -Wno-block-capture-autoreleasing -Wno-strict-prototypes -Wno-semicolon-before-method-body -index-store-path /Users/admin/builder/spi-builder-workspace/.derivedData/Index.noindex/DataStore @/Users/admin/builder/spi-builder-workspace/.derivedData/Build/Intermediates.noindex/mongo-swift-driver.build/Debug-watchos/CLibMongoC-t.build/Objects-normal/arm64_32/7187679823f38a2a940e0043cdf9d637-common-args.resp -MMD -MT dependencies -MF /Users/admin/builder/spi-builder-workspace/.derivedData/Build/Intermediates.noindex/mongo-swift-driver.build/Debug-watchos/CLibMongoC-t.build/Objects-normal/arm64_32/mongoc-optional.d --serialize-diagnostics /Users/admin/builder/spi-builder-workspace/.derivedData/Build/Intermediates.noindex/mongo-swift-driver.build/Debug-watchos/CLibMongoC-t.build/Objects-normal/arm64_32/mongoc-optional.dia -c /Users/admin/builder/spi-builder-workspace/.dependencies/checkouts/mongo-swift-driver/Sources/CLibMongoC/mongoc/mongoc-optional.c -o /Users/admin/builder/spi-builder-workspace/.derivedData/Build/Intermediates.noindex/mongo-swift-driver.build/Debug-watchos/CLibMongoC-t.build/Objects-normal/arm64_32/mongoc-optional.o -index-unit-output-path /mongo-swift-driver.build/Debug-watchos/CLibMongoC-t.build/Objects-normal/arm64_32/mongoc-optional.o
Ld /Users/admin/builder/spi-builder-workspace/.derivedData/Build/Intermediates.noindex/swift-extras-json.build/Debug-watchos/ExtrasJSON-t.build/Objects-normal/arm64_32/Binary/ExtrasJSON.o normal arm64_32 (in target 'ExtrasJSON' from project 'swift-extras-json')
    cd /Users/admin/builder/spi-builder-workspace/.dependencies/checkouts/swift-extras-json
    /Applications/Xcode-27.0.0-Release.Candidate.app/Contents/Developer/Toolchains/XcodeDefault.xctoolchain/usr/bin/clang -Xlinker -reproducible -target arm64_32-apple-watchos9.0 -r -isysroot /Applications/Xcode-27.0.0-Release.Candidate.app/Contents/Developer/Platforms/WatchOS.platform/Developer/SDKs/WatchOS27.0.sdk -O0 -w -Xlinker -no_warn_duplicate_libraries -F/Users/admin/builder/spi-builder-workspace/.derivedData/Build/Intermediates.noindex/EagerLinkingTBDs/Debug-watchos -F/Users/admin/builder/spi-builder-workspace/.derivedData/Build/Products/Debug-watchos -iframework /Applications/Xcode-27.0.0-Release.Candidate.app/Contents/Developer/Platforms/WatchOS.platform/Developer/Library/Frameworks -iframework /Applications/Xcode-27.0.0-Release.Candidate.app/Contents/Developer/Platforms/WatchOS.platform/Developer/SDKs/WatchOS27.0.sdk/Developer/Library/Frameworks -filelist /Users/admin/builder/spi-builder-workspace/.derivedData/Build/Intermediates.noindex/swift-extras-json.build/Debug-watchos/ExtrasJSON-t.build/Objects-normal/arm64_32/ExtrasJSON.LinkFileList -nostdlib -Xlinker -object_path_lto -Xlinker /Users/admin/builder/spi-builder-workspace/.derivedData/Build/Intermediates.noindex/swift-extras-json.build/Debug-watchos/ExtrasJSON-t.build/Objects-normal/arm64_32/ExtrasJSON_lto.o -Xlinker -no_deduplicate -Xlinker -debug_variant -Xlinker -dependency_info -Xlinker /Users/admin/builder/spi-builder-workspace/.derivedData/Build/Intermediates.noindex/swift-extras-json.build/Debug-watchos/ExtrasJSON-t.build/Objects-normal/arm64_32/ExtrasJSON_dependency_info.dat -fobjc-link-runtime -L/Applications/Xcode-27.0.0-Release.Candidate.app/Contents/Developer/Toolchains/XcodeDefault.xctoolchain/usr/lib/swift/watchos -L/usr/lib/swift -Xlinker -add_ast_path -Xlinker /Users/admin/builder/spi-builder-workspace/.derivedData/Build/Intermediates.noindex/swift-extras-json.build/Debug-watchos/ExtrasJSON-t.build/Objects-normal/arm64_32/ExtrasJSON.swiftmodule -o /Users/admin/builder/spi-builder-workspace/.derivedData/Build/Intermediates.noindex/swift-extras-json.build/Debug-watchos/ExtrasJSON-t.build/Objects-normal/arm64_32/Binary/ExtrasJSON.o
Ld /Users/admin/builder/spi-builder-workspace/.derivedData/Build/Intermediates.noindex/swift-extras-json.build/Debug-watchos/ExtrasJSON-t.build/Objects-normal/arm64/Binary/ExtrasJSON.o normal arm64 (in target 'ExtrasJSON' from project 'swift-extras-json')
    cd /Users/admin/builder/spi-builder-workspace/.dependencies/checkouts/swift-extras-json
    /Applications/Xcode-27.0.0-Release.Candidate.app/Contents/Developer/Toolchains/XcodeDefault.xctoolchain/usr/bin/clang -Xlinker -reproducible -target arm64-apple-watchos9.0 -r -isysroot /Applications/Xcode-27.0.0-Release.Candidate.app/Contents/Developer/Platforms/WatchOS.platform/Developer/SDKs/WatchOS27.0.sdk -O0 -w -Xlinker -no_warn_duplicate_libraries -F/Users/admin/builder/spi-builder-workspace/.derivedData/Build/Intermediates.noindex/EagerLinkingTBDs/Debug-watchos -F/Users/admin/builder/spi-builder-workspace/.derivedData/Build/Products/Debug-watchos -iframework /Applications/Xcode-27.0.0-Release.Candidate.app/Contents/Developer/Platforms/WatchOS.platform/Developer/Library/Frameworks -iframework /Applications/Xcode-27.0.0-Release.Candidate.app/Contents/Developer/Platforms/WatchOS.platform/Developer/SDKs/WatchOS27.0.sdk/Developer/Library/Frameworks -filelist /Users/admin/builder/spi-builder-workspace/.derivedData/Build/Intermediates.noindex/swift-extras-json.build/Debug-watchos/ExtrasJSON-t.build/Objects-normal/arm64/ExtrasJSON.LinkFileList -nostdlib -Xlinker -object_path_lto -Xlinker /Users/admin/builder/spi-builder-workspace/.derivedData/Build/Intermediates.noindex/swift-extras-json.build/Debug-watchos/ExtrasJSON-t.build/Objects-normal/arm64/ExtrasJSON_lto.o -Xlinker -no_deduplicate -Xlinker -debug_variant -Xlinker -dependency_info -Xlinker /Users/admin/builder/spi-builder-workspace/.derivedData/Build/Intermediates.noindex/swift-extras-json.build/Debug-watchos/ExtrasJSON-t.build/Objects-normal/arm64/ExtrasJSON_dependency_info.dat -fobjc-link-runtime -L/Applications/Xcode-27.0.0-Release.Candidate.app/Contents/Developer/Toolchains/XcodeDefault.xctoolchain/usr/lib/swift/watchos -L/usr/lib/swift -Xlinker -add_ast_path -Xlinker /Users/admin/builder/spi-builder-workspace/.derivedData/Build/Intermediates.noindex/swift-extras-json.build/Debug-watchos/ExtrasJSON-t.build/Objects-normal/arm64/ExtrasJSON.swiftmodule -o /Users/admin/builder/spi-builder-workspace/.derivedData/Build/Intermediates.noindex/swift-extras-json.build/Debug-watchos/ExtrasJSON-t.build/Objects-normal/arm64/Binary/ExtrasJSON.o
SwiftDriver Atomics normal arm64 com.apple.xcode.tools.swift.compiler (in target 'Atomics' from project 'swift-atomics')
    cd /Users/admin/builder/spi-builder-workspace/.swiftpm/xcode
    builtin-SwiftDriver -- /Applications/Xcode-27.0.0-Release.Candidate.app/Contents/Developer/Toolchains/XcodeDefault.xctoolchain/usr/bin/swiftc -parse-as-library -module-name Atomics -Onone @/Users/admin/builder/spi-builder-workspace/.derivedData/Build/Intermediates.noindex/swift-atomics.build/Debug-watchos/Atomics-t.build/Objects-normal/arm64/Atomics.SwiftFileList -DSWIFT_PACKAGE -DDEBUG -DSWIFT_MODULE_RESOURCE_BUNDLE_UNAVAILABLE -Xcc -fmodule-map-file\=/Users/admin/builder/spi-builder-workspace/.dependencies/checkouts/swift-atomics/Sources/_AtomicsShims/include/module.modulemap -DXcode -enable-experimental-feature BuiltinModule -plugin-path /Applications/Xcode-27.0.0-Release.Candidate.app/Contents/Developer/Toolchains/XcodeDefault.xctoolchain/usr/lib/swift/host/plugins/testing -enable-experimental-feature DebugDescriptionMacro -sdk /Applications/Xcode-27.0.0-Release.Candidate.app/Contents/Developer/Platforms/WatchOS.platform/Developer/SDKs/WatchOS27.0.sdk -target arm64-apple-watchos9.0 -g -module-cache-path /Users/admin/builder/spi-builder-workspace/.derivedData/ModuleCache.noindex -Xfrontend -serialize-debugging-options -profile-coverage-mapping -profile-generate -enable-testing -suppress-warnings -index-store-path /Users/admin/builder/spi-builder-workspace/.derivedData/Index.noindex/DataStore -Xcc -D_LIBCPP_HARDENING_MODE\=_LIBCPP_HARDENING_MODE_DEBUG -swift-version 5 -I /Users/admin/builder/spi-builder-workspace/.derivedData/Build/Products/Debug-watchos -Isystem /Applications/Xcode-27.0.0-Release.Candidate.app/Contents/Developer/Platforms/WatchOS.platform/Developer/usr/lib -F /Users/admin/builder/spi-builder-workspace/.derivedData/Build/Products/Debug-watchos/PackageFrameworks -F /Users/admin/builder/spi-builder-workspace/.derivedData/Build/Products/Debug-watchos -F /Applications/Xcode-27.0.0-Release.Candidate.app/Contents/Developer/Platforms/WatchOS.platform/Developer/Library/Frameworks -F /Applications/Xcode-27.0.0-Release.Candidate.app/Contents/Developer/Platforms/WatchOS.platform/Developer/SDKs/WatchOS27.0.sdk/Developer/Library/Frameworks -c -j10 -enable-batch-mode -incremental -Xcc -ivfsstatcache -Xcc /Users/admin/builder/spi-builder-workspace/.derivedData/SDKStatCaches.noindex/watchos27.0-24R360-e829b21a6f8c9b70876ba0858053c04477534ef55a1706bf4c1112bbb242f0a2.sdkstatcache -output-file-map /Users/admin/builder/spi-builder-workspace/.derivedData/Build/Intermediates.noindex/swift-atomics.build/Debug-watchos/Atomics-t.build/Objects-normal/arm64/Atomics-OutputFileMap.json -save-temps -no-color-diagnostics -explicit-module-build -module-cache-path /Users/admin/builder/spi-builder-workspace/.derivedData/Build/Intermediates.noindex/SwiftExplicitPrecompiledModules -clang-scanner-module-cache-path /Users/admin/builder/spi-builder-workspace/.derivedData/ModuleCache.noindex -sdk-module-cache-path /Users/admin/builder/spi-builder-workspace/.derivedData/SDKExplicitPrecompiledModules -emit-dependencies -emit-module -emit-module-path /Users/admin/builder/spi-builder-workspace/.derivedData/Build/Intermediates.noindex/swift-atomics.build/Debug-watchos/Atomics-t.build/Objects-normal/arm64/Atomics.swiftmodule -serialize-diagnostics -dependency-scan-serialize-diagnostics-path /Users/admin/builder/spi-builder-workspace/.derivedData/Build/Intermediates.noindex/swift-atomics.build/Debug-watchos/Atomics-t.build/Objects-normal/arm64/Atomics-dependency-scan.dia -validate-clang-modules-once -clang-build-session-file /Users/admin/builder/spi-builder-workspace/.derivedData/ModuleCache.noindex/Session.modulevalidation -Xcc -fmodules-prune-interval\=86400 -Xcc -fmodules-prune-after\=345600 -package-name swift_atomics -emit-const-values -const-gather-protocols-list /Users/admin/builder/spi-builder-workspace/.derivedData/Build/Intermediates.noindex/swift-atomics.build/Debug-watchos/Atomics-t.build/Objects-normal/arm64/Atomics_const_extract_protocols.json -Xcc -I/Users/admin/builder/spi-builder-workspace/.dependencies/checkouts/swift-atomics/Sources/_AtomicsShims/include -Xcc -I/Users/admin/builder/spi-builder-workspace/.derivedData/Build/Products/Debug-watchos/include -Xcc -I/Users/admin/builder/spi-builder-workspace/.derivedData/Build/Intermediates.noindex/swift-atomics.build/Debug-watchos/Atomics-t.build/DerivedSources-normal/arm64 -Xcc -I/Users/admin/builder/spi-builder-workspace/.derivedData/Build/Intermediates.noindex/swift-atomics.build/Debug-watchos/Atomics-t.build/DerivedSources/arm64 -Xcc -I/Users/admin/builder/spi-builder-workspace/.derivedData/Build/Intermediates.noindex/swift-atomics.build/Debug-watchos/Atomics-t.build/DerivedSources -Xcc -DSWIFT_PACKAGE -Xcc -DDEBUG\=1 -emit-objc-header -emit-objc-header-path /Users/admin/builder/spi-builder-workspace/.derivedData/Build/Intermediates.noindex/swift-atomics.build/Debug-watchos/Atomics-t.build/Objects-normal/arm64/Atomics-Swift.h -working-directory /Users/admin/builder/spi-builder-workspace/.swiftpm/xcode -experimental-emit-module-separately -disable-cmo
SwiftDriver Atomics normal arm64_32 com.apple.xcode.tools.swift.compiler (in target 'Atomics' from project 'swift-atomics')
    cd /Users/admin/builder/spi-builder-workspace/.swiftpm/xcode
    builtin-SwiftDriver -- /Applications/Xcode-27.0.0-Release.Candidate.app/Contents/Developer/Toolchains/XcodeDefault.xctoolchain/usr/bin/swiftc -parse-as-library -module-name Atomics -Onone @/Users/admin/builder/spi-builder-workspace/.derivedData/Build/Intermediates.noindex/swift-atomics.build/Debug-watchos/Atomics-t.build/Objects-normal/arm64_32/Atomics.SwiftFileList -DSWIFT_PACKAGE -DDEBUG -DSWIFT_MODULE_RESOURCE_BUNDLE_UNAVAILABLE -Xcc -fmodule-map-file\=/Users/admin/builder/spi-builder-workspace/.dependencies/checkouts/swift-atomics/Sources/_AtomicsShims/include/module.modulemap -DXcode -enable-experimental-feature BuiltinModule -plugin-path /Applications/Xcode-27.0.0-Release.Candidate.app/Contents/Developer/Toolchains/XcodeDefault.xctoolchain/usr/lib/swift/host/plugins/testing -enable-experimental-feature DebugDescriptionMacro -sdk /Applications/Xcode-27.0.0-Release.Candidate.app/Contents/Developer/Platforms/WatchOS.platform/Developer/SDKs/WatchOS27.0.sdk -target arm64_32-apple-watchos9.0 -g -module-cache-path /Users/admin/builder/spi-builder-workspace/.derivedData/ModuleCache.noindex -Xfrontend -serialize-debugging-options -profile-coverage-mapping -profile-generate -enable-testing -suppress-warnings -index-store-path /Users/admin/builder/spi-builder-workspace/.derivedData/Index.noindex/DataStore -Xcc -D_LIBCPP_HARDENING_MODE\=_LIBCPP_HARDENING_MODE_DEBUG -swift-version 5 -I /Users/admin/builder/spi-builder-workspace/.derivedData/Build/Products/Debug-watchos -Isystem /Applications/Xcode-27.0.0-Release.Candidate.app/Contents/Developer/Platforms/WatchOS.platform/Developer/usr/lib -F /Users/admin/builder/spi-builder-workspace/.derivedData/Build/Products/Debug-watchos/PackageFrameworks -F /Users/admin/builder/spi-builder-workspace/.derivedData/Build/Products/Debug-watchos -F /Applications/Xcode-27.0.0-Release.Candidate.app/Contents/Developer/Platforms/WatchOS.platform/Developer/Library/Frameworks -F /Applications/Xcode-27.0.0-Release.Candidate.app/Contents/Developer/Platforms/WatchOS.platform/Developer/SDKs/WatchOS27.0.sdk/Developer/Library/Frameworks -c -j10 -enable-batch-mode -incremental -Xcc -ivfsstatcache -Xcc /Users/admin/builder/spi-builder-workspace/.derivedData/SDKStatCaches.noindex/watchos27.0-24R360-e829b21a6f8c9b70876ba0858053c04477534ef55a1706bf4c1112bbb242f0a2.sdkstatcache -output-file-map /Users/admin/builder/spi-builder-workspace/.derivedData/Build/Intermediates.noindex/swift-atomics.build/Debug-watchos/Atomics-t.build/Objects-normal/arm64_32/Atomics-OutputFileMap.json -save-temps -no-color-diagnostics -explicit-module-build -module-cache-path /Users/admin/builder/spi-builder-workspace/.derivedData/Build/Intermediates.noindex/SwiftExplicitPrecompiledModules -clang-scanner-module-cache-path /Users/admin/builder/spi-builder-workspace/.derivedData/ModuleCache.noindex -sdk-module-cache-path /Users/admin/builder/spi-builder-workspace/.derivedData/SDKExplicitPrecompiledModules -emit-dependencies -emit-module -emit-module-path /Users/admin/builder/spi-builder-workspace/.derivedData/Build/Intermediates.noindex/swift-atomics.build/Debug-watchos/Atomics-t.build/Objects-normal/arm64_32/Atomics.swiftmodule -serialize-diagnostics -dependency-scan-serialize-diagnostics-path /Users/admin/builder/spi-builder-workspace/.derivedData/Build/Intermediates.noindex/swift-atomics.build/Debug-watchos/Atomics-t.build/Objects-normal/arm64_32/Atomics-dependency-scan.dia -validate-clang-modules-once -clang-build-session-file /Users/admin/builder/spi-builder-workspace/.derivedData/ModuleCache.noindex/Session.modulevalidation -Xcc -fmodules-prune-interval\=86400 -Xcc -fmodules-prune-after\=345600 -package-name swift_atomics -emit-const-values -const-gather-protocols-list /Users/admin/builder/spi-builder-workspace/.derivedData/Build/Intermediates.noindex/swift-atomics.build/Debug-watchos/Atomics-t.build/Objects-normal/arm64_32/Atomics_const_extract_protocols.json -Xcc -I/Users/admin/builder/spi-builder-workspace/.dependencies/checkouts/swift-atomics/Sources/_AtomicsShims/include -Xcc -I/Users/admin/builder/spi-builder-workspace/.derivedData/Build/Products/Debug-watchos/include -Xcc -I/Users/admin/builder/spi-builder-workspace/.derivedData/Build/Intermediates.noindex/swift-atomics.build/Debug-watchos/Atomics-t.build/DerivedSources-normal/arm64_32 -Xcc -I/Users/admin/builder/spi-builder-workspace/.derivedData/Build/Intermediates.noindex/swift-atomics.build/Debug-watchos/Atomics-t.build/DerivedSources/arm64_32 -Xcc -I/Users/admin/builder/spi-builder-workspace/.derivedData/Build/Intermediates.noindex/swift-atomics.build/Debug-watchos/Atomics-t.build/DerivedSources -Xcc -DSWIFT_PACKAGE -Xcc -DDEBUG\=1 -emit-objc-header -emit-objc-header-path /Users/admin/builder/spi-builder-workspace/.derivedData/Build/Intermediates.noindex/swift-atomics.build/Debug-watchos/Atomics-t.build/Objects-normal/arm64_32/Atomics-Swift.h -working-directory /Users/admin/builder/spi-builder-workspace/.swiftpm/xcode -experimental-emit-module-separately -disable-cmo
CompileC /Users/admin/builder/spi-builder-workspace/.derivedData/Build/Intermediates.noindex/swift-nio.build/Debug-watchos/CNIOAtomics-t.build/Objects-normal/arm64_32/c-nioatomics.o /Users/admin/builder/spi-builder-workspace/.dependencies/checkouts/swift-nio/Sources/CNIOAtomics/src/c-nioatomics.c normal arm64_32 c com.apple.compilers.llvm.clang.1_0.compiler (in target 'CNIOAtomics' from project 'swift-nio')
    cd /Users/admin/builder/spi-builder-workspace/.swiftpm/xcode

    Using response file: /Users/admin/builder/spi-builder-workspace/.derivedData/Build/Intermediates.noindex/swift-nio.build/Debug-watchos/CNIOAtomics-t.build/Objects-normal/arm64_32/7187679823f38a2a940e0043cdf9d637-common-args.resp

    /Applications/Xcode-27.0.0-Release.Candidate.app/Contents/Developer/Toolchains/XcodeDefault.xctoolchain/usr/bin/clang -x c -ivfsstatcache /Users/admin/builder/spi-builder-workspace/.derivedData/SDKStatCaches.noindex/watchos27.0-24R360-e829b21a6f8c9b70876ba0858053c04477534ef55a1706bf4c1112bbb242f0a2.sdkstatcache -target arm64_32-apple-watchos9.0 -fmessage-length\=0 -fdiagnostics-show-note-include-stack -fmacro-backtrace-limit\=0 -fno-color-diagnostics -fmodules-prune-interval\=86400 -fmodules-prune-after\=345600 -fbuild-session-file\=/Users/admin/builder/spi-builder-workspace/.derivedData/ModuleCache.noindex/Session.modulevalidation -fmodules-validate-once-per-build-session -Wnon-modular-include-in-framework-module -Werror\=non-modular-include-in-framework-module -Wno-trigraphs -Wno-missing-field-initializers -Wno-missing-prototypes -Wno-return-type -Wno-missing-braces -Wparentheses -Wswitch -Wno-unused-function -Wno-unused-label -Wno-unused-parameter -Wno-unused-variable -Wunused-value -Wno-empty-body -Wno-uninitialized -Wno-unknown-pragmas -w -Wno-shadow -Wno-four-char-constants -Wno-conversion -Wno-constant-conversion -Wno-int-conversion -Wno-bool-conversion -Wno-enum-conversion -Wno-float-conversion -Wno-non-literal-null-conversion -Wno-objc-literal-conversion -Wno-shorten-64-to-32 -Wpointer-sign -Wno-newline-eof -Wno-implicit-fallthrough -isysroot /Applications/Xcode-27.0.0-Release.Candidate.app/Contents/Developer/Platforms/WatchOS.platform/Developer/SDKs/WatchOS27.0.sdk -fstrict-aliasing -Wdeprecated-declarations -Wno-sign-conversion -Wno-infinite-recursion -Wno-comma -Wno-block-capture-autoreleasing -Wno-strict-prototypes -Wno-semicolon-before-method-body -index-store-path /Users/admin/builder/spi-builder-workspace/.derivedData/Index.noindex/DataStore @/Users/admin/builder/spi-builder-workspace/.derivedData/Build/Intermediates.noindex/swift-nio.build/Debug-watchos/CNIOAtomics-t.build/Objects-normal/arm64_32/7187679823f38a2a940e0043cdf9d637-common-args.resp -MMD -MT dependencies -MF /Users/admin/builder/spi-builder-workspace/.derivedData/Build/Intermediates.noindex/swift-nio.build/Debug-watchos/CNIOAtomics-t.build/Objects-normal/arm64_32/c-nioatomics.d --serialize-diagnostics /Users/admin/builder/spi-builder-workspace/.derivedData/Build/Intermediates.noindex/swift-nio.build/Debug-watchos/CNIOAtomics-t.build/Objects-normal/arm64_32/c-nioatomics.dia -c /Users/admin/builder/spi-builder-workspace/.dependencies/checkouts/swift-nio/Sources/CNIOAtomics/src/c-nioatomics.c -o /Users/admin/builder/spi-builder-workspace/.derivedData/Build/Intermediates.noindex/swift-nio.build/Debug-watchos/CNIOAtomics-t.build/Objects-normal/arm64_32/c-nioatomics.o -index-unit-output-path /swift-nio.build/Debug-watchos/CNIOAtomics-t.build/Objects-normal/arm64_32/c-nioatomics.o
Failed frontend command:
/Applications/Xcode-27.0.0-Release.Candidate.app/Contents/Developer/Toolchains/XcodeDefault.xctoolchain/usr/bin/clang -cc1 -Wundef-prefix\=TARGET_OS_ -fdiagnostics-show-note-include-stack -fmacro-backtrace-limit\=0 -w -ferror-limit 19 -serialize-diagnostic-file /Users/admin/builder/spi-builder-workspace/.derivedData/Build/Intermediates.noindex/swift-nio.build/Debug-watchos/CNIOAtomics-t.build/Objects-normal/arm64_32/c-nioatomics.dia -Wdeprecated-objc-isa-usage -Werror\=deprecated-objc-isa-usage -Werror\=implicit-function-declaration -Wnon-modular-include-in-framework-module -Werror\=non-modular-include-in-framework-module -Wno-trigraphs -Wno-missing-field-initializers -Wno-missing-prototypes -Wno-return-type -Wno-missing-braces -Wparentheses -Wswitch -Wno-unused-function -Wno-unused-label -Wno-unused-parameter -Wno-unused-variable -Wunused-value -Wno-empty-body -Wno-uninitialized -Wno-unknown-pragmas -Wno-shadow -Wno-four-char-constants -Wno-conversion -Wno-constant-conversion -Wno-int-conversion -Wno-bool-conversion -Wno-enum-conversion -Wno-float-conversion -Wno-non-literal-null-conversion -Wno-objc-literal-conversion -Wno-shorten-64-to-32 -Wpointer-sign -Wno-newline-eof -Wno-implicit-fallthrough -Wdeprecated-declarations -Wno-sign-conversion -Wno-infinite-recursion -Wno-comma -Wno-block-capture-autoreleasing -Wno-strict-prototypes -Wno-semicolon-before-method-body -Wno-elaborated-enum-base -Wno-error\=allocator-wrappers -index-store-path /Users/admin/builder/spi-builder-workspace/.derivedData/Index.noindex/DataStore -index-unit-output-path /swift-nio.build/Debug-watchos/CNIOAtomics-t.build/Objects-normal/arm64_32/c-nioatomics.o -fmodule-map-file\=/Applications/Xcode-27.0.0-Release.Candidate.app/Contents/Developer/Platforms/WatchOS.platform/Developer/SDKs/WatchOS.sdk/usr/include/DarwinFoundation2.modulemap -fmodule-map-file\=/Applications/Xcode-27.0.0-Release.Candidate.app/Contents/Developer/Toolchains/XcodeDefault.xctoolchain/usr/lib/clang/21/include/module.modulemap -fmodule-map-file\=/Applications/Xcode-27.0.0-Release.Candidate.app/Contents/Developer/Platforms/WatchOS.platform/Developer/SDKs/WatchOS.sdk/usr/include/DarwinFoundation3.modulemap -fmodule-map-file\=/Applications/Xcode-27.0.0-Release.Candidate.app/Contents/Developer/Toolchains/XcodeDefault.xctoolchain/usr/lib/clang/21/include/module.modulemap -fmodule-map-file\=/Applications/Xcode-27.0.0-Release.Candidate.app/Contents/Developer/Toolchains/XcodeDefault.xctoolchain/usr/lib/clang/21/include/module.modulemap -fmodule-map-file\=/Applications/Xcode-27.0.0-Release.Candidate.app/Contents/Developer/Toolchains/XcodeDefault.xctoolchain/usr/lib/clang/21/include/module.modulemap -o /Users/admin/builder/spi-builder-workspace/.derivedData/Build/Intermediates.noindex/swift-nio.build/Debug-watchos/CNIOAtomics-t.build/Objects-normal/arm64_32/c-nioatomics.o -disable-free -emit-obj -x c /Users/admin/builder/spi-builder-workspace/.dependencies/checkouts/swift-nio/Sources/CNIOAtomics/src/c-nioatomics.c -target-abi darwinpcs -target-cpu apple-s4 -target-feature +v8.3a -target-feature +aes -target-feature +complxnum -target-feature +crc -target-feature +fp-armv8 -target-feature +fullfp16 -target-feature +jsconv -target-feature +lse -target-feature +neon -target-feature +pauth -target-feature +perfmon -target-feature +ras -target-feature +rcpc -target-feature +rdm -target-feature +sha2 -triple arm64_32-apple-watchos9.0.0 -target-linker-version 1166.2 -target-sdk-version\=27.0 -fmodules-validate-system-headers -fno-modulemap-allow-subdirectory-search -isysroot /Applications/Xcode-27.0.0-Release.Candidate.app/Contents/Developer/Platforms/WatchOS.platform/Developer/SDKs/WatchOS27.0.sdk -resource-dir /Applications/Xcode-27.0.0-Release.Candidate.app/Contents/Developer/Toolchains/XcodeDefault.xctoolchain/usr/lib/clang/21 -fmodule-format\=obj -fmodule-file\=_Builtin_inttypes\=/Users/admin/builder/spi-builder-workspace/.derivedData/Build/Intermediates.noindex/ExplicitPrecompiledModules/_Builtin_inttypes-B3F7QFG1TEBRI4LG2GMBNJXIO.pcm -fmodule-file\=_Builtin_stdatomic\=/Users/admin/builder/spi-builder-workspace/.derivedData/Build/Intermediates.noindex/ExplicitPrecompiledModules/_Builtin_stdatomic-9SPG8GPVX3XGO3OLZ07JXJT71.pcm -fmodule-file\=_Builtin_stdbool\=/Users/admin/builder/spi-builder-workspace/.derivedData/Build/Intermediates.noindex/ExplicitPrecompiledModules/_Builtin_stdbool-EGAFS78BKLZO69VKEQZASSXP4.pcm -fmodule-file\=_Builtin_stdint\=/Users/admin/builder/spi-builder-workspace/.derivedData/Build/Intermediates.noindex/ExplicitPrecompiledModules/_Builtin_stdint-5EM278EOMVW9D25XM1RQZ4LNJ.pcm -fmodule-file\=_DarwinFoundation2\=/Users/admin/builder/spi-builder-workspace/.derivedData/Build/Intermediates.noindex/ExplicitPrecompiledModules/_DarwinFoundation2-36FD2BVNHMDW5FR9QW5TSDLU4.pcm -fmodule-file\=_DarwinFoundation3\=/Users/admin/builder/spi-builder-workspace/.derivedData/Build/Intermediates.noindex/ExplicitPrecompiledModules/_DarwinFoundation3-19D9EK3G40O6K37WOQL5TNZEL.pcm -I /Users/admin/builder/spi-builder-workspace/.derivedData/Build/Products/Debug-watchos/include -I /Users/admin/builder/spi-builder-workspace/.dependencies/checkouts/swift-nio/Sources/CNIOAtomics/include -I /Users/admin/builder/spi-builder-workspace/.derivedData/Build/Intermediates.noindex/swift-nio.build/Debug-watchos/CNIOAtomics-t.build/DerivedSources-normal/arm64_32 -I /Users/admin/builder/spi-builder-workspace/.derivedData/Build/Intermediates.noindex/swift-nio.build/Debug-watchos/CNIOAtomics-t.build/DerivedSources/arm64_32 -I /Users/admin/builder/spi-builder-workspace/.derivedData/Build/Intermediates.noindex/swift-nio.build/Debug-watchos/CNIOAtomics-t.build/DerivedSources -F /Users/admin/builder/spi-builder-workspace/.derivedData/Build/Products/Debug-watchos -iframework /Applications/Xcode-27.0.0-Release.Candidate.app/Contents/Developer/Platforms/WatchOS.platform/Developer/Library/Frameworks -iframework /Applications/Xcode-27.0.0-Release.Candidate.app/Contents/Developer/Platforms/WatchOS.platform/Developer/SDKs/WatchOS27.0.sdk/Developer/Library/Frameworks -internal-isystem /Applications/Xcode-27.0.0-Release.Candidate.app/Contents/Developer/Platforms/WatchOS.platform/Developer/SDKs/WatchOS27.0.sdk/usr/local/include -internal-isystem /Applications/Xcode-27.0.0-Release.Candidate.app/Contents/Developer/Toolchains/XcodeDefault.xctoolchain/usr/lib/clang/21/include -internal-externc-isystem /Applications/Xcode-27.0.0-Release.Candidate.app/Contents/Developer/Platforms/WatchOS.platform/Developer/SDKs/WatchOS27.0.sdk/usr/include -internal-externc-isystem /Applications/Xcode-27.0.0-Release.Candidate.app/Contents/Developer/Toolchains/XcodeDefault.xctoolchain/usr/include -internal-iframework /Applications/Xcode-27.0.0-Release.Candidate.app/Contents/Developer/Platforms/WatchOS.platform/Developer/SDKs/WatchOS27.0.sdk/System/Library/Frameworks -internal-iframework /Applications/Xcode-27.0.0-Release.Candidate.app/Contents/Developer/Platforms/WatchOS.platform/Developer/SDKs/WatchOS27.0.sdk/System/Library/SubFrameworks -internal-iframework /Applications/Xcode-27.0.0-Release.Candidate.app/Contents/Developer/Platforms/WatchOS.platform/Developer/SDKs/WatchOS27.0.sdk/Library/Frameworks -ivfsstatcache /Users/admin/builder/spi-builder-workspace/.derivedData/SDKStatCaches.noindex/watchos27.0-24R360-e829b21a6f8c9b70876ba0858053c04477534ef55a1706bf4c1112bbb242f0a2.sdkstatcache -std\=gnu17 -fskip-odr-check-in-gmf -fmodules -fmodule-name\=CNIOAtomics -fno-implicit-modules -fmax-type-align\=16 -fpascal-strings -fvisibility-inlines-hidden-static-local-var -mdarwin-stkchk-strong-link -fno-odr-hash-protocols -pic-level 2 -fencode-extended-block-signature -stack-protector 1 -fgnuc-version\=4.2.1 -fblocks -fno-convergent-functions -ffp-contract\=on -fclang-abi-compat\=4.0 -fno-experimental-relative-c++-abi-vtables -fno-file-reproducible -clang-vendor-feature\=+disableNonDependentMemberExprInCurrentInstantiation -clang-vendor-feature\=+enableAggressiveVLAFolding -clang-vendor-feature\=+revert09abecef7bbf -clang-vendor-feature\=+thisNoAlignAttr -clang-vendor-feature\=+thisNoNullAttr -clang-vendor-feature\=+disableAtImportPrivateFrameworkInImplementationError -O0 -fno-assume-unique-vtables -fdebug-compilation-dir\=/Users/admin/builder/spi-builder-workspace/.swiftpm/xcode -fcoverage-compilation-dir\=/Users/admin/builder/spi-builder-workspace/.swiftpm/xcode -fcoverage-mapping -fcommon -fdwarf2-cfi-asm -fobjc-msgsend-selector-stubs -fregister-global-dtors-with-atexit -fno-strict-return -dwarf-version\=4 -debugger-tuning\=lldb -disable-llvm-verifier -dwarf-ext-refs -funwind-tables\=1 -fprofile-instrument\=clang -enable-tlsdesc -clear-ast-before-backend -discard-value-names -main-file-name c-nioatomics.c -mframe-pointer\=non-leaf -debug-info-kind\=standalone -fno-loop-interchange -fdiagnostics-hotness-threshold\=0 -fdiagnostics-misexpect-tolerance\=0 -D DEBUG\=1 -D SWIFT_PACKAGE -D Xcode -D _GNU_SOURCE -fdefine-target-os-macros -MT dependencies -dependency-file /Users/admin/builder/spi-builder-workspace/.derivedData/Build/Intermediates.noindex/swift-nio.build/Debug-watchos/CNIOAtomics-t.build/Objects-normal/arm64_32/c-nioatomics.d -skip-unused-modulemap-deps -module-file-deps\=direct -fdepfile-entry\=/Applications/Xcode-27.0.0-Release.Candidate.app/Contents/Developer/Platforms/WatchOS.platform/Developer/SDKs/WatchOS27.0.sdk/SDKSettings.json
CompileC /Users/admin/builder/spi-builder-workspace/.derivedData/Build/Intermediates.noindex/swift-nio.build/Debug-watchos/CNIOAtomics-t.build/Objects-normal/arm64_32/c-atomics.o /Users/admin/builder/spi-builder-workspace/.dependencies/checkouts/swift-nio/Sources/CNIOAtomics/src/c-atomics.c normal arm64_32 c com.apple.compilers.llvm.clang.1_0.compiler (in target 'CNIOAtomics' from project 'swift-nio')
    cd /Users/admin/builder/spi-builder-workspace/.swiftpm/xcode

    Using response file: /Users/admin/builder/spi-builder-workspace/.derivedData/Build/Intermediates.noindex/swift-nio.build/Debug-watchos/CNIOAtomics-t.build/Objects-normal/arm64_32/7187679823f38a2a940e0043cdf9d637-common-args.resp

    /Applications/Xcode-27.0.0-Release.Candidate.app/Contents/Developer/Toolchains/XcodeDefault.xctoolchain/usr/bin/clang -x c -ivfsstatcache /Users/admin/builder/spi-builder-workspace/.derivedData/SDKStatCaches.noindex/watchos27.0-24R360-e829b21a6f8c9b70876ba0858053c04477534ef55a1706bf4c1112bbb242f0a2.sdkstatcache -target arm64_32-apple-watchos9.0 -fmessage-length\=0 -fdiagnostics-show-note-include-stack -fmacro-backtrace-limit\=0 -fno-color-diagnostics -fmodules-prune-interval\=86400 -fmodules-prune-after\=345600 -fbuild-session-file\=/Users/admin/builder/spi-builder-workspace/.derivedData/ModuleCache.noindex/Session.modulevalidation -fmodules-validate-once-per-build-session -Wnon-modular-include-in-framework-module -Werror\=non-modular-include-in-framework-module -Wno-trigraphs -Wno-missing-field-initializers -Wno-missing-prototypes -Wno-return-type -Wno-missing-braces -Wparentheses -Wswitch -Wno-unused-function -Wno-unused-label -Wno-unused-parameter -Wno-unused-variable -Wunused-value -Wno-empty-body -Wno-uninitialized -Wno-unknown-pragmas -w -Wno-shadow -Wno-four-char-constants -Wno-conversion -Wno-constant-conversion -Wno-int-conversion -Wno-bool-conversion -Wno-enum-conversion -Wno-float-conversion -Wno-non-literal-null-conversion -Wno-objc-literal-conversion -Wno-shorten-64-to-32 -Wpointer-sign -Wno-newline-eof -Wno-implicit-fallthrough -isysroot /Applications/Xcode-27.0.0-Release.Candidate.app/Contents/Developer/Platforms/WatchOS.platform/Developer/SDKs/WatchOS27.0.sdk -fstrict-aliasing -Wdeprecated-declarations -Wno-sign-conversion -Wno-infinite-recursion -Wno-comma -Wno-block-capture-autoreleasing -Wno-strict-prototypes -Wno-semicolon-before-method-body -index-store-path /Users/admin/builder/spi-builder-workspace/.derivedData/Index.noindex/DataStore @/Users/admin/builder/spi-builder-workspace/.derivedData/Build/Intermediates.noindex/swift-nio.build/Debug-watchos/CNIOAtomics-t.build/Objects-normal/arm64_32/7187679823f38a2a940e0043cdf9d637-common-args.resp -MMD -MT dependencies -MF /Users/admin/builder/spi-builder-workspace/.derivedData/Build/Intermediates.noindex/swift-nio.build/Debug-watchos/CNIOAtomics-t.build/Objects-normal/arm64_32/c-atomics.d --serialize-diagnostics /Users/admin/builder/spi-builder-workspace/.derivedData/Build/Intermediates.noindex/swift-nio.build/Debug-watchos/CNIOAtomics-t.build/Objects-normal/arm64_32/c-atomics.dia -c /Users/admin/builder/spi-builder-workspace/.dependencies/checkouts/swift-nio/Sources/CNIOAtomics/src/c-atomics.c -o /Users/admin/builder/spi-builder-workspace/.derivedData/Build/Intermediates.noindex/swift-nio.build/Debug-watchos/CNIOAtomics-t.build/Objects-normal/arm64_32/c-atomics.o -index-unit-output-path /swift-nio.build/Debug-watchos/CNIOAtomics-t.build/Objects-normal/arm64_32/c-atomics.o
Failed frontend command:
/Applications/Xcode-27.0.0-Release.Candidate.app/Contents/Developer/Toolchains/XcodeDefault.xctoolchain/usr/bin/clang -cc1 -Wundef-prefix\=TARGET_OS_ -fdiagnostics-show-note-include-stack -fmacro-backtrace-limit\=0 -w -ferror-limit 19 -serialize-diagnostic-file /Users/admin/builder/spi-builder-workspace/.derivedData/Build/Intermediates.noindex/swift-nio.build/Debug-watchos/CNIOAtomics-t.build/Objects-normal/arm64_32/c-atomics.dia -Wdeprecated-objc-isa-usage -Werror\=deprecated-objc-isa-usage -Werror\=implicit-function-declaration -Wnon-modular-include-in-framework-module -Werror\=non-modular-include-in-framework-module -Wno-trigraphs -Wno-missing-field-initializers -Wno-missing-prototypes -Wno-return-type -Wno-missing-braces -Wparentheses -Wswitch -Wno-unused-function -Wno-unused-label -Wno-unused-parameter -Wno-unused-variable -Wunused-value -Wno-empty-body -Wno-uninitialized -Wno-unknown-pragmas -Wno-shadow -Wno-four-char-constants -Wno-conversion -Wno-constant-conversion -Wno-int-conversion -Wno-bool-conversion -Wno-enum-conversion -Wno-float-conversion -Wno-non-literal-null-conversion -Wno-objc-literal-conversion -Wno-shorten-64-to-32 -Wpointer-sign -Wno-newline-eof -Wno-implicit-fallthrough -Wdeprecated-declarations -Wno-sign-conversion -Wno-infinite-recursion -Wno-comma -Wno-block-capture-autoreleasing -Wno-strict-prototypes -Wno-semicolon-before-method-body -Wno-elaborated-enum-base -Wno-error\=allocator-wrappers -index-store-path /Users/admin/builder/spi-builder-workspace/.derivedData/Index.noindex/DataStore -index-unit-output-path /swift-nio.build/Debug-watchos/CNIOAtomics-t.build/Objects-normal/arm64_32/c-atomics.o -fmodule-map-file\=/Applications/Xcode-27.0.0-Release.Candidate.app/Contents/Developer/Platforms/WatchOS.platform/Developer/SDKs/WatchOS.sdk/usr/include/DarwinFoundation2.modulemap -fmodule-map-file\=/Applications/Xcode-27.0.0-Release.Candidate.app/Contents/Developer/Toolchains/XcodeDefault.xctoolchain/usr/lib/clang/21/include/module.modulemap -fmodule-map-file\=/Applications/Xcode-27.0.0-Release.Candidate.app/Contents/Developer/Platforms/WatchOS.platform/Developer/SDKs/WatchOS.sdk/usr/include/DarwinFoundation3.modulemap -fmodule-map-file\=/Applications/Xcode-27.0.0-Release.Candidate.app/Contents/Developer/Toolchains/XcodeDefault.xctoolchain/usr/lib/clang/21/include/module.modulemap -fmodule-map-file\=/Applications/Xcode-27.0.0-Release.Candidate.app/Contents/Developer/Toolchains/XcodeDefault.xctoolchain/usr/lib/clang/21/include/module.modulemap -fmodule-map-file\=/Applications/Xcode-27.0.0-Release.Candidate.app/Contents/Developer/Toolchains/XcodeDefault.xctoolchain/usr/lib/clang/21/include/module.modulemap -o /Users/admin/builder/spi-builder-workspace/.derivedData/Build/Intermediates.noindex/swift-nio.build/Debug-watchos/CNIOAtomics-t.build/Objects-normal/arm64_32/c-atomics.o -disable-free -emit-obj -x c /Users/admin/builder/spi-builder-workspace/.dependencies/checkouts/swift-nio/Sources/CNIOAtomics/src/c-atomics.c -target-abi darwinpcs -target-cpu apple-s4 -target-feature +v8.3a -target-feature +aes -target-feature +complxnum -target-feature +crc -target-feature +fp-armv8 -target-feature +fullfp16 -target-feature +jsconv -target-feature +lse -target-feature +neon -target-feature +pauth -target-feature +perfmon -target-feature +ras -target-feature +rcpc -target-feature +rdm -target-feature +sha2 -triple arm64_32-apple-watchos9.0.0 -target-linker-version 1166.2 -target-sdk-version\=27.0 -fmodules-validate-system-headers -fno-modulemap-allow-subdirectory-search -isysroot /Applications/Xcode-27.0.0-Release.Candidate.app/Contents/Developer/Platforms/WatchOS.platform/Developer/SDKs/WatchOS27.0.sdk -resource-dir /Applications/Xcode-27.0.0-Release.Candidate.app/Contents/Developer/Toolchains/XcodeDefault.xctoolchain/usr/lib/clang/21 -fmodule-format\=obj -fmodule-file\=_Builtin_inttypes\=/Users/admin/builder/spi-builder-workspace/.derivedData/Build/Intermediates.noindex/ExplicitPrecompiledModules/_Builtin_inttypes-B3F7QFG1TEBRI4LG2GMBNJXIO.pcm -fmodule-file\=_Builtin_stdatomic\=/Users/admin/builder/spi-builder-workspace/.derivedData/Build/Intermediates.noindex/ExplicitPrecompiledModules/_Builtin_stdatomic-9SPG8GPVX3XGO3OLZ07JXJT71.pcm -fmodule-file\=_Builtin_stdbool\=/Users/admin/builder/spi-builder-workspace/.derivedData/Build/Intermediates.noindex/ExplicitPrecompiledModules/_Builtin_stdbool-EGAFS78BKLZO69VKEQZASSXP4.pcm -fmodule-file\=_Builtin_stdint\=/Users/admin/builder/spi-builder-workspace/.derivedData/Build/Intermediates.noindex/ExplicitPrecompiledModules/_Builtin_stdint-5EM278EOMVW9D25XM1RQZ4LNJ.pcm -fmodule-file\=_DarwinFoundation2\=/Users/admin/builder/spi-builder-workspace/.derivedData/Build/Intermediates.noindex/ExplicitPrecompiledModules/_DarwinFoundation2-36FD2BVNHMDW5FR9QW5TSDLU4.pcm -fmodule-file\=_DarwinFoundation3\=/Users/admin/builder/spi-builder-workspace/.derivedData/Build/Intermediates.noindex/ExplicitPrecompiledModules/_DarwinFoundation3-19D9EK3G40O6K37WOQL5TNZEL.pcm -I /Users/admin/builder/spi-builder-workspace/.derivedData/Build/Products/Debug-watchos/include -I /Users/admin/builder/spi-builder-workspace/.dependencies/checkouts/swift-nio/Sources/CNIOAtomics/include -I /Users/admin/builder/spi-builder-workspace/.derivedData/Build/Intermediates.noindex/swift-nio.build/Debug-watchos/CNIOAtomics-t.build/DerivedSources-normal/arm64_32 -I /Users/admin/builder/spi-builder-workspace/.derivedData/Build/Intermediates.noindex/swift-nio.build/Debug-watchos/CNIOAtomics-t.build/DerivedSources/arm64_32 -I /Users/admin/builder/spi-builder-workspace/.derivedData/Build/Intermediates.noindex/swift-nio.build/Debug-watchos/CNIOAtomics-t.build/DerivedSources -F /Users/admin/builder/spi-builder-workspace/.derivedData/Build/Products/Debug-watchos -iframework /Applications/Xcode-27.0.0-Release.Candidate.app/Contents/Developer/Platforms/WatchOS.platform/Developer/Library/Frameworks -iframework /Applications/Xcode-27.0.0-Release.Candidate.app/Contents/Developer/Platforms/WatchOS.platform/Developer/SDKs/WatchOS27.0.sdk/Developer/Library/Frameworks -internal-isystem /Applications/Xcode-27.0.0-Release.Candidate.app/Contents/Developer/Platforms/WatchOS.platform/Developer/SDKs/WatchOS27.0.sdk/usr/local/include -internal-isystem /Applications/Xcode-27.0.0-Release.Candidate.app/Contents/Developer/Toolchains/XcodeDefault.xctoolchain/usr/lib/clang/21/include -internal-externc-isystem /Applications/Xcode-27.0.0-Release.Candidate.app/Contents/Developer/Platforms/WatchOS.platform/Developer/SDKs/WatchOS27.0.sdk/usr/include -internal-externc-isystem /Applications/Xcode-27.0.0-Release.Candidate.app/Contents/Developer/Toolchains/XcodeDefault.xctoolchain/usr/include -internal-iframework /Applications/Xcode-27.0.0-Release.Candidate.app/Contents/Developer/Platforms/WatchOS.platform/Developer/SDKs/WatchOS27.0.sdk/System/Library/Frameworks -internal-iframework /Applications/Xcode-27.0.0-Release.Candidate.app/Contents/Developer/Platforms/WatchOS.platform/Developer/SDKs/WatchOS27.0.sdk/System/Library/SubFrameworks -internal-iframework /Applications/Xcode-27.0.0-Release.Candidate.app/Contents/Developer/Platforms/WatchOS.platform/Developer/SDKs/WatchOS27.0.sdk/Library/Frameworks -ivfsstatcache /Users/admin/builder/spi-builder-workspace/.derivedData/SDKStatCaches.noindex/watchos27.0-24R360-e829b21a6f8c9b70876ba0858053c04477534ef55a1706bf4c1112bbb242f0a2.sdkstatcache -std\=gnu17 -fskip-odr-check-in-gmf -fmodules -fmodule-name\=CNIOAtomics -fno-implicit-modules -fmax-type-align\=16 -fpascal-strings -fvisibility-inlines-hidden-static-local-var -mdarwin-stkchk-strong-link -fno-odr-hash-protocols -pic-level 2 -fencode-extended-block-signature -stack-protector 1 -fgnuc-version\=4.2.1 -fblocks -fno-convergent-functions -ffp-contract\=on -fclang-abi-compat\=4.0 -fno-experimental-relative-c++-abi-vtables -fno-file-reproducible -clang-vendor-feature\=+disableNonDependentMemberExprInCurrentInstantiation -clang-vendor-feature\=+enableAggressiveVLAFolding -clang-vendor-feature\=+revert09abecef7bbf -clang-vendor-feature\=+thisNoAlignAttr -clang-vendor-feature\=+thisNoNullAttr -clang-vendor-feature\=+disableAtImportPrivateFrameworkInImplementationError -O0 -fno-assume-unique-vtables -fdebug-compilation-dir\=/Users/admin/builder/spi-builder-workspace/.swiftpm/xcode -fcoverage-compilation-dir\=/Users/admin/builder/spi-builder-workspace/.swiftpm/xcode -fcoverage-mapping -fcommon -fdwarf2-cfi-asm -fobjc-msgsend-selector-stubs -fregister-global-dtors-with-atexit -fno-strict-return -dwarf-version\=4 -debugger-tuning\=lldb -disable-llvm-verifier -dwarf-ext-refs -funwind-tables\=1 -fprofile-instrument\=clang -enable-tlsdesc -clear-ast-before-backend -discard-value-names -main-file-name c-atomics.c -mframe-pointer\=non-leaf -debug-info-kind\=standalone -fno-loop-interchange -fdiagnostics-hotness-threshold\=0 -fdiagnostics-misexpect-tolerance\=0 -D DEBUG\=1 -D SWIFT_PACKAGE -D Xcode -D _GNU_SOURCE -fdefine-target-os-macros -MT dependencies -dependency-file /Users/admin/builder/spi-builder-workspace/.derivedData/Build/Intermediates.noindex/swift-nio.build/Debug-watchos/CNIOAtomics-t.build/Objects-normal/arm64_32/c-atomics.d -skip-unused-modulemap-deps -module-file-deps\=direct -fdepfile-entry\=/Applications/Xcode-27.0.0-Release.Candidate.app/Contents/Developer/Platforms/WatchOS.platform/Developer/SDKs/WatchOS27.0.sdk/SDKSettings.json
CompileC /Users/admin/builder/spi-builder-workspace/.derivedData/Build/Intermediates.noindex/swift-nio.build/Debug-watchos/CNIOAtomics-t.build/Objects-normal/arm64/c-nioatomics.o /Users/admin/builder/spi-builder-workspace/.dependencies/checkouts/swift-nio/Sources/CNIOAtomics/src/c-nioatomics.c normal arm64 c com.apple.compilers.llvm.clang.1_0.compiler (in target 'CNIOAtomics' from project 'swift-nio')
    cd /Users/admin/builder/spi-builder-workspace/.swiftpm/xcode

    Using response file: /Users/admin/builder/spi-builder-workspace/.derivedData/Build/Intermediates.noindex/swift-nio.build/Debug-watchos/CNIOAtomics-t.build/Objects-normal/arm64/7187679823f38a2a940e0043cdf9d637-common-args.resp

    /Applications/Xcode-27.0.0-Release.Candidate.app/Contents/Developer/Toolchains/XcodeDefault.xctoolchain/usr/bin/clang -x c -ivfsstatcache /Users/admin/builder/spi-builder-workspace/.derivedData/SDKStatCaches.noindex/watchos27.0-24R360-e829b21a6f8c9b70876ba0858053c04477534ef55a1706bf4c1112bbb242f0a2.sdkstatcache -target arm64-apple-watchos9.0 -fmessage-length\=0 -fdiagnostics-show-note-include-stack -fmacro-backtrace-limit\=0 -fno-color-diagnostics -fmodules-prune-interval\=86400 -fmodules-prune-after\=345600 -fbuild-session-file\=/Users/admin/builder/spi-builder-workspace/.derivedData/ModuleCache.noindex/Session.modulevalidation -fmodules-validate-once-per-build-session -Wnon-modular-include-in-framework-module -Werror\=non-modular-include-in-framework-module -Wno-trigraphs -Wno-missing-field-initializers -Wno-missing-prototypes -Wno-return-type -Wno-missing-braces -Wparentheses -Wswitch -Wno-unused-function -Wno-unused-label -Wno-unused-parameter -Wno-unused-variable -Wunused-value -Wno-empty-body -Wno-uninitialized -Wno-unknown-pragmas -w -Wno-shadow -Wno-four-char-constants -Wno-conversion -Wno-constant-conversion -Wno-int-conversion -Wno-bool-conversion -Wno-enum-conversion -Wno-float-conversion -Wno-non-literal-null-conversion -Wno-objc-literal-conversion -Wshorten-64-to-32 -Wpointer-sign -Wno-newline-eof -Wno-implicit-fallthrough -isysroot /Applications/Xcode-27.0.0-Release.Candidate.app/Contents/Developer/Platforms/WatchOS.platform/Developer/SDKs/WatchOS27.0.sdk -fstrict-aliasing -Wdeprecated-declarations -Wno-sign-conversion -Wno-infinite-recursion -Wno-comma -Wno-block-capture-autoreleasing -Wno-strict-prototypes -Wno-semicolon-before-method-body -index-store-path /Users/admin/builder/spi-builder-workspace/.derivedData/Index.noindex/DataStore @/Users/admin/builder/spi-builder-workspace/.derivedData/Build/Intermediates.noindex/swift-nio.build/Debug-watchos/CNIOAtomics-t.build/Objects-normal/arm64/7187679823f38a2a940e0043cdf9d637-common-args.resp -MMD -MT dependencies -MF /Users/admin/builder/spi-builder-workspace/.derivedData/Build/Intermediates.noindex/swift-nio.build/Debug-watchos/CNIOAtomics-t.build/Objects-normal/arm64/c-nioatomics.d --serialize-diagnostics /Users/admin/builder/spi-builder-workspace/.derivedData/Build/Intermediates.noindex/swift-nio.build/Debug-watchos/CNIOAtomics-t.build/Objects-normal/arm64/c-nioatomics.dia -c /Users/admin/builder/spi-builder-workspace/.dependencies/checkouts/swift-nio/Sources/CNIOAtomics/src/c-nioatomics.c -o /Users/admin/builder/spi-builder-workspace/.derivedData/Build/Intermediates.noindex/swift-nio.build/Debug-watchos/CNIOAtomics-t.build/Objects-normal/arm64/c-nioatomics.o -index-unit-output-path /swift-nio.build/Debug-watchos/CNIOAtomics-t.build/Objects-normal/arm64/c-nioatomics.o
Failed frontend command:
/Applications/Xcode-27.0.0-Release.Candidate.app/Contents/Developer/Toolchains/XcodeDefault.xctoolchain/usr/bin/clang -cc1 -Wundef-prefix\=TARGET_OS_ -fdiagnostics-show-note-include-stack -fmacro-backtrace-limit\=0 -w -ferror-limit 19 -serialize-diagnostic-file /Users/admin/builder/spi-builder-workspace/.derivedData/Build/Intermediates.noindex/swift-nio.build/Debug-watchos/CNIOAtomics-t.build/Objects-normal/arm64/c-nioatomics.dia -Wdeprecated-objc-isa-usage -Werror\=deprecated-objc-isa-usage -Werror\=implicit-function-declaration -Wnon-modular-include-in-framework-module -Werror\=non-modular-include-in-framework-module -Wno-trigraphs -Wno-missing-field-initializers -Wno-missing-prototypes -Wno-return-type -Wno-missing-braces -Wparentheses -Wswitch -Wno-unused-function -Wno-unused-label -Wno-unused-parameter -Wno-unused-variable -Wunused-value -Wno-empty-body -Wno-uninitialized -Wno-unknown-pragmas -Wno-shadow -Wno-four-char-constants -Wno-conversion -Wno-constant-conversion -Wno-int-conversion -Wno-bool-conversion -Wno-enum-conversion -Wno-float-conversion -Wno-non-literal-null-conversion -Wno-objc-literal-conversion -Wshorten-64-to-32 -Wpointer-sign -Wno-newline-eof -Wno-implicit-fallthrough -Wdeprecated-declarations -Wno-sign-conversion -Wno-infinite-recursion -Wno-comma -Wno-block-capture-autoreleasing -Wno-strict-prototypes -Wno-semicolon-before-method-body -Wno-elaborated-enum-base -Wno-error\=allocator-wrappers -index-store-path /Users/admin/builder/spi-builder-workspace/.derivedData/Index.noindex/DataStore -index-unit-output-path /swift-nio.build/Debug-watchos/CNIOAtomics-t.build/Objects-normal/arm64/c-nioatomics.o -fmodule-map-file\=/Applications/Xcode-27.0.0-Release.Candidate.app/Contents/Developer/Platforms/WatchOS.platform/Developer/SDKs/WatchOS.sdk/usr/include/DarwinFoundation2.modulemap -fmodule-map-file\=/Applications/Xcode-27.0.0-Release.Candidate.app/Contents/Developer/Toolchains/XcodeDefault.xctoolchain/usr/lib/clang/21/include/module.modulemap -fmodule-map-file\=/Applications/Xcode-27.0.0-Release.Candidate.app/Contents/Developer/Platforms/WatchOS.platform/Developer/SDKs/WatchOS.sdk/usr/include/DarwinFoundation3.modulemap -fmodule-map-file\=/Applications/Xcode-27.0.0-Release.Candidate.app/Contents/Developer/Toolchains/XcodeDefault.xctoolchain/usr/lib/clang/21/include/module.modulemap -fmodule-map-file\=/Applications/Xcode-27.0.0-Release.Candidate.app/Contents/Developer/Toolchains/XcodeDefault.xctoolchain/usr/lib/clang/21/include/module.modulemap -fmodule-map-file\=/Applications/Xcode-27.0.0-Release.Candidate.app/Contents/Developer/Toolchains/XcodeDefault.xctoolchain/usr/lib/clang/21/include/module.modulemap -o /Users/admin/builder/spi-builder-workspace/.derivedData/Build/Intermediates.noindex/swift-nio.build/Debug-watchos/CNIOAtomics-t.build/Objects-normal/arm64/c-nioatomics.o -disable-free -emit-obj -x c /Users/admin/builder/spi-builder-workspace/.dependencies/checkouts/swift-nio/Sources/CNIOAtomics/src/c-nioatomics.c -target-abi darwinpcs -target-cpu apple-s9 -target-feature +v8.6a -target-feature +aes -target-feature +bf16 -target-feature +complxnum -target-feature +crc -target-feature +dotprod -target-feature +fp-armv8 -target-feature +fp16fml -target-feature +fpac -target-feature +fullfp16 -target-feature +hcx -target-feature +i8mm -target-feature +jsconv -target-feature +lse -target-feature +neon -target-feature +pauth -target-feature +perfmon -target-feature +ras -target-feature +rcpc -target-feature +rdm -target-feature +sha2 -target-feature +sha3 -target-feature +ssbs -triple arm64-apple-watchos9.0.0 -target-linker-version 1166.2 -target-sdk-version\=27.0 -fmodules-validate-system-headers -fno-modulemap-allow-subdirectory-search -isysroot /Applications/Xcode-27.0.0-Release.Candidate.app/Contents/Developer/Platforms/WatchOS.platform/Developer/SDKs/WatchOS27.0.sdk -resource-dir /Applications/Xcode-27.0.0-Release.Candidate.app/Contents/Developer/Toolchains/XcodeDefault.xctoolchain/usr/lib/clang/21 -fmodule-format\=obj -fmodule-file\=_Builtin_inttypes\=/Users/admin/builder/spi-builder-workspace/.derivedData/Build/Intermediates.noindex/ExplicitPrecompiledModules/_Builtin_inttypes-10YEAIUL9LC694SMB2XVL89CE.pcm -fmodule-file\=_Builtin_stdatomic\=/Users/admin/builder/spi-builder-workspace/.derivedData/Build/Intermediates.noindex/ExplicitPrecompiledModules/_Builtin_stdatomic-AU92KTRU00X2LC3KD3W661O80.pcm -fmodule-file\=_Builtin_stdbool\=/Users/admin/builder/spi-builder-workspace/.derivedData/Build/Intermediates.noindex/ExplicitPrecompiledModules/_Builtin_stdbool-PWGFHHPKYZUZAF2B0UUVXBKZ.pcm -fmodule-file\=_Builtin_stdint\=/Users/admin/builder/spi-builder-workspace/.derivedData/Build/Intermediates.noindex/ExplicitPrecompiledModules/_Builtin_stdint-5XEB98QNOPQ7WQTXOHQDUH9R1.pcm -fmodule-file\=_DarwinFoundation2\=/Users/admin/builder/spi-builder-workspace/.derivedData/Build/Intermediates.noindex/ExplicitPrecompiledModules/_DarwinFoundation2-3MDPG66HGAKKZ22LVLPBTLY3V.pcm -fmodule-file\=_DarwinFoundation3\=/Users/admin/builder/spi-builder-workspace/.derivedData/Build/Intermediates.noindex/ExplicitPrecompiledModules/_DarwinFoundation3-88UQDMRRGOJUQ84QJ070JVPM9.pcm -I /Users/admin/builder/spi-builder-workspace/.derivedData/Build/Products/Debug-watchos/include -I /Users/admin/builder/spi-builder-workspace/.dependencies/checkouts/swift-nio/Sources/CNIOAtomics/include -I /Users/admin/builder/spi-builder-workspace/.derivedData/Build/Intermediates.noindex/swift-nio.build/Debug-watchos/CNIOAtomics-t.build/DerivedSources-normal/arm64 -I /Users/admin/builder/spi-builder-workspace/.derivedData/Build/Intermediates.noindex/swift-nio.build/Debug-watchos/CNIOAtomics-t.build/DerivedSources/arm64 -I /Users/admin/builder/spi-builder-workspace/.derivedData/Build/Intermediates.noindex/swift-nio.build/Debug-watchos/CNIOAtomics-t.build/DerivedSources -F /Users/admin/builder/spi-builder-workspace/.derivedData/Build/Products/Debug-watchos -iframework /Applications/Xcode-27.0.0-Release.Candidate.app/Contents/Developer/Platforms/WatchOS.platform/Developer/Library/Frameworks -iframework /Applications/Xcode-27.0.0-Release.Candidate.app/Contents/Developer/Platforms/WatchOS.platform/Developer/SDKs/WatchOS27.0.sdk/Developer/Library/Frameworks -internal-isystem /Applications/Xcode-27.0.0-Release.Candidate.app/Contents/Developer/Platforms/WatchOS.platform/Developer/SDKs/WatchOS27.0.sdk/usr/local/include -internal-isystem /Applications/Xcode-27.0.0-Release.Candidate.app/Contents/Developer/Toolchains/XcodeDefault.xctoolchain/usr/lib/clang/21/include -internal-externc-isystem /Applications/Xcode-27.0.0-Release.Candidate.app/Contents/Developer/Platforms/WatchOS.platform/Developer/SDKs/WatchOS27.0.sdk/usr/include -internal-externc-isystem /Applications/Xcode-27.0.0-Release.Candidate.app/Contents/Developer/Toolchains/XcodeDefault.xctoolchain/usr/include -internal-iframework /Applications/Xcode-27.0.0-Release.Candidate.app/Contents/Developer/Platforms/WatchOS.platform/Developer/SDKs/WatchOS27.0.sdk/System/Library/Frameworks -internal-iframework /Applications/Xcode-27.0.0-Release.Candidate.app/Contents/Developer/Platforms/WatchOS.platform/Developer/SDKs/WatchOS27.0.sdk/System/Library/SubFrameworks -internal-iframework /Applications/Xcode-27.0.0-Release.Candidate.app/Contents/Developer/Platforms/WatchOS.platform/Developer/SDKs/WatchOS27.0.sdk/Library/Frameworks -ivfsstatcache /Users/admin/builder/spi-builder-workspace/.derivedData/SDKStatCaches.noindex/watchos27.0-24R360-e829b21a6f8c9b70876ba0858053c04477534ef55a1706bf4c1112bbb242f0a2.sdkstatcache -std\=gnu17 -fskip-odr-check-in-gmf -fmodules -fmodule-name\=CNIOAtomics -fno-implicit-modules -fmax-type-align\=16 -fpascal-strings -fstack-check -fvisibility-inlines-hidden-static-local-var -mdarwin-stkchk-strong-link -fno-odr-hash-protocols -pic-level 2 -fencode-extended-block-signature -stack-protector 1 -fgnuc-version\=4.2.1 -fblocks -fno-convergent-functions -ffp-contract\=on -fclang-abi-compat\=4.0 -fno-experimental-relative-c++-abi-vtables -fno-file-reproducible -clang-vendor-feature\=+disableNonDependentMemberExprInCurrentInstantiation -clang-vendor-feature\=+enableAggressiveVLAFolding -clang-vendor-feature\=+revert09abecef7bbf -clang-vendor-feature\=+thisNoAlignAttr -clang-vendor-feature\=+thisNoNullAttr -clang-vendor-feature\=+disableAtImportPrivateFrameworkInImplementationError -O0 -fno-assume-unique-vtables -fdebug-compilation-dir\=/Users/admin/builder/spi-builder-workspace/.swiftpm/xcode -fcoverage-compilation-dir\=/Users/admin/builder/spi-builder-workspace/.swiftpm/xcode -fcoverage-mapping -fcommon -fdwarf2-cfi-asm -fobjc-msgsend-selector-stubs -fregister-global-dtors-with-atexit -fno-strict-return -dwarf-version\=4 -debugger-tuning\=lldb -disable-llvm-verifier -dwarf-ext-refs -funwind-tables\=1 -fprofile-instrument\=clang -enable-tlsdesc -clear-ast-before-backend -discard-value-names -main-file-name c-nioatomics.c -mframe-pointer\=non-leaf -debug-info-kind\=standalone -fno-loop-interchange -fdiagnostics-hotness-threshold\=0 -fdiagnostics-misexpect-tolerance\=0 -D DEBUG\=1 -D SWIFT_PACKAGE -D Xcode -D _GNU_SOURCE -fdefine-target-os-macros -MT dependencies -dependency-file /Users/admin/builder/spi-builder-workspace/.derivedData/Build/Intermediates.noindex/swift-nio.build/Debug-watchos/CNIOAtomics-t.build/Objects-normal/arm64/c-nioatomics.d -skip-unused-modulemap-deps -module-file-deps\=direct -fdepfile-entry\=/Applications/Xcode-27.0.0-Release.Candidate.app/Contents/Developer/Platforms/WatchOS.platform/Developer/SDKs/WatchOS27.0.sdk/SDKSettings.json
CompileC /Users/admin/builder/spi-builder-workspace/.derivedData/Build/Intermediates.noindex/swift-nio.build/Debug-watchos/CNIOAtomics-t.build/Objects-normal/arm64/c-atomics.o /Users/admin/builder/spi-builder-workspace/.dependencies/checkouts/swift-nio/Sources/CNIOAtomics/src/c-atomics.c normal arm64 c com.apple.compilers.llvm.clang.1_0.compiler (in target 'CNIOAtomics' from project 'swift-nio')
    cd /Users/admin/builder/spi-builder-workspace/.swiftpm/xcode

    Using response file: /Users/admin/builder/spi-builder-workspace/.derivedData/Build/Intermediates.noindex/swift-nio.build/Debug-watchos/CNIOAtomics-t.build/Objects-normal/arm64/7187679823f38a2a940e0043cdf9d637-common-args.resp

    /Applications/Xcode-27.0.0-Release.Candidate.app/Contents/Developer/Toolchains/XcodeDefault.xctoolchain/usr/bin/clang -x c -ivfsstatcache /Users/admin/builder/spi-builder-workspace/.derivedData/SDKStatCaches.noindex/watchos27.0-24R360-e829b21a6f8c9b70876ba0858053c04477534ef55a1706bf4c1112bbb242f0a2.sdkstatcache -target arm64-apple-watchos9.0 -fmessage-length\=0 -fdiagnostics-show-note-include-stack -fmacro-backtrace-limit\=0 -fno-color-diagnostics -fmodules-prune-interval\=86400 -fmodules-prune-after\=345600 -fbuild-session-file\=/Users/admin/builder/spi-builder-workspace/.derivedData/ModuleCache.noindex/Session.modulevalidation -fmodules-validate-once-per-build-session -Wnon-modular-include-in-framework-module -Werror\=non-modular-include-in-framework-module -Wno-trigraphs -Wno-missing-field-initializers -Wno-missing-prototypes -Wno-return-type -Wno-missing-braces -Wparentheses -Wswitch -Wno-unused-function -Wno-unused-label -Wno-unused-parameter -Wno-unused-variable -Wunused-value -Wno-empty-body -Wno-uninitialized -Wno-unknown-pragmas -w -Wno-shadow -Wno-four-char-constants -Wno-conversion -Wno-constant-conversion -Wno-int-conversion -Wno-bool-conversion -Wno-enum-conversion -Wno-float-conversion -Wno-non-literal-null-conversion -Wno-objc-literal-conversion -Wshorten-64-to-32 -Wpointer-sign -Wno-newline-eof -Wno-implicit-fallthrough -isysroot /Applications/Xcode-27.0.0-Release.Candidate.app/Contents/Developer/Platforms/WatchOS.platform/Developer/SDKs/WatchOS27.0.sdk -fstrict-aliasing -Wdeprecated-declarations -Wno-sign-conversion -Wno-infinite-recursion -Wno-comma -Wno-block-capture-autoreleasing -Wno-strict-prototypes -Wno-semicolon-before-method-body -index-store-path /Users/admin/builder/spi-builder-workspace/.derivedData/Index.noindex/DataStore @/Users/admin/builder/spi-builder-workspace/.derivedData/Build/Intermediates.noindex/swift-nio.build/Debug-watchos/CNIOAtomics-t.build/Objects-normal/arm64/7187679823f38a2a940e0043cdf9d637-common-args.resp -MMD -MT dependencies -MF /Users/admin/builder/spi-builder-workspace/.derivedData/Build/Intermediates.noindex/swift-nio.build/Debug-watchos/CNIOAtomics-t.build/Objects-normal/arm64/c-atomics.d --serialize-diagnostics /Users/admin/builder/spi-builder-workspace/.derivedData/Build/Intermediates.noindex/swift-nio.build/Debug-watchos/CNIOAtomics-t.build/Objects-normal/arm64/c-atomics.dia -c /Users/admin/builder/spi-builder-workspace/.dependencies/checkouts/swift-nio/Sources/CNIOAtomics/src/c-atomics.c -o /Users/admin/builder/spi-builder-workspace/.derivedData/Build/Intermediates.noindex/swift-nio.build/Debug-watchos/CNIOAtomics-t.build/Objects-normal/arm64/c-atomics.o -index-unit-output-path /swift-nio.build/Debug-watchos/CNIOAtomics-t.build/Objects-normal/arm64/c-atomics.o
Failed frontend command:
/Applications/Xcode-27.0.0-Release.Candidate.app/Contents/Developer/Toolchains/XcodeDefault.xctoolchain/usr/bin/clang -cc1 -Wundef-prefix\=TARGET_OS_ -fdiagnostics-show-note-include-stack -fmacro-backtrace-limit\=0 -w -ferror-limit 19 -serialize-diagnostic-file /Users/admin/builder/spi-builder-workspace/.derivedData/Build/Intermediates.noindex/swift-nio.build/Debug-watchos/CNIOAtomics-t.build/Objects-normal/arm64/c-atomics.dia -Wdeprecated-objc-isa-usage -Werror\=deprecated-objc-isa-usage -Werror\=implicit-function-declaration -Wnon-modular-include-in-framework-module -Werror\=non-modular-include-in-framework-module -Wno-trigraphs -Wno-missing-field-initializers -Wno-missing-prototypes -Wno-return-type -Wno-missing-braces -Wparentheses -Wswitch -Wno-unused-function -Wno-unused-label -Wno-unused-parameter -Wno-unused-variable -Wunused-value -Wno-empty-body -Wno-uninitialized -Wno-unknown-pragmas -Wno-shadow -Wno-four-char-constants -Wno-conversion -Wno-constant-conversion -Wno-int-conversion -Wno-bool-conversion -Wno-enum-conversion -Wno-float-conversion -Wno-non-literal-null-conversion -Wno-objc-literal-conversion -Wshorten-64-to-32 -Wpointer-sign -Wno-newline-eof -Wno-implicit-fallthrough -Wdeprecated-declarations -Wno-sign-conversion -Wno-infinite-recursion -Wno-comma -Wno-block-capture-autoreleasing -Wno-strict-prototypes -Wno-semicolon-before-method-body -Wno-elaborated-enum-base -Wno-error\=allocator-wrappers -index-store-path /Users/admin/builder/spi-builder-workspace/.derivedData/Index.noindex/DataStore -index-unit-output-path /swift-nio.build/Debug-watchos/CNIOAtomics-t.build/Objects-normal/arm64/c-atomics.o -fmodule-map-file\=/Applications/Xcode-27.0.0-Release.Candidate.app/Contents/Developer/Platforms/WatchOS.platform/Developer/SDKs/WatchOS.sdk/usr/include/DarwinFoundation2.modulemap -fmodule-map-file\=/Applications/Xcode-27.0.0-Release.Candidate.app/Contents/Developer/Toolchains/XcodeDefault.xctoolchain/usr/lib/clang/21/include/module.modulemap -fmodule-map-file\=/Applications/Xcode-27.0.0-Release.Candidate.app/Contents/Developer/Platforms/WatchOS.platform/Developer/SDKs/WatchOS.sdk/usr/include/DarwinFoundation3.modulemap -fmodule-map-file\=/Applications/Xcode-27.0.0-Release.Candidate.app/Contents/Developer/Toolchains/XcodeDefault.xctoolchain/usr/lib/clang/21/include/module.modulemap -fmodule-map-file\=/Applications/Xcode-27.0.0-Release.Candidate.app/Contents/Developer/Toolchains/XcodeDefault.xctoolchain/usr/lib/clang/21/include/module.modulemap -fmodule-map-file\=/Applications/Xcode-27.0.0-Release.Candidate.app/Contents/Developer/Toolchains/XcodeDefault.xctoolchain/usr/lib/clang/21/include/module.modulemap -o /Users/admin/builder/spi-builder-workspace/.derivedData/Build/Intermediates.noindex/swift-nio.build/Debug-watchos/CNIOAtomics-t.build/Objects-normal/arm64/c-atomics.o -disable-free -emit-obj -x c /Users/admin/builder/spi-builder-workspace/.dependencies/checkouts/swift-nio/Sources/CNIOAtomics/src/c-atomics.c -target-abi darwinpcs -target-cpu apple-s9 -target-feature +v8.6a -target-feature +aes -target-feature +bf16 -target-feature +complxnum -target-feature +crc -target-feature +dotprod -target-feature +fp-armv8 -target-feature +fp16fml -target-feature +fpac -target-feature +fullfp16 -target-feature +hcx -target-feature +i8mm -target-feature +jsconv -target-feature +lse -target-feature +neon -target-feature +pauth -target-feature +perfmon -target-feature +ras -target-feature +rcpc -target-feature +rdm -target-feature +sha2 -target-feature +sha3 -target-feature +ssbs -triple arm64-apple-watchos9.0.0 -target-linker-version 1166.2 -target-sdk-version\=27.0 -fmodules-validate-system-headers -fno-modulemap-allow-subdirectory-search -isysroot /Applications/Xcode-27.0.0-Release.Candidate.app/Contents/Developer/Platforms/WatchOS.platform/Developer/SDKs/WatchOS27.0.sdk -resource-dir /Applications/Xcode-27.0.0-Release.Candidate.app/Contents/Developer/Toolchains/XcodeDefault.xctoolchain/usr/lib/clang/21 -fmodule-format\=obj -fmodule-file\=_Builtin_inttypes\=/Users/admin/builder/spi-builder-workspace/.derivedData/Build/Intermediates.noindex/ExplicitPrecompiledModules/_Builtin_inttypes-10YEAIUL9LC694SMB2XVL89CE.pcm -fmodule-file\=_Builtin_stdatomic\=/Users/admin/builder/spi-builder-workspace/.derivedData/Build/Intermediates.noindex/ExplicitPrecompiledModules/_Builtin_stdatomic-AU92KTRU00X2LC3KD3W661O80.pcm -fmodule-file\=_Builtin_stdbool\=/Users/admin/builder/spi-builder-workspace/.derivedData/Build/Intermediates.noindex/ExplicitPrecompiledModules/_Builtin_stdbool-PWGFHHPKYZUZAF2B0UUVXBKZ.pcm -fmodule-file\=_Builtin_stdint\=/Users/admin/builder/spi-builder-workspace/.derivedData/Build/Intermediates.noindex/ExplicitPrecompiledModules/_Builtin_stdint-5XEB98QNOPQ7WQTXOHQDUH9R1.pcm -fmodule-file\=_DarwinFoundation2\=/Users/admin/builder/spi-builder-workspace/.derivedData/Build/Intermediates.noindex/ExplicitPrecompiledModules/_DarwinFoundation2-3MDPG66HGAKKZ22LVLPBTLY3V.pcm -fmodule-file\=_DarwinFoundation3\=/Users/admin/builder/spi-builder-workspace/.derivedData/Build/Intermediates.noindex/ExplicitPrecompiledModules/_DarwinFoundation3-88UQDMRRGOJUQ84QJ070JVPM9.pcm -I /Users/admin/builder/spi-builder-workspace/.derivedData/Build/Products/Debug-watchos/include -I /Users/admin/builder/spi-builder-workspace/.dependencies/checkouts/swift-nio/Sources/CNIOAtomics/include -I /Users/admin/builder/spi-builder-workspace/.derivedData/Build/Intermediates.noindex/swift-nio.build/Debug-watchos/CNIOAtomics-t.build/DerivedSources-normal/arm64 -I /Users/admin/builder/spi-builder-workspace/.derivedData/Build/Intermediates.noindex/swift-nio.build/Debug-watchos/CNIOAtomics-t.build/DerivedSources/arm64 -I /Users/admin/builder/spi-builder-workspace/.derivedData/Build/Intermediates.noindex/swift-nio.build/Debug-watchos/CNIOAtomics-t.build/DerivedSources -F /Users/admin/builder/spi-builder-workspace/.derivedData/Build/Products/Debug-watchos -iframework /Applications/Xcode-27.0.0-Release.Candidate.app/Contents/Developer/Platforms/WatchOS.platform/Developer/Library/Frameworks -iframework /Applications/Xcode-27.0.0-Release.Candidate.app/Contents/Developer/Platforms/WatchOS.platform/Developer/SDKs/WatchOS27.0.sdk/Developer/Library/Frameworks -internal-isystem /Applications/Xcode-27.0.0-Release.Candidate.app/Contents/Developer/Platforms/WatchOS.platform/Developer/SDKs/WatchOS27.0.sdk/usr/local/include -internal-isystem /Applications/Xcode-27.0.0-Release.Candidate.app/Contents/Developer/Toolchains/XcodeDefault.xctoolchain/usr/lib/clang/21/include -internal-externc-isystem /Applications/Xcode-27.0.0-Release.Candidate.app/Contents/Developer/Platforms/WatchOS.platform/Developer/SDKs/WatchOS27.0.sdk/usr/include -internal-externc-isystem /Applications/Xcode-27.0.0-Release.Candidate.app/Contents/Developer/Toolchains/XcodeDefault.xctoolchain/usr/include -internal-iframework /Applications/Xcode-27.0.0-Release.Candidate.app/Contents/Developer/Platforms/WatchOS.platform/Developer/SDKs/WatchOS27.0.sdk/System/Library/Frameworks -internal-iframework /Applications/Xcode-27.0.0-Release.Candidate.app/Contents/Developer/Platforms/WatchOS.platform/Developer/SDKs/WatchOS27.0.sdk/System/Library/SubFrameworks -internal-iframework /Applications/Xcode-27.0.0-Release.Candidate.app/Contents/Developer/Platforms/WatchOS.platform/Developer/SDKs/WatchOS27.0.sdk/Library/Frameworks -ivfsstatcache /Users/admin/builder/spi-builder-workspace/.derivedData/SDKStatCaches.noindex/watchos27.0-24R360-e829b21a6f8c9b70876ba0858053c04477534ef55a1706bf4c1112bbb242f0a2.sdkstatcache -std\=gnu17 -fskip-odr-check-in-gmf -fmodules -fmodule-name\=CNIOAtomics -fno-implicit-modules -fmax-type-align\=16 -fpascal-strings -fstack-check -fvisibility-inlines-hidden-static-local-var -mdarwin-stkchk-strong-link -fno-odr-hash-protocols -pic-level 2 -fencode-extended-block-signature -stack-protector 1 -fgnuc-version\=4.2.1 -fblocks -fno-convergent-functions -ffp-contract\=on -fclang-abi-compat\=4.0 -fno-experimental-relative-c++-abi-vtables -fno-file-reproducible -clang-vendor-feature\=+disableNonDependentMemberExprInCurrentInstantiation -clang-vendor-feature\=+enableAggressiveVLAFolding -clang-vendor-feature\=+revert09abecef7bbf -clang-vendor-feature\=+thisNoAlignAttr -clang-vendor-feature\=+thisNoNullAttr -clang-vendor-feature\=+disableAtImportPrivateFrameworkInImplementationError -O0 -fno-assume-unique-vtables -fdebug-compilation-dir\=/Users/admin/builder/spi-builder-workspace/.swiftpm/xcode -fcoverage-compilation-dir\=/Users/admin/builder/spi-builder-workspace/.swiftpm/xcode -fcoverage-mapping -fcommon -fdwarf2-cfi-asm -fobjc-msgsend-selector-stubs -fregister-global-dtors-with-atexit -fno-strict-return -dwarf-version\=4 -debugger-tuning\=lldb -disable-llvm-verifier -dwarf-ext-refs -funwind-tables\=1 -fprofile-instrument\=clang -enable-tlsdesc -clear-ast-before-backend -discard-value-names -main-file-name c-atomics.c -mframe-pointer\=non-leaf -debug-info-kind\=standalone -fno-loop-interchange -fdiagnostics-hotness-threshold\=0 -fdiagnostics-misexpect-tolerance\=0 -D DEBUG\=1 -D SWIFT_PACKAGE -D Xcode -D _GNU_SOURCE -fdefine-target-os-macros -MT dependencies -dependency-file /Users/admin/builder/spi-builder-workspace/.derivedData/Build/Intermediates.noindex/swift-nio.build/Debug-watchos/CNIOAtomics-t.build/Objects-normal/arm64/c-atomics.d -skip-unused-modulemap-deps -module-file-deps\=direct -fdepfile-entry\=/Applications/Xcode-27.0.0-Release.Candidate.app/Contents/Developer/Platforms/WatchOS.platform/Developer/SDKs/WatchOS27.0.sdk/SDKSettings.json
CompileC /Users/admin/builder/spi-builder-workspace/.derivedData/Build/Intermediates.noindex/mongo-swift-driver.build/Debug-watchos/CLibMongoC-t.build/Objects-normal/arm64_32/mongoc-stream-tls.o /Users/admin/builder/spi-builder-workspace/.dependencies/checkouts/mongo-swift-driver/Sources/CLibMongoC/mongoc/mongoc-stream-tls.c normal arm64_32 c com.apple.compilers.llvm.clang.1_0.compiler (in target 'CLibMongoC' from project 'mongo-swift-driver')
    cd /Users/admin/builder/spi-builder-workspace/.swiftpm/xcode

    Using response file: /Users/admin/builder/spi-builder-workspace/.derivedData/Build/Intermediates.noindex/mongo-swift-driver.build/Debug-watchos/CLibMongoC-t.build/Objects-normal/arm64_32/7187679823f38a2a940e0043cdf9d637-common-args.resp

    /Applications/Xcode-27.0.0-Release.Candidate.app/Contents/Developer/Toolchains/XcodeDefault.xctoolchain/usr/bin/clang -x c -ivfsstatcache /Users/admin/builder/spi-builder-workspace/.derivedData/SDKStatCaches.noindex/watchos27.0-24R360-e829b21a6f8c9b70876ba0858053c04477534ef55a1706bf4c1112bbb242f0a2.sdkstatcache -target arm64_32-apple-watchos9.0 -fmessage-length\=0 -fdiagnostics-show-note-include-stack -fmacro-backtrace-limit\=0 -fno-color-diagnostics -fmodules-prune-interval\=86400 -fmodules-prune-after\=345600 -fbuild-session-file\=/Users/admin/builder/spi-builder-workspace/.derivedData/ModuleCache.noindex/Session.modulevalidation -fmodules-validate-once-per-build-session -Wnon-modular-include-in-framework-module -Werror\=non-modular-include-in-framework-module -Wno-trigraphs -Wno-missing-field-initializers -Wno-missing-prototypes -Wno-return-type -Wno-missing-braces -Wparentheses -Wswitch -Wno-unused-function -Wno-unused-label -Wno-unused-parameter -Wno-unused-variable -Wunused-value -Wno-empty-body -Wno-uninitialized -Wno-unknown-pragmas -w -Wno-shadow -Wno-four-char-constants -Wno-conversion -Wno-constant-conversion -Wno-int-conversion -Wno-bool-conversion -Wno-enum-conversion -Wno-float-conversion -Wno-non-literal-null-conversion -Wno-objc-literal-conversion -Wno-shorten-64-to-32 -Wpointer-sign -Wno-newline-eof -Wno-implicit-fallthrough -isysroot /Applications/Xcode-27.0.0-Release.Candidate.app/Contents/Developer/Platforms/WatchOS.platform/Developer/SDKs/WatchOS27.0.sdk -fstrict-aliasing -Wdeprecated-declarations -Wno-sign-conversion -Wno-infinite-recursion -Wno-comma -Wno-block-capture-autoreleasing -Wno-strict-prototypes -Wno-semicolon-before-method-body -index-store-path /Users/admin/builder/spi-builder-workspace/.derivedData/Index.noindex/DataStore @/Users/admin/builder/spi-builder-workspace/.derivedData/Build/Intermediates.noindex/mongo-swift-driver.build/Debug-watchos/CLibMongoC-t.build/Objects-normal/arm64_32/7187679823f38a2a940e0043cdf9d637-common-args.resp -MMD -MT dependencies -MF /Users/admin/builder/spi-builder-workspace/.derivedData/Build/Intermediates.noindex/mongo-swift-driver.build/Debug-watchos/CLibMongoC-t.build/Objects-normal/arm64_32/mongoc-stream-tls.d --serialize-diagnostics /Users/admin/builder/spi-builder-workspace/.derivedData/Build/Intermediates.noindex/mongo-swift-driver.build/Debug-watchos/CLibMongoC-t.build/Objects-normal/arm64_32/mongoc-stream-tls.dia -c /Users/admin/builder/spi-builder-workspace/.dependencies/checkouts/mongo-swift-driver/Sources/CLibMongoC/mongoc/mongoc-stream-tls.c -o /Users/admin/builder/spi-builder-workspace/.derivedData/Build/Intermediates.noindex/mongo-swift-driver.build/Debug-watchos/CLibMongoC-t.build/Objects-normal/arm64_32/mongoc-stream-tls.o -index-unit-output-path /mongo-swift-driver.build/Debug-watchos/CLibMongoC-t.build/Objects-normal/arm64_32/mongoc-stream-tls.o
In file included from /Users/admin/builder/spi-builder-workspace/.dependencies/checkouts/mongo-swift-driver/Sources/CLibMongoC/mongoc/mongoc-stream-tls.c:38:
In file included from /Users/admin/builder/spi-builder-workspace/.dependencies/checkouts/mongo-swift-driver/Sources/CLibMongoC/mongoc/mongoc-secure-transport-private.h:25:
/Users/admin/builder/spi-builder-workspace/.dependencies/checkouts/mongo-swift-driver/Sources/CLibMongoC/mongoc/mongoc-stream-tls-secure-transport-private.h:36:4: error: missing '#include <Security/SecureTransport.h>'; 'SSLContextRef' must be declared before it is used
   36 |    SSLContextRef ssl_ctx_ref;
      |    ^
In module 'Security' imported from /Users/admin/builder/spi-builder-workspace/.dependencies/checkouts/mongo-swift-driver/Sources/CLibMongoC/mongoc/mongoc-stream-tls-secure-transport-private.h:25:
/Applications/Xcode-27.0.0-Release.Candidate.app/Contents/Developer/Platforms/WatchOS.platform/Developer/SDKs/WatchOS.sdk/System/Library/Frameworks/Security.framework/Headers/SecureTransport.h:85:48: note: declaration here is not visible
   85 | typedef struct CF_BRIDGED_TYPE(id) SSLContext *SSLContextRef;
      |                                                ^
1 error generated.
Failed frontend command:
/Applications/Xcode-27.0.0-Release.Candidate.app/Contents/Developer/Toolchains/XcodeDefault.xctoolchain/usr/bin/clang -cc1 -Wundef-prefix\=TARGET_OS_ -fdiagnostics-show-note-include-stack -fmacro-backtrace-limit\=0 -w -ferror-limit 19 -serialize-diagnostic-file /Users/admin/builder/spi-builder-workspace/.derivedData/Build/Intermediates.noindex/mongo-swift-driver.build/Debug-watchos/CLibMongoC-t.build/Objects-normal/arm64_32/mongoc-stream-tls.dia -Wdeprecated-objc-isa-usage -Werror\=deprecated-objc-isa-usage -Werror\=implicit-function-declaration -Wnon-modular-include-in-framework-module -Werror\=non-modular-include-in-framework-module -Wno-trigraphs -Wno-missing-field-initializers -Wno-missing-prototypes -Wno-return-type -Wno-missing-braces -Wparentheses -Wswitch -Wno-unused-function -Wno-unused-label -Wno-unused-parameter -Wno-unused-variable -Wunused-value -Wno-empty-body -Wno-uninitialized -Wno-unknown-pragmas -Wno-shadow -Wno-four-char-constants -Wno-conversion -Wno-constant-conversion -Wno-int-conversion -Wno-bool-conversion -Wno-enum-conversion -Wno-float-conversion -Wno-non-literal-null-conversion -Wno-objc-literal-conversion -Wno-shorten-64-to-32 -Wpointer-sign -Wno-newline-eof -Wno-implicit-fallthrough -Wdeprecated-declarations -Wno-sign-conversion -Wno-infinite-recursion -Wno-comma -Wno-block-capture-autoreleasing -Wno-strict-prototypes -Wno-semicolon-before-method-body -Wno-elaborated-enum-base -Wno-error\=allocator-wrappers -index-store-path /Users/admin/builder/spi-builder-workspace/.derivedData/Index.noindex/DataStore -index-unit-output-path /mongo-swift-driver.build/Debug-watchos/CLibMongoC-t.build/Objects-normal/arm64_32/mongoc-stream-tls.o -fmodule-map-file\=/Applications/Xcode-27.0.0-Release.Candidate.app/Contents/Developer/Platforms/WatchOS.platform/Developer/SDKs/WatchOS.sdk/usr/include/DarwinFoundation1.modulemap -fmodule-map-file\=/Applications/Xcode-27.0.0-Release.Candidate.app/Contents/Developer/Toolchains/XcodeDefault.xctoolchain/usr/lib/clang/21/include/module.modulemap -fmodule-map-file\=/Applications/Xcode-27.0.0-Release.Candidate.app/Contents/Developer/Platforms/WatchOS.platform/Developer/SDKs/WatchOS.sdk/usr/include/DarwinFoundation2.modulemap -fmodule-map-file\=/Applications/Xcode-27.0.0-Release.Candidate.app/Contents/Developer/Toolchains/XcodeDefault.xctoolchain/usr/lib/clang/21/include/module.modulemap -fmodule-map-file\=/Applications/Xcode-27.0.0-Release.Candidate.app/Contents/Developer/Platforms/WatchOS.platform/Developer/SDKs/WatchOS.sdk/usr/include/DarwinFoundation3.modulemap -fmodule-map-file\=/Applications/Xcode-27.0.0-Release.Candidate.app/Contents/Developer/Toolchains/XcodeDefault.xctoolchain/usr/lib/clang/21/include/module.modulemap -fmodule-map-file\=/Applications/Xcode-27.0.0-Release.Candidate.app/Contents/Developer/Toolchains/XcodeDefault.xctoolchain/usr/lib/clang/21/include/module.modulemap -fmodule-map-file\=/Applications/Xcode-27.0.0-Release.Candidate.app/Contents/Developer/Platforms/WatchOS.platform/Developer/SDKs/WatchOS.sdk/usr/include/Darwin.modulemap -fmodule-map-file\=/Applications/Xcode-27.0.0-Release.Candidate.app/Contents/Developer/Platforms/WatchOS.platform/Developer/SDKs/WatchOS.sdk/System/Library/Frameworks/Security.framework/Modules/module.modulemap -o /Users/admin/builder/spi-builder-workspace/.derivedData/Build/Intermediates.noindex/mongo-swift-driver.build/Debug-watchos/CLibMongoC-t.build/Objects-normal/arm64_32/mongoc-stream-tls.o -disable-free -emit-obj -x c /Users/admin/builder/spi-builder-workspace/.dependencies/checkouts/mongo-swift-driver/Sources/CLibMongoC/mongoc/mongoc-stream-tls.c -target-abi darwinpcs -target-cpu apple-s4 -target-feature +v8.3a -target-feature +aes -target-feature +complxnum -target-feature +crc -target-feature +fp-armv8 -target-feature +fullfp16 -target-feature +jsconv -target-feature +lse -target-feature +neon -target-feature +pauth -target-feature +perfmon -target-feature +ras -target-feature +rcpc -target-feature +rdm -target-feature +sha2 -triple arm64_32-apple-watchos9.0.0 -target-linker-version 1166.2 -target-sdk-version\=27.0 -fmodules-validate-system-headers -fno-modulemap-allow-subdirectory-search -isysroot /Applications/Xcode-27.0.0-Release.Candidate.app/Contents/Developer/Platforms/WatchOS.platform/Developer/SDKs/WatchOS27.0.sdk -resource-dir /Applications/Xcode-27.0.0-Release.Candidate.app/Contents/Developer/Toolchains/XcodeDefault.xctoolchain/usr/lib/clang/21 -fmodule-format\=obj -fmodule-file\=Darwin\=/Users/admin/builder/spi-builder-workspace/.derivedData/Build/Intermediates.noindex/ExplicitPrecompiledModules/Darwin-DBL55RBCXXBQWBIKBQECQ4IYB.pcm -fmodule-file\=Security\=/Users/admin/builder/spi-builder-workspace/.derivedData/Build/Intermediates.noindex/ExplicitPrecompiledModules/Security-2WSRYQDHFCF83TX4DCZHVWM0B.pcm -fmodule-file\=_Builtin_limits\=/Users/admin/builder/spi-builder-workspace/.derivedData/Build/Intermediates.noindex/ExplicitPrecompiledModules/_Builtin_limits-6E5IW1WWU6EKZ86KTL42OEAKK.pcm -fmodule-file\=_Builtin_stdarg\=/Users/admin/builder/spi-builder-workspace/.derivedData/Build/Intermediates.noindex/ExplicitPrecompiledModules/_Builtin_stdarg-3FBU3SHG4221H48J15ES3MF8K.pcm -fmodule-file\=_Builtin_stdbool\=/Users/admin/builder/spi-builder-workspace/.derivedData/Build/Intermediates.noindex/ExplicitPrecompiledModules/_Builtin_stdbool-C795FZDBIYT8T1PWQI3ZQAS0Z.pcm -fmodule-file\=_Builtin_stdint\=/Users/admin/builder/spi-builder-workspace/.derivedData/Build/Intermediates.noindex/ExplicitPrecompiledModules/_Builtin_stdint-C9F8CC0X0IM0BACQMFOUG41PC.pcm -fmodule-file\=_DarwinFoundation1\=/Users/admin/builder/spi-builder-workspace/.derivedData/Build/Intermediates.noindex/ExplicitPrecompiledModules/_DarwinFoundation1-13H6FXL1GBYYXRCWTA0PD05GF.pcm -fmodule-file\=_DarwinFoundation2\=/Users/admin/builder/spi-builder-workspace/.derivedData/Build/Intermediates.noindex/ExplicitPrecompiledModules/_DarwinFoundation2-UOPWJD88NWYOYIOBXLEYL9XL.pcm -fmodule-file\=_DarwinFoundation3\=/Users/admin/builder/spi-builder-workspace/.derivedData/Build/Intermediates.noindex/ExplicitPrecompiledModules/_DarwinFoundation3-8YQJHADOAGVLGCJ0XL0EXZ0DO.pcm -I /Users/admin/builder/spi-builder-workspace/.derivedData/Build/Products/Debug-watchos/include -I /Users/admin/builder/spi-builder-workspace/.dependencies/checkouts/mongo-swift-driver/Sources/CLibMongoC/include -I /Users/admin/builder/spi-builder-workspace/.derivedData/Build/Intermediates.noindex/mongo-swift-driver.build/Debug-watchos/CLibMongoC-t.build/DerivedSources-normal/arm64_32 -I /Users/admin/builder/spi-builder-workspace/.derivedData/Build/Intermediates.noindex/mongo-swift-driver.build/Debug-watchos/CLibMongoC-t.build/DerivedSources/arm64_32 -I /Users/admin/builder/spi-builder-workspace/.derivedData/Build/Intermediates.noindex/mongo-swift-driver.build/Debug-watchos/CLibMongoC-t.build/DerivedSources -F /Users/admin/builder/spi-builder-workspace/.derivedData/Build/Products/Debug-watchos -iframework /Applications/Xcode-27.0.0-Release.Candidate.app/Contents/Developer/Platforms/WatchOS.platform/Developer/Library/Frameworks -iframework /Applications/Xcode-27.0.0-Release.Candidate.app/Contents/Developer/Platforms/WatchOS.platform/Developer/SDKs/WatchOS27.0.sdk/Developer/Library/Frameworks -internal-isystem /Applications/Xcode-27.0.0-Release.Candidate.app/Contents/Developer/Platforms/WatchOS.platform/Developer/SDKs/WatchOS27.0.sdk/usr/local/include -internal-isystem /Applications/Xcode-27.0.0-Release.Candidate.app/Contents/Developer/Toolchains/XcodeDefault.xctoolchain/usr/lib/clang/21/include -internal-externc-isystem /Applications/Xcode-27.0.0-Release.Candidate.app/Contents/Developer/Platforms/WatchOS.platform/Developer/SDKs/WatchOS27.0.sdk/usr/include -internal-externc-isystem /Applications/Xcode-27.0.0-Release.Candidate.app/Contents/Developer/Toolchains/XcodeDefault.xctoolchain/usr/include -internal-iframework /Applications/Xcode-27.0.0-Release.Candidate.app/Contents/Developer/Platforms/WatchOS.platform/Developer/SDKs/WatchOS27.0.sdk/System/Library/Frameworks -internal-iframework /Applications/Xcode-27.0.0-Release.Candidate.app/Contents/Developer/Platforms/WatchOS.platform/Developer/SDKs/WatchOS27.0.sdk/System/Library/SubFrameworks -internal-iframework /Applications/Xcode-27.0.0-Release.Candidate.app/Contents/Developer/Platforms/WatchOS.platform/Developer/SDKs/WatchOS27.0.sdk/Library/Frameworks -ivfsstatcache /Users/admin/builder/spi-builder-workspace/.derivedData/SDKStatCaches.noindex/watchos27.0-24R360-e829b21a6f8c9b70876ba0858053c04477534ef55a1706bf4c1112bbb242f0a2.sdkstatcache -std\=gnu17 -fskip-odr-check-in-gmf -fmodules -fmodule-name\=CLibMongoC -fno-implicit-modules -fmax-type-align\=16 -fpascal-strings -fvisibility-inlines-hidden-static-local-var -mdarwin-stkchk-strong-link -fno-odr-hash-protocols -pic-level 2 -fencode-extended-block-signature -stack-protector 1 -fgnuc-version\=4.2.1 -fblocks -fno-convergent-functions -ffp-contract\=on -fclang-abi-compat\=4.0 -fno-experimental-relative-c++-abi-vtables -fno-file-reproducible -clang-vendor-feature\=+disableNonDependentMemberExprInCurrentInstantiation -clang-vendor-feature\=+enableAggressiveVLAFolding -clang-vendor-feature\=+revert09abecef7bbf -clang-vendor-feature\=+thisNoAlignAttr -clang-vendor-feature\=+thisNoNullAttr -clang-vendor-feature\=+disableAtImportPrivateFrameworkInImplementationError -O0 -fno-assume-unique-vtables -fdebug-compilation-dir\=/Users/admin/builder/spi-builder-workspace/.swiftpm/xcode -fcoverage-compilation-dir\=/Users/admin/builder/spi-builder-workspace/.swiftpm/xcode -fcoverage-mapping -fcommon -fdwarf2-cfi-asm -fobjc-msgsend-selector-stubs -fregister-global-dtors-with-atexit -fno-strict-return -dwarf-version\=4 -debugger-tuning\=lldb -disable-llvm-verifier -dwarf-ext-refs -funwind-tables\=1 -fprofile-instrument\=clang -enable-tlsdesc -clear-ast-before-backend -discard-value-names -main-file-name mongoc-stream-tls.c -mframe-pointer\=non-leaf -debug-info-kind\=standalone -fno-loop-interchange -fdiagnostics-hotness-threshold\=0 -fdiagnostics-misexpect-tolerance\=0 -D DEBUG\=1 -D SWIFT_PACKAGE -D Xcode -fdefine-target-os-macros -MT dependencies -dependency-file /Users/admin/builder/spi-builder-workspace/.derivedData/Build/Intermediates.noindex/mongo-swift-driver.build/Debug-watchos/CLibMongoC-t.build/Objects-normal/arm64_32/mongoc-stream-tls.d -skip-unused-modulemap-deps -module-file-deps\=direct -fdepfile-entry\=/Applications/Xcode-27.0.0-Release.Candidate.app/Contents/Developer/Platforms/WatchOS.platform/Developer/SDKs/WatchOS27.0.sdk/SDKSettings.json
CompileC /Users/admin/builder/spi-builder-workspace/.derivedData/Build/Intermediates.noindex/mongo-swift-driver.build/Debug-watchos/CLibMongoC-t.build/Objects-normal/arm64_32/mongoc-stream-tls-secure-transport.o /Users/admin/builder/spi-builder-workspace/.dependencies/checkouts/mongo-swift-driver/Sources/CLibMongoC/mongoc/mongoc-stream-tls-secure-transport.c normal arm64_32 c com.apple.compilers.llvm.clang.1_0.compiler (in target 'CLibMongoC' from project 'mongo-swift-driver')
    cd /Users/admin/builder/spi-builder-workspace/.swiftpm/xcode

    Using response file: /Users/admin/builder/spi-builder-workspace/.derivedData/Build/Intermediates.noindex/mongo-swift-driver.build/Debug-watchos/CLibMongoC-t.build/Objects-normal/arm64_32/7187679823f38a2a940e0043cdf9d637-common-args.resp

    /Applications/Xcode-27.0.0-Release.Candidate.app/Contents/Developer/Toolchains/XcodeDefault.xctoolchain/usr/bin/clang -x c -ivfsstatcache /Users/admin/builder/spi-builder-workspace/.derivedData/SDKStatCaches.noindex/watchos27.0-24R360-e829b21a6f8c9b70876ba0858053c04477534ef55a1706bf4c1112bbb242f0a2.sdkstatcache -target arm64_32-apple-watchos9.0 -fmessage-length\=0 -fdiagnostics-show-note-include-stack -fmacro-backtrace-limit\=0 -fno-color-diagnostics -fmodules-prune-interval\=86400 -fmodules-prune-after\=345600 -fbuild-session-file\=/Users/admin/builder/spi-builder-workspace/.derivedData/ModuleCache.noindex/Session.modulevalidation -fmodules-validate-once-per-build-session -Wnon-modular-include-in-framework-module -Werror\=non-modular-include-in-framework-module -Wno-trigraphs -Wno-missing-field-initializers -Wno-missing-prototypes -Wno-return-type -Wno-missing-braces -Wparentheses -Wswitch -Wno-unused-function -Wno-unused-label -Wno-unused-parameter -Wno-unused-variable -Wunused-value -Wno-empty-body -Wno-uninitialized -Wno-unknown-pragmas -w -Wno-shadow -Wno-four-char-constants -Wno-conversion -Wno-constant-conversion -Wno-int-conversion -Wno-bool-conversion -Wno-enum-conversion -Wno-float-conversion -Wno-non-literal-null-conversion -Wno-objc-literal-conversion -Wno-shorten-64-to-32 -Wpointer-sign -Wno-newline-eof -Wno-implicit-fallthrough -isysroot /Applications/Xcode-27.0.0-Release.Candidate.app/Contents/Developer/Platforms/WatchOS.platform/Developer/SDKs/WatchOS27.0.sdk -fstrict-aliasing -Wdeprecated-declarations -Wno-sign-conversion -Wno-infinite-recursion -Wno-comma -Wno-block-capture-autoreleasing -Wno-strict-prototypes -Wno-semicolon-before-method-body -index-store-path /Users/admin/builder/spi-builder-workspace/.derivedData/Index.noindex/DataStore @/Users/admin/builder/spi-builder-workspace/.derivedData/Build/Intermediates.noindex/mongo-swift-driver.build/Debug-watchos/CLibMongoC-t.build/Objects-normal/arm64_32/7187679823f38a2a940e0043cdf9d637-common-args.resp -MMD -MT dependencies -MF /Users/admin/builder/spi-builder-workspace/.derivedData/Build/Intermediates.noindex/mongo-swift-driver.build/Debug-watchos/CLibMongoC-t.build/Objects-normal/arm64_32/mongoc-stream-tls-secure-transport.d --serialize-diagnostics /Users/admin/builder/spi-builder-workspace/.derivedData/Build/Intermediates.noindex/mongo-swift-driver.build/Debug-watchos/CLibMongoC-t.build/Objects-normal/arm64_32/mongoc-stream-tls-secure-transport.dia -c /Users/admin/builder/spi-builder-workspace/.dependencies/checkouts/mongo-swift-driver/Sources/CLibMongoC/mongoc/mongoc-stream-tls-secure-transport.c -o /Users/admin/builder/spi-builder-workspace/.derivedData/Build/Intermediates.noindex/mongo-swift-driver.build/Debug-watchos/CLibMongoC-t.build/Objects-normal/arm64_32/mongoc-stream-tls-secure-transport.o -index-unit-output-path /mongo-swift-driver.build/Debug-watchos/CLibMongoC-t.build/Objects-normal/arm64_32/mongoc-stream-tls-secure-transport.o
Failed frontend command:
/Applications/Xcode-27.0.0-Release.Candidate.app/Contents/Developer/Toolchains/XcodeDefault.xctoolchain/usr/bin/clang -cc1 -Wundef-prefix\=TARGET_OS_ -fdiagnostics-show-note-include-stack -fmacro-backtrace-limit\=0 -w -ferror-limit 19 -serialize-diagnostic-file /Users/admin/builder/spi-builder-workspace/.derivedData/Build/Intermediates.noindex/mongo-swift-driver.build/Debug-watchos/CLibMongoC-t.build/Objects-normal/arm64_32/mongoc-stream-tls-secure-transport.dia -Wdeprecated-objc-isa-usage -Werror\=deprecated-objc-isa-usage -Werror\=implicit-function-declaration -Wnon-modular-include-in-framework-module -Werror\=non-modular-include-in-framework-module -Wno-trigraphs -Wno-missing-field-initializers -Wno-missing-prototypes -Wno-return-type -Wno-missing-braces -Wparentheses -Wswitch -Wno-unused-function -Wno-unused-label -Wno-unused-parameter -Wno-unused-variable -Wunused-value -Wno-empty-body -Wno-uninitialized -Wno-unknown-pragmas -Wno-shadow -Wno-four-char-constants -Wno-conversion -Wno-constant-conversion -Wno-int-conversion -Wno-bool-conversion -Wno-enum-conversion -Wno-float-conversion -Wno-non-literal-null-conversion -Wno-objc-literal-conversion -Wno-shorten-64-to-32 -Wpointer-sign -Wno-newline-eof -Wno-implicit-fallthrough -Wdeprecated-declarations -Wno-sign-conversion -Wno-infinite-recursion -Wno-comma -Wno-block-capture-autoreleasing -Wno-strict-prototypes -Wno-semicolon-before-method-body -Wno-elaborated-enum-base -Wno-error\=allocator-wrappers -index-store-path /Users/admin/builder/spi-builder-workspace/.derivedData/Index.noindex/DataStore -index-unit-output-path /mongo-swift-driver.build/Debug-watchos/CLibMongoC-t.build/Objects-normal/arm64_32/mongoc-stream-tls-secure-transport.o -fmodule-map-file\=/Applications/Xcode-27.0.0-Release.Candidate.app/Contents/Developer/Platforms/WatchOS.platform/Developer/SDKs/WatchOS.sdk/usr/include/DarwinFoundation1.modulemap -fmodule-map-file\=/Applications/Xcode-27.0.0-Release.Candidate.app/Contents/Developer/Toolchains/XcodeDefault.xctoolchain/usr/lib/clang/21/include/module.modulemap -fmodule-map-file\=/Applications/Xcode-27.0.0-Release.Candidate.app/Contents/Developer/Platforms/WatchOS.platform/Developer/SDKs/WatchOS.sdk/usr/include/DarwinFoundation2.modulemap -fmodule-map-file\=/Applications/Xcode-27.0.0-Release.Candidate.app/Contents/Developer/Toolchains/XcodeDefault.xctoolchain/usr/lib/clang/21/include/module.modulemap -fmodule-map-file\=/Applications/Xcode-27.0.0-Release.Candidate.app/Contents/Developer/Toolchains/XcodeDefault.xctoolchain/usr/lib/clang/21/include/module.modulemap -fmodule-map-file\=/Applications/Xcode-27.0.0-Release.Candidate.app/Contents/Developer/Platforms/WatchOS.platform/Developer/SDKs/WatchOS.sdk/usr/include/DarwinFoundation3.modulemap -fmodule-map-file\=/Applications/Xcode-27.0.0-Release.Candidate.app/Contents/Developer/Toolchains/XcodeDefault.xctoolchain/usr/lib/clang/21/include/module.modulemap -fmodule-map-file\=/Applications/Xcode-27.0.0-Release.Candidate.app/Contents/Developer/Platforms/WatchOS.platform/Developer/SDKs/WatchOS.sdk/usr/include/Darwin.modulemap -fmodule-map-file\=/Applications/Xcode-27.0.0-Release.Candidate.app/Contents/Developer/Platforms/WatchOS.platform/Developer/SDKs/WatchOS.sdk/System/Library/Frameworks/CoreFoundation.framework/Modules/module.modulemap -fmodule-map-file\=/Applications/Xcode-27.0.0-Release.Candidate.app/Contents/Developer/Platforms/WatchOS.platform/Developer/SDKs/WatchOS.sdk/System/Library/Frameworks/Security.framework/Modules/module.modulemap -o /Users/admin/builder/spi-builder-workspace/.derivedData/Build/Intermediates.noindex/mongo-swift-driver.build/Debug-watchos/CLibMongoC-t.build/Objects-normal/arm64_32/mongoc-stream-tls-secure-transport.o -disable-free -emit-obj -x c /Users/admin/builder/spi-builder-workspace/.dependencies/checkouts/mongo-swift-driver/Sources/CLibMongoC/mongoc/mongoc-stream-tls-secure-transport.c -target-abi darwinpcs -target-cpu apple-s4 -target-feature +v8.3a -target-feature +aes -target-feature +complxnum -target-feature +crc -target-feature +fp-armv8 -target-feature +fullfp16 -target-feature +jsconv -target-feature +lse -target-feature +neon -target-feature +pauth -target-feature +perfmon -target-feature +ras -target-feature +rcpc -target-feature +rdm -target-feature +sha2 -triple arm64_32-apple-watchos9.0.0 -target-linker-version 1166.2 -target-sdk-version\=27.0 -fmodules-validate-system-headers -fno-modulemap-allow-subdirectory-search -isysroot /Applications/Xcode-27.0.0-Release.Candidate.app/Contents/Developer/Platforms/WatchOS.platform/Developer/SDKs/WatchOS27.0.sdk -resource-dir /Applications/Xcode-27.0.0-Release.Candidate.app/Contents/Developer/Toolchains/XcodeDefault.xctoolchain/usr/lib/clang/21 -fmodule-format\=obj -fmodule-file\=CoreFoundation\=/Users/admin/builder/spi-builder-workspace/.derivedData/Build/Intermediates.noindex/ExplicitPrecompiledModules/CoreFoundation-1SYVQ907NHJALXO8O42GH5BVK.pcm -fmodule-file\=Darwin\=/Users/admin/builder/spi-builder-workspace/.derivedData/Build/Intermediates.noindex/ExplicitPrecompiledModules/Darwin-DBL55RBCXXBQWBIKBQECQ4IYB.pcm -fmodule-file\=Security\=/Users/admin/builder/spi-builder-workspace/.derivedData/Build/Intermediates.noindex/ExplicitPrecompiledModules/Security-2WSRYQDHFCF83TX4DCZHVWM0B.pcm -fmodule-file\=_Builtin_limits\=/Users/admin/builder/spi-builder-workspace/.derivedData/Build/Intermediates.noindex/ExplicitPrecompiledModules/_Builtin_limits-6E5IW1WWU6EKZ86KTL42OEAKK.pcm -fmodule-file\=_Builtin_stdarg\=/Users/admin/builder/spi-builder-workspace/.derivedData/Build/Intermediates.noindex/ExplicitPrecompiledModules/_Builtin_stdarg-3FBU3SHG4221H48J15ES3MF8K.pcm -fmodule-file\=_Builtin_stdbool\=/Users/admin/builder/spi-builder-workspace/.derivedData/Build/Intermediates.noindex/ExplicitPrecompiledModules/_Builtin_stdbool-C795FZDBIYT8T1PWQI3ZQAS0Z.pcm -fmodule-file\=_Builtin_stdint\=/Users/admin/builder/spi-builder-workspace/.derivedData/Build/Intermediates.noindex/ExplicitPrecompiledModules/_Builtin_stdint-C9F8CC0X0IM0BACQMFOUG41PC.pcm -fmodule-file\=_DarwinFoundation1\=/Users/admin/builder/spi-builder-workspace/.derivedData/Build/Intermediates.noindex/ExplicitPrecompiledModules/_DarwinFoundation1-13H6FXL1GBYYXRCWTA0PD05GF.pcm -fmodule-file\=_DarwinFoundation2\=/Users/admin/builder/spi-builder-workspace/.derivedData/Build/Intermediates.noindex/ExplicitPrecompiledModules/_DarwinFoundation2-UOPWJD88NWYOYIOBXLEYL9XL.pcm -fmodule-file\=_DarwinFoundation3\=/Users/admin/builder/spi-builder-workspace/.derivedData/Build/Intermediates.noindex/ExplicitPrecompiledModules/_DarwinFoundation3-8YQJHADOAGVLGCJ0XL0EXZ0DO.pcm -I /Users/admin/builder/spi-builder-workspace/.derivedData/Build/Products/Debug-watchos/include -I /Users/admin/builder/spi-builder-workspace/.dependencies/checkouts/mongo-swift-driver/Sources/CLibMongoC/include -I /Users/admin/builder/spi-builder-workspace/.derivedData/Build/Intermediates.noindex/mongo-swift-driver.build/Debug-watchos/CLibMongoC-t.build/DerivedSources-normal/arm64_32 -I /Users/admin/builder/spi-builder-workspace/.derivedData/Build/Intermediates.noindex/mongo-swift-driver.build/Debug-watchos/CLibMongoC-t.build/DerivedSources/arm64_32 -I /Users/admin/builder/spi-builder-workspace/.derivedData/Build/Intermediates.noindex/mongo-swift-driver.build/Debug-watchos/CLibMongoC-t.build/DerivedSources -F /Users/admin/builder/spi-builder-workspace/.derivedData/Build/Products/Debug-watchos -iframework /Applications/Xcode-27.0.0-Release.Candidate.app/Contents/Developer/Platforms/WatchOS.platform/Developer/Library/Frameworks -iframework /Applications/Xcode-27.0.0-Release.Candidate.app/Contents/Developer/Platforms/WatchOS.platform/Developer/SDKs/WatchOS27.0.sdk/Developer/Library/Frameworks -internal-isystem /Applications/Xcode-27.0.0-Release.Candidate.app/Contents/Developer/Platforms/WatchOS.platform/Developer/SDKs/WatchOS27.0.sdk/usr/local/include -internal-isystem /Applications/Xcode-27.0.0-Release.Candidate.app/Contents/Developer/Toolchains/XcodeDefault.xctoolchain/usr/lib/clang/21/include -internal-externc-isystem /Applications/Xcode-27.0.0-Release.Candidate.app/Contents/Developer/Platforms/WatchOS.platform/Developer/SDKs/WatchOS27.0.sdk/usr/include -internal-externc-isystem /Applications/Xcode-27.0.0-Release.Candidate.app/Contents/Developer/Toolchains/XcodeDefault.xctoolchain/usr/include -internal-iframework /Applications/Xcode-27.0.0-Release.Candidate.app/Contents/Developer/Platforms/WatchOS.platform/Developer/SDKs/WatchOS27.0.sdk/System/Library/Frameworks -internal-iframework /Applications/Xcode-27.0.0-Release.Candidate.app/Contents/Developer/Platforms/WatchOS.platform/Developer/SDKs/WatchOS27.0.sdk/System/Library/SubFrameworks -internal-iframework /Applications/Xcode-27.0.0-Release.Candidate.app/Contents/Developer/Platforms/WatchOS.platform/Developer/SDKs/WatchOS27.0.sdk/Library/Frameworks -ivfsstatcache /Users/admin/builder/spi-builder-workspace/.derivedData/SDKStatCaches.noindex/watchos27.0-24R360-e829b21a6f8c9b70876ba0858053c04477534ef55a1706bf4c1112bbb242f0a2.sdkstatcache -std\=gnu17 -fskip-odr-check-in-gmf -fmodules -fmodule-name\=CLibMongoC -fno-implicit-modules -fmax-type-align\=16 -fpascal-strings -fvisibility-inlines-hidden-static-local-var -mdarwin-stkchk-strong-link -fno-odr-hash-protocols -pic-level 2 -fencode-extended-block-signature -stack-protector 1 -fgnuc-version\=4.2.1 -fblocks -fno-convergent-functions -ffp-contract\=on -fclang-abi-compat\=4.0 -fno-experimental-relative-c++-abi-vtables -fno-file-reproducible -clang-vendor-feature\=+disableNonDependentMemberExprInCurrentInstantiation -clang-vendor-feature\=+enableAggressiveVLAFolding -clang-vendor-feature\=+revert09abecef7bbf -clang-vendor-feature\=+thisNoAlignAttr -clang-vendor-feature\=+thisNoNullAttr -clang-vendor-feature\=+disableAtImportPrivateFrameworkInImplementationError -O0 -fno-assume-unique-vtables -fdebug-compilation-dir\=/Users/admin/builder/spi-builder-workspace/.swiftpm/xcode -fcoverage-compilation-dir\=/Users/admin/builder/spi-builder-workspace/.swiftpm/xcode -fcoverage-mapping -fcommon -fdwarf2-cfi-asm -fobjc-msgsend-selector-stubs -fregister-global-dtors-with-atexit -fno-strict-return -dwarf-version\=4 -debugger-tuning\=lldb -disable-llvm-verifier -dwarf-ext-refs -funwind-tables\=1 -fprofile-instrument\=clang -enable-tlsdesc -clear-ast-before-backend -discard-value-names -main-file-name mongoc-stream-tls-secure-transport.c -mframe-pointer\=non-leaf -debug-info-kind\=standalone -fno-loop-interchange -fdiagnostics-hotness-threshold\=0 -fdiagnostics-misexpect-tolerance\=0 -D DEBUG\=1 -D SWIFT_PACKAGE -D Xcode -fdefine-target-os-macros -MT dependencies -dependency-file /Users/admin/builder/spi-builder-workspace/.derivedData/Build/Intermediates.noindex/mongo-swift-driver.build/Debug-watchos/CLibMongoC-t.build/Objects-normal/arm64_32/mongoc-stream-tls-secure-transport.d -skip-unused-modulemap-deps -module-file-deps\=direct -fdepfile-entry\=/Applications/Xcode-27.0.0-Release.Candidate.app/Contents/Developer/Platforms/WatchOS.platform/Developer/SDKs/WatchOS27.0.sdk/SDKSettings.json
CompileC /Users/admin/builder/spi-builder-workspace/.derivedData/Build/Intermediates.noindex/mongo-swift-driver.build/Debug-watchos/CLibMongoC-t.build/Objects-normal/arm64_32/mongoc-ssl.o /Users/admin/builder/spi-builder-workspace/.dependencies/checkouts/mongo-swift-driver/Sources/CLibMongoC/mongoc/mongoc-ssl.c normal arm64_32 c com.apple.compilers.llvm.clang.1_0.compiler (in target 'CLibMongoC' from project 'mongo-swift-driver')
    cd /Users/admin/builder/spi-builder-workspace/.swiftpm/xcode

    Using response file: /Users/admin/builder/spi-builder-workspace/.derivedData/Build/Intermediates.noindex/mongo-swift-driver.build/Debug-watchos/CLibMongoC-t.build/Objects-normal/arm64_32/7187679823f38a2a940e0043cdf9d637-common-args.resp

    /Applications/Xcode-27.0.0-Release.Candidate.app/Contents/Developer/Toolchains/XcodeDefault.xctoolchain/usr/bin/clang -x c -ivfsstatcache /Users/admin/builder/spi-builder-workspace/.derivedData/SDKStatCaches.noindex/watchos27.0-24R360-e829b21a6f8c9b70876ba0858053c04477534ef55a1706bf4c1112bbb242f0a2.sdkstatcache -target arm64_32-apple-watchos9.0 -fmessage-length\=0 -fdiagnostics-show-note-include-stack -fmacro-backtrace-limit\=0 -fno-color-diagnostics -fmodules-prune-interval\=86400 -fmodules-prune-after\=345600 -fbuild-session-file\=/Users/admin/builder/spi-builder-workspace/.derivedData/ModuleCache.noindex/Session.modulevalidation -fmodules-validate-once-per-build-session -Wnon-modular-include-in-framework-module -Werror\=non-modular-include-in-framework-module -Wno-trigraphs -Wno-missing-field-initializers -Wno-missing-prototypes -Wno-return-type -Wno-missing-braces -Wparentheses -Wswitch -Wno-unused-function -Wno-unused-label -Wno-unused-parameter -Wno-unused-variable -Wunused-value -Wno-empty-body -Wno-uninitialized -Wno-unknown-pragmas -w -Wno-shadow -Wno-four-char-constants -Wno-conversion -Wno-constant-conversion -Wno-int-conversion -Wno-bool-conversion -Wno-enum-conversion -Wno-float-conversion -Wno-non-literal-null-conversion -Wno-objc-literal-conversion -Wno-shorten-64-to-32 -Wpointer-sign -Wno-newline-eof -Wno-implicit-fallthrough -isysroot /Applications/Xcode-27.0.0-Release.Candidate.app/Contents/Developer/Platforms/WatchOS.platform/Developer/SDKs/WatchOS27.0.sdk -fstrict-aliasing -Wdeprecated-declarations -Wno-sign-conversion -Wno-infinite-recursion -Wno-comma -Wno-block-capture-autoreleasing -Wno-strict-prototypes -Wno-semicolon-before-method-body -index-store-path /Users/admin/builder/spi-builder-workspace/.derivedData/Index.noindex/DataStore @/Users/admin/builder/spi-builder-workspace/.derivedData/Build/Intermediates.noindex/mongo-swift-driver.build/Debug-watchos/CLibMongoC-t.build/Objects-normal/arm64_32/7187679823f38a2a940e0043cdf9d637-common-args.resp -MMD -MT dependencies -MF /Users/admin/builder/spi-builder-workspace/.derivedData/Build/Intermediates.noindex/mongo-swift-driver.build/Debug-watchos/CLibMongoC-t.build/Objects-normal/arm64_32/mongoc-ssl.d --serialize-diagnostics /Users/admin/builder/spi-builder-workspace/.derivedData/Build/Intermediates.noindex/mongo-swift-driver.build/Debug-watchos/CLibMongoC-t.build/Objects-normal/arm64_32/mongoc-ssl.dia -c /Users/admin/builder/spi-builder-workspace/.dependencies/checkouts/mongo-swift-driver/Sources/CLibMongoC/mongoc/mongoc-ssl.c -o /Users/admin/builder/spi-builder-workspace/.derivedData/Build/Intermediates.noindex/mongo-swift-driver.build/Debug-watchos/CLibMongoC-t.build/Objects-normal/arm64_32/mongoc-ssl.o -index-unit-output-path /mongo-swift-driver.build/Debug-watchos/CLibMongoC-t.build/Objects-normal/arm64_32/mongoc-ssl.o
Failed frontend command:
/Applications/Xcode-27.0.0-Release.Candidate.app/Contents/Developer/Toolchains/XcodeDefault.xctoolchain/usr/bin/clang -cc1 -Wundef-prefix\=TARGET_OS_ -fdiagnostics-show-note-include-stack -fmacro-backtrace-limit\=0 -w -ferror-limit 19 -serialize-diagnostic-file /Users/admin/builder/spi-builder-workspace/.derivedData/Build/Intermediates.noindex/mongo-swift-driver.build/Debug-watchos/CLibMongoC-t.build/Objects-normal/arm64_32/mongoc-ssl.dia -Wdeprecated-objc-isa-usage -Werror\=deprecated-objc-isa-usage -Werror\=implicit-function-declaration -Wnon-modular-include-in-framework-module -Werror\=non-modular-include-in-framework-module -Wno-trigraphs -Wno-missing-field-initializers -Wno-missing-prototypes -Wno-return-type -Wno-missing-braces -Wparentheses -Wswitch -Wno-unused-function -Wno-unused-label -Wno-unused-parameter -Wno-unused-variable -Wunused-value -Wno-empty-body -Wno-uninitialized -Wno-unknown-pragmas -Wno-shadow -Wno-four-char-constants -Wno-conversion -Wno-constant-conversion -Wno-int-conversion -Wno-bool-conversion -Wno-enum-conversion -Wno-float-conversion -Wno-non-literal-null-conversion -Wno-objc-literal-conversion -Wno-shorten-64-to-32 -Wpointer-sign -Wno-newline-eof -Wno-implicit-fallthrough -Wdeprecated-declarations -Wno-sign-conversion -Wno-infinite-recursion -Wno-comma -Wno-block-capture-autoreleasing -Wno-strict-prototypes -Wno-semicolon-before-method-body -Wno-elaborated-enum-base -Wno-error\=allocator-wrappers -index-store-path /Users/admin/builder/spi-builder-workspace/.derivedData/Index.noindex/DataStore -index-unit-output-path /mongo-swift-driver.build/Debug-watchos/CLibMongoC-t.build/Objects-normal/arm64_32/mongoc-ssl.o -fmodule-map-file\=/Applications/Xcode-27.0.0-Release.Candidate.app/Contents/Developer/Platforms/WatchOS.platform/Developer/SDKs/WatchOS.sdk/usr/include/DarwinFoundation1.modulemap -fmodule-map-file\=/Applications/Xcode-27.0.0-Release.Candidate.app/Contents/Developer/Toolchains/XcodeDefault.xctoolchain/usr/lib/clang/21/include/module.modulemap -fmodule-map-file\=/Applications/Xcode-27.0.0-Release.Candidate.app/Contents/Developer/Platforms/WatchOS.platform/Developer/SDKs/WatchOS.sdk/usr/include/DarwinFoundation2.modulemap -fmodule-map-file\=/Applications/Xcode-27.0.0-Release.Candidate.app/Contents/Developer/Toolchains/XcodeDefault.xctoolchain/usr/lib/clang/21/include/module.modulemap -fmodule-map-file\=/Applications/Xcode-27.0.0-Release.Candidate.app/Contents/Developer/Platforms/WatchOS.platform/Developer/SDKs/WatchOS.sdk/usr/include/DarwinFoundation3.modulemap -fmodule-map-file\=/Applications/Xcode-27.0.0-Release.Candidate.app/Contents/Developer/Toolchains/XcodeDefault.xctoolchain/usr/lib/clang/21/include/module.modulemap -fmodule-map-file\=/Applications/Xcode-27.0.0-Release.Candidate.app/Contents/Developer/Toolchains/XcodeDefault.xctoolchain/usr/lib/clang/21/include/module.modulemap -fmodule-map-file\=/Applications/Xcode-27.0.0-Release.Candidate.app/Contents/Developer/Platforms/WatchOS.platform/Developer/SDKs/WatchOS.sdk/usr/include/Darwin.modulemap -fmodule-map-file\=/Applications/Xcode-27.0.0-Release.Candidate.app/Contents/Developer/Platforms/WatchOS.platform/Developer/SDKs/WatchOS.sdk/System/Library/Frameworks/Security.framework/Modules/module.modulemap -o /Users/admin/builder/spi-builder-workspace/.derivedData/Build/Intermediates.noindex/mongo-swift-driver.build/Debug-watchos/CLibMongoC-t.build/Objects-normal/arm64_32/mongoc-ssl.o -disable-free -emit-obj -x c /Users/admin/builder/spi-builder-workspace/.dependencies/checkouts/mongo-swift-driver/Sources/CLibMongoC/mongoc/mongoc-ssl.c -target-abi darwinpcs -target-cpu apple-s4 -target-feature +v8.3a -target-feature +aes -target-feature +complxnum -target-feature +crc -target-feature +fp-armv8 -target-feature +fullfp16 -target-feature +jsconv -target-feature +lse -target-feature +neon -target-feature +pauth -target-feature +perfmon -target-feature +ras -target-feature +rcpc -target-feature +rdm -target-feature +sha2 -triple arm64_32-apple-watchos9.0.0 -target-linker-version 1166.2 -target-sdk-version\=27.0 -fmodules-validate-system-headers -fno-modulemap-allow-subdirectory-search -isysroot /Applications/Xcode-27.0.0-Release.Candidate.app/Contents/Developer/Platforms/WatchOS.platform/Developer/SDKs/WatchOS27.0.sdk -resource-dir /Applications/Xcode-27.0.0-Release.Candidate.app/Contents/Developer/Toolchains/XcodeDefault.xctoolchain/usr/lib/clang/21 -fmodule-format\=obj -fmodule-file\=Darwin\=/Users/admin/builder/spi-builder-workspace/.derivedData/Build/Intermediates.noindex/ExplicitPrecompiledModules/Darwin-DBL55RBCXXBQWBIKBQECQ4IYB.pcm -fmodule-file\=Security\=/Users/admin/builder/spi-builder-workspace/.derivedData/Build/Intermediates.noindex/ExplicitPrecompiledModules/Security-2WSRYQDHFCF83TX4DCZHVWM0B.pcm -fmodule-file\=_Builtin_limits\=/Users/admin/builder/spi-builder-workspace/.derivedData/Build/Intermediates.noindex/ExplicitPrecompiledModules/_Builtin_limits-6E5IW1WWU6EKZ86KTL42OEAKK.pcm -fmodule-file\=_Builtin_stdarg\=/Users/admin/builder/spi-builder-workspace/.derivedData/Build/Intermediates.noindex/ExplicitPrecompiledModules/_Builtin_stdarg-3FBU3SHG4221H48J15ES3MF8K.pcm -fmodule-file\=_Builtin_stdbool\=/Users/admin/builder/spi-builder-workspace/.derivedData/Build/Intermediates.noindex/ExplicitPrecompiledModules/_Builtin_stdbool-C795FZDBIYT8T1PWQI3ZQAS0Z.pcm -fmodule-file\=_Builtin_stdint\=/Users/admin/builder/spi-builder-workspace/.derivedData/Build/Intermediates.noindex/ExplicitPrecompiledModules/_Builtin_stdint-C9F8CC0X0IM0BACQMFOUG41PC.pcm -fmodule-file\=_DarwinFoundation1\=/Users/admin/builder/spi-builder-workspace/.derivedData/Build/Intermediates.noindex/ExplicitPrecompiledModules/_DarwinFoundation1-13H6FXL1GBYYXRCWTA0PD05GF.pcm -fmodule-file\=_DarwinFoundation2\=/Users/admin/builder/spi-builder-workspace/.derivedData/Build/Intermediates.noindex/ExplicitPrecompiledModules/_DarwinFoundation2-UOPWJD88NWYOYIOBXLEYL9XL.pcm -fmodule-file\=_DarwinFoundation3\=/Users/admin/builder/spi-builder-workspace/.derivedData/Build/Intermediates.noindex/ExplicitPrecompiledModules/_DarwinFoundation3-8YQJHADOAGVLGCJ0XL0EXZ0DO.pcm -I /Users/admin/builder/spi-builder-workspace/.derivedData/Build/Products/Debug-watchos/include -I /Users/admin/builder/spi-builder-workspace/.dependencies/checkouts/mongo-swift-driver/Sources/CLibMongoC/include -I /Users/admin/builder/spi-builder-workspace/.derivedData/Build/Intermediates.noindex/mongo-swift-driver.build/Debug-watchos/CLibMongoC-t.build/DerivedSources-normal/arm64_32 -I /Users/admin/builder/spi-builder-workspace/.derivedData/Build/Intermediates.noindex/mongo-swift-driver.build/Debug-watchos/CLibMongoC-t.build/DerivedSources/arm64_32 -I /Users/admin/builder/spi-builder-workspace/.derivedData/Build/Intermediates.noindex/mongo-swift-driver.build/Debug-watchos/CLibMongoC-t.build/DerivedSources -F /Users/admin/builder/spi-builder-workspace/.derivedData/Build/Products/Debug-watchos -iframework /Applications/Xcode-27.0.0-Release.Candidate.app/Contents/Developer/Platforms/WatchOS.platform/Developer/Library/Frameworks -iframework /Applications/Xcode-27.0.0-Release.Candidate.app/Contents/Developer/Platforms/WatchOS.platform/Developer/SDKs/WatchOS27.0.sdk/Developer/Library/Frameworks -internal-isystem /Applications/Xcode-27.0.0-Release.Candidate.app/Contents/Developer/Platforms/WatchOS.platform/Developer/SDKs/WatchOS27.0.sdk/usr/local/include -internal-isystem /Applications/Xcode-27.0.0-Release.Candidate.app/Contents/Developer/Toolchains/XcodeDefault.xctoolchain/usr/lib/clang/21/include -internal-externc-isystem /Applications/Xcode-27.0.0-Release.Candidate.app/Contents/Developer/Platforms/WatchOS.platform/Developer/SDKs/WatchOS27.0.sdk/usr/include -internal-externc-isystem /Applications/Xcode-27.0.0-Release.Candidate.app/Contents/Developer/Toolchains/XcodeDefault.xctoolchain/usr/include -internal-iframework /Applications/Xcode-27.0.0-Release.Candidate.app/Contents/Developer/Platforms/WatchOS.platform/Developer/SDKs/WatchOS27.0.sdk/System/Library/Frameworks -internal-iframework /Applications/Xcode-27.0.0-Release.Candidate.app/Contents/Developer/Platforms/WatchOS.platform/Developer/SDKs/WatchOS27.0.sdk/System/Library/SubFrameworks -internal-iframework /Applications/Xcode-27.0.0-Release.Candidate.app/Contents/Developer/Platforms/WatchOS.platform/Developer/SDKs/WatchOS27.0.sdk/Library/Frameworks -ivfsstatcache /Users/admin/builder/spi-builder-workspace/.derivedData/SDKStatCaches.noindex/watchos27.0-24R360-e829b21a6f8c9b70876ba0858053c04477534ef55a1706bf4c1112bbb242f0a2.sdkstatcache -std\=gnu17 -fskip-odr-check-in-gmf -fmodules -fmodule-name\=CLibMongoC -fno-implicit-modules -fmax-type-align\=16 -fpascal-strings -fvisibility-inlines-hidden-static-local-var -mdarwin-stkchk-strong-link -fno-odr-hash-protocols -pic-level 2 -fencode-extended-block-signature -stack-protector 1 -fgnuc-version\=4.2.1 -fblocks -fno-convergent-functions -ffp-contract\=on -fclang-abi-compat\=4.0 -fno-experimental-relative-c++-abi-vtables -fno-file-reproducible -clang-vendor-feature\=+disableNonDependentMemberExprInCurrentInstantiation -clang-vendor-feature\=+enableAggressiveVLAFolding -clang-vendor-feature\=+revert09abecef7bbf -clang-vendor-feature\=+thisNoAlignAttr -clang-vendor-feature\=+thisNoNullAttr -clang-vendor-feature\=+disableAtImportPrivateFrameworkInImplementationError -O0 -fno-assume-unique-vtables -fdebug-compilation-dir\=/Users/admin/builder/spi-builder-workspace/.swiftpm/xcode -fcoverage-compilation-dir\=/Users/admin/builder/spi-builder-workspace/.swiftpm/xcode -fcoverage-mapping -fcommon -fdwarf2-cfi-asm -fobjc-msgsend-selector-stubs -fregister-global-dtors-with-atexit -fno-strict-return -dwarf-version\=4 -debugger-tuning\=lldb -disable-llvm-verifier -dwarf-ext-refs -funwind-tables\=1 -fprofile-instrument\=clang -enable-tlsdesc -clear-ast-before-backend -discard-value-names -main-file-name mongoc-ssl.c -mframe-pointer\=non-leaf -debug-info-kind\=standalone -fno-loop-interchange -fdiagnostics-hotness-threshold\=0 -fdiagnostics-misexpect-tolerance\=0 -D DEBUG\=1 -D SWIFT_PACKAGE -D Xcode -fdefine-target-os-macros -MT dependencies -dependency-file /Users/admin/builder/spi-builder-workspace/.derivedData/Build/Intermediates.noindex/mongo-swift-driver.build/Debug-watchos/CLibMongoC-t.build/Objects-normal/arm64_32/mongoc-ssl.d -skip-unused-modulemap-deps -module-file-deps\=direct -fdepfile-entry\=/Applications/Xcode-27.0.0-Release.Candidate.app/Contents/Developer/Platforms/WatchOS.platform/Developer/SDKs/WatchOS27.0.sdk/SDKSettings.json
CompileC /Users/admin/builder/spi-builder-workspace/.derivedData/Build/Intermediates.noindex/mongo-swift-driver.build/Debug-watchos/CLibMongoC-t.build/Objects-normal/arm64_32/mongoc-secure-transport.o /Users/admin/builder/spi-builder-workspace/.dependencies/checkouts/mongo-swift-driver/Sources/CLibMongoC/mongoc/mongoc-secure-transport.c normal arm64_32 c com.apple.compilers.llvm.clang.1_0.compiler (in target 'CLibMongoC' from project 'mongo-swift-driver')
    cd /Users/admin/builder/spi-builder-workspace/.swiftpm/xcode

    Using response file: /Users/admin/builder/spi-builder-workspace/.derivedData/Build/Intermediates.noindex/mongo-swift-driver.build/Debug-watchos/CLibMongoC-t.build/Objects-normal/arm64_32/7187679823f38a2a940e0043cdf9d637-common-args.resp

    /Applications/Xcode-27.0.0-Release.Candidate.app/Contents/Developer/Toolchains/XcodeDefault.xctoolchain/usr/bin/clang -x c -ivfsstatcache /Users/admin/builder/spi-builder-workspace/.derivedData/SDKStatCaches.noindex/watchos27.0-24R360-e829b21a6f8c9b70876ba0858053c04477534ef55a1706bf4c1112bbb242f0a2.sdkstatcache -target arm64_32-apple-watchos9.0 -fmessage-length\=0 -fdiagnostics-show-note-include-stack -fmacro-backtrace-limit\=0 -fno-color-diagnostics -fmodules-prune-interval\=86400 -fmodules-prune-after\=345600 -fbuild-session-file\=/Users/admin/builder/spi-builder-workspace/.derivedData/ModuleCache.noindex/Session.modulevalidation -fmodules-validate-once-per-build-session -Wnon-modular-include-in-framework-module -Werror\=non-modular-include-in-framework-module -Wno-trigraphs -Wno-missing-field-initializers -Wno-missing-prototypes -Wno-return-type -Wno-missing-braces -Wparentheses -Wswitch -Wno-unused-function -Wno-unused-label -Wno-unused-parameter -Wno-unused-variable -Wunused-value -Wno-empty-body -Wno-uninitialized -Wno-unknown-pragmas -w -Wno-shadow -Wno-four-char-constants -Wno-conversion -Wno-constant-conversion -Wno-int-conversion -Wno-bool-conversion -Wno-enum-conversion -Wno-float-conversion -Wno-non-literal-null-conversion -Wno-objc-literal-conversion -Wno-shorten-64-to-32 -Wpointer-sign -Wno-newline-eof -Wno-implicit-fallthrough -isysroot /Applications/Xcode-27.0.0-Release.Candidate.app/Contents/Developer/Platforms/WatchOS.platform/Developer/SDKs/WatchOS27.0.sdk -fstrict-aliasing -Wdeprecated-declarations -Wno-sign-conversion -Wno-infinite-recursion -Wno-comma -Wno-block-capture-autoreleasing -Wno-strict-prototypes -Wno-semicolon-before-method-body -index-store-path /Users/admin/builder/spi-builder-workspace/.derivedData/Index.noindex/DataStore @/Users/admin/builder/spi-builder-workspace/.derivedData/Build/Intermediates.noindex/mongo-swift-driver.build/Debug-watchos/CLibMongoC-t.build/Objects-normal/arm64_32/7187679823f38a2a940e0043cdf9d637-common-args.resp -MMD -MT dependencies -MF /Users/admin/builder/spi-builder-workspace/.derivedData/Build/Intermediates.noindex/mongo-swift-driver.build/Debug-watchos/CLibMongoC-t.build/Objects-normal/arm64_32/mongoc-secure-transport.d --serialize-diagnostics /Users/admin/builder/spi-builder-workspace/.derivedData/Build/Intermediates.noindex/mongo-swift-driver.build/Debug-watchos/CLibMongoC-t.build/Objects-normal/arm64_32/mongoc-secure-transport.dia -c /Users/admin/builder/spi-builder-workspace/.dependencies/checkouts/mongo-swift-driver/Sources/CLibMongoC/mongoc/mongoc-secure-transport.c -o /Users/admin/builder/spi-builder-workspace/.derivedData/Build/Intermediates.noindex/mongo-swift-driver.build/Debug-watchos/CLibMongoC-t.build/Objects-normal/arm64_32/mongoc-secure-transport.o -index-unit-output-path /mongo-swift-driver.build/Debug-watchos/CLibMongoC-t.build/Objects-normal/arm64_32/mongoc-secure-transport.o
In file included from /Users/admin/builder/spi-builder-workspace/.dependencies/checkouts/mongo-swift-driver/Sources/CLibMongoC/mongoc/mongoc-secure-transport.c:28:
In file included from /Users/admin/builder/spi-builder-workspace/.dependencies/checkouts/mongo-swift-driver/Sources/CLibMongoC/mongoc/mongoc-secure-transport-private.h:25:
/Users/admin/builder/spi-builder-workspace/.dependencies/checkouts/mongo-swift-driver/Sources/CLibMongoC/mongoc/mongoc-stream-tls-secure-transport-private.h:36:4: error: missing '#include <Security/SecureTransport.h>'; 'SSLContextRef' must be declared before it is used
   36 |    SSLContextRef ssl_ctx_ref;
      |    ^
In module 'Security' imported from /Users/admin/builder/spi-builder-workspace/.dependencies/checkouts/mongo-swift-driver/Sources/CLibMongoC/mongoc/mongoc-stream-tls-secure-transport-private.h:25:
/Applications/Xcode-27.0.0-Release.Candidate.app/Contents/Developer/Platforms/WatchOS.platform/Developer/SDKs/WatchOS.sdk/System/Library/Frameworks/Security.framework/Headers/SecureTransport.h:85:48: note: declaration here is not visible
   85 | typedef struct CF_BRIDGED_TYPE(id) SSLContext *SSLContextRef;
      |                                                ^
Failed frontend command:
/Applications/Xcode-27.0.0-Release.Candidate.app/Contents/Developer/Toolchains/XcodeDefault.xctoolchain/usr/bin/clang -cc1 -Wundef-prefix\=TARGET_OS_ -fdiagnostics-show-note-include-stack -fmacro-backtrace-limit\=0 -w -ferror-limit 19 -serialize-diagnostic-file /Users/admin/builder/spi-builder-workspace/.derivedData/Build/Intermediates.noindex/mongo-swift-driver.build/Debug-watchos/CLibMongoC-t.build/Objects-normal/arm64_32/mongoc-secure-transport.dia -Wdeprecated-objc-isa-usage -Werror\=deprecated-objc-isa-usage -Werror\=implicit-function-declaration -Wnon-modular-include-in-framework-module -Werror\=non-modular-include-in-framework-module -Wno-trigraphs -Wno-missing-field-initializers -Wno-missing-prototypes -Wno-return-type -Wno-missing-braces -Wparentheses -Wswitch -Wno-unused-function -Wno-unused-label -Wno-unused-parameter -Wno-unused-variable -Wunused-value -Wno-empty-body -Wno-uninitialized -Wno-unknown-pragmas -Wno-shadow -Wno-four-char-constants -Wno-conversion -Wno-constant-conversion -Wno-int-conversion -Wno-bool-conversion -Wno-enum-conversion -Wno-float-conversion -Wno-non-literal-null-conversion -Wno-objc-literal-conversion -Wno-shorten-64-to-32 -Wpointer-sign -Wno-newline-eof -Wno-implicit-fallthrough -Wdeprecated-declarations -Wno-sign-conversion -Wno-infinite-recursion -Wno-comma -Wno-block-capture-autoreleasing -Wno-strict-prototypes -Wno-semicolon-before-method-body -Wno-elaborated-enum-base -Wno-error\=allocator-wrappers -index-store-path /Users/admin/builder/spi-builder-workspace/.derivedData/Index.noindex/DataStore -index-unit-output-path /mongo-swift-driver.build/Debug-watchos/CLibMongoC-t.build/Objects-normal/arm64_32/mongoc-secure-transport.o -fmodule-map-file\=/Applications/Xcode-27.0.0-Release.Candidate.app/Contents/Developer/Platforms/WatchOS.platform/Developer/SDKs/WatchOS.sdk/usr/include/DarwinFoundation1.modulemap -fmodule-map-file\=/Applications/Xcode-27.0.0-Release.Candidate.app/Contents/Developer/Toolchains/XcodeDefault.xctoolchain/usr/lib/clang/21/include/module.modulemap -fmodule-map-file\=/Applications/Xcode-27.0.0-Release.Candidate.app/Contents/Developer/Platforms/WatchOS.platform/Developer/SDKs/WatchOS.sdk/usr/include/DarwinFoundation2.modulemap -fmodule-map-file\=/Applications/Xcode-27.0.0-Release.Candidate.app/Contents/Developer/Toolchains/XcodeDefault.xctoolchain/usr/lib/clang/21/include/module.modulemap -fmodule-map-file\=/Applications/Xcode-27.0.0-Release.Candidate.app/Contents/Developer/Platforms/WatchOS.platform/Developer/SDKs/WatchOS.sdk/usr/include/DarwinFoundation3.modulemap -fmodule-map-file\=/Applications/Xcode-27.0.0-Release.Candidate.app/Contents/Developer/Toolchains/XcodeDefault.xctoolchain/usr/lib/clang/21/include/module.modulemap -fmodule-map-file\=/Applications/Xcode-27.0.0-Release.Candidate.app/Contents/Developer/Toolchains/XcodeDefault.xctoolchain/usr/lib/clang/21/include/module.modulemap -fmodule-map-file\=/Applications/Xcode-27.0.0-Release.Candidate.app/Contents/Developer/Platforms/WatchOS.platform/Developer/SDKs/WatchOS.sdk/usr/include/Darwin.modulemap -fmodule-map-file\=/Applications/Xcode-27.0.0-Release.Candidate.app/Contents/Developer/Platforms/WatchOS.platform/Developer/SDKs/WatchOS.sdk/System/Library/Frameworks/CoreFoundation.framework/Modules/module.modulemap -fmodule-map-file\=/Applications/Xcode-27.0.0-Release.Candidate.app/Contents/Developer/Platforms/WatchOS.platform/Developer/SDKs/WatchOS.sdk/System/Library/Frameworks/Security.framework/Modules/module.modulemap -fmodule-map-file\=/Applications/Xcode-27.0.0-Release.Candidate.app/Contents/Developer/Platforms/WatchOS.platform/Developer/SDKs/WatchOS.sdk/usr/include/CommonCrypto/module.modulemap -o /Users/admin/builder/spi-builder-workspace/.derivedData/Build/Intermediates.noindex/mongo-swift-driver.build/Debug-watchos/CLibMongoC-t.build/Objects-normal/arm64_32/mongoc-secure-transport.o -disable-free -emit-obj -x c /Users/admin/builder/spi-builder-workspace/.dependencies/checkouts/mongo-swift-driver/Sources/CLibMongoC/mongoc/mongoc-secure-transport.c -target-abi darwinpcs -target-cpu apple-s4 -target-feature +v8.3a -target-feature +aes -target-feature +complxnum -target-feature +crc -target-feature +fp-armv8 -target-feature +fullfp16 -target-feature +jsconv -target-feature +lse -target-feature +neon -target-feature +pauth -target-feature +perfmon -target-feature +ras -target-feature +rcpc -target-feature +rdm -target-feature +sha2 -triple arm64_32-apple-watchos9.0.0 -target-linker-version 1166.2 -target-sdk-version\=27.0 -fmodules-validate-system-headers -fno-modulemap-allow-subdirectory-search -isysroot /Applications/Xcode-27.0.0-Release.Candidate.app/Contents/Developer/Platforms/WatchOS.platform/Developer/SDKs/WatchOS27.0.sdk -resource-dir /Applications/Xcode-27.0.0-Release.Candidate.app/Contents/Developer/Toolchains/XcodeDefault.xctoolchain/usr/lib/clang/21 -fmodule-format\=obj -fmodule-file\=CommonCrypto\=/Users/admin/builder/spi-builder-workspace/.derivedData/Build/Intermediates.noindex/ExplicitPrecompiledModules/CommonCrypto-4723TEDHX21SSIM5WI335ZTWG.pcm -fmodule-file\=CoreFoundation\=/Users/admin/builder/spi-builder-workspace/.derivedData/Build/Intermediates.noindex/ExplicitPrecompiledModules/CoreFoundation-1SYVQ907NHJALXO8O42GH5BVK.pcm -fmodule-file\=Darwin\=/Users/admin/builder/spi-builder-workspace/.derivedData/Build/Intermediates.noindex/ExplicitPrecompiledModules/Darwin-DBL55RBCXXBQWBIKBQECQ4IYB.pcm -fmodule-file\=Security\=/Users/admin/builder/spi-builder-workspace/.derivedData/Build/Intermediates.noindex/ExplicitPrecompiledModules/Security-2WSRYQDHFCF83TX4DCZHVWM0B.pcm -fmodule-file\=_Builtin_limits\=/Users/admin/builder/spi-builder-workspace/.derivedData/Build/Intermediates.noindex/ExplicitPrecompiledModules/_Builtin_limits-6E5IW1WWU6EKZ86KTL42OEAKK.pcm -fmodule-file\=_Builtin_stdarg\=/Users/admin/builder/spi-builder-workspace/.derivedData/Build/Intermediates.noindex/ExplicitPrecompiledModules/_Builtin_stdarg-3FBU3SHG4221H48J15ES3MF8K.pcm -fmodule-file\=_Builtin_stdbool\=/Users/admin/builder/spi-builder-workspace/.derivedData/Build/Intermediates.noindex/ExplicitPrecompiledModules/_Builtin_stdbool-C795FZDBIYT8T1PWQI3ZQAS0Z.pcm -fmodule-file\=_Builtin_stdint\=/Users/admin/builder/spi-builder-workspace/.derivedData/Build/Intermediates.noindex/ExplicitPrecompiledModules/_Builtin_stdint-C9F8CC0X0IM0BACQMFOUG41PC.pcm -fmodule-file\=_DarwinFoundation1\=/Users/admin/builder/spi-builder-workspace/.derivedData/Build/Intermediates.noindex/ExplicitPrecompiledModules/_DarwinFoundation1-13H6FXL1GBYYXRCWTA0PD05GF.pcm -fmodule-file\=_DarwinFoundation2\=/Users/admin/builder/spi-builder-workspace/.derivedData/Build/Intermediates.noindex/ExplicitPrecompiledModules/_DarwinFoundation2-UOPWJD88NWYOYIOBXLEYL9XL.pcm -fmodule-file\=_DarwinFoundation3\=/Users/admin/builder/spi-builder-workspace/.derivedData/Build/Intermediates.noindex/ExplicitPrecompiledModules/_DarwinFoundation3-8YQJHADOAGVLGCJ0XL0EXZ0DO.pcm -I /Users/admin/builder/spi-builder-workspace/.derivedData/Build/Products/Debug-watchos/include -I /Users/admin/builder/spi-builder-workspace/.dependencies/checkouts/mongo-swift-driver/Sources/CLibMongoC/include -I /Users/admin/builder/spi-builder-workspace/.derivedData/Build/Intermediates.noindex/mongo-swift-driver.build/Debug-watchos/CLibMongoC-t.build/DerivedSources-normal/arm64_32 -I /Users/admin/builder/spi-builder-workspace/.derivedData/Build/Intermediates.noindex/mongo-swift-driver.build/Debug-watchos/CLibMongoC-t.build/DerivedSources/arm64_32 -I /Users/admin/builder/spi-builder-workspace/.derivedData/Build/Intermediates.noindex/mongo-swift-driver.build/Debug-watchos/CLibMongoC-t.build/DerivedSources -F /Users/admin/builder/spi-builder-workspace/.derivedData/Build/Products/Debug-watchos -iframework /Applications/Xcode-27.0.0-Release.Candidate.app/Contents/Developer/Platforms/WatchOS.platform/Developer/Library/Frameworks -iframework /Applications/Xcode-27.0.0-Release.Candidate.app/Contents/Developer/Platforms/WatchOS.platform/Developer/SDKs/WatchOS27.0.sdk/Developer/Library/Frameworks -internal-isystem /Applications/Xcode-27.0.0-Release.Candidate.app/Contents/Developer/Platforms/WatchOS.platform/Developer/SDKs/WatchOS27.0.sdk/usr/local/include -internal-isystem /Applications/Xcode-27.0.0-Release.Candidate.app/Contents/Developer/Toolchains/XcodeDefault.xctoolchain/usr/lib/clang/21/include -internal-externc-isystem /Applications/Xcode-27.0.0-Release.Candidate.app/Contents/Developer/Platforms/WatchOS.platform/Developer/SDKs/WatchOS27.0.sdk/usr/include -internal-externc-isystem /Applications/Xcode-27.0.0-Release.Candidate.app/Contents/Developer/Toolchains/XcodeDefault.xctoolchain/usr/include -internal-iframework /Applications/Xcode-27.0.0-Release.Candidate.app/Contents/Developer/Platforms/WatchOS.platform/Developer/SDKs/WatchOS27.0.sdk/System/Library/Frameworks -internal-iframework /Applications/Xcode-27.0.0-Release.Candidate.app/Contents/Developer/Platforms/WatchOS.platform/Developer/SDKs/WatchOS27.0.sdk/System/Library/SubFrameworks -internal-iframework /Applications/Xcode-27.0.0-Release.Candidate.app/Contents/Developer/Platforms/WatchOS.platform/Developer/SDKs/WatchOS27.0.sdk/Library/Frameworks -ivfsstatcache /Users/admin/builder/spi-builder-workspace/.derivedData/SDKStatCaches.noindex/watchos27.0-24R360-e829b21a6f8c9b70876ba0858053c04477534ef55a1706bf4c1112bbb242f0a2.sdkstatcache -std\=gnu17 -fskip-odr-check-in-gmf -fmodules -fmodule-name\=CLibMongoC -fno-implicit-modules -fmax-type-align\=16 -fpascal-strings -fvisibility-inlines-hidden-static-local-var -mdarwin-stkchk-strong-link -fno-odr-hash-protocols -pic-level 2 -fencode-extended-block-signature -stack-protector 1 -fgnuc-version\=4.2.1 -fblocks -fno-convergent-functions -ffp-contract\=on -fclang-abi-compat\=4.0 -fno-experimental-relative-c++-abi-vtables -fno-file-reproducible -clang-vendor-feature\=+disableNonDependentMemberExprInCurrentInstantiation -clang-vendor-feature\=+enableAggressiveVLAFolding -clang-vendor-feature\=+revert09abecef7bbf -clang-vendor-feature\=+thisNoAlignAttr -clang-vendor-feature\=+thisNoNullAttr -clang-vendor-feature\=+disableAtImportPrivateFrameworkInImplementationError -O0 -fno-assume-unique-vtables -fdebug-compilation-dir\=/Users/admin/builder/spi-builder-workspace/.swiftpm/xcode -fcoverage-compilation-dir\=/Users/admin/builder/spi-builder-workspace/.swiftpm/xcode -fcoverage-mapping -fcommon -fdwarf2-cfi-asm -fobjc-msgsend-selector-stubs -fregister-global-dtors-with-atexit -fno-strict-return -dwarf-version\=4 -debugger-tuning\=lldb -disable-llvm-verifier -dwarf-ext-refs -funwind-tables\=1 -fprofile-instrument\=clang -enable-tlsdesc -clear-ast-before-backend -discard-value-names -main-file-name mongoc-secure-transport.c -mframe-pointer\=non-leaf -debug-info-kind\=standalone -fno-loop-interchange -fdiagnostics-hotness-threshold\=0 -fdiagnostics-misexpect-tolerance\=0 -D DEBUG\=1 -D SWIFT_PACKAGE -D Xcode -fdefine-target-os-macros -MT dependencies -dependency-file /Users/admin/builder/spi-builder-workspace/.derivedData/Build/Intermediates.noindex/mongo-swift-driver.build/Debug-watchos/CLibMongoC-t.build/Objects-normal/arm64_32/mongoc-secure-transport.d -skip-unused-modulemap-deps -module-file-deps\=direct -fdepfile-entry\=/Applications/Xcode-27.0.0-Release.Candidate.app/Contents/Developer/Platforms/WatchOS.platform/Developer/SDKs/WatchOS27.0.sdk/SDKSettings.json
CreateUniversalBinary /Users/admin/builder/spi-builder-workspace/.derivedData/Build/Products/Debug-watchos/ExtrasJSON.o normal arm64\ arm64_32 (in target 'ExtrasJSON' from project 'swift-extras-json')
    cd /Users/admin/builder/spi-builder-workspace/.dependencies/checkouts/swift-extras-json
    /Applications/Xcode-27.0.0-Release.Candidate.app/Contents/Developer/Toolchains/XcodeDefault.xctoolchain/usr/bin/lipo -create /Users/admin/builder/spi-builder-workspace/.derivedData/Build/Intermediates.noindex/swift-extras-json.build/Debug-watchos/ExtrasJSON-t.build/Objects-normal/arm64/Binary/ExtrasJSON.o /Users/admin/builder/spi-builder-workspace/.derivedData/Build/Intermediates.noindex/swift-extras-json.build/Debug-watchos/ExtrasJSON-t.build/Objects-normal/arm64_32/Binary/ExtrasJSON.o -output /Users/admin/builder/spi-builder-workspace/.derivedData/Build/Products/Debug-watchos/ExtrasJSON.o
PruneExplicitPrecompiledModules /Users/admin/builder/spi-builder-workspace/.derivedData/SDKExplicitPrecompiledModules
PruneExplicitPrecompiledModules /Users/admin/builder/spi-builder-workspace/.derivedData/Build/Intermediates.noindex/ExplicitPrecompiledModules
PruneExplicitPrecompiledModules /Users/admin/builder/spi-builder-workspace/.derivedData/Build/Intermediates.noindex/SwiftExplicitPrecompiledModules
2026-09-19 19:25:10.265 xcodebuild[1729:8874] [MT] IDERunDestination: Supported platforms for the buildables in the current scheme is empty.
** BUILD FAILED **
The following build commands failed:
	CompileC /Users/admin/builder/spi-builder-workspace/.derivedData/Build/Intermediates.noindex/mongo-swift-driver.build/Debug-watchos/CLibMongoC-t.build/Objects-normal/arm64_32/mongoc-stream-tls.o /Users/admin/builder/spi-builder-workspace/.dependencies/checkouts/mongo-swift-driver/Sources/CLibMongoC/mongoc/mongoc-stream-tls.c normal arm64_32 c com.apple.compilers.llvm.clang.1_0.compiler (in target 'CLibMongoC' from project 'mongo-swift-driver')
	Building workspace FluentMongo with scheme FluentMongo
(2 failures)
BUILD FAILURE 6.4 watchOS