The Swift Package Index logo.Swift Package Index

Build Information

Failed to build GoogleBigQueryReservationV1, reference 0.5.0 (d1c0b5), with Swift 6.2 for Android on 11 Oct 2026 12:07:15 UTC.

Build Command

bash -c docker run --pull=always --rm -v "checkouts-53886768-1":/host -w "$PWD" -e JAVA_HOME="/root/.sdkman/candidates/java/current" -e SPI_BUILD="1" -e SPI_PROCESSING="1" registry.gitlab.com/saguaro1/spi-images:android-6.2-latest swift build --swift-sdk aarch64-unknown-linux-android28 2>&1

Build Log

========================================
RunAll
========================================
Builder version: 5.1.1
Interrupt handler set up.
========================================
Checkout
========================================
Clone URL: https://github.com/googleapis/swift-google-cloud-bigquery-reservation-v1.git
Reference: 0.5.0
Initialized empty Git repository in /host/spi-builder-workspace/.git/
hint: Using 'master' as the name for the initial branch. This default branch name
hint: is subject to change. To configure the initial branch name to use in all
hint: of your new repositories, which will suppress this warning, call:
hint:
hint: 	git config --global init.defaultBranch <name>
hint:
hint: Names commonly chosen instead of 'master' are 'main', 'trunk' and
hint: 'development'. The just-created branch can be renamed via this command:
hint:
hint: 	git branch -m <name>
From https://github.com/googleapis/swift-google-cloud-bigquery-reservation-v1
 * tag               0.5.0      -> FETCH_HEAD
HEAD is now at d1c0b5a chore: release circa 2026-10-07 (#1382)
Cloned https://github.com/googleapis/swift-google-cloud-bigquery-reservation-v1.git
Revision (git rev-parse @):
d1c0b5a46d04feb0133dd0644df08b6d7c291ecc
SPI manifest file found: $PWD/.spi.yml
SUCCESS checkout https://github.com/googleapis/swift-google-cloud-bigquery-reservation-v1.git at 0.5.0
========================================
Build
========================================
Selected platform:         android
Swift version:             6.2
Building package at path:  $PWD
https://github.com/googleapis/swift-google-cloud-bigquery-reservation-v1.git
Running build ...
bash -c docker run --pull=always --rm -v "checkouts-53886768-1":/host -w "$PWD" -e JAVA_HOME="/root/.sdkman/candidates/java/current" -e SPI_BUILD="1" -e SPI_PROCESSING="1" registry.gitlab.com/saguaro1/spi-images:android-6.2-latest swift build --swift-sdk aarch64-unknown-linux-android28 2>&1
android-6.2-latest: Pulling from saguaro1/spi-images
Digest: sha256:a839c9ce201f1dacc8eb056626ec7ab0a1c6d53d7b77c83feda395f4507c51be
Status: Image is up to date for registry.gitlab.com/saguaro1/spi-images:android-6.2-latest
Fetching https://github.com/apple/swift-log
Fetching https://github.com/googleapis/swift-google-rpc
Fetching https://github.com/googleapis/swift-google-iam-v1
Fetching https://github.com/googleapis/swift-google-gax
Fetching https://github.com/googleapis/swift-google-wkt
Fetching https://github.com/googleapis/swift-google-type
[1/437] Fetching swift-google-type
[181/859] Fetching swift-google-type, swift-google-rpc
[860/1882] Fetching swift-google-type, swift-google-rpc, swift-google-wkt
[871/10139] Fetching swift-google-type, swift-google-rpc, swift-google-wkt, swift-log
Fetched https://github.com/googleapis/swift-google-type from cache (0.47s)
Fetched https://github.com/googleapis/swift-google-wkt from cache (0.47s)
[2156/8679] Fetching swift-google-rpc, swift-log
Fetching https://github.com/googleapis/swift-google-auth
[2157/10427] Fetching swift-google-rpc, swift-log, swift-google-gax
Fetched https://github.com/apple/swift-log from cache (0.61s)
[1/1023] Fetching swift-google-auth
Fetched https://github.com/googleapis/swift-google-auth from cache (0.43s)
[1/706] Fetching swift-google-iam-v1
Fetched https://github.com/googleapis/swift-google-iam-v1 from cache (1.45s)
Fetched https://github.com/googleapis/swift-google-rpc from cache (1.45s)
Fetched https://github.com/googleapis/swift-google-gax from cache (1.45s)
Computing version for https://github.com/googleapis/swift-google-wkt
Computed https://github.com/googleapis/swift-google-wkt at 0.5.0 (1.61s)
Fetching https://github.com/swift-extras/swift-extras-base64
[1/954] Fetching swift-extras-base64
Fetched https://github.com/swift-extras/swift-extras-base64 from cache (0.37s)
Computing version for https://github.com/googleapis/swift-google-type
Computed https://github.com/googleapis/swift-google-type at 0.5.0 (0.56s)
Computing version for https://github.com/googleapis/swift-google-rpc
Computed https://github.com/googleapis/swift-google-rpc at 0.5.0 (0.16s)
Computing version for https://github.com/googleapis/swift-google-iam-v1
Computed https://github.com/googleapis/swift-google-iam-v1 at 0.5.0 (0.16s)
Computing version for https://github.com/googleapis/swift-google-gax
Computed https://github.com/googleapis/swift-google-gax at 0.5.0 (0.16s)
Fetching https://github.com/apple/swift-nio
Fetching https://github.com/swift-server/async-http-client.git
[1/16464] Fetching async-http-client
[16465/102838] Fetching async-http-client, swift-nio
Fetched https://github.com/swift-server/async-http-client.git from cache (0.96s)
[5183/86374] Fetching swift-nio
Fetched https://github.com/apple/swift-nio from cache (3.28s)
Computing version for https://github.com/googleapis/swift-google-auth
Computed https://github.com/googleapis/swift-google-auth at 0.5.0 (3.44s)
Fetching https://github.com/vapor/jwt-kit.git
Fetching https://github.com/apple/swift-system.git
[1/7241] Fetching swift-system
[2/17495] Fetching swift-system, jwt-kit
Fetched https://github.com/apple/swift-system.git from cache (0.91s)
Fetched https://github.com/vapor/jwt-kit.git from cache (0.91s)
Computing version for https://github.com/swift-extras/swift-extras-base64
Computed https://github.com/swift-extras/swift-extras-base64 at 1.2.0 (1.06s)
Computing version for https://github.com/swift-server/async-http-client.git
Computed https://github.com/swift-server/async-http-client.git at 1.36.2 (0.18s)
Fetching https://github.com/apple/swift-nio-extras.git
Fetching https://github.com/apple/swift-configuration.git
Fetching https://github.com/apple/swift-service-context.git
Fetching https://github.com/apple/swift-distributed-tracing.git
Fetching https://github.com/apple/swift-algorithms.git
Fetching https://github.com/apple/swift-nio-transport-services.git
[1/3928] Fetching swift-configuration
[119/5428] Fetching swift-configuration, swift-service-context
[387/8295] Fetching swift-configuration, swift-service-context, swift-nio-transport-services
[1367/14998] Fetching swift-configuration, swift-service-context, swift-nio-transport-services, swift-nio-extras
[2308/21549] Fetching swift-configuration, swift-service-context, swift-nio-transport-services, swift-nio-extras, swift-distributed-tracing
[14342/27713] Fetching swift-configuration, swift-service-context, swift-nio-transport-services, swift-nio-extras, swift-distributed-tracing, swift-algorithms
Fetched https://github.com/apple/swift-nio-transport-services.git from cache (0.47s)
Fetching https://github.com/apple/swift-atomics.git
[14777/24846] Fetching swift-configuration, swift-service-context, swift-nio-extras, swift-distributed-tracing, swift-algorithms
Fetched https://github.com/apple/swift-service-context.git from cache (0.60s)
Fetched https://github.com/apple/swift-configuration.git from cache (0.60s)
Fetched https://github.com/apple/swift-algorithms.git from cache (0.60s)
Fetched https://github.com/apple/swift-nio-extras.git from cache (0.60s)
Fetched https://github.com/apple/swift-distributed-tracing.git from cache (0.60s)
Fetching https://github.com/apple/swift-nio-ssl.git
Fetching https://github.com/apple/swift-nio-http2.git
[1/1889] Fetching swift-atomics
Fetched https://github.com/apple/swift-atomics.git from cache (0.50s)
[1/16871] Fetching swift-nio-ssl
[508/29165] Fetching swift-nio-ssl, swift-nio-http2
Fetched https://github.com/apple/swift-nio-http2.git from cache (0.92s)
[11979/16871] Fetching swift-nio-ssl
Fetched https://github.com/apple/swift-nio-ssl.git from cache (1.39s)
Computing version for https://github.com/apple/swift-service-context.git
Computed https://github.com/apple/swift-service-context.git at 1.3.0 (2.15s)
Computing version for https://github.com/apple/swift-algorithms.git
Computed https://github.com/apple/swift-algorithms.git at 1.2.1 (0.98s)
Fetching https://github.com/apple/swift-numerics.git
[1/6733] Fetching swift-numerics
Fetched https://github.com/apple/swift-numerics.git from cache (0.54s)
Computing version for https://github.com/apple/swift-log
Computed https://github.com/apple/swift-log at 1.16.1 (0.72s)
Computing version for https://github.com/apple/swift-distributed-tracing.git
Computed https://github.com/apple/swift-distributed-tracing.git at 1.5.0 (0.16s)
Computing version for https://github.com/apple/swift-atomics.git
Computed https://github.com/apple/swift-atomics.git at 1.3.1 (0.15s)
Computing version for https://github.com/apple/swift-numerics.git
Computed https://github.com/apple/swift-numerics.git at 1.1.1 (0.14s)
Computing version for https://github.com/apple/swift-nio
Computed https://github.com/apple/swift-nio at 2.104.0 (0.35s)
Fetching https://github.com/apple/swift-collections.git
[1/28703] Fetching swift-collections
Fetched https://github.com/apple/swift-collections.git from cache (1.24s)
Computing version for https://github.com/apple/swift-configuration.git
Computed https://github.com/apple/swift-configuration.git at 1.2.2 (2.06s)
Fetching https://github.com/swift-server/swift-service-lifecycle
[1/2867] Fetching swift-service-lifecycle
Fetched https://github.com/swift-server/swift-service-lifecycle from cache (0.48s)
Computing version for https://github.com/apple/swift-nio-transport-services.git
Computed https://github.com/apple/swift-nio-transport-services.git at 1.28.0 (0.66s)
Computing version for https://github.com/swift-server/swift-service-lifecycle
Computed https://github.com/swift-server/swift-service-lifecycle at 2.12.1 (0.15s)
Fetching https://github.com/apple/swift-async-algorithms.git
[1/6820] Fetching swift-async-algorithms
Fetched https://github.com/apple/swift-async-algorithms.git from cache (0.52s)
Computing version for https://github.com/apple/swift-async-algorithms.git
Computed https://github.com/apple/swift-async-algorithms.git at 1.1.7 (0.73s)
Computing version for https://github.com/apple/swift-collections.git
Computed https://github.com/apple/swift-collections.git at 1.7.2 (0.24s)
Computing version for https://github.com/apple/swift-nio-http2.git
Computed https://github.com/apple/swift-nio-http2.git at 1.46.0 (0.16s)
Computing version for https://github.com/vapor/jwt-kit.git
Computed https://github.com/vapor/jwt-kit.git at 5.7.1 (0.15s)
Fetching https://github.com/apple/swift-crypto.git
Fetching https://github.com/apple/swift-certificates.git
[1/18629] Fetching swift-crypto
[374/26238] Fetching swift-crypto, swift-certificates
Fetched https://github.com/apple/swift-certificates.git from cache (1.19s)
Fetched https://github.com/apple/swift-crypto.git from cache (1.21s)
Computing version for https://github.com/apple/swift-crypto.git
Computed https://github.com/apple/swift-crypto.git at 4.5.2 (1.83s)
Fetching https://github.com/apple/swift-asn1.git
[1/2009] Fetching swift-asn1
Fetched https://github.com/apple/swift-asn1.git from cache (0.41s)
Computing version for https://github.com/apple/swift-asn1.git
Computed https://github.com/apple/swift-asn1.git at 1.7.3 (0.60s)
Computing version for https://github.com/apple/swift-certificates.git
Computed https://github.com/apple/swift-certificates.git at 1.21.0 (0.22s)
Computing version for https://github.com/apple/swift-nio-ssl.git
Computed https://github.com/apple/swift-nio-ssl.git at 2.37.5 (0.19s)
Computing version for https://github.com/apple/swift-system.git
Computed https://github.com/apple/swift-system.git at 1.8.1 (0.19s)
Computing version for https://github.com/apple/swift-nio-extras.git
Computed https://github.com/apple/swift-nio-extras.git at 1.35.1 (0.27s)
Fetching https://github.com/apple/swift-http-structured-headers.git
Fetching https://github.com/apple/swift-http-types.git
[1/1939] Fetching swift-http-types
[2/3192] Fetching swift-http-types, swift-http-structured-headers
Fetched https://github.com/apple/swift-http-structured-headers.git from cache (0.40s)
Fetched https://github.com/apple/swift-http-types.git from cache (0.40s)
Computing version for https://github.com/apple/swift-http-structured-headers.git
Computed https://github.com/apple/swift-http-structured-headers.git at 1.7.0 (0.57s)
Computing version for https://github.com/apple/swift-http-types.git
Computed https://github.com/apple/swift-http-types.git at 1.8.0 (0.18s)
Creating working copy for https://github.com/apple/swift-nio-extras.git
Working copy of https://github.com/apple/swift-nio-extras.git resolved at 1.35.1
Creating working copy for https://github.com/apple/swift-log
Working copy of https://github.com/apple/swift-log resolved at 1.16.1
Creating working copy for https://github.com/apple/swift-service-context.git
Working copy of https://github.com/apple/swift-service-context.git resolved at 1.3.0
Creating working copy for https://github.com/apple/swift-collections.git
Working copy of https://github.com/apple/swift-collections.git resolved at 1.7.2
Creating working copy for https://github.com/apple/swift-system.git
Working copy of https://github.com/apple/swift-system.git resolved at 1.8.1
Creating working copy for https://github.com/googleapis/swift-google-iam-v1
Working copy of https://github.com/googleapis/swift-google-iam-v1 resolved at 0.5.0
Creating working copy for https://github.com/googleapis/swift-google-wkt
Working copy of https://github.com/googleapis/swift-google-wkt resolved at 0.5.0
Creating working copy for https://github.com/googleapis/swift-google-type
Working copy of https://github.com/googleapis/swift-google-type resolved at 0.5.0
Creating working copy for https://github.com/apple/swift-crypto.git
Working copy of https://github.com/apple/swift-crypto.git resolved at 4.5.2
Creating working copy for https://github.com/apple/swift-distributed-tracing.git
Working copy of https://github.com/apple/swift-distributed-tracing.git resolved at 1.5.0
Creating working copy for https://github.com/apple/swift-async-algorithms.git
Working copy of https://github.com/apple/swift-async-algorithms.git resolved at 1.1.7
Creating working copy for https://github.com/apple/swift-nio
Working copy of https://github.com/apple/swift-nio resolved at 2.104.0
Creating working copy for https://github.com/apple/swift-nio-http2.git
Working copy of https://github.com/apple/swift-nio-http2.git resolved at 1.46.0
Creating working copy for https://github.com/apple/swift-numerics.git
Working copy of https://github.com/apple/swift-numerics.git resolved at 1.1.1
Creating working copy for https://github.com/apple/swift-configuration.git
Working copy of https://github.com/apple/swift-configuration.git resolved at 1.2.2
Creating working copy for https://github.com/swift-server/async-http-client.git
Working copy of https://github.com/swift-server/async-http-client.git resolved at 1.36.2
Creating working copy for https://github.com/apple/swift-nio-transport-services.git
Working copy of https://github.com/apple/swift-nio-transport-services.git resolved at 1.28.0
Creating working copy for https://github.com/apple/swift-atomics.git
Working copy of https://github.com/apple/swift-atomics.git resolved at 1.3.1
Creating working copy for https://github.com/googleapis/swift-google-gax
Working copy of https://github.com/googleapis/swift-google-gax resolved at 0.5.0
Creating working copy for https://github.com/apple/swift-asn1.git
Working copy of https://github.com/apple/swift-asn1.git resolved at 1.7.3
Creating working copy for https://github.com/swift-server/swift-service-lifecycle
Working copy of https://github.com/swift-server/swift-service-lifecycle resolved at 2.12.1
Creating working copy for https://github.com/apple/swift-http-types.git
Working copy of https://github.com/apple/swift-http-types.git resolved at 1.8.0
Creating working copy for https://github.com/apple/swift-algorithms.git
Working copy of https://github.com/apple/swift-algorithms.git resolved at 1.2.1
Creating working copy for https://github.com/vapor/jwt-kit.git
Working copy of https://github.com/vapor/jwt-kit.git resolved at 5.7.1
Creating working copy for https://github.com/googleapis/swift-google-auth
Working copy of https://github.com/googleapis/swift-google-auth resolved at 0.5.0
Creating working copy for https://github.com/apple/swift-nio-ssl.git
Working copy of https://github.com/apple/swift-nio-ssl.git resolved at 2.37.5
Creating working copy for https://github.com/googleapis/swift-google-rpc
Working copy of https://github.com/googleapis/swift-google-rpc resolved at 0.5.0
Creating working copy for https://github.com/swift-extras/swift-extras-base64
Working copy of https://github.com/swift-extras/swift-extras-base64 resolved at 1.2.0
Creating working copy for https://github.com/apple/swift-http-structured-headers.git
Working copy of https://github.com/apple/swift-http-structured-headers.git resolved at 1.7.0
Creating working copy for https://github.com/apple/swift-certificates.git
Working copy of https://github.com/apple/swift-certificates.git resolved at 1.21.0
Building for debugging...
[0/1014] Write sources
[73/1014] Compiling _NumericsShims _NumericsShims.c
[74/1014] Compiling CSystem shims.c
[75/1014] Compiling _AtomicsShims.c
[76/1014] Compiling CXKCPShims shims.c
[77/1014] Compiling CNIOWindows WSAStartup.c
[78/1014] Compiling KeccakSponge.c
[79/1014] Compiling SimpleFIPS202.c
[80/1014] Compiling CNIOWASI CNIOWASI.c
[80/1014] Compiling CNIOWindows shim.c
[82/1014] Compiling KeccakHash.c
[83/1014] Compiling CNIOOpenBSD shim.c
[84/1014] Compiling CNIOPosix event_loop_id.c
[85/1014] Write swift-version--11D90AFD9DD3AB2.txt
[86/1014] Compiling CNIOLinux liburing_shims.c
[87/1014] Compiling CNIOLLHTTP c_nio_http.c
[88/1014] Compiling CNIOFreeBSD shim.c
[89/1014] Compiling CNIOExtrasZlib zutil.c
[90/1018] Compiling CNIOLinux shim.c
[91/1020] Compiling CNIOLLHTTP c_nio_api.c
[92/1025] Compiling CNIOLLHTTP c_nio_llhttp.c
[93/1090] Compiling KeccakP-1600-opt64.c
[95/1090] Emitting module _CertificateInternals
[96/1101] Compiling SwiftASN1 TimeUtilities.swift
[97/1101] Compiling SwiftASN1 UTCTime.swift
[98/1103] Compiling RealModule RealFunctions.swift
[99/1104] Compiling ServiceContextModule ServiceContextKey.swift
[100/1104] Compiling Logging SwiftLogNoOpLogHandler.swift
[101/1104] Compiling Logging Locks.swift
[102/1104] Compiling SwiftASN1 ASN1Any.swift
[103/1104] Compiling Logging LogEvent.swift
[104/1104] Compiling Logging LogHandler.swift
[105/1104] Compiling Logging MultiplexLogHandler.swift
[106/1104] Compiling Logging StreamLogHandler.swift
[109/1104] Emitting module ServiceContextModule
[110/1104] Compiling ServiceContextModule ServiceContext.swift
[112/1105] Emitting module _NIOBase64
[113/1105] Compiling _NIOBase64 Base64.swift
[114/1105] Compiling Logging LoggingSystem.swift
[116/1107] Compiling SwiftASN1 ArraySliceBigint.swift
[117/1107] Compiling SwiftASN1 GeneralizedTime.swift
[118/1107] Compiling SwiftASN1 ObjectIdentifier.swift
[119/1107] Compiling SwiftASN1 PEMDocument.swift
[120/1112] Compiling RealModule RelaxedArithmetic.swift
[127/1112] Compiling RealModule Float80+Real.swift
[128/1112] Compiling RealModule Real.swift
[134/1112] Compiling RealModule Float16+Real.swift
[135/1112] Emitting module RealModule
[136/1112] Compiling Logging Logger+Attributes.swift
[139/1122] Emitting module _NIODataStructures
[140/1122] Compiling _NIODataStructures Heap.swift
[141/1122] Compiling _NIODataStructures PriorityQueue.swift
[142/1127] Compiling _NIODataStructures _TinyArray.swift
[143/1137] Compiling Logging Logger.swift
[144/1137] Compiling Logging Logger+With.swift
[145/1146] Compiling _CertificateInternals _TinyArray.swift
[149/1149] Emitting module SwiftASN1
[149/1149] Wrapping AST for _NIOBase64 for debugging
[150/1153] Wrapping AST for _CertificateInternals for debugging
[152/1154] Compiling InternalCollectionsUtilities UnsafeMutablePointer+Extras.swift
[153/1154] Compiling InternalCollectionsUtilities UnsafeMutableRawBufferPointer+Extras.swift
[154/1154] Compiling InternalCollectionsUtilities UnsafePointer+Extras.swift
[154/1157] Wrapping AST for _NIODataStructures for debugging
[155/1157] Compiling Instrumentation NoOpInstrument.swift
[156/1157] Compiling Instrumentation MultiplexInstrument.swift
[157/1157] Wrapping AST for ServiceContextModule for debugging
[159/1157] Emitting module Instrumentation
[159/1157] Wrapping AST for RealModule for debugging
[160/1157] Compiling CNIOExtrasZlib trees.c
[162/1157] Compiling InternalCollectionsUtilities UnsafeRawBufferPointer+Extras.swift
[163/1157] Compiling InternalCollectionsUtilities _SortedCollection.swift
[164/1157] Compiling InternalCollectionsUtilities _UniqueCollection.swift
[165/1157] Compiling Instrumentation InstrumentationSystem.swift
[166/1157] Compiling Instrumentation Instrument.swift
[166/1157] Compiling CNIOExtrasZlib inftrees.c
[167/1157] Compiling CNIOExtrasZlib inflate.c
[169/1157] Compiling ExtrasBase64 Base64+Span.swift
[169/1157] Compiling CNIOExtrasZlib inffast.c
[170/1157] Compiling CNIOExtrasZlib crc32.c
[171/1157] Compiling CNIOExtrasZlib adler32.c
[173/1157] Compiling InternalCollectionsUtilities BorrowingIteratorProtocol+Equality.swift
[174/1157] Compiling InternalCollectionsUtilities BorrowingIteratorProtocol+Extras.swift
[175/1157] Compiling InternalCollectionsUtilities Debugging.swift
[176/1157] Compiling InternalCollectionsUtilities Descriptions.swift
[176/1157] Compiling CNIOExtrasZlib deflate.c
[177/1157] Compiling CNIODarwin shim.c
[179/1157] Compiling InternalCollectionsUtilities FixedWidthInteger+roundUpToPowerOfTwo.swift
[180/1157] Compiling InternalCollectionsUtilities Integer rank.swift
[181/1157] Compiling InternalCollectionsUtilities UInt+first and last set bit.swift
[182/1157] Compiling InternalCollectionsUtilities UInt+reversed.swift
[182/1157] Compiling fiat_p256_adx_sqr.S
[184/1157] Compiling InternalCollectionsUtilities Iterable+CopyContents.swift
[185/1157] Compiling InternalCollectionsUtilities Iterable+Equality.swift
[186/1157] Compiling InternalCollectionsUtilities LifetimeOverride.swift
[187/1157] Compiling InternalCollectionsUtilities MutableRef.swift
[187/1157] Compiling fiat_p256_adx_mul.S
[188/1157] Compiling fiat_curve25519_adx_square.S
[190/1157] Emitting module InternalCollectionsUtilities
[190/1157] Compiling fiat_curve25519_adx_mul.S
[192/1157] Compiling InternalCollectionsUtilities _UnsafeBitSet.swift
[193/1157] Compiling InternalCollectionsUtilities UnsafeBufferPointer+Extras.swift
[193/1157] Compiling CNIOBoringSSLShims shims.c
[195/1157] Compiling InternalCollectionsUtilities Strideable+LimitHelpers.swift
[196/1157] Compiling InternalCollectionsUtilities String+Padding.swift
[197/1157] Compiling InternalCollectionsUtilities TemporaryAllocation.swift
[198/1157] Compiling InternalCollectionsUtilities _UnsafeBitSet+Index.swift
[199/1157] Compiling InternalCollectionsUtilities _UnsafeBitSet+_Word.swift
[202/1157] Compiling InternalCollectionsUtilities UnsafeMutableBufferPointer+Extras.swift
[203/1157] Compiling InternalCollectionsUtilities MutableSpan+Extras.swift
[204/1157] Compiling InternalCollectionsUtilities OutputSpan+Extras.swift
[205/1157] Compiling InternalCollectionsUtilities RandomAccessCollection+Offsets.swift
[206/1157] Compiling InternalCollectionsUtilities Span+Extras.swift
[208/1158] Compiling SystemPackage SystemString.swift
[209/1158] Compiling SystemPackage Util+StringArray.swift
[210/1158] Compiling SystemPackage Util.swift
[211/1158] Compiling SystemPackage UtilConsumers.swift
[212/1158] Compiling SystemPackage WinSDK+Overlay.swift
[213/1158] Compiling ExtrasBase64 Base32+Span.swift
[214/1158] Emitting module Logging
[233/1159] Compiling SystemPackage RawBuffer.swift
[234/1159] Compiling SystemPackage Syscalls.swift
[235/1159] Compiling SystemPackage WindowsSyscallAdapters.swift
[236/1159] Compiling SystemPackage MachPort.swift
[237/1159] Compiling SystemPackage PlatformString.swift
[242/1159] Compiling SystemPackage Mocking.swift
[243/1159] Emitting module SystemPackage
[252/1164] Emitting module SpanPreview
[255/1164] Compiling Instrumentation Locks.swift
[256/1165] Compiling Logging MetadataProvider.swift
[258/1166] Compiling SpanPreview OutputSpan+InputSpanHelpers.swift
[259/1166] Compiling SpanPreview MutableSpan+InputSpanHelpers.swift
[260/1166] Compiling SpanPreview InputSpan.swift
[261/1167] Wrapping AST for SwiftASN1 for debugging
[262/1167] Compiling tls_record.cc
[263/1167] Compiling tls13_server.cc
[263/1167] Compiling tls_method.cc
[266/1167] Wrapping AST for SystemPackage for debugging
[267/1175] Wrapping AST for Instrumentation for debugging
[268/1175] Wrapping AST for InternalCollectionsUtilities for debugging
[269/1175] Wrapping AST for SpanPreview for debugging
[270/1175] Wrapping AST for Logging for debugging
[272/1217] Compiling Tracing TracingTime.swift
[273/1218] Compiling Tracing TracerProtocol.swift
[274/1218] Compiling Tracing WithTracer.swift
[275/1218] Compiling DequeModule UniqueDeque+Consumption.swift
[276/1218] Compiling DequeModule UniqueDeque+ContainerOperations.swift
[277/1218] Compiling DequeModule UniqueDeque+Deprecations.swift
[278/1218] Compiling DequeModule UniqueDeque+Descriptions.swift
[279/1218] Compiling DequeModule UniqueDeque+Equatable.swift
[280/1218] Compiling DequeModule UniqueDeque+Hashable.swift
[281/1223] Compiling DequeModule UniqueDeque+Initializers.swift
[282/1223] Compiling DequeModule UniqueDeque+Insertions.swift
[283/1223] Compiling DequeModule UniqueDeque+Iterable.swift
[284/1223] Compiling DequeModule UniqueDeque+Prepend.swift
[285/1223] Compiling DequeModule UniqueDeque+Removals.swift
[286/1223] Compiling Tracing Tracer.swift
[287/1223] Compiling Tracing TracerProtocol+Legacy.swift
[288/1223] Compiling DequeModule _DequeBuffer.swift
[289/1223] Compiling DequeModule _DequeBufferHeader.swift
[290/1223] Compiling DequeModule RigidDeque+Append.swift
[291/1223] Compiling DequeModule RigidDeque+Consumption.swift
[292/1223] Compiling DequeModule RigidDeque+ContainerOperations.swift
[293/1223] Compiling DequeModule RigidDeque+Deprecations.swift
[294/1223] Compiling DequeModule RigidDeque+Descriptions.swift
[295/1223] Compiling DequeModule RigidDeque+Equatable.swift
[296/1223] Compiling DequeModule RigidDeque+Hashable.swift
[297/1223] Compiling DequeModule RigidDeque+Initializers.swift
[298/1223] Compiling DequeModule RigidDeque+Insertions.swift
[299/1223] Compiling DequeModule RigidDeque+Iterable.swift
[300/1223] Compiling DequeModule RigidDeque+Prepend.swift
[301/1223] Compiling DequeModule RigidDeque+Removals.swift
[302/1223] Compiling DequeModule RigidDeque+Replacements.swift
[303/1223] Compiling DequeModule RigidDeque+Testing.swift
[304/1223] Compiling DequeModule RigidDeque.swift
[305/1223] Compiling DequeModule UniqueDeque+Append.swift
[306/1223] Compiling Tracing SpanProtocol.swift
[307/1223] Emitting module Tracing
[308/1223] Compiling Tracing InstrumentationSystem+Tracing.swift
[309/1223] Compiling Tracing NoOpTracer.swift
[311/1224] Compiling DequeModule Deque+Codable.swift
[312/1224] Compiling DequeModule Deque+Collection.swift
[313/1224] Compiling DequeModule Deque+CustomReflectable.swift
[314/1224] Compiling DequeModule Deque+Descriptions.swift
[315/1224] Compiling DequeModule Deque+Equatable.swift
[316/1224] Compiling DequeModule Deque+ExpressibleByArrayLiteral.swift
[317/1224] Compiling DequeModule Deque+Extras.swift
[318/1224] Compiling DequeModule Deque+Hashable.swift
[319/1224] Compiling DequeModule Deque+Testing.swift
[320/1224] Compiling DequeModule Deque._Storage.swift
[321/1224] Compiling DequeModule Deque._UnsafeHandle.swift
[322/1224] Compiling DequeModule Deque.swift
[322/1224] Compiling tls13_both.cc
[323/1224] Compiling t1_enc.cc
[324/1224] Compiling tls13_client.cc
[325/1224] Wrapping AST for Tracing for debugging
[326/1224] Compiling tls13_enc.cc
[327/1224] Compiling ssl_x509.cc
[328/1224] Compiling ssl_versions.cc
[329/1224] Compiling ssl_transcript.cc
[330/1224] Compiling ssl_stat.cc
[331/1224] Compiling ssl_session.cc
[332/1224] Compiling ssl_privkey.cc
[334/1224] Compiling DequeModule UniqueDeque+Replacements.swift
[335/1224] Compiling DequeModule UniqueDeque.swift
[336/1224] Compiling DequeModule _DequeSlot.swift
[337/1224] Compiling DequeModule _UnsafeDequeHandle.swift
[338/1224] Compiling DequeModule _UnsafeDequeSegments.swift
[339/1224] Emitting module DequeModule
[340/1225] Compiling ssl_key_share.cc
[341/1268] Compiling ssl_lib.cc
[342/1268] Wrapping AST for DequeModule for debugging
[343/1268] Compiling ssl_cipher.cc
[344/1268] Compiling ssl_file.cc
[346/1268] Compiling ExtrasBase64 Base32.swift
[347/1268] Compiling ExtrasBase64 Base64.swift
[347/1268] Compiling ssl_credential.cc
[348/1268] Compiling ssl_cert.cc
[350/1268] Emitting module ExtrasBase64
[351/1269] Compiling ssl_buffer.cc
[353/1300] Compiling GoogleWKT WKTMixin.swift
[354/1300] Compiling GoogleWKT WKTOption.swift
[355/1300] Compiling GoogleWKT WKTValue.swift
[356/1300] Compiling GoogleWKT WKTApi.swift
[357/1300] Compiling GoogleWKT WKTEnum.swift
[358/1300] Compiling GoogleWKT WKTEnumValue.swift
[358/1305] Compiling ssl_asn1.cc
[359/1305] Wrapping AST for ExtrasBase64 for debugging
[360/1305] Compiling ssl_aead_ctx.cc
[361/1305] Compiling s3_pkt.cc
[362/1305] Compiling s3_lib.cc
[363/1305] Compiling s3_both.cc
[365/1305] Compiling GoogleWKT AnyPackable.swift
[366/1305] Compiling GoogleWKT DecodeToDefault.swift
[367/1305] Compiling GoogleWKT DiscoveryBase64.swift
[368/1305] Compiling GoogleWKT ProtoJSONDecoder.swift
[369/1305] Compiling GoogleWKT ProtoJSONEncoder.swift
[370/1305] Emitting module GoogleWKT
[371/1305] Compiling GoogleWKT WKTField.swift
[372/1305] Compiling GoogleWKT WKTMethod.swift
[378/1309] Compiling handshake_server.cc
[380/1309] Compiling GoogleWKT WKTFloatValue.swift
[381/1309] Compiling GoogleWKT WKTInt32Value.swift
[382/1309] Compiling GoogleWKT WKTInt64Value.swift
[383/1309] Compiling GoogleWKT WKTRecursive.swift
[384/1309] Compiling GoogleWKT WKTDoubleValue.swift
[385/1309] Compiling GoogleWKT WKTDuration.swift
[386/1309] Compiling GoogleWKT WKTEmpty.swift
[387/1309] Compiling GoogleWKT WKTFieldMask.swift
[388/1309] Compiling GoogleWKT UnknownFields.swift
[389/1309] Compiling GoogleWKT WKTAny.swift
[390/1309] Compiling GoogleWKT WKTAnyError.swift
[391/1309] Compiling GoogleWKT WKTBoolValue.swift
[392/1309] Compiling GoogleWKT WKTBytesValue.swift
[393/1309] Compiling GoogleWKT WKTStringValue.swift
[394/1309] Compiling GoogleWKT WKTTimestamp.swift
[395/1309] Compiling GoogleWKT WKTUInt32Value.swift
[396/1309] Compiling GoogleWKT WKTUInt64Value.swift
[397/1309] Compiling GoogleWKT WKTSourceContext.swift
[398/1309] Compiling GoogleWKT WKTSyntax.swift
[399/1309] Compiling GoogleWKT WKTType.swift
[400/1309] Compiling GoogleWKT PackageVersion.swift
[414/1328] Compiling Configuration CombineLatestManyStorage.swift
[415/1328] Compiling Configuration AsyncSequences.swift
[416/1328] Compiling Configuration FoundationExtensions.swift
[417/1328] Compiling Configuration Span.swift
[418/1328] Compiling Configuration ConfigBytesFromStringDecoder.swift
[419/1328] Compiling GoogleType CalendarPeriod.swift
[420/1328] Compiling GoogleType Color.swift
[421/1328] Compiling GoogleType Date.swift
[422/1328] Compiling GoogleType DateTime.swift
[423/1328] Compiling GoogleType DayOfWeek.swift
[424/1328] Compiling GoogleType Decimal.swift
[429/1328] Compiling Configuration AsyncCombineLatestManySequence.swift
[430/1328] Compiling Configuration CombineLatestManyStateMachine.swift
[431/1328] Compiling Configuration JSONSnapshot.swift
[432/1328] Compiling Configuration PropertyListSnapshot.swift
[433/1328] Compiling Configuration ReloadingFileProvider.swift
[434/1328] Compiling Configuration ReloadingFileProviderMetrics.swift
[435/1328] Compiling Configuration YAMLSnapshot.swift
[436/1328] Compiling Configuration InMemoryProvider.swift
[436/1328] Compiling handshake.cc
[437/1328] Compiling handoff.cc
[438/1328] Compiling handshake_client.cc
[439/1328] Compiling encrypted_client_hello.cc
[440/1335] Wrapping AST for GoogleWKT for debugging
[442/1343] Emitting module GoogleType
[443/1345] Compiling GoogleRpc QuotaFailure.swift
[444/1345] Compiling GoogleRpc HttpRequest.swift
[445/1345] Compiling GoogleRpc HttpResponse.swift
[446/1345] Compiling GoogleRpc RequestInfo.swift
[447/1345] Compiling GoogleRpc LocalizedMessage.swift
[448/1345] Compiling GoogleRpc PackageVersion.swift
[449/1345] Compiling GoogleRpc PreconditionFailure.swift
[450/1345] Compiling GoogleType PostalAddress.swift
[451/1345] Compiling GoogleType Quaternion.swift
[452/1345] Compiling GoogleRpc ResourceInfo.swift
[453/1345] Compiling GoogleType PhoneNumber.swift
[454/1345] Compiling GoogleRpc ErrorInfo.swift
[455/1345] Compiling GoogleRpc Help.swift
[456/1345] Compiling GoogleRpc HttpHeader.swift
[457/1345] Compiling GoogleRpc BadRequest.swift
[458/1345] Compiling GoogleRpc Code.swift
[459/1345] Compiling GoogleRpc DebugInfo.swift
[459/1345] Compiling dtls_record.cc
[463/1347] Compiling GoogleType TimeOfDay.swift
[464/1347] Compiling GoogleType TimeZone.swift
[470/1348] Emitting module GoogleRpc
[472/1348] Compiling extensions.cc
[473/1348] Wrapping AST for GoogleType for debugging
[485/1348] Emitting module Configuration
[488/1349] Compiling GoogleRpc RetryInfo.swift
[489/1349] Compiling GoogleRpc Status.swift
[491/1350] Wrapping AST for Configuration for debugging
[492/1350] Compiling md5-x86_64-linux.S
[493/1350] Wrapping AST for GoogleRpc for debugging
[494/1350] Compiling md5-x86_64-apple.S
[495/1350] Compiling md5-586-linux.S
[496/1350] Compiling md5-586-apple.S
[497/1350] Compiling chacha20_poly1305_x86_64-linux.S
[498/1350] Compiling chacha20_poly1305_x86_64-apple.S
[499/1350] Compiling d1_pkt.cc
[500/1350] Compiling chacha20_poly1305_armv8-win.S
[501/1350] Compiling chacha20_poly1305_armv8-apple.S
[502/1350] Compiling chacha20_poly1305_armv8-linux.S
[503/1350] Compiling dtls_method.cc
[504/1350] Compiling chacha-x86_64-linux.S
[505/1350] Compiling chacha-x86_64-apple.S
[506/1350] Compiling d1_srtp.cc
[507/1350] Compiling chacha-x86-linux.S
[508/1350] Compiling chacha-x86-apple.S
[509/1350] Compiling chacha-armv8-win.S
[510/1350] Compiling chacha-armv8-apple.S
[511/1350] Compiling chacha-armv4-linux.S
[512/1350] Compiling chacha-armv8-linux.S
[513/1350] Compiling aes128gcmsiv-x86_64-linux.S
[514/1350] Compiling aes128gcmsiv-x86_64-apple.S
[515/1350] Compiling x86_64-mont5-linux.S
[516/1350] Compiling x86_64-mont5-apple.S
[517/1350] Compiling x86_64-mont-linux.S
[518/1350] Compiling x86_64-mont-apple.S
[519/1350] Compiling x86-mont-linux.S
[520/1350] Compiling err_data.cc
[521/1350] Compiling vpaes-x86_64-apple.S
[522/1350] Compiling vpaes-x86_64-linux.S
[523/1350] Compiling x86-mont-apple.S
[524/1350] Compiling vpaes-x86-apple.S
[525/1350] Compiling vpaes-x86-linux.S
[526/1350] Compiling vpaes-armv8-apple.S
[526/1350] Compiling vpaes-armv8-win.S
[528/1350] Compiling sha512-x86_64-linux.S
[529/1350] Compiling vpaes-armv7-linux.S
[530/1350] Compiling vpaes-armv8-linux.S
[531/1350] Compiling sha512-armv8-win.S
[532/1350] Compiling sha512-x86_64-apple.S
[533/1350] Compiling sha512-armv8-apple.S
[534/1350] Compiling sha512-armv4-linux.S
[535/1350] Compiling bio_ssl.cc
[536/1350] Compiling sha512-armv8-linux.S
[537/1350] Compiling sha256-x86_64-linux.S
[538/1350] Compiling sha512-586-linux.S
[539/1350] Compiling sha256-armv8-win.S
[540/1350] Compiling sha256-x86_64-apple.S
[541/1350] Compiling sha512-586-apple.S
[542/1350] Compiling sha256-armv8-linux.S
[543/1350] Compiling sha256-armv8-apple.S
[543/1350] Compiling d1_lib.cc
[545/1350] Compiling sha256-586-linux.S
[546/1350] Compiling sha256-586-apple.S
[547/1350] Compiling sha256-armv4-linux.S
[548/1350] Compiling sha1-x86_64-apple.S
[549/1350] Compiling sha1-x86_64-linux.S
[550/1350] Compiling sha1-armv8-win.S
[551/1350] Compiling sha1-armv8-linux.S
[552/1350] Compiling sha1-586-linux.S
[553/1350] Compiling sha1-armv4-large-linux.S
[554/1350] Compiling sha1-586-apple.S
[555/1350] Compiling rsaz-avx2-linux.S
[556/1350] Compiling sha1-armv8-apple.S
[557/1350] Compiling rsaz-avx2-apple.S
[558/1350] Compiling p256_beeu-x86_64-asm-linux.S
[559/1350] Compiling rdrand-x86_64-linux.S
[560/1350] Compiling rdrand-x86_64-apple.S
[561/1350] Compiling p256_beeu-armv8-asm-win.S
[562/1350] Compiling p256_beeu-armv8-asm-linux.S
[563/1350] Compiling p256_beeu-x86_64-asm-apple.S
[564/1350] Compiling p256_beeu-armv8-asm-apple.S
[565/1350] Compiling p256-x86_64-asm-apple.S
[566/1350] Compiling p256-x86_64-asm-linux.S
[567/1350] Compiling p256-armv8-asm-win.S
[568/1350] Compiling p256-armv8-asm-apple.S
[569/1350] Compiling ghashv8-armv8-win.S
[570/1350] Compiling p256-armv8-asm-linux.S
[571/1350] Compiling ghashv8-armv8-apple.S
[572/1350] Compiling ghash-x86_64-apple.S
[573/1350] Compiling ghashv8-armv8-linux.S
[574/1350] Compiling ghashv8-armv7-linux.S
[575/1350] Compiling ghash-x86_64-linux.S
[576/1350] Compiling ghash-x86-linux.S
[577/1350] Compiling ghash-x86-apple.S
[578/1350] Compiling ghash-ssse3-x86_64-apple.S
[579/1350] Compiling ghash-ssse3-x86_64-linux.S
[580/1350] Compiling ghash-ssse3-x86-linux.S
[581/1350] Compiling ghash-ssse3-x86-apple.S
[582/1350] Compiling ghash-neon-armv8-win.S
[583/1350] Compiling ghash-neon-armv8-linux.S
[584/1350] Compiling ghash-neon-armv8-apple.S
[585/1350] Compiling ghash-armv4-linux.S
[586/1350] Compiling bsaes-armv7-linux.S
[587/1350] Compiling co-586-apple.S
[588/1350] Compiling co-586-linux.S
[589/1350] Compiling bn-armv8-win.S
[590/1350] Compiling bn-armv8-linux.S
[591/1350] Compiling bn-armv8-apple.S
[592/1350] Compiling bn-586-apple.S
[593/1350] Compiling bn-586-linux.S
[594/1350] Compiling armv8-mont-win.S
[595/1350] Compiling armv8-mont-linux.S
[596/1350] Compiling armv8-mont-apple.S
[597/1350] Compiling armv4-mont-linux.S
[598/1350] Compiling aesv8-gcm-armv8-win.S
[599/1350] Compiling aesv8-armv8-win.S
[600/1350] Compiling aesv8-armv8-linux.S
[601/1350] Compiling aesv8-gcm-armv8-linux.S
[602/1350] Compiling aesv8-gcm-armv8-apple.S
[603/1350] Compiling aesv8-armv8-apple.S
[604/1350] Compiling aesni-x86_64-apple.S
[605/1350] Compiling aesni-x86_64-linux.S
[606/1350] Compiling aesv8-armv7-linux.S
[607/1350] Compiling aesni-x86-linux.S
[608/1350] Compiling aesni-gcm-x86_64-apple.S
[609/1350] Compiling aes-gcm-avx2-x86_64-linux.S
[610/1350] Compiling aesni-x86-apple.S
[611/1350] Compiling aes-gcm-avx2-x86_64-apple.S
[612/1350] Compiling aesni-gcm-x86_64-linux.S
[613/1350] Compiling aes-gcm-avx10-x86_64-linux.S
[614/1350] Compiling aes-gcm-avx10-x86_64-apple.S
[615/1350] Compiling d1_both.cc
[616/1350] Compiling x_spki.cc
[617/1350] Compiling x_sig.cc
[618/1350] Compiling x_val.cc
[619/1350] Compiling x_pubkey.cc
[620/1350] Compiling x_req.cc
[621/1350] Compiling x_x509a.cc
[622/1350] Compiling x_x509.cc
[623/1350] Compiling x_name.cc
[624/1350] Compiling x_exten.cc
[625/1350] Compiling x_crl.cc
[626/1350] Compiling x_attrib.cc
[627/1350] Compiling x509spki.cc
[628/1350] Compiling x_algor.cc
[629/1350] Compiling x_all.cc
[630/1350] Compiling x509rset.cc
[631/1350] Compiling x509name.cc
[632/1350] Compiling x509cset.cc
[633/1350] Compiling x509_vpm.cc
[634/1350] Compiling x509_trs.cc
[634/1350] Compiling x509_v3.cc
[636/1350] Compiling x509_txt.cc
[637/1350] Compiling x509_set.cc
[638/1350] Compiling x509_vfy.cc
[639/1350] Compiling x509_req.cc
[640/1350] Compiling x509_obj.cc
[641/1350] Compiling x509_d2.cc
[642/1350] Compiling x509_def.cc
[643/1350] Compiling x509_lu.cc
[644/1350] Compiling x509_ext.cc
[645/1350] Compiling x509_att.cc
[646/1350] Compiling x509_cmp.cc
[647/1350] Compiling x509.cc
[648/1350] Compiling v3_skey.cc
[649/1350] Compiling v3_utl.cc
[650/1350] Compiling v3_purp.cc
[651/1350] Compiling v3_pcons.cc
[652/1350] Compiling v3_pmaps.cc
[653/1350] Compiling v3_ocsp.cc
[654/1350] Compiling v3_prn.cc
[655/1350] Compiling v3_ncons.cc
[656/1350] Compiling v3_int.cc
[657/1350] Compiling v3_lib.cc
[658/1350] Compiling v3_info.cc
[658/1350] Compiling v3_extku.cc
[660/1350] Compiling v3_ia5.cc
[661/1350] Compiling v3_genn.cc
[662/1350] Compiling v3_enum.cc
[663/1350] Compiling v3_crld.cc
[664/1350] Compiling v3_conf.cc
[665/1350] Compiling v3_alt.cc
[666/1350] Compiling v3_cpols.cc
[667/1350] Compiling v3_bitst.cc
[668/1350] Compiling v3_bcons.cc
[668/1350] Compiling v3_akeya.cc
[670/1350] Compiling v3_akey.cc
[671/1350] Compiling t_x509a.cc
[672/1350] Compiling t_req.cc
[673/1350] Compiling i2d_pr.cc
[674/1350] Compiling t_crl.cc
[675/1350] Compiling t_x509.cc
[676/1350] Compiling name_print.cc
[677/1350] Compiling rsa_pss.cc
[678/1350] Compiling policy.cc
[679/1350] Compiling by_file.cc
[680/1350] Compiling by_dir.cc
[681/1350] Compiling asn1_gen.cc
[682/1350] Compiling algorithm.cc
[683/1350] Compiling a_verify.cc
[683/1350] Compiling a_sign.cc
[685/1350] Compiling voprf.cc
[686/1350] Compiling a_digest.cc
[687/1350] Compiling trust_token.cc
[688/1350] Compiling thread_win.cc
[689/1350] Compiling thread_pthread.cc
[690/1350] Compiling thread.cc
[691/1350] Compiling thread_none.cc
[692/1350] Compiling pmbtoken.cc
[693/1350] Compiling stack.cc
[694/1350] Compiling sha256.cc
[695/1350] Compiling siphash.cc
[696/1350] Compiling spake2plus.cc
[697/1350] Compiling sha1.cc
[698/1350] Compiling slhdsa.cc
[699/1350] Compiling sha512.cc
[700/1350] Compiling rsa_print.cc
[701/1350] Compiling rsa_extra.cc
[702/1350] Compiling trusty.cc
[703/1350] Compiling refcount.cc
[704/1350] Compiling rsa_crypt.cc
[705/1350] Compiling rc4.cc
[706/1350] Compiling windows.cc
[707/1350] Compiling urandom.cc
[708/1350] Compiling rsa_asn1.cc
[709/1350] Compiling rand.cc
[710/1350] Compiling ios.cc
[711/1350] Compiling getentropy.cc
[712/1350] Compiling passive.cc
[713/1350] Compiling forkunsafe.cc
[714/1350] Compiling poly1305_arm_asm.S
[715/1350] Compiling fork_detect.cc
[716/1350] Compiling deterministic.cc
[717/1350] Compiling poly1305_vec.cc
[718/1350] Compiling poly1305.cc
[719/1350] Compiling poly1305_arm.cc
[720/1350] Compiling pool.cc
[721/1350] Compiling p5_pbev2.cc
[722/1350] Compiling pkcs8.cc
[723/1350] Compiling pkcs7_x509.cc
[724/1350] Compiling pkcs7.cc
[725/1350] Compiling pem_x509.cc
[726/1350] Compiling pkcs8_x509.cc
[727/1350] Compiling pem_xaux.cc
[728/1350] Compiling pem_pkey.cc
[729/1350] Compiling pem_pk8.cc
[730/1350] Compiling pem_oth.cc
[731/1350] Compiling mlkem.cc
[732/1350] Compiling pem_info.cc
[733/1350] Compiling obj_xref.cc
[734/1350] Compiling pem_lib.cc
[735/1350] Compiling pem_all.cc
[736/1350] Compiling obj.cc
[737/1350] Compiling poly_rq_mul.S
[738/1350] Compiling mldsa.cc
[739/1350] Compiling fips_shared_support.cc
[740/1350] Compiling lhash.cc
[741/1350] Compiling mem.cc
[742/1350] Compiling md5.cc
[743/1350] Compiling md4.cc
[744/1350] Compiling kyber.cc
[745/1350] Compiling hpke.cc
[746/1350] Compiling sign.cc
[747/1350] Compiling scrypt.cc
[747/1350] Compiling ex_data.cc
[749/1350] Compiling hrss.cc
[750/1350] Compiling print.cc
[751/1350] Compiling pbkdf.cc
[752/1350] Compiling p_x25519.cc
[753/1350] Compiling p_x25519_asn1.cc
[754/1350] Compiling p_ed25519.cc
[755/1350] Compiling p_rsa_asn1.cc
[756/1350] Compiling p_hkdf.cc
[757/1350] Compiling p_rsa.cc
[758/1350] Compiling p_ed25519_asn1.cc
[759/1350] Compiling p_ec_asn1.cc
[760/1350] Compiling p_ec.cc
[761/1350] Compiling p_dh_asn1.cc
[762/1350] Compiling p_dh.cc
[763/1350] Compiling evp_ctx.cc
[764/1350] Compiling p_dsa_asn1.cc
[765/1350] Compiling evp_asn1.cc
[766/1350] Compiling err.cc
[767/1350] Compiling evp.cc
[768/1350] Compiling engine.cc
[769/1350] Compiling ecdh.cc
[770/1350] Compiling ecdsa_asn1.cc
[771/1350] Compiling hash_to_curve.cc
[772/1350] Compiling ec_derive.cc
[773/1350] Compiling dsa.cc
[774/1350] Compiling dsa_asn1.cc
[775/1350] Compiling ec_asn1.cc
[776/1350] Compiling params.cc
[777/1350] Compiling x25519-asm-arm.S
[778/1350] Compiling bcm.cc
[779/1350] Compiling digest_extra.cc
[780/1350] Compiling dh_asn1.cc
[781/1350] Compiling des.cc
[782/1350] Compiling curve25519_64_adx.cc
[783/1350] Compiling spake25519.cc
[784/1350] Compiling crypto.cc
[785/1350] Compiling cpu_intel.cc
[786/1350] Compiling cpu_arm_linux.cc
[787/1350] Compiling cpu_aarch64_win.cc
[788/1350] Compiling cpu_arm_freebsd.cc
[789/1350] Compiling curve25519.cc
[790/1350] Compiling cpu_aarch64_sysreg.cc
[791/1350] Compiling cpu_aarch64_openbsd.cc
[792/1350] Compiling cpu_aarch64_linux.cc
[793/1350] Compiling cpu_aarch64_fuchsia.cc
[794/1350] Compiling cpu_aarch64_apple.cc
[795/1350] Compiling get_cipher.cc
[796/1350] Compiling tls_cbc.cc
[797/1350] Compiling conf.cc
[798/1350] Compiling e_tls.cc
[799/1350] Compiling e_rc4.cc
[800/1350] Compiling e_rc2.cc
[801/1350] Compiling e_null.cc
[802/1350] Compiling e_des.cc
[803/1350] Compiling e_chacha20poly1305.cc
[804/1350] Compiling e_aesctrhmac.cc
[805/1350] Compiling e_aesgcmsiv.cc
[806/1350] Compiling derive_key.cc
[807/1350] Compiling chacha.cc
[808/1350] Compiling unicode.cc
[809/1350] Compiling buf.cc
[810/1350] Compiling cbb.cc
[810/1350] Compiling cbs.cc
[812/1350] Compiling ber.cc
[813/1350] Compiling asn1_compat.cc
[814/1350] Compiling bn_asn1.cc
[815/1350] Compiling blake2.cc
[816/1350] Compiling convert.cc
[817/1350] Compiling socket_helper.cc
[818/1350] Compiling socket.cc
[819/1350] Compiling printf.cc
[820/1350] Compiling pair.cc
[821/1350] Compiling hexdump.cc
[822/1350] Compiling file.cc
[823/1350] Compiling errno.cc
[824/1350] Compiling fd.cc
[825/1350] Compiling connect.cc
[826/1350] Compiling bio_mem.cc
[827/1350] Compiling bio.cc
[828/1350] Compiling base64.cc
[829/1350] Compiling tasn_utl.cc
[830/1350] Compiling tasn_typ.cc
[831/1350] Compiling tasn_fre.cc
[832/1350] Compiling tasn_enc.cc
[833/1350] Compiling posix_time.cc
[834/1350] Compiling f_string.cc
[835/1350] Compiling tasn_new.cc
[836/1350] Compiling tasn_dec.cc
[837/1350] Compiling f_int.cc
[838/1350] Compiling asn_pack.cc
[839/1350] Compiling asn1_par.cc
[840/1350] Compiling asn1_lib.cc
[841/1350] Compiling a_utctm.cc
[842/1350] Compiling a_type.cc
[843/1350] Compiling a_octet.cc
[844/1350] Compiling a_time.cc
[845/1350] Compiling a_strnid.cc
[846/1350] Compiling a_strex.cc
[847/1350] Compiling a_object.cc
[848/1350] Compiling a_i2d_fp.cc
[849/1350] Compiling a_dup.cc
[850/1350] Compiling a_mbstr.cc
[851/1350] Compiling CGoogleGaxCRC32C CGoogleGaxCRC32C.c
[852/1350] Compiling a_d2i_fp.cc
[853/1350] Compiling a_int.cc
[854/1350] Compiling fiat_p256_adx_sqr.S
[855/1350] Compiling fiat_p256_adx_mul.S
[856/1350] Compiling a_gentm.cc
[857/1350] Compiling fiat_curve25519_adx_square.S
[858/1350] Compiling fiat_curve25519_adx_mul.S
[859/1350] Compiling md5-x86_64-linux.S
[860/1350] Compiling md5-x86_64-apple.S
[861/1350] Compiling a_bitstr.cc
[862/1350] Compiling md5-586-linux.S
[863/1350] Compiling md5-586-apple.S
[864/1350] Compiling chacha20_poly1305_x86_64-linux.S
[865/1350] Compiling chacha20_poly1305_x86_64-apple.S
[866/1350] Compiling chacha20_poly1305_armv8-win.S
[867/1350] Compiling chacha20_poly1305_armv8-apple.S
[867/1350] Compiling chacha-x86_64-linux.S
[869/1350] Compiling chacha20_poly1305_armv8-linux.S
[870/1350] Compiling CCryptoBoringSSLShims shims.c
[871/1350] Compiling chacha-x86_64-apple.S
[872/1350] Compiling chacha-x86-linux.S
[873/1350] Compiling chacha-x86-apple.S
[874/1350] Compiling a_bool.cc
[875/1350] Compiling chacha-armv8-win.S
[876/1350] Compiling chacha-armv4-linux.S
[876/1350] Compiling chacha-armv8-apple.S
[878/1350] Compiling aes128gcmsiv-x86_64-apple.S
[879/1350] Compiling aes128gcmsiv-x86_64-linux.S
[880/1350] Compiling chacha-armv8-linux.S
[881/1350] Compiling x86_64-mont5-linux.S
[882/1350] Compiling x86_64-mont5-apple.S
[883/1350] Compiling x86_64-mont-linux.S
[884/1350] Compiling x86_64-mont-apple.S
[885/1350] Compiling x86-mont-linux.S
[886/1350] Compiling x86-mont-apple.S
[887/1350] Compiling vpaes-x86_64-linux.S
[888/1350] Compiling vpaes-x86_64-apple.S
[889/1350] Compiling vpaes-x86-linux.S
[890/1350] Compiling vpaes-x86-apple.S
[891/1350] Compiling vpaes-armv8-win.S
[892/1350] Compiling vpaes-armv8-linux.S
[892/1350] Compiling vpaes-armv8-apple.S
[894/1350] Compiling vpaes-armv7-linux.S
[895/1350] Compiling sha512-x86_64-linux.S
[896/1350] Compiling sha512-x86_64-apple.S
[897/1350] Compiling sha512-armv8-win.S
[898/1350] Compiling err_data.cc
[899/1350] Compiling sha512-armv8-apple.S
[899/1350] Compiling sha512-armv4-linux.S
[901/1350] Compiling sha512-586-linux.S
[902/1350] Compiling sha512-armv8-linux.S
[903/1350] Compiling sha512-586-apple.S
[904/1350] Compiling sha256-x86_64-linux.S
[905/1350] Compiling sha256-x86_64-apple.S
[906/1350] Compiling sha256-armv8-win.S
[907/1350] Compiling sha256-armv8-apple.S
[908/1350] Compiling sha256-armv4-linux.S
[909/1350] Compiling sha256-armv8-linux.S
[910/1350] Compiling sha256-586-linux.S
[911/1350] Compiling sha256-586-apple.S
[912/1350] Compiling sha1-x86_64-linux.S
[913/1350] Compiling sha1-armv8-win.S
[914/1350] Compiling sha1-x86_64-apple.S
[915/1350] Compiling sha1-armv8-apple.S
[916/1350] Compiling sha1-armv8-linux.S
[917/1350] Compiling sha1-armv4-large-linux.S
[918/1350] Compiling sha1-586-apple.S
[919/1350] Compiling sha1-586-linux.S
[920/1350] Compiling rsaz-avx2-linux.S
[921/1350] Compiling rsaz-avx2-apple.S
[922/1350] Compiling rdrand-x86_64-linux.S
[923/1350] Compiling rdrand-x86_64-apple.S
[924/1350] Compiling p256_beeu-armv8-asm-win.S
[925/1350] Compiling p256_beeu-x86_64-asm-linux.S
[926/1350] Compiling p256_beeu-x86_64-asm-apple.S
[927/1350] Compiling p256_beeu-armv8-asm-linux.S
[928/1350] Compiling p256_beeu-armv8-asm-apple.S
[929/1350] Compiling p256-x86_64-asm-apple.S
[930/1350] Compiling p256-x86_64-asm-linux.S
[931/1350] Compiling p256-armv8-asm-apple.S
[931/1350] Compiling p256-armv8-asm-win.S
[933/1350] Compiling p256-armv8-asm-linux.S
[934/1350] Compiling ghashv8-armv8-win.S
[935/1350] Compiling ghashv8-armv8-linux.S
[936/1350] Compiling ghashv8-armv8-apple.S
[937/1350] Compiling ghashv8-armv7-linux.S
[938/1350] Compiling ghash-x86_64-apple.S
[939/1350] Compiling ghash-x86-linux.S
[940/1350] Compiling ghash-x86_64-linux.S
[941/1350] Compiling ghash-x86-apple.S
[942/1350] Compiling ghash-ssse3-x86_64-linux.S
[943/1350] Compiling ghash-ssse3-x86_64-apple.S
[944/1350] Compiling ghash-ssse3-x86-linux.S
[945/1350] Compiling ghash-ssse3-x86-apple.S
[946/1350] Compiling ghash-neon-armv8-win.S
[947/1350] Compiling ghash-armv4-linux.S
[948/1350] Compiling ghash-neon-armv8-linux.S
[949/1350] Compiling ghash-neon-armv8-apple.S
[950/1350] Compiling co-586-apple.S
[951/1350] Compiling bsaes-armv7-linux.S
[951/1350] Compiling co-586-linux.S
[953/1350] Compiling bn-armv8-win.S
[954/1350] Compiling bn-586-linux.S
[955/1350] Compiling bn-armv8-linux.S
[956/1350] Compiling bn-armv8-apple.S
[957/1350] Compiling bn-586-apple.S
[957/1350] Compiling armv8-mont-win.S
[959/1350] Compiling armv4-mont-linux.S
[960/1350] Compiling armv8-mont-apple.S
[961/1350] Compiling aesv8-gcm-armv8-win.S
[962/1350] Compiling armv8-mont-linux.S
[963/1350] Compiling aesv8-gcm-armv8-apple.S
[964/1350] Compiling aesv8-gcm-armv8-linux.S
[965/1350] Compiling aesv8-armv8-linux.S
[966/1350] Compiling aesv8-armv8-win.S
[967/1350] Compiling aesv8-armv8-apple.S
[968/1350] Compiling aesv8-armv7-linux.S
[969/1350] Compiling aesni-x86_64-linux.S
[970/1350] Compiling aesni-x86_64-apple.S
[971/1350] Compiling aesni-x86-apple.S
[972/1350] Compiling aesni-gcm-x86_64-apple.S
[973/1350] Compiling aesni-x86-linux.S
[974/1350] Compiling aesni-gcm-x86_64-linux.S
[975/1350] Compiling aes-gcm-avx512-x86_64-linux.S
[976/1350] Compiling aes-gcm-avx512-x86_64-apple.S
[977/1350] Compiling aes-gcm-avx2-x86_64-linux.S
[978/1350] Compiling aes-gcm-avx2-x86_64-apple.S
[979/1350] Compiling xwing.cc
[980/1350] Compiling x_sig.cc
[981/1350] Compiling x_x509a.cc
[982/1350] Compiling x_spki.cc
[983/1350] Compiling x_req.cc
[984/1350] Compiling x_x509.cc
[985/1350] Compiling c-nioatomics.c
[986/1350] Compiling x_pubkey.cc
[987/1350] Compiling x_exten.cc
[988/1350] Compiling x_crl.cc
[989/1350] Compiling x_name.cc
[990/1350] Compiling x_attrib.cc
[991/1350] Compiling c-atomics.c
[992/1350] Compiling x_all.cc
[993/1357] Compiling x_algor.cc
[994/1357] Compiling x509spki.cc
[996/1357] Compiling NIOConcurrencyHelpers NIOLockedValueBox.swift
[996/1357] Compiling x509rset.cc
[998/1357] Compiling NIOConcurrencyHelpers NIOLock.swift
[999/1357] Compiling NIOConcurrencyHelpers NIOAtomic.swift
[999/1357] Compiling x509name.cc
[1001/1357] Emitting module NIOConcurrencyHelpers
[1002/1357] Compiling NIOConcurrencyHelpers lock.swift
[1003/1357] Compiling NIOConcurrencyHelpers NIOThreadPoolWorkAvailable.swift
[1004/1357] Compiling NIOConcurrencyHelpers atomics.swift
[1005/1358] Compiling x509_vpm.cc
[1006/1358] Wrapping AST for NIOConcurrencyHelpers for debugging
[1007/1358] Compiling x509cset.cc
[1008/1358] Compiling x509_vfy.cc
[1009/1358] Compiling x509_txt.cc
[1010/1358] Compiling x509_v3.cc
[1011/1358] Compiling x509_trs.cc
[1012/1358] Compiling x509_set.cc
[1013/1358] Compiling x509_obj.cc
[1013/1358] Compiling x509_req.cc
[1015/1358] Compiling x509_lu.cc
[1016/1358] Compiling x509_ext.cc
[1017/1358] Compiling x509_def.cc
[1018/1358] Compiling x509_d2.cc
[1019/1358] Compiling x509_cmp.cc
[1020/1358] Compiling x509_att.cc
[1021/1358] Compiling x509.cc
[1022/1358] Compiling v3_skey.cc
[1023/1358] Compiling v3_utl.cc
[1024/1358] Compiling v3_purp.cc
[1025/1358] Compiling v3_prn.cc
[1026/1358] Compiling v3_pmaps.cc
[1027/1358] Compiling v3_pcons.cc
[1028/1358] Compiling v3_ocsp.cc
[1029/1358] Compiling v3_ncons.cc
[1030/1358] Compiling v3_int.cc
[1031/1358] Compiling v3_lib.cc
[1032/1358] Compiling v3_info.cc
[1033/1358] Compiling v3_ia5.cc
[1034/1358] Compiling v3_genn.cc
[1035/1358] Compiling v3_extku.cc
[1036/1358] Compiling v3_enum.cc
[1037/1358] Compiling v3_crld.cc
[1037/1358] Compiling v3_cpols.cc
[1039/1358] Compiling v3_conf.cc
[1040/1358] Compiling v3_bitst.cc
[1041/1358] Compiling v3_bcons.cc
[1042/1358] Compiling v3_alt.cc
[1043/1358] Compiling v3_akeya.cc
[1044/1358] Compiling v3_akey.cc
[1045/1358] Compiling t_x509a.cc
[1046/1358] Compiling t_x509.cc
[1047/1358] Compiling t_req.cc
[1048/1358] Compiling t_crl.cc
[1049/1358] Compiling i2d_pr.cc
[1050/1358] Compiling rsa_pss.cc
[1051/1358] Compiling policy.cc
[1052/1358] Compiling name_print.cc
[1053/1358] Compiling by_file.cc
[1054/1358] Compiling by_dir.cc
[1055/1358] Compiling asn1_gen.cc
[1056/1358] Compiling algorithm.cc
[1057/1358] Compiling a_verify.cc
[1058/1358] Compiling a_sign.cc
[1059/1358] Compiling voprf.cc
[1060/1358] Compiling thread_win.cc
[1061/1358] Compiling a_digest.cc
[1062/1358] Compiling thread_pthread.cc
[1063/1358] Compiling thread.cc
[1064/1358] Compiling thread_none.cc
[1065/1358] Compiling trust_token.cc
[1066/1358] Compiling pmbtoken.cc
[1067/1358] Compiling stack.cc
[1068/1358] Compiling siphash.cc
[1069/1358] Compiling sha256.cc
[1070/1358] Compiling slhdsa.cc
[1071/1358] Compiling sha1.cc
[1072/1358] Compiling sha512.cc
[1073/1358] Compiling spake2plus.cc
[1074/1358] Compiling rsa_print.cc
[1075/1358] Compiling rsa_extra.cc
[1076/1358] Compiling windows.cc
[1076/1358] Compiling rc4.cc
[1078/1358] Compiling rsa_crypt.cc
[1079/1358] Compiling refcount.cc
[1080/1358] Compiling trusty.cc
[1081/1358] Compiling urandom.cc
[1082/1358] Compiling rand.cc
[1083/1358] Compiling rsa_asn1.cc
[1084/1358] Compiling ios.cc
[1085/1358] Compiling getentropy.cc
[1086/1358] Compiling passive.cc
[1087/1358] Compiling poly1305_arm_asm.S
[1088/1358] Compiling forkunsafe.cc
[1089/1358] Compiling fork_detect.cc
[1090/1358] Compiling deterministic.cc
[1091/1358] Compiling poly1305_vec.cc
[1092/1358] Compiling pool.cc
[1093/1358] Compiling poly1305_arm.cc
[1094/1358] Compiling poly1305.cc
[1095/1358] Compiling p5_pbev2.cc
[1096/1358] Compiling pkcs8.cc
[1097/1358] Compiling pkcs8_x509.cc
[1098/1358] Compiling pkcs7_x509.cc
[1099/1358] Compiling pkcs7.cc
[1100/1358] Compiling pem_xaux.cc
[1101/1358] Compiling pem_x509.cc
[1102/1358] Compiling pem_pkey.cc
[1103/1358] Compiling pem_pk8.cc
[1104/1358] Compiling pem_oth.cc
[1105/1358] Compiling mlkem.cc
[1106/1358] Compiling pem_info.cc
[1107/1358] Compiling pem_lib.cc
[1108/1358] Compiling obj_xref.cc
[1109/1358] Compiling pem_all.cc
[1110/1358] Compiling obj.cc
[1111/1358] Compiling poly_rq_mul.S
[1112/1358] Compiling mldsa.cc
[1113/1358] Compiling mem.cc
[1114/1358] Compiling fips_shared_support.cc
[1115/1358] Compiling lhash.cc
[1116/1358] Compiling md5.cc
[1117/1358] Compiling md4.cc
[1118/1358] Compiling kyber.cc
[1119/1358] Compiling fuzzer_mode.cc
[1120/1358] Compiling ex_data.cc
[1121/1358] Compiling hrss.cc
[1121/1358] Compiling hpke.cc
[1123/1358] Compiling scrypt.cc
[1124/1358] Compiling pbkdf.cc
[1125/1358] Compiling print.cc
[1126/1358] Compiling sign.cc
[1127/1358] Compiling p_x25519_asn1.cc
[1128/1358] Compiling p_x25519.cc
[1129/1358] Compiling p_rsa_asn1.cc
[1130/1358] Compiling p_rsa.cc
[1131/1358] Compiling p_hkdf.cc
[1132/1358] Compiling p_ed25519.cc
[1133/1358] Compiling p_ed25519_asn1.cc
[1134/1358] Compiling p_ec_asn1.cc
[1135/1358] Compiling p_ec.cc
[1136/1358] Compiling p_dsa_asn1.cc
[1137/1358] Compiling p_dh_asn1.cc
[1138/1358] Compiling evp_ctx.cc
[1139/1358] Compiling p_dh.cc
[1140/1358] Compiling evp_asn1.cc
[1141/1358] Compiling err.cc
[1142/1358] Compiling engine.cc
[1143/1358] Compiling ecdsa_p1363.cc
[1144/1358] Compiling evp.cc
[1145/1358] Compiling ecdh.cc
[1146/1358] Compiling ecdsa_asn1.cc
[1147/1358] Compiling ec_derive.cc
[1148/1358] Compiling hash_to_curve.cc
[1149/1358] Compiling dsa.cc
[1150/1358] Compiling ec_asn1.cc
[1151/1358] Compiling dsa_asn1.cc
[1152/1358] Compiling params.cc
[1153/1358] Compiling digest_extra.cc
[1154/1358] Compiling x25519-asm-arm.S
[1155/1358] Compiling des.cc
[1156/1358] Compiling curve25519_64_adx.cc
[1157/1358] Compiling cpu_intel.cc
[1158/1358] Compiling crypto.cc
[1159/1358] Compiling spake25519.cc
[1159/1358] Compiling dh_asn1.cc
[1161/1358] Compiling curve25519.cc
[1162/1358] Compiling cpu_arm_linux.cc
[1163/1358] Compiling cpu_aarch64_win.cc
[1164/1358] Compiling cpu_arm_freebsd.cc
[1165/1358] Compiling cpu_aarch64_sysreg.cc
[1166/1358] Compiling cpu_aarch64_linux.cc
[1167/1358] Compiling cpu_aarch64_openbsd.cc
[1168/1358] Compiling cpu_aarch64_fuchsia.cc
[1169/1358] Compiling cpu_aarch64_apple.cc
[1170/1358] Compiling conf.cc
[1171/1358] Compiling get_cipher.cc
[1172/1358] Compiling tls_cbc.cc
[1173/1358] Compiling e_tls.cc
[1174/1358] Compiling e_rc4.cc
[1175/1358] Compiling cms.cc
[1176/1358] Compiling e_null.cc
[1177/1358] Compiling e_rc2.cc
[1178/1358] Compiling e_des.cc
[1179/1358] Compiling e_chacha20poly1305.cc
[1180/1358] Compiling e_aesgcmsiv.cc
[1181/1358] Compiling derive_key.cc
[1182/1358] Compiling e_aeseax.cc
[1183/1358] Compiling e_aesctrhmac.cc
[1184/1358] Compiling chacha.cc
[1185/1358] Compiling unicode.cc
[1186/1358] Compiling sqrt.cc
[1187/1358] Compiling ber.cc
[1188/1358] Compiling buf.cc
[1189/1358] Compiling cbs.cc
[1190/1358] Compiling cbb.cc
[1191/1358] Compiling asn1_compat.cc
[1192/1358] Compiling div.cc
[1193/1358] Compiling exponentiation.cc
[1194/1358] Compiling blake2.cc
[1195/1358] Compiling printf.cc
[1196/1358] Compiling convert.cc
[1197/1358] Compiling pair.cc
[1198/1358] Compiling bn_asn1.cc
[1199/1358] Compiling hexdump.cc
[1200/1358] Compiling file.cc
[1201/1358] Compiling fd.cc
[1202/1358] Compiling errno.cc
[1203/1358] Compiling bio_mem.cc
[1204/1358] Compiling base64.cc
[1205/1358] Compiling bio.cc
[1206/1358] Compiling tasn_typ.cc
[1207/1358] Compiling tasn_fre.cc
[1208/1358] Compiling tasn_enc.cc
[1209/1358] Compiling tasn_utl.cc
[1210/1358] Compiling posix_time.cc
[1211/1358] Compiling tasn_new.cc
[1212/1358] Compiling tasn_dec.cc
[1213/1358] Compiling f_string.cc
[1214/1358] Compiling f_int.cc
[1215/1358] Compiling asn_pack.cc
[1215/1358] Compiling asn1_par.cc
[1217/1358] Compiling asn1_lib.cc
[1218/1358] Compiling a_utctm.cc
[1219/1358] Compiling a_octet.cc
[1220/1358] Compiling a_type.cc
[1221/1358] Compiling bcm.cc
[1222/1358] Compiling a_time.cc
[1223/1358] Compiling a_strnid.cc
[1224/1358] Compiling a_strex.cc
[1225/1358] Compiling a_i2d_fp.cc
[1226/1358] Compiling a_mbstr.cc
[1227/1358] Compiling a_object.cc
[1228/1358] Compiling a_dup.cc
[1229/1358] Write sources
[1232/1358] Compiling CAsyncHTTPClient CAsyncHTTPClient.c
[1233/1358] Compiling a_d2i_fp.cc
[1234/1401] Compiling a_gentm.cc
[1235/1401] Compiling a_int.cc
[1236/1401] Compiling a_bool.cc
[1238/1401] Compiling Algorithms Partition.swift
[1239/1401] Compiling Algorithms Permutations.swift
[1239/1403] Compiling aes.cc
[1241/1403] Compiling Algorithms Indexed.swift
[1242/1403] Compiling Algorithms Intersperse.swift
[1243/1403] Compiling Algorithms Chunked.swift
[1244/1403] Compiling Algorithms Combinations.swift
[1245/1403] Compiling Algorithms FlattenCollection.swift
[1246/1403] Compiling Algorithms Grouped.swift
[1247/1403] Compiling Algorithms MinMax.swift
[1248/1403] Compiling Algorithms AdjacentPairs.swift
[1249/1403] Compiling Algorithms Chain.swift
[1250/1403] Compiling Atomics IntegerOperations.swift
[1251/1403] Compiling Atomics Unmanaged extensions.swift
[1251/1403] Compiling a_bitstr.cc
[1254/1411] Compiling Algorithms Reductions.swift
[1255/1411] Compiling Algorithms Rotate.swift
[1256/1411] Compiling Algorithms Split.swift
[1257/1411] Compiling Algorithms Stride.swift
[1258/1411] Compiling Algorithms Suffix.swift
[1259/1414] Compiling Algorithms Joined.swift
[1260/1414] Compiling Algorithms Keyed.swift
[1262/1414] Compiling Algorithms Compacted.swift
[1263/1414] Compiling Algorithms Cycle.swift
[1264/1414] Compiling Algorithms EitherSequence.swift
[1265/1414] Compiling Algorithms FirstNonNil.swift
[1277/1414] Compiling Algorithms Trim.swift
[1278/1414] Compiling Algorithms Unique.swift
[1279/1414] Compiling Algorithms Windows.swift
[1280/1414] Compiling CryptoBoringWrapper RandomBytes.swift
[1281/1414] Compiling CryptoBoringWrapper CryptoKitErrors_boring.swift
[1282/1414] Emitting module CryptoBoringWrapper
[1283/1414] Compiling CryptoBoringWrapper EllipticCurve.swift
[1284/1414] Emitting module Atomics
[1292/1415] Compiling CryptoBoringWrapper FiniteFieldArithmeticContext.swift
[1292/1415] Wrapping AST for Atomics for debugging
[1294/1479] Emitting module Algorithms
[1296/1480] Compiling CryptoBoringWrapper ArbitraryPrecisionInteger.swift
[1297/1480] Compiling CryptoBoringWrapper EllipticCurvePoint.swift
[1298/1480] Compiling CryptoBoringWrapper BoringSSLAEAD.swift
[1299/1481] Wrapping AST for Algorithms for debugging
[1300/1481] Wrapping AST for CryptoBoringWrapper for debugging
[1302/1565] Compiling Crypto SEC1PrivateKey.swift
[1303/1565] Compiling Crypto SubjectPublicKeyInfo.swift
[1304/1565] Compiling Crypto CryptoError_boring.swift
[1305/1565] Compiling Crypto AES-GCM.swift
[1306/1565] Compiling Crypto AES-GCM_boring.swift
[1307/1565] Compiling Crypto ChaChaPoly_boring.swift
[1308/1565] Compiling Crypto ChaChaPoly.swift
[1309/1565] Compiling Crypto Cipher.swift
[1310/1565] Compiling Crypto Nonces.swift
[1311/1573] Compiling Crypto HKDF.swift
[1312/1573] Compiling Crypto AESWrap.swift
[1313/1573] Compiling Crypto AESWrap_boring.swift
[1314/1573] Compiling Crypto Ed25519_boring.swift
[1315/1573] Compiling Crypto NISTCurvesKeys_boring.swift
[1316/1573] Compiling Crypto X25519Keys_boring.swift
[1317/1573] Compiling Crypto Curve25519.swift
[1318/1573] Compiling Crypto Ed25519Keys.swift
[1319/1573] Compiling Crypto NISTCurvesKeys.swift
[1320/1573] Compiling Crypto X25519Keys.swift
[1321/1573] Compiling Crypto SymmetricKeys.swift
[1322/1573] Compiling Crypto HMAC.swift
[1323/1584] Compiling Crypto ASN1Null.swift
[1324/1584] Compiling Crypto ASN1OctetString.swift
[1325/1584] Compiling Crypto ASN1Strings.swift
[1326/1584] Compiling Crypto ArraySliceBigint.swift
[1327/1584] Compiling Crypto GeneralizedTime.swift
[1328/1584] Compiling Crypto ObjectIdentifier.swift
[1329/1584] Compiling Crypto ECDSASignature.swift
[1330/1584] Compiling Crypto PEMDocument.swift
[1331/1584] Compiling Crypto PKCS8PrivateKey.swift
[1335/1584] Emitting module Crypto
[1342/1584] Compiling Crypto ASN1.swift
[1343/1584] Compiling Crypto ASN1Any.swift
[1344/1584] Compiling Crypto ASN1BitString.swift
[1345/1584] Compiling Crypto ASN1Boolean.swift
[1346/1584] Compiling Crypto ASN1Identifier.swift
[1347/1584] Compiling Crypto ASN1Integer.swift
[1357/1584] Compiling Crypto MLKEM.swift
[1358/1584] Compiling Crypto XWing.swift
[1359/1584] Compiling Crypto ECDH_boring.swift
[1360/1584] Compiling Crypto DH.swift
[1361/1584] Compiling Crypto ECDH.swift
[1362/1584] Compiling Crypto ANSIx963.swift
[1363/1584] Compiling Crypto MACFunctions.swift
[1364/1584] Compiling Crypto MessageAuthenticationCode.swift
[1365/1584] Compiling Crypto AES.swift
[1369/1584] Compiling NIOCore SingleStepByteToMessageDecoder.swift
[1370/1584] Compiling NIOCore SocketAddresses.swift
[1371/1584] Compiling NIOCore SocketOptionProvider.swift
[1372/1584] Compiling NIOCore SystemCallHelpers.swift
[1373/1584] Compiling NIOCore TimeAmount+Duration.swift
[1374/1584] Compiling NIOCore TypeAssistedChannelHandler.swift
[1375/1584] Compiling NIOCore UniversalBootstrapSupport.swift
[1376/1584] Compiling NIOCore Utilities.swift
[1377/1584] Compiling Crypto Signature.swift
[1378/1584] Compiling Crypto CryptoKitErrors_boring.swift
[1379/1584] Compiling Crypto Optional+withUnsafeBytes_boring.swift
[1380/1584] Compiling Crypto RNG_boring.swift
[1381/1584] Compiling Crypto SafeCompare_boring.swift
[1382/1584] Compiling Crypto Zeroization_boring.swift
[1383/1584] Compiling Crypto _CryptoModuleAnchor.swift
[1384/1584] Compiling Crypto PrettyBytes.swift
[1385/1584] Compiling Crypto SafeCompare.swift
[1386/1584] Compiling Crypto SecureBytes.swift
[1387/1584] Compiling Crypto Zeroization.swift
[1388/1584] Compiling Crypto CryptoKitErrors.swift
[1389/1584] Compiling Crypto Digest_boring.swift
[1390/1584] Compiling Crypto Digest.swift
[1391/1584] Compiling Crypto Digests.swift
[1392/1584] Compiling Crypto HashFunctions.swift
[1393/1584] Compiling Crypto HashFunctions_SHA2.swift
[1394/1584] Compiling Crypto HashFunctions_SHA3.swift
[1395/1584] Compiling Crypto Digest_xkcp.swift
[1396/1584] Compiling Crypto HPKE-AEAD.swift
[1397/1584] Compiling Crypto HPKE-Ciphersuite.swift
[1398/1584] Compiling Crypto HPKE-KDF.swift
[1399/1584] Compiling Crypto HPKE-KexKeyDerivation.swift
[1400/1584] Compiling Crypto Insecure_HashFunctions.swift
[1401/1584] Compiling Crypto MLKEM_boring.swift
[1402/1584] Compiling Crypto MLKEM_wrapper.swift
[1403/1584] Compiling Crypto XWing_boring.swift
[1404/1584] Compiling Crypto KEM-Errors.swift
[1405/1584] Compiling Crypto KEM.swift
[1412/1584] Compiling Crypto HPKE-LabeledExtract.swift
[1413/1584] Compiling Crypto HPKE-Utils.swift
[1414/1584] Compiling Crypto DHKEM.swift
[1415/1584] Compiling Crypto HPKE-KEM-Curve25519.swift
[1416/1584] Compiling Crypto HPKE-NIST-EC-KEMs.swift
[1417/1584] Compiling Crypto HPKE-KEM.swift
[1418/1584] Compiling Crypto HPKE-Errors.swift
[1419/1584] Compiling Crypto HPKE.swift
[1420/1584] Compiling Crypto HPKE-Context.swift
[1421/1584] Compiling Crypto HPKE-KeySchedule.swift
[1422/1584] Compiling Crypto HPKE-Modes.swift
[1423/1584] Compiling Crypto Insecure.swift
[1424/1585] Wrapping AST for Crypto for debugging
[1434/1647] Emitting module CryptoExtras
[1435/1655] Compiling CryptoExtras ARCServer.swift
[1436/1655] Compiling CryptoExtras ChaCha20CTR_boring.swift
[1437/1655] Compiling CryptoExtras ChaCha20CTR.swift
[1438/1655] Compiling CryptoExtras BoringSSLSHA512256Context.swift
[1439/1655] Compiling CryptoExtras BoringSSLSHA512256HashFunction.swift
[1440/1655] Compiling CryptoExtras SHA512256.swift
[1441/1655] Compiling CryptoExtras SHA512256Digest.swift
[1442/1655] Compiling CryptoExtras Curve25519+PEM.swift
[1443/1655] Compiling CryptoExtras ObjectIdentifier.swift
[1444/1655] Compiling CryptoExtras AES_CBC.swift
[1445/1655] Compiling CryptoExtras AES_CFB.swift
[1446/1655] Compiling CryptoExtras AES_CTR.swift
[1447/1655] Compiling CryptoExtras AES_GCM_SIV.swift
[1448/1655] Compiling CryptoExtras Block Function.swift
[1449/1655] Compiling CryptoExtras AES_CBC_boring.swift
[1450/1655] Compiling CryptoExtras AES_CFB_boring.swift
[1451/1655] Compiling CryptoExtras AES_CTR_boring.swift
[1452/1655] Compiling CryptoExtras AES_GCM_SIV_boring.swift
[1453/1655] Compiling CryptoExtras ThreadOps.swift
[1454/1655] Compiling CryptoExtras ThreadPosix.swift
[1455/1655] Compiling CryptoExtras ThreadSpecific.swift
[1456/1655] Compiling CryptoExtras ThreadWindows.swift
[1457/1655] Compiling CryptoExtras DLEQ.swift
[1458/1655] Compiling CryptoExtras Prover.swift
[1459/1655] Compiling CryptoExtras Verifier.swift
[1460/1655] Compiling CryptoExtras ZKPToolbox.swift
[1461/1655] Compiling CryptoExtras PBKDF2.swift
[1462/1655] Compiling CryptoExtras Scrypt_boring.swift
[1463/1655] Compiling CryptoExtras Scrypt.swift
[1464/1655] Compiling CryptoExtras OPRF.swift
[1465/1655] Compiling CryptoExtras OPRFClient.swift
[1466/1655] Compiling CryptoExtras OPRFServer.swift
[1467/1655] Compiling CryptoExtras VOPRF+API.swift
[1468/1655] Compiling CryptoExtras VOPRFClient.swift
[1469/1655] Compiling CryptoExtras VOPRFServer.swift
[1470/1655] Compiling CryptoExtras Data+Extensions.swift
[1471/1655] Compiling CryptoExtras DigestType.swift
[1472/1655] Compiling CryptoExtras Error.swift
[1473/1655] Compiling CryptoExtras I2OSP.swift
[1474/1655] Compiling CryptoExtras IntegerEncoding.swift
[1475/1655] Compiling CryptoExtras PEMDocument.swift
[1476/1655] Compiling CryptoExtras PrettyBytes.swift
[1477/1655] Compiling CryptoExtras SubjectPublicKeyInfo.swift
[1478/1655] Compiling CryptoExtras PKCS8DERRepresentation.swift
[1479/1655] Compiling CryptoExtras PKCS8PrivateKey.swift
[1480/1655] Compiling CryptoExtras RFC8410AlgorithmIdentifier.swift
[1481/1655] Compiling CryptoExtras ECToolbox_boring.swift
[1482/1655] Compiling CryptoExtras ECToolbox.swift
[1483/1655] Compiling CryptoExtras HashToField.swift
[1484/1655] Compiling CryptoExtras KDF.swift
[1485/1655] Compiling CryptoExtras PBKDF2_boring.swift
[1486/1655] Compiling CryptoExtras PBKDF2_commoncrypto.swift
[1487/1655] Compiling CryptoExtras BoringSSLPassphraseCallbackManager.swift
[1488/1655] Compiling CryptoExtras RSA+BlindSigning.swift
[1489/1655] Compiling CryptoExtras RSA.swift
[1490/1655] Compiling CryptoExtras RSA_boring.swift
[1491/1655] Compiling CryptoExtras Reexport.swift
[1492/1655] Compiling CryptoExtras Zeroization_boring.swift
[1493/1655] Compiling CryptoExtras BoringSSLHelpers.swift
[1494/1655] Compiling CryptoExtras CryptoKitErrors_boring.swift
[1495/1655] Compiling CryptoExtras CMAC.swift
[1496/1655] Compiling CryptoExtras ARC+API.swift
[1497/1655] Compiling CryptoExtras ARC.swift
[1498/1655] Compiling CryptoExtras ARCCredential.swift
[1499/1655] Compiling CryptoExtras ARCEncoding.swift
[1500/1655] Compiling CryptoExtras ARCPrecredential.swift
[1501/1655] Compiling CryptoExtras ARCPresentation.swift
[1502/1655] Compiling CryptoExtras ARCRequest.swift
[1503/1655] Compiling CryptoExtras ARCResponse.swift
[1504/1656] Wrapping AST for CryptoExtras for debugging
[1506/1658] Compiling _CryptoExtras Exports.swift
[1507/1658] Emitting module _CryptoExtras
[1508/1659] Wrapping AST for _CryptoExtras for debugging
[1510/1754] Compiling X509 OCSPResponseBytes.swift
[1511/1754] Compiling X509 OCSPResponseData.swift
[1512/1754] Compiling X509 OCSPResponseStatus.swift
[1513/1754] Compiling X509 OCSPSignature.swift
[1514/1754] Compiling X509 OCSPSingleRequest.swift
[1515/1754] Compiling X509 OCSPSingleResponse.swift
[1516/1754] Compiling X509 OCSPTBSRequest.swift
[1517/1754] Compiling X509 OCSPVersion.swift
[1518/1754] Compiling X509 PKCS8PrivateKey.swift
[1519/1754] Emitting module NIOCore
[1520/1754] Compiling X509 IPConstraints.swift
[1521/1754] Compiling X509 NameConstraintsPolicy.swift
[1522/1754] Compiling X509 RFC5280Policy.swift
[1523/1754] Compiling X509 URIConstraints.swift
[1524/1754] Compiling X509 VersionPolicy.swift
[1525/1754] Compiling X509 ServerIdentityPolicy.swift
[1526/1754] Compiling X509 TrustRootLoading.swift
[1527/1754] Compiling X509 UnverifiedChain.swift
[1528/1754] Compiling X509 CMSIssuerAndSerialNumber.swift
[1529/1754] Compiling X509 CMSOperations.swift
[1530/1754] Compiling X509 CMSSignature.swift
[1531/1754] Compiling X509 CMSSignedData.swift
[1532/1754] Compiling X509 CMSSignerIdentifier.swift
[1533/1754] Compiling X509 CMSSignerInfo.swift
[1534/1754] Compiling X509 CMSVersion.swift
[1535/1754] Compiling X509 Curve25519+DER.swift
[1536/1754] Compiling X509 CustomPrivateKey.swift
[1537/1754] Compiling X509 Digests.swift
[1538/1754] Compiling X509 DistinguishedName.swift
[1539/1754] Compiling X509 CommonName.swift
[1540/1754] Compiling X509 CountryName.swift
[1541/1754] Compiling X509 DNBuilder.swift
[1542/1754] Compiling X509 OCSPExtensionID.swift
[1543/1754] Compiling X509 OCSPNonce.swift
[1544/1754] Compiling X509 OCSPPolicy.swift
[1545/1754] Compiling X509 OCSPRequest.swift
[1546/1754] Compiling X509 OCSPResponse.swift
[1547/1761] Wrapping AST for NIOCore for debugging
[1549/1812] Compiling NIOFoundationEssentialsCompat Codable+ByteBuffer.swift
[1550/1812] Emitting module NIOEmbedded
[1551/1812] Compiling NIOEmbedded AsyncTestingChannel.swift
[1552/1812] Compiling NIOFoundationEssentialsCompat ByteBuffer-foundation.swift
[1553/1812] Emitting module NIOFoundationEssentialsCompat
[1554/1813] Wrapping AST for NIOFoundationEssentialsCompat for debugging
[1556/1813] Compiling NIOEmbedded AsyncTestingEventLoop.swift
[1557/1813] Compiling NIOEmbedded Embedded.swift
[1558/1814] Compiling X509 DomainComponent.swift
[1559/1814] Compiling X509 EmailAddress.swift
[1560/1814] Compiling X509 LocalityName.swift
[1561/1814] Compiling X509 OrganizationName.swift
[1562/1814] Compiling X509 OrganizationalUnitName.swift
[1563/1814] Compiling X509 StateOrProvinceName.swift
[1564/1814] Compiling X509 StreetAddress.swift
[1565/1814] Compiling X509 Error.swift
[1566/1814] Compiling X509 AuthorityInformationAccess.swift
[1567/1814] Compiling X509 AuthorityKeyIdentifier.swift
[1568/1814] Compiling X509 BasicConstraints.swift
[1569/1814] Compiling X509 ExtendedKeyUsage.swift
[1570/1814] Compiling X509 ExtensionIdentifiers.swift
[1571/1814] Compiling X509 KeyUsage.swift
[1572/1827] Wrapping AST for NIOEmbedded for debugging
[1575/1827] Compiling X509 PromiseAndFuture.swift
[1576/1827] Compiling X509 RDNAttribute.swift
[1577/1827] Compiling X509 RandomNumberGenerator+bytes.swift
[1578/1827] Compiling X509 RelativeDistinguishedName.swift
[1579/1827] Compiling X509 SEC1PrivateKey.swift
[1580/1827] Compiling X509 SecKeyWrapper.swift
[1581/1827] Compiling X509 Signature.swift
[1582/1827] Compiling X509 SignatureAlgorithm.swift
[1583/1827] Compiling X509 AllOfPolicies.swift
[1584/1827] Compiling X509 AnyPolicy.swift
[1585/1827] Compiling X509 CertificateStore.swift
[1586/1827] Compiling X509 CustomCertificateStore.swift
[1587/1827] Compiling NIOPosix BaseSocketChannel+SocketOptionProvider.swift
[1588/1827] Compiling NIOPosix BaseSocketChannel.swift
[1589/1827] Compiling NIOPosix HappyEyeballs.swift
[1590/1827] Compiling NIOPosix IO.swift
[1591/1827] Compiling NIOPosix IntegerBitPacking.swift
[1592/1827] Compiling NIOPosix IntegerTypes.swift
[1593/1827] Compiling NIOPosix Linux.swift
[1594/1827] Compiling NIOPosix LinuxCPUSet.swift
[1595/1827] Compiling NIOPosix LinuxUring.swift
[1596/1827] Compiling NIOPosix Selectable.swift
[1597/1827] Compiling NIOPosix SelectableChannel.swift
[1598/1827] Compiling NIOPosix SelectableEventLoop.swift
[1599/1827] Compiling NIOPosix SelectorEpoll.swift
[1600/1827] Compiling NIOPosix SelectorGeneric.swift
[1601/1827] Compiling NIOPosix Resolver.swift
[1602/1827] Compiling NIOPosix MultiThreadedEventLoopGroup.swift
[1603/1827] Compiling NIOPosix NIOPosixSendableMetatype.swift
[1604/1827] Compiling NIOPosix NIORandomizedDNSResolver.swift
[1605/1827] Compiling NIOPosix NIOThreadPool.swift
[1606/1827] Compiling NIOPosix NonBlockingFileIO.swift
[1607/1827] Compiling NIOPosix PendingDatagramWritesManager.swift
[1608/1827] Compiling NIOPosix PendingWritesManager.swift
[1609/1827] Compiling NIOPosix BSDSocketAPICommon.swift
[1610/1827] Compiling NIOPosix BSDSocketAPIPosix.swift
[1611/1827] Compiling NIOPosix BSDSocketAPIWindows.swift
[1612/1827] Compiling NIOPosix BaseSocket.swift
[1613/1827] Compiling NIOPosix BaseSocketChannel+AccessibleTransport.swift
[1614/1827] Compiling NIOPosix BaseStreamSocketChannel.swift
[1615/1827] Compiling NIOPosix Bootstrap.swift
[1616/1827] Compiling NIOPosix ControlMessage.swift
[1617/1827] Compiling NIOPosix DatagramVectorReadManager.swift
[1618/1827] Compiling NIOPosix Errors+Any.swift
[1619/1827] Compiling NIOPosix FileDescriptor.swift
[1620/1827] Compiling NIOPosix GetaddrinfoResolver.swift
[1621/1827] Compiling NIOPosix PipeChannel.swift
[1622/1827] Compiling NIOPosix PipePair.swift
[1623/1827] Compiling NIOPosix Pool.swift
[1624/1827] Compiling NIOPosix PosixSingletons+ConcurrencyTakeOver.swift
[1625/1827] Compiling NIOPosix PosixSingletons.swift
[1626/1827] Compiling NIOPosix RawSocketBootstrap.swift
[1627/1827] Compiling X509 CSRAttribute.swift
[1628/1827] Compiling X509 CSRAttributes.swift
[1629/1827] Compiling X509 CSRVersion.swift
[1630/1827] Compiling X509 CertificateSigningRequest.swift
[1631/1827] Compiling X509 CertificationRequestInfo.swift
[1632/1827] Compiling X509 ExtensionRequest.swift
[1633/1827] Compiling X509 Certificate.swift
[1634/1827] Compiling X509 CertificatePrivateKey.swift
[1635/1827] Compiling X509 CertificatePublicKey.swift
[1636/1827] Compiling X509 CertificateSerialNumber.swift
[1637/1827] Compiling X509 CertificateVersion.swift
[1638/1827] Compiling X509 CMSAttribute.swift
[1639/1827] Compiling X509 CMSContentInfo.swift
[1640/1827] Compiling X509 CMSEncapsulatedContentInfo.swift
[1641/1827] Compiling NIOPosix SelectorKqueue.swift
[1642/1827] Compiling NIOPosix SelectorUring.swift
[1643/1827] Compiling NIOPosix SelectorWSAPoll.swift
[1644/1827] Compiling NIOPosix ServerSocket.swift
[1645/1827] Compiling NIOPosix Socket.swift
[1646/1827] Compiling NIOPosix SocketChannel.swift
[1647/1827] Compiling NIOPosix SocketProtocols.swift
[1648/1827] Compiling NIOPosix StructuredConcurrencyHelpers.swift
[1649/1827] Compiling NIOPosix System.swift
[1682/1834] Compiling NIOPosix Thread.swift
[1683/1834] Compiling NIOPosix ThreadPosix.swift
[1684/1834] Compiling NIOPosix ThreadWindows.swift
[1685/1834] Compiling NIOPosix Utilities.swift
[1686/1834] Compiling NIOPosix VsockAddress.swift
[1687/1834] Compiling NIOPosix VsockChannelEvents.swift
[1688/1834] Compiling NIOPosix Windows.swift
[1703/1834] Emitting module NIOPosix
[1711/1835] Emitting module X509
[1712/1835] Wrapping AST for NIOPosix for debugging
[1714/1837] Compiling NIO Exports.swift
[1715/1837] Emitting module NIO
[1716/1847] Wrapping AST for NIO for debugging
[1718/1877] Compiling NIOTLS TLSEvents.swift
[1719/1877] Emitting module NIOFoundationCompat
[1720/1877] Compiling NIOFoundationCompat JSONSerialization+ByteBuffer.swift
[1721/1877] Compiling NIOFoundationCompat WaitSpinningRunLoop.swift
[1722/1877] Compiling NIOFoundationCompat Exports.swift
[1723/1877] Compiling NIOSOCKS SOCKSResponse.swift
[1724/1879] Compiling NIOSOCKS SelectedAuthenticationMethod.swift
[1725/1879] Compiling NIOSOCKS ClientStateMachine.swift
[1727/1879] Emitting module NIOSOCKS
[1728/1879] Compiling NIOTLS NIOTypedApplicationProtocolNegotiationHandler.swift
[1729/1879] Compiling NIOSOCKS SOCKSClientHandler.swift
[1730/1879] Compiling NIOSOCKS SOCKSServerHandshakeHandler.swift
[1730/1879] Wrapping AST for NIOFoundationCompat for debugging
[1732/1879] Compiling NIOSOCKS ServerStateMachine.swift
[1733/1879] Compiling NIOHTTP1 NIOHTTPClientUpgradeHandler.swift
[1734/1879] Compiling NIOHTTP1 NIOHTTPObjectAggregator.swift
[1735/1881] Compiling X509 ValidatedCertificateChain.swift
[1736/1881] Compiling X509 VerificationDiagnostic.swift
[1737/1881] Compiling X509 Verifier.swift
[1738/1881] Compiling X509 VerifierPolicy.swift
[1739/1881] Compiling X509 AlgorithmIdentifier.swift
[1740/1881] Compiling X509 ECDSASignature.swift
[1741/1881] Compiling X509 RSAPKCS1PublicKey.swift
[1742/1881] Compiling X509 SubjectPublicKeyInfo.swift
[1743/1881] Compiling X509 TBSCertificate.swift
[1744/1881] Compiling X509 Time.swift
[1745/1881] Compiling X509 TimeCalculations.swift
[1746/1881] Compiling X509 Validity.swift
[1747/1881] Compiling X509 X509SendableMetatype.swift
[1748/1882] Compiling NIOSOCKS Errors.swift
[1749/1882] Compiling NIOSOCKS Helpers.swift
[1750/1882] Compiling NIOSOCKS AuthenticationMethod.swift
[1751/1882] Compiling NIOSOCKS ClientGreeting.swift
[1752/1882] Compiling NIOSOCKS Messages.swift
[1753/1882] Compiling NIOSOCKS SOCKSRequest.swift
[1754/1883] Compiling NIOTLS ApplicationProtocolNegotiationHandler.swift
[1755/1883] Compiling NIOTLS ProtocolNegotiationHandlerStateMachine.swift
[1756/1883] Compiling NIOTLS SNIHandler.swift
[1757/1883] Emitting module NIOTLS
[1767/1884] Wrapping AST for NIOTLS for debugging
[1768/1884] Wrapping AST for NIOSOCKS for debugging
[1769/1914] Wrapping AST for X509 for debugging
[1771/1981] Compiling JWTKit ExpirationClaim.swift
[1772/1981] Compiling JWTKit GoogleHostedDomainClaim.swift
[1773/1981] Compiling JWTKit IDClaim.swift
[1774/1981] Compiling JWTKit IssuedAtClaim.swift
[1775/1981] Compiling JWTKit IssuerClaim.swift
[1776/1981] Compiling JWTKit JWTClaim.swift
[1777/1981] Compiling JWTKit ECDSAError.swift
[1778/1981] Compiling JWTKit ECDSAKeyTypes.swift
[1779/1981] Compiling JWTKit ECDSASigner.swift
[1780/1981] Emitting module NIOHTTP1
[1782/1982] Compiling JWTKit MLDSAType.swift
[1783/1982] Compiling JWTKit JWTKeyCollection+UnsecuredNone.swift
[1784/1982] Compiling JWTKit UnsecuredNoneSigner.swift
[1785/1982] Compiling JWTKit JWTKeyCollection+RSA.swift
[1786/1982] Compiling JWTKit RSA.swift
[1787/1982] Compiling JWTKit RSAError.swift
[1788/1982] Compiling JWTKit RSASigner.swift
[1789/1982] Compiling JWTKit Base64URL.swift
[1790/1982] Compiling JWTKit CryptoSigner.swift
[1791/1982] Compiling JWTKit JWTSerializer.swift
[1792/1982] Compiling JWTKit JWTSigner.swift
[1793/1982] Compiling JWTKit JWTKeyCollection+MLDSA.swift
[1794/1982] Compiling JWTKit MLDSA.swift
[1795/1982] Compiling JWTKit MLDSA65+MLDSAKey.swift
[1796/1982] Compiling JWTKit MLDSA87+MLDSAKey.swift
[1797/1982] Compiling JWTKit MLDSAError.swift
[1798/1982] Compiling JWTKit MLDSAKey.swift
[1799/1982] Compiling JWTKit MLDSASigner.swift
[1799/1991] Wrapping AST for NIOHTTP1 for debugging
[1801/2008] Emitting module JWTKit
[1802/2008] Compiling NIOHPACK DynamicHeaderTable.swift
[1803/2008] Compiling NIOHPACK HPACKDecoder.swift
[1804/2008] Compiling NIOHPACK HPACKEncoder.swift
[1805/2008] Compiling NIOHPACK HPACKErrors.swift
[1806/2008] Compiling NIOHPACK HPACKHeader.swift
[1807/2008] Compiling NIOHPACK HeaderTables.swift
[1808/2008] Compiling JWTKit ECDSACurveType.swift
[1812/2008] Compiling NIOHPACK IntegerCoding.swift
[1813/2009] Compiling NIOHTTPCompression HTTPRequestCompressor.swift
[1814/2009] Emitting module NIOHTTPCompression
[1815/2009] Compiling JWTKit HMAC.swift
[1816/2009] Compiling JWTKit HMACError.swift
[1817/2009] Compiling JWTKit HMACSigner.swift
[1818/2009] Compiling JWTKit JWTKeyCollection+HMAC.swift
[1819/2009] Compiling JWTKit Insecure.swift
[1820/2009] Compiling JWTKit JWK.swift
[1821/2009] Compiling JWTKit JWKIdentifier.swift
[1822/2009] Compiling JWTKit JWKS.swift
[1823/2009] Compiling JWTKit JWKSigner.swift
[1824/2009] Compiling NIOHPACK StaticHeaderTable.swift
[1825/2009] Emitting module NIOHPACK
[1826/2009] Compiling NIOHPACK IndexedHeaderTable.swift
[1827/2009] Compiling NIOHPACK HuffmanTables.swift
[1828/2009] Compiling NIOHPACK HuffmanCoding.swift
[1829/2009] Compiling NIOHTTPCompression HTTPResponseCompressor.swift
[1830/2009] Compiling NIOHTTPCompression HTTPDecompressor.swift
[1831/2009] Compiling JWTKit AudienceClaim.swift
[1832/2009] Compiling JWTKit BoolClaim.swift
[1839/2009] Compiling JWTKit JWTMultiValueClaim.swift
[1840/2009] Compiling JWTKit JWTUnixEpochClaim.swift
[1841/2009] Compiling JWTKit ECDSASigningAlgorithm.swift
[1842/2009] Compiling JWTKit JWTKeyCollection+ECDSA.swift
[1843/2009] Compiling JWTKit P256+CurveType.swift
[1844/2009] Compiling JWTKit P384+CurveType.swift
[1845/2009] Compiling JWTKit P521+CurveType.swift
[1846/2009] Compiling JWTKit EdDSA.swift
[1847/2009] Compiling JWTKit EdDSACurve.swift
[1848/2009] Compiling JWTKit EdDSAError.swift
[1849/2009] Compiling JWTKit EdDSASigner.swift
[1850/2009] Compiling JWTKit JWTKeyCollection+EdDSA.swift
[1851/2009] Compiling JWTKit JWTAlgorithm.swift
[1852/2009] Compiling JWTKit JWTError.swift
[1853/2009] Compiling JWTKit JWTHeader+CommonFields.swift
[1854/2009] Compiling JWTKit JWTHeader.swift
[1855/2009] Compiling JWTKit JWTHeaderField.swift
[1856/2009] Compiling JWTKit JWTKeyCollection.swift
[1857/2009] Compiling JWTKit JWTParser+MandatoryVerificationFields.swift
[1858/2009] Compiling JWTKit JWTParser.swift
[1859/2009] Compiling JWTKit JWTPayload.swift
[1860/2009] Compiling NIOHTTPCompression HTTPDecompression.swift
[1861/2009] Compiling NIOHTTPCompression HTTPCompression.swift
[1863/2010] Emitting module NIOSSL
[1863/2014] Wrapping AST for NIOHTTPCompression for debugging
[1871/2015] Wrapping AST for NIOHPACK for debugging
[1881/2071] Compiling NIOHTTP2 HasFlowControlWindows.swift
[1882/2071] Compiling NIOHTTP2 HasLocalSettings.swift
[1883/2071] Compiling NIOHTTP2 HasRemoteSettings.swift
[1884/2071] Compiling NIOHTTP2 LocallyQuiescingState.swift
[1885/2078] Compiling NIOHTTP2 HTTP2FrameEncoder.swift
[1886/2078] Compiling NIOHTTP2 ConnectionStateMachine.swift
[1887/2078] Compiling NIOHTTP2 ConnectionStreamsState.swift
[1888/2078] Compiling NIOHTTP2 MayReceiveFrames.swift
[1889/2078] Compiling JWTKit CustomizedJSONCoders.swift
[1890/2078] Compiling JWTKit Utilities.swift
[1891/2078] Compiling JWTKit AppleIdentityToken.swift
[1892/2078] Compiling JWTKit FirebaseAuthIdentityToken.swift
[1893/2078] Compiling JWTKit GoogleIdentityToken.swift
[1894/2078] Compiling JWTKit MicrosoftIdentityToken.swift
[1895/2078] Compiling JWTKit EmptyPolicy.swift
[1896/2078] Compiling JWTKit ValidationTimePayload.swift
[1897/2078] Compiling JWTKit X5CVerifier.swift
[1898/2079] Wrapping AST for JWTKit for debugging
[1900/2079] Compiling NIOHTTP2 HTTP2Error.swift
[1901/2079] Compiling NIOHTTP2 HTTP2ErrorCode.swift
[1902/2079] Compiling NIOHTTP2 HTTP2FlowControlWindow.swift
[1903/2079] Compiling NIOHTTP2 HTTP2Frame.swift
[1904/2079] Compiling NIOHTTP2 HTTP2ChannelHandler+InlineStreamMultiplexer.swift
[1905/2079] Compiling NIOHTTP2 HTTP2ChannelHandler.swift
[1906/2079] Compiling NIOHTTP2 HTTP2CommonInboundStreamMultiplexer.swift
[1907/2079] Compiling NIOHTTP2 HTTP2ConnectionStateChange.swift
[1908/2079] Compiling NIOHTTP2 QuiescingState.swift
[1909/2079] Compiling NIOHTTP2 RemotelyQuiescingState.swift
[1910/2079] Compiling NIOHTTP2 SendAndReceiveGoawayState.swift
[1911/2079] Compiling NIOHTTP2 StateMachineResult.swift
[1912/2079] Compiling NIOHTTP2 ContentLengthVerifier.swift
[1922/2087] Compiling NIOHTTP2 HTTP2PipelineHelpers.swift
[1923/2087] Compiling NIOHTTP2 HTTP2Settings.swift
[1924/2087] Compiling NIOHTTP2 HTTP2Stream.swift
[1925/2087] Compiling NIOHTTP2 HTTP2StreamChannel+OutboundStreamMultiplexer.swift
[1926/2088] Wrapping AST for NIOSSL for debugging
[1928/2088] Compiling NIOHTTP2 HTTP2StreamMultiplexer.swift
[1929/2088] Compiling NIOHTTP2 HTTP2ToHTTP1Codec.swift
[1930/2088] Compiling NIOHTTP2 HTTP2UserEvents.swift
[1931/2088] Compiling NIOHTTP2 InboundEventBuffer.swift
[1932/2088] Compiling NIOHTTP2 InboundWindowManager.swift
[1933/2088] Compiling NIOHTTP2 MultiplexerAbstractChannel.swift
[1934/2088] Compiling NIOHTTP2 NIOHTTP2FrameDelegate.swift
[1935/2088] Compiling NIOHTTP2 NIOHTTP2ServerConnectionManagementHandler+StateMachine.swift
[1936/2088] Compiling NIOHTTP2 NIOHTTP2ServerConnectionManagementHandler.swift
[1937/2088] Compiling NIOHTTP2 StreamChannelFlowController.swift
[1938/2088] Compiling NIOHTTP2 StreamChannelList.swift
[1939/2088] Compiling NIOHTTP2 StreamMap.swift
[1940/2088] Compiling NIOHTTP2 StreamStateMachine.swift
[1941/2088] Compiling NIOHTTP2 Timer.swift
[1942/2088] Compiling NIOHTTP2 UnsafeTransfer.swift
[1943/2088] Compiling NIOHTTP2 WatermarkedFlowController.swift
[1944/2088] Emitting module NIOHTTP2
[1945/2088] Compiling NIOHTTP2 HTTP2FrameParser.swift
[1946/2088] Compiling NIOHTTP2 HTTP2PingData.swift
[1951/2088] Compiling NIOHTTP2 HTTP2StreamChannel.swift
[1952/2088] Compiling NIOHTTP2 HTTP2StreamDelegate.swift
[1953/2088] Compiling NIOHTTP2 HTTP2StreamID.swift
[1954/2088] Compiling NIOHTTP2 DOSHeuristics.swift
[1955/2088] Compiling NIOHTTP2 Error+Any.swift
[1956/2088] Compiling NIOHTTP2 ConcurrentStreamBuffer.swift
[1957/2088] Compiling NIOHTTP2 ControlFrameBuffer.swift
[1958/2088] Compiling NIOHTTP2 OutboundFlowControlBuffer.swift
[1959/2088] Compiling NIOHTTP2 OutboundFrameBuffer.swift
[1960/2088] Compiling NIOHTTP2 GlitchesMonitor.swift
[1961/2088] Compiling NIOHTTP2 HPACKHeaders+Validation.swift
[1962/2088] Compiling NIOHTTP2 HTTP2ChannelHandler+InboundStreamMultiplexer.swift
[1963/2088] Compiling NIOHTTP2 MaySendFrames.swift
[1964/2088] Compiling NIOHTTP2 SendingDataState.swift
[1965/2088] Compiling NIOHTTP2 SendingGoawayState.swift
[1966/2088] Compiling NIOHTTP2 SendingHeadersState.swift
[1967/2088] Compiling NIOHTTP2 SendingPushPromiseState.swift
[1968/2088] Compiling NIOHTTP2 SendingRstStreamState.swift
[1969/2088] Compiling NIOHTTP2 SendingWindowUpdateState.swift
[1970/2088] Compiling NIOHTTP2 HTTP2SettingsState.swift
[1971/2088] Compiling NIOHTTP2 HasExtendedConnectSettings.swift
[1984/2088] Compiling NIOHTTP2 ReceivingDataState.swift
[1985/2088] Compiling NIOHTTP2 ReceivingGoAwayState.swift
[1986/2088] Compiling NIOHTTP2 ReceivingHeadersState.swift
[1987/2088] Compiling NIOHTTP2 ReceivingPushPromiseState.swift
[1988/2088] Compiling NIOHTTP2 ReceivingRstStreamState.swift
[1989/2088] Compiling NIOHTTP2 ReceivingWindowUpdateState.swift
[1990/2089] Wrapping AST for NIOHTTP2 for debugging
[1992/2153] Compiling AsyncHTTPClient AnyAsyncSequence.swift
[1993/2153] Compiling AsyncHTTPClient AnyAsyncSequenceProucerDelete.swift
[1994/2153] Compiling AsyncHTTPClient AsyncLazySequence.swift
[1995/2153] Compiling AsyncHTTPClient HTTPClient+execute.swift
[1996/2153] Compiling AsyncHTTPClient HTTPClient+shutdown.swift
[1997/2153] Compiling AsyncHTTPClient HTTPClient+tracing.swift
[1998/2153] Compiling AsyncHTTPClient HTTPClientRequest+Prepared.swift
[1999/2153] Compiling AsyncHTTPClient HTTPClientRequest+auth.swift
[2000/2153] Compiling AsyncHTTPClient HTTPClientRequest.swift
[2001/2161] Emitting module AsyncHTTPClient
[2002/2161] Compiling AsyncHTTPClient HTTPClientResponse.swift
[2003/2161] Compiling AsyncHTTPClient SingleIteratorPrecondition.swift
[2004/2161] Compiling AsyncHTTPClient Transaction+StateMachine.swift
[2005/2161] Compiling AsyncHTTPClient Transaction.swift
[2006/2161] Compiling AsyncHTTPClient Base64.swift
[2007/2161] Compiling AsyncHTTPClient BasicAuth.swift
[2008/2161] Compiling AsyncHTTPClient BestEffortHashableTLSConfiguration.swift
[2009/2161] Compiling AsyncHTTPClient Configuration+BrowserLike.swift
[2010/2161] Compiling AsyncHTTPClient ConnectionPool.swift
[2011/2161] Compiling AsyncHTTPClient RequestValidation.swift
[2012/2161] Compiling AsyncHTTPClient SSLContextCache.swift
[2013/2161] Compiling AsyncHTTPClient Scheme.swift
[2014/2161] Compiling AsyncHTTPClient Singleton.swift
[2015/2161] Compiling AsyncHTTPClient StringConvertibleInstances.swift
[2016/2161] Compiling AsyncHTTPClient StructuredConcurrencyHelpers.swift
[2017/2161] Compiling AsyncHTTPClient TracingSupport.swift
[2018/2161] Compiling AsyncHTTPClient Utils.swift
[2019/2161] Compiling AsyncHTTPClient HTTPConnectionEvent.swift
[2020/2161] Compiling AsyncHTTPClient HTTPConnectionPool+Factory.swift
[2021/2161] Compiling AsyncHTTPClient HTTPConnectionPool+Manager.swift
[2022/2161] Compiling AsyncHTTPClient HTTPConnectionPool.swift
[2023/2161] Compiling AsyncHTTPClient HTTPExecutableRequest.swift
[2024/2161] Compiling AsyncHTTPClient HTTPRequestStateMachine+Demand.swift
[2025/2161] Compiling AsyncHTTPClient HTTPRequestStateMachine.swift
[2026/2161] Compiling AsyncHTTPClient RequestBodyLength.swift
[2027/2161] Compiling AsyncHTTPClient RequestFramingMetadata.swift
[2028/2161] Compiling AsyncHTTPClient RequestOptions.swift
[2029/2161] Compiling AsyncHTTPClient HTTPConnectionPool+Backoff.swift
[2030/2161] Compiling AsyncHTTPClient HTTPConnectionPool+HTTP1Connections.swift
[2031/2161] Compiling AsyncHTTPClient HTTPConnectionPool+HTTP1StateMachine.swift
[2032/2161] Compiling AsyncHTTPClient HTTPConnectionPool+HTTP2Connections.swift
[2033/2161] Compiling AsyncHTTPClient HTTPConnectionPool+HTTP2StateMachine.swift
[2034/2161] Compiling AsyncHTTPClient HTTPConnectionPool+RequestQueue.swift
[2035/2161] Compiling AsyncHTTPClient HTTPConnectionPool+StateMachine.swift
[2036/2161] Compiling AsyncHTTPClient ConnectionTarget.swift
[2037/2161] Compiling AsyncHTTPClient LRUCache.swift
[2038/2161] Compiling AsyncHTTPClient NIOLoopBound+Execute.swift
[2039/2161] Compiling AsyncHTTPClient NWErrorHandler.swift
[2040/2161] Compiling AsyncHTTPClient NWWaitingHandler.swift
[2041/2161] Compiling AsyncHTTPClient TLSConfiguration.swift
[2042/2161] Compiling AsyncHTTPClient RedirectState.swift
[2043/2161] Compiling AsyncHTTPClient RequestBag+StateMachine.swift
[2044/2161] Compiling AsyncHTTPClient RequestBag+Tracing.swift
[2045/2161] Compiling AsyncHTTPClient RequestBag.swift
[2046/2161] Compiling AsyncHTTPClient DeconstructedURL.swift
[2047/2161] Compiling AsyncHTTPClient FileDownloadDelegate.swift
[2048/2161] Compiling AsyncHTTPClient FoundationExtensions.swift
[2049/2161] Compiling AsyncHTTPClient HTTPClient+HTTPCookie.swift
[2050/2161] Compiling AsyncHTTPClient HTTPClient+Proxy.swift
[2051/2161] Compiling AsyncHTTPClient HTTPClient+StructuredConcurrency.swift
[2052/2161] Compiling AsyncHTTPClient HTTPClient.swift
[2053/2161] Compiling AsyncHTTPClient HTTPClientConfiguration+SwiftConfiguration.swift
[2054/2161] Compiling AsyncHTTPClient HTTPHandler.swift
[2055/2161] Compiling AsyncHTTPClient HTTP1ProxyConnectHandler.swift
[2056/2161] Compiling AsyncHTTPClient SOCKSEventsHandler.swift
[2057/2161] Compiling AsyncHTTPClient TLSEventsHandler.swift
[2058/2161] Compiling AsyncHTTPClient HTTP1ClientChannelHandler.swift
[2059/2161] Compiling AsyncHTTPClient HTTP1Connection.swift
[2060/2161] Compiling AsyncHTTPClient HTTP1ConnectionStateMachine.swift
[2061/2161] Compiling AsyncHTTPClient HTTP2ClientRequestHandler.swift
[2062/2161] Compiling AsyncHTTPClient HTTP2Connection.swift
[2063/2161] Compiling AsyncHTTPClient HTTP2IdleHandler.swift
[2064/2162] Wrapping AST for AsyncHTTPClient for debugging
[2066/2185] Emitting module GoogleAuth
[2067/2188] Compiling GoogleAuth ADC.swift
[2068/2188] Compiling GoogleAuth ADCPath.swift
[2069/2188] Compiling GoogleAuth ADCResolver.swift
[2070/2188] Compiling GoogleAuth AuthHeaders.swift
[2071/2188] Compiling GoogleAuth AnonymousCredentials.swift
[2072/2188] Compiling GoogleAuth ApiKeyCredentials.swift
[2073/2188] Compiling GoogleAuth ExternalAccountCredentials.swift
[2074/2188] Compiling GoogleAuth CredentialParserRegistry.swift
[2075/2188] Compiling GoogleAuth Credentials.swift
[2076/2188] Compiling GoogleAuth CredentialsError.swift
[2077/2188] Compiling GoogleAuth SubjectTokenProvider.swift
[2078/2188] Compiling GoogleAuth MDSAccessTokenProvider.swift
[2079/2188] Compiling GoogleAuth MDSCredentials.swift
[2080/2188] Compiling GoogleAuth UserAccountData.swift
[2081/2188] Compiling GoogleAuth UserAccountTokenProvider.swift
[2082/2188] Compiling GoogleAuth UserCredentials.swift
[2083/2188] Compiling GoogleAuth ServiceAccountCredentials.swift
[2084/2188] Compiling GoogleAuth ServiceAccountData.swift
[2085/2188] Compiling GoogleAuth ServiceAccountTokenProvider.swift
[2086/2188] Compiling GoogleAuth AuthHTTPClient.swift
[2087/2188] Compiling GoogleAuth AuthHTTPError.swift
[2088/2188] Compiling GoogleAuth RetryEngine.swift
[2089/2188] Compiling GoogleAuth STSHandler.swift
[2090/2188] Compiling GoogleAuth TokenCache.swift
[2091/2188] Compiling GoogleAuth PackageVersion.swift
[2092/2189] Wrapping AST for GoogleAuth for debugging
[2094/2247] Compiling GoogleGax AIP194+PollingErrorPolicy.swift
[2095/2247] Compiling GoogleGax AIP194+RetryPolicy.swift
[2096/2247] Compiling GoogleGax AIP194.swift
[2097/2247] Compiling GoogleGax AdaptiveThrottler.swift
[2098/2247] Compiling GoogleGax AlwaysPoll.swift
[2099/2247] Compiling GoogleGax AlwaysRetry.swift
[2100/2247] Compiling GoogleGax ApiClientHeader.swift
[2101/2247] Compiling GoogleGax BackoffPolicy.swift
[2102/2247] Compiling GoogleGax BasePollingErrorPolicy.swift
[2103/2255] Emitting module GoogleGax
[2104/2255] Compiling GoogleGax ContinueOnIO.swift
[2105/2255] Compiling GoogleGax CredentialsProtocol.swift
[2106/2255] Compiling GoogleGax ErrorWrapper.swift
[2107/2255] Compiling GoogleGax ExponentialBackoff+BackoffPolicy.swift
[2108/2255] Compiling GoogleGax ExponentialBackoff+PollingBackoffPolicy.swift
[2109/2255] Compiling GoogleGax ExponentialBackoff.swift
[2110/2255] Compiling GoogleGax HTTPClient.swift
[2111/2255] Compiling GoogleGax HTTPClientHolder.swift
[2112/2255] Compiling GoogleGax LimitedAttemptCount+PollingErrorPolicy.swift
[2113/2255] Compiling GoogleGax LimitedAttemptCount+RetryPolicy.swift
[2114/2255] Compiling GoogleGax LimitedAttemptCount.swift
[2115/2255] Compiling GoogleGax LimitedElapsedTime+PollingErrorPolicy.swift
[2116/2255] Compiling GoogleGax LimitedElapsedTime+RetryPolicy.swift
[2117/2255] Compiling GoogleGax LimitedElapsedTime.swift
[2118/2255] Compiling GoogleGax LongRunningOperations.swift
[2119/2255] Compiling GoogleGax NeverRetry.swift
[2120/2255] Compiling GoogleGax HTTPClientProtocol.swift
[2121/2255] Compiling GoogleGax HTTPClientRequest.swift
[2122/2255] Compiling GoogleGax HTTPClientResponse.swift
[2123/2255] Compiling GoogleGax HTTPHeaders.swift
[2124/2255] Compiling GoogleGax HTTPResponseBody.swift
[2125/2255] Compiling GoogleGax HeaderNames.swift
[2126/2255] Compiling GoogleGax Host.swift
[2127/2255] Compiling GoogleGax InProgressResult.swift
[2128/2255] Compiling GoogleGax RequestOptions.swift
[2129/2255] Compiling GoogleGax RetryLoop.swift
[2130/2255] Compiling GoogleGax RetryPolicy.swift
[2131/2255] Compiling GoogleGax RetryResult.swift
[2132/2255] Compiling GoogleGax RetryState.swift
[2133/2255] Compiling GoogleGax RetryThrottler.swift
[2134/2255] Compiling GoogleGax RetryThrottlerError.swift
[2135/2255] Compiling GoogleGax RoutingMatcher.swift
[2136/2255] Compiling GoogleGax BaseRetryPolicy.swift
[2137/2255] Compiling GoogleGax BindingError.swift
[2138/2255] Compiling GoogleGax CRC32C.swift
[2139/2255] Compiling GoogleGax CircuitBreaker.swift
[2140/2255] Compiling GoogleGax ClientError.swift
[2141/2255] Compiling GoogleGax ClientOptions.swift
[2142/2255] Compiling GoogleGax ContinueOnIO+PollingErrorPolicy.swift
[2143/2255] Compiling GoogleGax ContinueOnIO+RetryPolicy.swift
[2144/2255] Compiling GoogleGax Pagination.swift
/host/spi-builder-workspace/.build/checkouts/swift-google-gax/Sources/GoogleGax/Pagination.swift:44:22: error: cannot convert '@Sendable (String) async throws -> (response: ResponseType, items: [Item], nextToken: String)' to 'nonisolated(nonsending) @Sendable (String) async throws -> (response: ResponseType, items: [Item], nextToken: String)' because crossing of an isolation boundary requires parameter and result types to conform to 'Sendable' protocol
 42 |   ) where ResponseType: _PaginatedResponse<Item> {
 43 |     self.initialPageToken = initialPageToken ?? ""
 44 |     self.fetchPage = { token in
    |                      |- error: cannot convert '@Sendable (String) async throws -> (response: ResponseType, items: [Item], nextToken: String)' to 'nonisolated(nonsending) @Sendable (String) async throws -> (response: ResponseType, items: [Item], nextToken: String)' because crossing of an isolation boundary requires parameter and result types to conform to 'Sendable' protocol
    |                      `- note: type 'Item' does not conform to 'Sendable' protocol
 45 |       let response = try await listRpc(token)
 46 |       return (response, response._getPaginatedItems(), response._nextPageToken())
[2145/2255] Compiling GoogleGax PollingBackoffPolicy.swift
/host/spi-builder-workspace/.build/checkouts/swift-google-gax/Sources/GoogleGax/Pagination.swift:44:22: error: cannot convert '@Sendable (String) async throws -> (response: ResponseType, items: [Item], nextToken: String)' to 'nonisolated(nonsending) @Sendable (String) async throws -> (response: ResponseType, items: [Item], nextToken: String)' because crossing of an isolation boundary requires parameter and result types to conform to 'Sendable' protocol
 42 |   ) where ResponseType: _PaginatedResponse<Item> {
 43 |     self.initialPageToken = initialPageToken ?? ""
 44 |     self.fetchPage = { token in
    |                      |- error: cannot convert '@Sendable (String) async throws -> (response: ResponseType, items: [Item], nextToken: String)' to 'nonisolated(nonsending) @Sendable (String) async throws -> (response: ResponseType, items: [Item], nextToken: String)' because crossing of an isolation boundary requires parameter and result types to conform to 'Sendable' protocol
    |                      `- note: type 'Item' does not conform to 'Sendable' protocol
 45 |       let response = try await listRpc(token)
 46 |       return (response, response._getPaginatedItems(), response._nextPageToken())
[2146/2255] Compiling GoogleGax PollingErrorPolicy.swift
/host/spi-builder-workspace/.build/checkouts/swift-google-gax/Sources/GoogleGax/Pagination.swift:44:22: error: cannot convert '@Sendable (String) async throws -> (response: ResponseType, items: [Item], nextToken: String)' to 'nonisolated(nonsending) @Sendable (String) async throws -> (response: ResponseType, items: [Item], nextToken: String)' because crossing of an isolation boundary requires parameter and result types to conform to 'Sendable' protocol
 42 |   ) where ResponseType: _PaginatedResponse<Item> {
 43 |     self.initialPageToken = initialPageToken ?? ""
 44 |     self.fetchPage = { token in
    |                      |- error: cannot convert '@Sendable (String) async throws -> (response: ResponseType, items: [Item], nextToken: String)' to 'nonisolated(nonsending) @Sendable (String) async throws -> (response: ResponseType, items: [Item], nextToken: String)' because crossing of an isolation boundary requires parameter and result types to conform to 'Sendable' protocol
    |                      `- note: type 'Item' does not conform to 'Sendable' protocol
 45 |       let response = try await listRpc(token)
 46 |       return (response, response._getPaginatedItems(), response._nextPageToken())
[2147/2255] Compiling GoogleGax PollingResult.swift
/host/spi-builder-workspace/.build/checkouts/swift-google-gax/Sources/GoogleGax/Pagination.swift:44:22: error: cannot convert '@Sendable (String) async throws -> (response: ResponseType, items: [Item], nextToken: String)' to 'nonisolated(nonsending) @Sendable (String) async throws -> (response: ResponseType, items: [Item], nextToken: String)' because crossing of an isolation boundary requires parameter and result types to conform to 'Sendable' protocol
 42 |   ) where ResponseType: _PaginatedResponse<Item> {
 43 |     self.initialPageToken = initialPageToken ?? ""
 44 |     self.fetchPage = { token in
    |                      |- error: cannot convert '@Sendable (String) async throws -> (response: ResponseType, items: [Item], nextToken: String)' to 'nonisolated(nonsending) @Sendable (String) async throws -> (response: ResponseType, items: [Item], nextToken: String)' because crossing of an isolation boundary requires parameter and result types to conform to 'Sendable' protocol
    |                      `- note: type 'Item' does not conform to 'Sendable' protocol
 45 |       let response = try await listRpc(token)
 46 |       return (response, response._getPaginatedItems(), response._nextPageToken())
[2148/2255] Compiling GoogleGax PollingState.swift
/host/spi-builder-workspace/.build/checkouts/swift-google-gax/Sources/GoogleGax/Pagination.swift:44:22: error: cannot convert '@Sendable (String) async throws -> (response: ResponseType, items: [Item], nextToken: String)' to 'nonisolated(nonsending) @Sendable (String) async throws -> (response: ResponseType, items: [Item], nextToken: String)' because crossing of an isolation boundary requires parameter and result types to conform to 'Sendable' protocol
 42 |   ) where ResponseType: _PaginatedResponse<Item> {
 43 |     self.initialPageToken = initialPageToken ?? ""
 44 |     self.fetchPage = { token in
    |                      |- error: cannot convert '@Sendable (String) async throws -> (response: ResponseType, items: [Item], nextToken: String)' to 'nonisolated(nonsending) @Sendable (String) async throws -> (response: ResponseType, items: [Item], nextToken: String)' because crossing of an isolation boundary requires parameter and result types to conform to 'Sendable' protocol
    |                      `- note: type 'Item' does not conform to 'Sendable' protocol
 45 |       let response = try await listRpc(token)
 46 |       return (response, response._getPaginatedItems(), response._nextPageToken())
[2149/2255] Compiling GoogleGax ProtobufConversionError.swift
/host/spi-builder-workspace/.build/checkouts/swift-google-gax/Sources/GoogleGax/Pagination.swift:44:22: error: cannot convert '@Sendable (String) async throws -> (response: ResponseType, items: [Item], nextToken: String)' to 'nonisolated(nonsending) @Sendable (String) async throws -> (response: ResponseType, items: [Item], nextToken: String)' because crossing of an isolation boundary requires parameter and result types to conform to 'Sendable' protocol
 42 |   ) where ResponseType: _PaginatedResponse<Item> {
 43 |     self.initialPageToken = initialPageToken ?? ""
 44 |     self.fetchPage = { token in
    |                      |- error: cannot convert '@Sendable (String) async throws -> (response: ResponseType, items: [Item], nextToken: String)' to 'nonisolated(nonsending) @Sendable (String) async throws -> (response: ResponseType, items: [Item], nextToken: String)' because crossing of an isolation boundary requires parameter and result types to conform to 'Sendable' protocol
    |                      `- note: type 'Item' does not conform to 'Sendable' protocol
 45 |       let response = try await listRpc(token)
 46 |       return (response, response._getPaginatedItems(), response._nextPageToken())
[2150/2255] Compiling GoogleGax QueryParameter.swift
/host/spi-builder-workspace/.build/checkouts/swift-google-gax/Sources/GoogleGax/Pagination.swift:44:22: error: cannot convert '@Sendable (String) async throws -> (response: ResponseType, items: [Item], nextToken: String)' to 'nonisolated(nonsending) @Sendable (String) async throws -> (response: ResponseType, items: [Item], nextToken: String)' because crossing of an isolation boundary requires parameter and result types to conform to 'Sendable' protocol
 42 |   ) where ResponseType: _PaginatedResponse<Item> {
 43 |     self.initialPageToken = initialPageToken ?? ""
 44 |     self.fetchPage = { token in
    |                      |- error: cannot convert '@Sendable (String) async throws -> (response: ResponseType, items: [Item], nextToken: String)' to 'nonisolated(nonsending) @Sendable (String) async throws -> (response: ResponseType, items: [Item], nextToken: String)' because crossing of an isolation boundary requires parameter and result types to conform to 'Sendable' protocol
    |                      `- note: type 'Item' does not conform to 'Sendable' protocol
 45 |       let response = try await listRpc(token)
 46 |       return (response, response._getPaginatedItems(), response._nextPageToken())
[2151/2255] Compiling GoogleGax RequestError.swift
/host/spi-builder-workspace/.build/checkouts/swift-google-gax/Sources/GoogleGax/Pagination.swift:44:22: error: cannot convert '@Sendable (String) async throws -> (response: ResponseType, items: [Item], nextToken: String)' to 'nonisolated(nonsending) @Sendable (String) async throws -> (response: ResponseType, items: [Item], nextToken: String)' because crossing of an isolation boundary requires parameter and result types to conform to 'Sendable' protocol
 42 |   ) where ResponseType: _PaginatedResponse<Item> {
 43 |     self.initialPageToken = initialPageToken ?? ""
 44 |     self.fetchPage = { token in
    |                      |- error: cannot convert '@Sendable (String) async throws -> (response: ResponseType, items: [Item], nextToken: String)' to 'nonisolated(nonsending) @Sendable (String) async throws -> (response: ResponseType, items: [Item], nextToken: String)' because crossing of an isolation boundary requires parameter and result types to conform to 'Sendable' protocol
    |                      `- note: type 'Item' does not conform to 'Sendable' protocol
 45 |       let response = try await listRpc(token)
 46 |       return (response, response._getPaginatedItems(), response._nextPageToken())
[2152/2255] Compiling GoogleGax ServiceError.swift
[2153/2255] Compiling GoogleGax StatusDetail.swift
[2154/2255] Compiling GoogleGax StrictIdempotency.swift
[2155/2255] Compiling GoogleGax ThrottleResult.swift
[2156/2255] Compiling GoogleGax TooManyRequests+PollingErrorPolicy.swift
[2157/2255] Compiling GoogleGax TooManyRequests+RetryPolicy.swift
[2158/2255] Compiling GoogleGax TooManyRequests.swift
[2159/2255] Compiling GoogleGax PackageVersion.swift
BUILD FAILURE 6.2 android