The Swift Package Index logo.Swift Package Index

Build Information

Failed to build Regulate, reference main (3dbaf3), with Swift 6.4 for Wasm on 18 Sep 2026 22:04:10 UTC.

Build Command

bash -c docker run --pull=always --rm -v "checkouts-54344843-1":/host -w "$PWD" -e JAVA_HOME="/root/.sdkman/candidates/java/current" -e SPI_BUILD="1" -e SPI_PROCESSING="1" registry.gitlab.com/saguaro1/spi-images:wasm-6.4-latest swift build --swift-sdk swift-6.4.x-DEVELOPMENT-SNAPSHOT-2026-09-04-a_wasm 2>&1

Build Log

========================================
RunAll
========================================
Builder version: 5.1.0
Interrupt handler set up.
========================================
Checkout
========================================
Clone URL: https://github.com/sideeffect-io/Regulate.git
Reference: main
Initialized empty Git repository in /host/spi-builder-workspace/.git/
hint: Using 'master' as the name for the initial branch. This default branch name
hint: is subject to change. To configure the initial branch name to use in all
hint: of your new repositories, which will suppress this warning, call:
hint:
hint: 	git config --global init.defaultBranch <name>
hint:
hint: Names commonly chosen instead of 'master' are 'main', 'trunk' and
hint: 'development'. The just-created branch can be renamed via this command:
hint:
hint: 	git branch -m <name>
From https://github.com/sideeffect-io/Regulate
 * branch            main       -> FETCH_HEAD
 * [new branch]      main       -> origin/main
HEAD is now at 3dbaf34 Merge pull request #1 from sideeffect-io/feature/task-extensions
Cloned https://github.com/sideeffect-io/Regulate.git
Revision (git rev-parse @):
3dbaf34cf489792e9b944be5a3aaa31e20ff5b03
SUCCESS checkout https://github.com/sideeffect-io/Regulate.git at main
========================================
Build
========================================
Selected platform:         wasm
Swift version:             6.4
Building package at path:  $PWD
https://github.com/sideeffect-io/Regulate.git
Running build ...
bash -c docker run --pull=always --rm -v "checkouts-54344843-1":/host -w "$PWD" -e JAVA_HOME="/root/.sdkman/candidates/java/current" -e SPI_BUILD="1" -e SPI_PROCESSING="1" registry.gitlab.com/saguaro1/spi-images:wasm-6.4-latest swift build --swift-sdk swift-6.4.x-DEVELOPMENT-SNAPSHOT-2026-09-04-a_wasm 2>&1
wasm-6.4-latest: Pulling from saguaro1/spi-images
Digest: sha256:4328fdb43c680d205c1d6761b1e3267aa38277eefdda9ddfb17b6a0f1a77857a
Status: Image is up to date for registry.gitlab.com/saguaro1/spi-images:wasm-6.4-latest
Building for debugging...
[Planning deferred tasks]
[26 / 34] Regulate
error: SwiftCompile normal wasm32 failed with a nonzero exit code. Command line:     cd /host

/host/spi-builder-workspace/Sources/Regulator.swift:10:46: error: cannot find type 'ObservableObject' in scope
 8 | import Foundation
 9 |
10 | public protocol Regulator<Value>: AnyObject, ObservableObject {
   |                                              `- error: cannot find type 'ObservableObject' in scope
11 |   associatedtype Value
12 |   init()
/host/spi-builder-workspace/Sources/Debouncer.swift:17:14: error: cannot find type 'DispatchTimeInterval' in scope
 15 |   /// - Returns: the debounced regulator
 16 |   static func debounce(
 17 |     dueTime: DispatchTimeInterval,
    |              `- error: cannot find type 'DispatchTimeInterval' in scope
 18 |     output: @Sendable @escaping (Success) async -> Void
 19 |   ) -> some Regulator<Success> {
/host/spi-builder-workspace/Sources/Debouncer.swift:41:18: error: cannot find type 'DispatchTime' in scope
 39 |   struct DueValue {
 40 |     let value: Value
 41 |     let dueTime: DispatchTime
    |                  `- error: cannot find type 'DispatchTime' in scope
 42 |   }
 43 |
/host/spi-builder-workspace/Sources/Debouncer.swift:83:23: error: cannot find type 'DispatchTimeInterval' in scope
 81 |
 82 |   public var output: (@Sendable (Value) async -> Void)?
 83 |   public var dueTime: DispatchTimeInterval
    |                       `- error: cannot find type 'DispatchTimeInterval' in scope
 84 |
 85 |   private let lock: os_unfair_lock_t = UnsafeMutablePointer<os_unfair_lock_s>.allocate(capacity: 1)
/host/spi-builder-workspace/Sources/Debouncer.swift:85:21: error: cannot find type 'os_unfair_lock_t' in scope
 83 |   public var dueTime: DispatchTimeInterval
 84 |
 85 |   private let lock: os_unfair_lock_t = UnsafeMutablePointer<os_unfair_lock_s>.allocate(capacity: 1)
    |                     `- error: cannot find type 'os_unfair_lock_t' in scope
 86 |   private var stateMachine = StateMachine()
 87 |   private var task: Task<Void, Never>?
/host/spi-builder-workspace/Sources/Debouncer.swift:85:61: error: cannot find type 'os_unfair_lock_s' in scope
 83 |   public var dueTime: DispatchTimeInterval
 84 |
 85 |   private let lock: os_unfair_lock_t = UnsafeMutablePointer<os_unfair_lock_s>.allocate(capacity: 1)
    |                                                             `- error: cannot find type 'os_unfair_lock_s' in scope
 86 |   private var stateMachine = StateMachine()
 87 |   private var task: Task<Void, Never>?
/host/spi-builder-workspace/Sources/Debouncer.swift:98:14: error: cannot find type 'DispatchTimeInterval' in scope
 96 |   ///   - output: the block to execute once the regulation is done
 97 |   public init(
 98 |     dueTime: DispatchTimeInterval,
    |              `- error: cannot find type 'DispatchTimeInterval' in scope
 99 |     output: (@Sendable (Value) async -> Void)? = nil
100 |   ) {
/host/spi-builder-workspace/Sources/Debouncer.swift:38:59: error: cannot find type 'ObservableObject' in scope
 36 | /// // will only print "99" 2 seconds after the last call to `push(_:)`
 37 | /// ```
 38 | public final class Debouncer<Value>: @unchecked Sendable, ObservableObject, Regulator {
    |                                                           `- error: cannot find type 'ObservableObject' in scope
 39 |   struct DueValue {
 40 |     let value: Value
/host/spi-builder-workspace/Sources/Regulator.swift:16:16: error: cannot find type 'DispatchTimeInterval' in scope
14 |   func cancel()
15 |   var output: (@Sendable (Value) async -> Void)? { get set }
16 |   var dueTime: DispatchTimeInterval { get set }
   |                `- error: cannot find type 'DispatchTimeInterval' in scope
17 | }
18 |
/host/spi-builder-workspace/Sources/Supporting/DispatchTimeInterval+Nanoseconds.swift:10:11: error: cannot find type 'DispatchTimeInterval' in scope
 8 | import Foundation
 9 |
10 | extension DispatchTimeInterval {
   |           `- error: cannot find type 'DispatchTimeInterval' in scope
11 |   var nanoseconds: UInt64 {
12 |     switch self {
/host/spi-builder-workspace/Sources/Throttler.swift:18:14: error: cannot find type 'DispatchTimeInterval' in scope
 16 |   /// - Returns: the throttled regulator
 17 |   static func throttle(
 18 |     dueTime: DispatchTimeInterval,
    |              `- error: cannot find type 'DispatchTimeInterval' in scope
 19 |     latest: Bool = true,
 20 |     output: @Sendable @escaping (Success) async -> Void
/host/spi-builder-workspace/Sources/Throttler.swift:88:23: error: cannot find type 'DispatchTimeInterval' in scope
 86 |
 87 |   public var output: (@Sendable (Value) async -> Void)?
 88 |   public var dueTime: DispatchTimeInterval
    |                       `- error: cannot find type 'DispatchTimeInterval' in scope
 89 |
 90 |   private let latest: Bool
/host/spi-builder-workspace/Sources/Throttler.swift:91:21: error: cannot find type 'os_unfair_lock_t' in scope
 89 |
 90 |   private let latest: Bool
 91 |   private let lock: os_unfair_lock_t = UnsafeMutablePointer<os_unfair_lock_s>.allocate(capacity: 1)
    |                     `- error: cannot find type 'os_unfair_lock_t' in scope
 92 |   private var stateMachine = StateMachine()
 93 |   private var task: Task<Void, Never>?
/host/spi-builder-workspace/Sources/Throttler.swift:91:61: error: cannot find type 'os_unfair_lock_s' in scope
 89 |
 90 |   private let latest: Bool
 91 |   private let lock: os_unfair_lock_t = UnsafeMutablePointer<os_unfair_lock_s>.allocate(capacity: 1)
    |                                                             `- error: cannot find type 'os_unfair_lock_s' in scope
 92 |   private var stateMachine = StateMachine()
 93 |   private var task: Task<Void, Never>?
/host/spi-builder-workspace/Sources/Throttler.swift:105:14: error: cannot find type 'DispatchTimeInterval' in scope
103 |   ///   - output: the block to execute once the regulation is done
104 |   public init(
105 |     dueTime: DispatchTimeInterval,
    |              `- error: cannot find type 'DispatchTimeInterval' in scope
106 |     latest: Bool = true,
107 |     output: (@Sendable (Value) async -> Void)? = nil
/host/spi-builder-workspace/Sources/Throttler.swift:40:59: error: cannot find type 'ObservableObject' in scope
 38 | /// // will only print an index once every 2 seconds (the latest received index before the `tick`)
 39 | /// ```
 40 | public final class Throttler<Value>: @unchecked Sendable, ObservableObject, Regulator {
    |                                                           `- error: cannot find type 'ObservableObject' in scope
 41 |   struct StateMachine {
 42 |     enum State {
Failed frontend command:
/usr/bin/swift-frontend -frontend -emit-module -experimental-skip-non-inlinable-function-bodies-without-types /host/spi-builder-workspace/Sources/Debouncer.swift /host/spi-builder-workspace/Sources/Regulator.swift /host/spi-builder-workspace/Sources/Supporting/DispatchTimeInterval+Nanoseconds.swift /host/spi-builder-workspace/Sources/SwiftUI/Binding+Regulate.swift /host/spi-builder-workspace/Sources/SwiftUI/Button+Regulated.swift /host/spi-builder-workspace/Sources/SwiftUI/RegulatedButtonStyle.swift /host/spi-builder-workspace/Sources/Throttler.swift -target wasm32-unknown-wasip1 -disable-objc-interop -sdk /root/.swiftpm/swift-sdks/swift-6.4.x-DEVELOPMENT-SNAPSHOT-2026-09-04-a_wasm.artifactbundle/swift-6.4.x-DEVELOPMENT-SNAPSHOT-2026-09-04-a_wasm/wasm32-unknown-wasip1/WASI.sdk -sysroot /root/.swiftpm/swift-sdks/swift-6.4.x-DEVELOPMENT-SNAPSHOT-2026-09-04-a_wasm.artifactbundle/swift-6.4.x-DEVELOPMENT-SNAPSHOT-2026-09-04-a_wasm/wasm32-unknown-wasip1/WASI.sdk -I /host/spi-builder-workspace/.build/out/Products/Debug-webassembly-wasm32 -module-cache-path /host/spi-builder-workspace/.build/out/ModuleCache.noindex -color-diagnostics -Xcc -fcolor-diagnostics -enable-testing -g -debug-info-format\=dwarf -dwarf-version\=4 -swift-version 5 -Onone -D SWIFT_PACKAGE -D DEBUG -D SWIFT_MODULE_RESOURCE_BUNDLE_UNAVAILABLE -D Xcode -serialize-debugging-options -enable-experimental-feature DebugDescriptionMacro -empty-abi-descriptor -external-plugin-path /usr/lib/swift/host/plugins/testing\#/usr/bin/swift-plugin-server -validate-clang-modules-once -clang-build-session-file /host/spi-builder-workspace/.build/out/ModuleCache.noindex/Session.modulevalidation -Xcc -working-directory -Xcc /host -resource-dir /root/.swiftpm/swift-sdks/swift-6.4.x-DEVELOPMENT-SNAPSHOT-2026-09-04-a_wasm.artifactbundle/swift-6.4.x-DEVELOPMENT-SNAPSHOT-2026-09-04-a_wasm/wasm32-unknown-wasip1/swift.xctoolchain/usr/lib/swift_static -use-static-resource-dir -enable-anonymous-context-mangled-names -file-compilation-dir /host -Xcc -resource-dir -Xcc /root/.swiftpm/swift-sdks/swift-6.4.x-DEVELOPMENT-SNAPSHOT-2026-09-04-a_wasm.artifactbundle/swift-6.4.x-DEVELOPMENT-SNAPSHOT-2026-09-04-a_wasm/wasm32-unknown-wasip1/swift.xctoolchain/usr/lib/swift_static/clang -Xcc -D_LIBCPP_HARDENING_MODE\=_LIBCPP_HARDENING_MODE_DEBUG -Xcc -fmodules-prune-interval\=86400 -Xcc -fmodules-prune-after\=345600 -Xcc -I/host/spi-builder-workspace/.build/out/Products/Debug-webassembly-wasm32/include -Xcc -I/host/spi-builder-workspace/.build/out/Intermediates.noindex/Regulate.build/Debug-webassembly-wasm32/Regulate-t.build/DerivedSources-normal/wasm32 -Xcc -I/host/spi-builder-workspace/.build/out/Intermediates.noindex/Regulate.build/Debug-webassembly-wasm32/Regulate-t.build/DerivedSources/wasm32 -Xcc -I/host/spi-builder-workspace/.build/out/Intermediates.noindex/Regulate.build/Debug-webassembly-wasm32/Regulate-t.build/DerivedSources -Xcc -DSWIFT_PACKAGE -Xcc -DDEBUG\=1 -no-auto-bridging-header-chaining -module-name Regulate -const-gather-protocols-file /host/spi-builder-workspace/.build/out/Intermediates.noindex/Regulate.build/Debug-webassembly-wasm32/Regulate-t.build/Objects-normal/wasm32/Regulate_const_extract_protocols.json -in-process-plugin-server-path /usr/lib/swift/host/libSwiftInProcPluginServer.so -plugin-path /usr/lib/swift/host/plugins -plugin-path /usr/local/lib/swift/host/plugins -emit-module-doc-path /host/spi-builder-workspace/.build/out/Intermediates.noindex/Regulate.build/Debug-webassembly-wasm32/Regulate-t.build/Objects-normal/wasm32/Modules/Regulate.swiftdoc -emit-module-source-info-path /host/spi-builder-workspace/.build/out/Intermediates.noindex/Regulate.build/Debug-webassembly-wasm32/Regulate-t.build/Objects-normal/wasm32/Modules/Regulate.swiftsourceinfo -emit-objc-header-path /host/spi-builder-workspace/.build/out/Intermediates.noindex/Regulate.build/Debug-webassembly-wasm32/Regulate-t.build/Objects-normal/wasm32/Regulate-Swift.h -serialize-diagnostics-path /host/spi-builder-workspace/.build/out/Intermediates.noindex/Regulate.build/Debug-webassembly-wasm32/Regulate-t.build/Objects-normal/wasm32/Regulate-primary-emit-module.dia -emit-dependencies-path /host/spi-builder-workspace/.build/out/Intermediates.noindex/Regulate.build/Debug-webassembly-wasm32/Regulate-t.build/Objects-normal/wasm32/Regulate-primary-emit-module.d -parse-as-library -o /host/spi-builder-workspace/.build/out/Intermediates.noindex/Regulate.build/Debug-webassembly-wasm32/Regulate-t.build/Objects-normal/wasm32/Modules/Regulate.swiftmodule
error: Build failed
BUILD FAILURE 6.4 wasm