Build Information
Failed to build GLMap, reference master (ba0d87), with Swift 6.1 for Wasm on 24 Oct 2026 16:30:19 UTC.
Build Command
bash -c docker run --pull=always --rm -v "checkouts-54344849-0":/host -w "$PWD" -e JAVA_HOME="/root/.sdkman/candidates/java/current" -e SPI_BUILD="1" -e SPI_PROCESSING="1" registry.gitlab.com/saguaro1/spi-images:wasm-6.1-latest swift build --swift-sdk wasm32-unknown-wasi 2>&1Build Log
========================================
RunAll
========================================
Builder version: 5.1.3
Interrupt handler set up.
========================================
Checkout
========================================
Clone URL: https://github.com/GLMap/GLMapSwift.git
Reference: master
Initialized empty Git repository in /host/spi-builder-workspace/.git/
hint: Using 'master' as the name for the initial branch. This default branch name
hint: is subject to change. To configure the initial branch name to use in all
hint: of your new repositories, which will suppress this warning, call:
hint:
hint: git config --global init.defaultBranch <name>
hint:
hint: Names commonly chosen instead of 'master' are 'main', 'trunk' and
hint: 'development'. The just-created branch can be renamed via this command:
hint:
hint: git branch -m <name>
From https://github.com/GLMap/GLMapSwift
* branch master -> FETCH_HEAD
* [new branch] master -> origin/master
HEAD is now at ba0d875 Release 2.3.0
Cloned https://github.com/GLMap/GLMapSwift.git
Revision (git rev-parse @):
ba0d8750524c5efd3e0d29780f2d0ca3597f6c84
SUCCESS checkout https://github.com/GLMap/GLMapSwift.git at master
========================================
Build
========================================
Selected platform: wasm
Swift version: 6.1
Building package at path: $PWD
https://github.com/GLMap/GLMapSwift.git
https://github.com/GLMap/GLMapSwift.git
WARNING: environment variable SUPPRESS_SWIFT_6_FLAGS is not set
Running build ...
bash -c docker run --pull=always --rm -v "checkouts-54344849-0":/host -w "$PWD" -e JAVA_HOME="/root/.sdkman/candidates/java/current" -e SPI_BUILD="1" -e SPI_PROCESSING="1" registry.gitlab.com/saguaro1/spi-images:wasm-6.1-latest swift build --swift-sdk wasm32-unknown-wasi -Xswiftc -Xfrontend -Xswiftc -stats-output-dir -Xswiftc -Xfrontend -Xswiftc .stats -Xswiftc -strict-concurrency=complete -Xswiftc -enable-upcoming-feature -Xswiftc StrictConcurrency -Xswiftc -enable-upcoming-feature -Xswiftc DisableOutwardActorInference -Xswiftc -enable-upcoming-feature -Xswiftc GlobalActorIsolatedTypesUsability -Xswiftc -enable-upcoming-feature -Xswiftc InferSendableFromCaptures 2>&1
wasm-6.1-latest: Pulling from saguaro1/spi-images
Digest: sha256:f257c9b8465670613eb336f6def351d681b1d395aebdb231a45bac980c1f9d3c
Status: Image is up to date for registry.gitlab.com/saguaro1/spi-images:wasm-6.1-latest
Downloading binary artifact https://globus.software/download/GLMapCore-2.3.0.zip
Downloading binary artifact https://globus.software/download/GLSearch-2.3.0.zip
Downloading binary artifact https://globus.software/download/GLRoute-2.3.0.zip
Downloading binary artifact https://globus.software/download/GLMap-2.3.0.zip
[4098/239742513] Downloading https://globus.software/download/GLRoute-2.3.0.zip
[19113/341827101] Downloading https://globus.software/download/GLRoute-2.3.0.zip, https://globus.software/download/GLMapCore-2.3.0.zip
[66896/393969032] Downloading https://globus.software/download/GLRoute-2.3.0.zip, https://globus.software/download/GLMapCore-2.3.0.zip, https://globus.software/download/GLMap-2.3.0.zip
[106496/419359252] Downloading https://globus.software/download/GLRoute-2.3.0.zip, https://globus.software/download/GLMapCore-2.3.0.zip, https://globus.software/download/GLMap-2.3.0.zip, https://globus.software/download/GLSearch-2.3.0.zip
Downloaded https://globus.software/download/GLSearch-2.3.0.zip (4.61s)
[158048256/393969032] Downloading https://globus.software/download/GLRoute-2.3.0.zip, https://globus.software/download/GLMapCore-2.3.0.zip, https://globus.software/download/GLMap-2.3.0.zip
Downloaded https://globus.software/download/GLMap-2.3.0.zip (7.34s)
[215093210/341827101] Downloading https://globus.software/download/GLRoute-2.3.0.zip, https://globus.software/download/GLMapCore-2.3.0.zip
Downloaded https://globus.software/download/GLMapCore-2.3.0.zip (11.94s)
[212205568/239742513] Downloading https://globus.software/download/GLRoute-2.3.0.zip
Downloaded https://globus.software/download/GLRoute-2.3.0.zip (24.38s)
Building for debugging...
[0/6] Write sources
[2/6] Copying DefaultStyle.bundle
[3/6] Copying world.vm
[4/6] Copying fonts
[5/6] Write swift-version-24593BA9C3E375BF.txt
error: emit-module command failed with exit code 1 (use -v to see invocation)
[7/9] Emitting module GLMapCoreSwift
/host/spi-builder-workspace/CoreSwiftExtensions.swift:9:8: error: no such module 'CoreLocation'
7 | //
8 |
9 | import CoreLocation
| `- error: no such module 'CoreLocation'
10 | import Foundation
11 | import GLMapCore
[8/9] Compiling GLMapCoreSwift resource_bundle_accessor.swift
/host/spi-builder-workspace/CoreSwiftExtensions.swift:9:8: error: no such module 'CoreLocation'
7 | //
8 |
9 | import CoreLocation
| `- error: no such module 'CoreLocation'
10 | import Foundation
11 | import GLMapCore
[9/9] Compiling GLMapCoreSwift CoreSwiftExtensions.swift
/host/spi-builder-workspace/CoreSwiftExtensions.swift:9:8: error: no such module 'CoreLocation'
7 | //
8 |
9 | import CoreLocation
| `- error: no such module 'CoreLocation'
10 | import Foundation
11 | import GLMapCore
Running build ...
bash -c docker run --pull=always --rm -v "checkouts-54344849-0":/host -w "$PWD" -e JAVA_HOME="/root/.sdkman/candidates/java/current" -e SPI_BUILD="1" -e SPI_PROCESSING="1" registry.gitlab.com/saguaro1/spi-images:wasm-6.1-latest swift build --swift-sdk wasm32-unknown-wasi 2>&1
wasm-6.1-latest: Pulling from saguaro1/spi-images
Digest: sha256:f257c9b8465670613eb336f6def351d681b1d395aebdb231a45bac980c1f9d3c
Status: Image is up to date for registry.gitlab.com/saguaro1/spi-images:wasm-6.1-latest
[0/1] Planning build
Building for debugging...
[0/1] Write swift-version-24593BA9C3E375BF.txt
error: emit-module command failed with exit code 1 (use -v to see invocation)
[2/4] Emitting module GLMapCoreSwift
/host/spi-builder-workspace/CoreSwiftExtensions.swift:9:8: error: no such module 'CoreLocation'
7 | //
8 |
9 | import CoreLocation
| `- error: no such module 'CoreLocation'
10 | import Foundation
11 | import GLMapCore
[3/4] Compiling GLMapCoreSwift CoreSwiftExtensions.swift
/host/spi-builder-workspace/CoreSwiftExtensions.swift:9:8: error: no such module 'CoreLocation'
7 | //
8 |
9 | import CoreLocation
| `- error: no such module 'CoreLocation'
10 | import Foundation
11 | import GLMapCore
[4/4] Compiling GLMapCoreSwift resource_bundle_accessor.swift
/host/spi-builder-workspace/CoreSwiftExtensions.swift:9:8: error: no such module 'CoreLocation'
7 | //
8 |
9 | import CoreLocation
| `- error: no such module 'CoreLocation'
10 | import Foundation
11 | import GLMapCore
BUILD FAILURE 6.1 wasm