The Swift Package Index logo.Swift Package Index

Build Information

Successful build of LDSwiftEventSource, reference 3.4.0 (430a39), with Swift 6.1 for watchOS using Xcode 16.3 on 3 Oct 2026 05:15:26 UTC.

Swift 6 data race errors: 0

Build Command

env DEVELOPER_DIR=/Applications/Xcode-16.3.0.app xcrun xcodebuild -IDEClonedSourcePackagesDirPathOverride=$PWD/.dependencies -skipMacroValidation -skipPackagePluginValidation -derivedDataPath $PWD/.derivedData build -scheme LDSwiftEventSource -destination generic/platform=watchOS

Build Log

========================================
RunAll
========================================
Builder version: 5.1.1
Interrupt handler set up.
========================================
Checkout
========================================
Clone URL: https://github.com/LaunchDarkly/swift-eventsource.git
Reference: 3.4.0
Initialized empty Git repository in /Users/admin/builder/spi-builder-workspace/.git/
From https://github.com/LaunchDarkly/swift-eventsource
 * tag               3.4.0      -> FETCH_HEAD
HEAD is now at 430a39e chore(main): release 3.4.0 (#119)
Cloned https://github.com/LaunchDarkly/swift-eventsource.git
Revision (git rev-parse @):
430a39e5ac704650f9b42913b9dfc2aebb67dcf1
SUCCESS checkout https://github.com/LaunchDarkly/swift-eventsource.git at 3.4.0
========================================
Build
========================================
Selected platform:         watchOS
Swift version:             6.1
Building package at path:  $PWD
https://github.com/LaunchDarkly/swift-eventsource.git
https://github.com/LaunchDarkly/swift-eventsource.git
{
  "dependencies" : [
  ],
  "manifest_display_name" : "LDSwiftEventSource",
  "name" : "LDSwiftEventSource",
  "path" : "/Users/admin/builder/spi-builder-workspace",
  "platforms" : [
    {
      "name" : "ios",
      "version" : "15.0"
    },
    {
      "name" : "macos",
      "version" : "12.0"
    },
    {
      "name" : "watchos",
      "version" : "9.0"
    },
    {
      "name" : "tvos",
      "version" : "15.0"
    }
  ],
  "products" : [
    {
      "name" : "LDSwiftEventSource",
      "targets" : [
        "LDSwiftEventSource"
      ],
      "type" : {
        "library" : [
          "automatic"
        ]
      }
    }
  ],
  "swift_languages_versions" : [
    "5"
  ],
  "targets" : [
    {
      "c99name" : "LDSwiftEventSourceTests",
      "module_type" : "SwiftTarget",
      "name" : "LDSwiftEventSourceTests",
      "path" : "Tests",
      "sources" : [
        "EventParserTests.swift",
        "LDSwiftEventSourceTests.swift",
        "MockHandler.swift",
        "TestUtil.swift",
        "UTF8LineParserTests.swift"
      ],
      "target_dependencies" : [
        "LDSwiftEventSource"
      ],
      "type" : "test"
    },
    {
      "c99name" : "LDSwiftEventSource",
      "module_type" : "SwiftTarget",
      "name" : "LDSwiftEventSource",
      "path" : "Source",
      "product_memberships" : [
        "LDSwiftEventSource"
      ],
      "sources" : [
        "EventParser.swift",
        "LDSwiftEventSource.swift",
        "Logs.swift",
        "Types.swift",
        "UTF8LineParser.swift"
      ],
      "type" : "library"
    }
  ],
  "tools_version" : "5.0"
}
Command line invocation:
    /Applications/Xcode-16.3.0.app/Contents/Developer/usr/bin/xcodebuild -IDEClonedSourcePackagesDirPathOverride=/Users/admin/builder/spi-builder-workspace/.dependencies -resolvePackageDependencies
resolved source packages:
{
  "dependencies" : [
  ],
  "manifest_display_name" : "LDSwiftEventSource",
  "name" : "LDSwiftEventSource",
  "path" : "/Users/admin/builder/spi-builder-workspace",
  "platforms" : [
    {
      "name" : "ios",
      "version" : "15.0"
    },
    {
      "name" : "macos",
      "version" : "12.0"
    },
    {
      "name" : "watchos",
      "version" : "9.0"
    },
    {
      "name" : "tvos",
      "version" : "15.0"
    }
  ],
  "products" : [
    {
      "name" : "LDSwiftEventSource",
      "targets" : [
        "LDSwiftEventSource"
      ],
      "type" : {
        "library" : [
          "automatic"
        ]
      }
    }
  ],
  "swift_languages_versions" : [
    "5"
  ],
  "targets" : [
    {
      "c99name" : "LDSwiftEventSourceTests",
      "module_type" : "SwiftTarget",
      "name" : "LDSwiftEventSourceTests",
      "path" : "Tests",
      "sources" : [
        "EventParserTests.swift",
        "LDSwiftEventSourceTests.swift",
        "MockHandler.swift",
        "TestUtil.swift",
        "UTF8LineParserTests.swift"
      ],
      "target_dependencies" : [
        "LDSwiftEventSource"
      ],
      "type" : "test"
    },
    {
      "c99name" : "LDSwiftEventSource",
      "module_type" : "SwiftTarget",
      "name" : "LDSwiftEventSource",
      "path" : "Source",
      "product_memberships" : [
        "LDSwiftEventSource"
      ],
      "sources" : [
        "EventParser.swift",
        "LDSwiftEventSource.swift",
        "Logs.swift",
        "Types.swift",
        "UTF8LineParser.swift"
      ],
      "type" : "library"
    }
  ],
  "tools_version" : "5.0"
}
{
  "project" : {
    "configurations" : [
      "Debug",
      "Release"
    ],
    "name" : "LDSwiftEventSource",
    "schemes" : [
      "LDSwiftEventSource"
    ],
    "targets" : [
      "LDSwiftEventSource",
      "LDSwiftEventSource Tests"
    ]
  }
}
Running build ...
env DEVELOPER_DIR=/Applications/Xcode-16.3.0.app xcrun xcodebuild -IDEClonedSourcePackagesDirPathOverride=$PWD/.dependencies -skipMacroValidation -skipPackagePluginValidation -derivedDataPath $PWD/.derivedData build -scheme LDSwiftEventSource -destination generic/platform=watchOS OTHER_SWIFT_FLAGS=-stats-output-dir .stats -strict-concurrency=complete -enable-upcoming-feature StrictConcurrency -enable-upcoming-feature DisableOutwardActorInference -enable-upcoming-feature GlobalActorIsolatedTypesUsability -enable-upcoming-feature InferSendableFromCaptures
Command line invocation:
    /Applications/Xcode-16.3.0.app/Contents/Developer/usr/bin/xcodebuild -IDEClonedSourcePackagesDirPathOverride=/Users/admin/builder/spi-builder-workspace/.dependencies -skipMacroValidation -skipPackagePluginValidation -derivedDataPath /Users/admin/builder/spi-builder-workspace/.derivedData build -scheme LDSwiftEventSource -destination generic/platform=watchOS "OTHER_SWIFT_FLAGS=-stats-output-dir .stats -strict-concurrency=complete -enable-upcoming-feature StrictConcurrency -enable-upcoming-feature DisableOutwardActorInference -enable-upcoming-feature GlobalActorIsolatedTypesUsability -enable-upcoming-feature InferSendableFromCaptures"
Build settings from command line:
    OTHER_SWIFT_FLAGS = -stats-output-dir .stats -strict-concurrency=complete -enable-upcoming-feature StrictConcurrency -enable-upcoming-feature DisableOutwardActorInference -enable-upcoming-feature GlobalActorIsolatedTypesUsability -enable-upcoming-feature InferSendableFromCaptures
ComputePackagePrebuildTargetDependencyGraph
Prepare packages
CreateBuildRequest
SendProjectDescription
CreateBuildOperation
ComputeTargetDependencyGraph
note: Building targets in dependency order
note: Target dependency graph (1 target)
    Target 'LDSwiftEventSource' in project 'LDSwiftEventSource' (no dependencies)
GatherProvisioningInputs
CreateBuildDescription
ExecuteExternalTool /Applications/Xcode-16.3.0.app/Contents/Developer/Toolchains/XcodeDefault.xctoolchain/usr/bin/clang -v -E -dM -isysroot /Applications/Xcode-16.3.0.app/Contents/Developer/Platforms/WatchOS.platform/Developer/SDKs/WatchOS11.4.sdk -x c -c /dev/null
ExecuteExternalTool /Applications/Xcode-16.3.0.app/Contents/Developer/Toolchains/XcodeDefault.xctoolchain/usr/bin/clang -v -E -dM -arch arm64 -isysroot /Applications/Xcode-16.3.0.app/Contents/Developer/Platforms/WatchOS.platform/Developer/SDKs/WatchOS11.4.sdk -x c -c /dev/null
ExecuteExternalTool /Applications/Xcode-16.3.0.app/Contents/Developer/Toolchains/XcodeDefault.xctoolchain/usr/bin/swiftc --version
ExecuteExternalTool /Applications/Xcode-16.3.0.app/Contents/Developer/Toolchains/XcodeDefault.xctoolchain/usr/bin/ld -version_details
ExecuteExternalTool /Applications/Xcode-16.3.0.app/Contents/Developer/Toolchains/XcodeDefault.xctoolchain/usr/bin/clang -v -E -dM -arch arm64_32 -isysroot /Applications/Xcode-16.3.0.app/Contents/Developer/Platforms/WatchOS.platform/Developer/SDKs/WatchOS11.4.sdk -x c -c /dev/null
Build description signature: 646947873a9d17411b9aa31a9d896f56
Build description path: /Users/admin/builder/spi-builder-workspace/.derivedData/Build/Intermediates.noindex/XCBuildData/646947873a9d17411b9aa31a9d896f56.xcbuilddata
CreateBuildDirectory /Users/admin/builder/spi-builder-workspace/.derivedData/Build/Products
    cd /Users/admin/builder/spi-builder-workspace/LDSwiftEventSource.xcodeproj
    builtin-create-build-directory /Users/admin/builder/spi-builder-workspace/.derivedData/Build/Products
CreateBuildDirectory /Users/admin/builder/spi-builder-workspace/.derivedData/Build/Intermediates.noindex
    cd /Users/admin/builder/spi-builder-workspace/LDSwiftEventSource.xcodeproj
    builtin-create-build-directory /Users/admin/builder/spi-builder-workspace/.derivedData/Build/Intermediates.noindex
ClangStatCache /Applications/Xcode-16.3.0.app/Contents/Developer/Toolchains/XcodeDefault.xctoolchain/usr/bin/clang-stat-cache /Applications/Xcode-16.3.0.app/Contents/Developer/Platforms/WatchOS.platform/Developer/SDKs/WatchOS11.4.sdk /Users/admin/builder/spi-builder-workspace/.derivedData/SDKStatCaches.noindex/watchos11.4-22T246-43efb940ff07ba2497b70ec94253f576.sdkstatcache
    cd /Users/admin/builder/spi-builder-workspace/LDSwiftEventSource.xcodeproj
    /Applications/Xcode-16.3.0.app/Contents/Developer/Toolchains/XcodeDefault.xctoolchain/usr/bin/clang-stat-cache /Applications/Xcode-16.3.0.app/Contents/Developer/Platforms/WatchOS.platform/Developer/SDKs/WatchOS11.4.sdk -o /Users/admin/builder/spi-builder-workspace/.derivedData/SDKStatCaches.noindex/watchos11.4-22T246-43efb940ff07ba2497b70ec94253f576.sdkstatcache
CreateBuildDirectory /Users/admin/builder/spi-builder-workspace/.derivedData/Build/Intermediates.noindex/EagerLinkingTBDs/Debug-watchos
    cd /Users/admin/builder/spi-builder-workspace/LDSwiftEventSource.xcodeproj
    builtin-create-build-directory /Users/admin/builder/spi-builder-workspace/.derivedData/Build/Intermediates.noindex/EagerLinkingTBDs/Debug-watchos
CreateBuildDirectory /Users/admin/builder/spi-builder-workspace/.derivedData/Build/Products/Debug-watchos
    cd /Users/admin/builder/spi-builder-workspace/LDSwiftEventSource.xcodeproj
    builtin-create-build-directory /Users/admin/builder/spi-builder-workspace/.derivedData/Build/Products/Debug-watchos
WriteAuxiliaryFile /Users/admin/builder/spi-builder-workspace/.derivedData/Build/Intermediates.noindex/LDSwiftEventSource.build/Debug-watchos/LDSwiftEventSource-1919f0ff81cc7d7774459d6eeec5c7ff-VFS-watchos/all-product-headers.yaml
    cd /Users/admin/builder/spi-builder-workspace/LDSwiftEventSource.xcodeproj
    write-file /Users/admin/builder/spi-builder-workspace/.derivedData/Build/Intermediates.noindex/LDSwiftEventSource.build/Debug-watchos/LDSwiftEventSource-1919f0ff81cc7d7774459d6eeec5c7ff-VFS-watchos/all-product-headers.yaml
WriteAuxiliaryFile /Users/admin/builder/spi-builder-workspace/.derivedData/Build/Intermediates.noindex/LDSwiftEventSource.build/Debug-watchos/LDSwiftEventSource.build/Script-B46C1C6B24CF348B00283630.sh (in target 'LDSwiftEventSource' from project 'LDSwiftEventSource')
    cd /Users/admin/builder/spi-builder-workspace
    write-file /Users/admin/builder/spi-builder-workspace/.derivedData/Build/Intermediates.noindex/LDSwiftEventSource.build/Debug-watchos/LDSwiftEventSource.build/Script-B46C1C6B24CF348B00283630.sh
WriteAuxiliaryFile /Users/admin/builder/spi-builder-workspace/.derivedData/Build/Intermediates.noindex/LDSwiftEventSource.build/Debug-watchos/LDSwiftEventSource.build/unextended-module-overlay.yaml (in target 'LDSwiftEventSource' from project 'LDSwiftEventSource')
    cd /Users/admin/builder/spi-builder-workspace
    write-file /Users/admin/builder/spi-builder-workspace/.derivedData/Build/Intermediates.noindex/LDSwiftEventSource.build/Debug-watchos/LDSwiftEventSource.build/unextended-module-overlay.yaml
WriteAuxiliaryFile /Users/admin/builder/spi-builder-workspace/.derivedData/Build/Intermediates.noindex/LDSwiftEventSource.build/Debug-watchos/LDSwiftEventSource.build/unextended-module.modulemap (in target 'LDSwiftEventSource' from project 'LDSwiftEventSource')
    cd /Users/admin/builder/spi-builder-workspace
    write-file /Users/admin/builder/spi-builder-workspace/.derivedData/Build/Intermediates.noindex/LDSwiftEventSource.build/Debug-watchos/LDSwiftEventSource.build/unextended-module.modulemap
WriteAuxiliaryFile /Users/admin/builder/spi-builder-workspace/.derivedData/Build/Intermediates.noindex/LDSwiftEventSource.build/Debug-watchos/LDSwiftEventSource.build/module.modulemap (in target 'LDSwiftEventSource' from project 'LDSwiftEventSource')
    cd /Users/admin/builder/spi-builder-workspace
    write-file /Users/admin/builder/spi-builder-workspace/.derivedData/Build/Intermediates.noindex/LDSwiftEventSource.build/Debug-watchos/LDSwiftEventSource.build/module.modulemap
WriteAuxiliaryFile /Users/admin/builder/spi-builder-workspace/.derivedData/Build/Intermediates.noindex/LDSwiftEventSource.build/Debug-watchos/LDSwiftEventSource.build/Objects-normal/arm64_32/LDSwiftEventSource_const_extract_protocols.json (in target 'LDSwiftEventSource' from project 'LDSwiftEventSource')
    cd /Users/admin/builder/spi-builder-workspace
    write-file /Users/admin/builder/spi-builder-workspace/.derivedData/Build/Intermediates.noindex/LDSwiftEventSource.build/Debug-watchos/LDSwiftEventSource.build/Objects-normal/arm64_32/LDSwiftEventSource_const_extract_protocols.json
WriteAuxiliaryFile /Users/admin/builder/spi-builder-workspace/.derivedData/Build/Intermediates.noindex/LDSwiftEventSource.build/Debug-watchos/LDSwiftEventSource.build/Objects-normal/arm64_32/LDSwiftEventSource-OutputFileMap.json (in target 'LDSwiftEventSource' from project 'LDSwiftEventSource')
    cd /Users/admin/builder/spi-builder-workspace
    write-file /Users/admin/builder/spi-builder-workspace/.derivedData/Build/Intermediates.noindex/LDSwiftEventSource.build/Debug-watchos/LDSwiftEventSource.build/Objects-normal/arm64_32/LDSwiftEventSource-OutputFileMap.json
WriteAuxiliaryFile /Users/admin/builder/spi-builder-workspace/.derivedData/Build/Intermediates.noindex/LDSwiftEventSource.build/Debug-watchos/LDSwiftEventSource.build/Objects-normal/arm64_32/LDSwiftEventSource.SwiftConstValuesFileList (in target 'LDSwiftEventSource' from project 'LDSwiftEventSource')
    cd /Users/admin/builder/spi-builder-workspace
    write-file /Users/admin/builder/spi-builder-workspace/.derivedData/Build/Intermediates.noindex/LDSwiftEventSource.build/Debug-watchos/LDSwiftEventSource.build/Objects-normal/arm64_32/LDSwiftEventSource.SwiftConstValuesFileList
WriteAuxiliaryFile /Users/admin/builder/spi-builder-workspace/.derivedData/Build/Intermediates.noindex/LDSwiftEventSource.build/Debug-watchos/LDSwiftEventSource.build/Objects-normal/arm64_32/LDSwiftEventSource.SwiftFileList (in target 'LDSwiftEventSource' from project 'LDSwiftEventSource')
    cd /Users/admin/builder/spi-builder-workspace
    write-file /Users/admin/builder/spi-builder-workspace/.derivedData/Build/Intermediates.noindex/LDSwiftEventSource.build/Debug-watchos/LDSwiftEventSource.build/Objects-normal/arm64_32/LDSwiftEventSource.SwiftFileList
WriteAuxiliaryFile /Users/admin/builder/spi-builder-workspace/.derivedData/Build/Intermediates.noindex/LDSwiftEventSource.build/Debug-watchos/LDSwiftEventSource.build/Objects-normal/arm64_32/LDSwiftEventSource.LinkFileList (in target 'LDSwiftEventSource' from project 'LDSwiftEventSource')
    cd /Users/admin/builder/spi-builder-workspace
    write-file /Users/admin/builder/spi-builder-workspace/.derivedData/Build/Intermediates.noindex/LDSwiftEventSource.build/Debug-watchos/LDSwiftEventSource.build/Objects-normal/arm64_32/LDSwiftEventSource.LinkFileList
WriteAuxiliaryFile /Users/admin/builder/spi-builder-workspace/.derivedData/Build/Intermediates.noindex/LDSwiftEventSource.build/Debug-watchos/LDSwiftEventSource.build/Objects-normal/arm64_32/7187679823f38a2a940e0043cdf9d637-common-args.resp (in target 'LDSwiftEventSource' from project 'LDSwiftEventSource')
    cd /Users/admin/builder/spi-builder-workspace
    write-file /Users/admin/builder/spi-builder-workspace/.derivedData/Build/Intermediates.noindex/LDSwiftEventSource.build/Debug-watchos/LDSwiftEventSource.build/Objects-normal/arm64_32/7187679823f38a2a940e0043cdf9d637-common-args.resp
-target arm64_32-apple-watchos9.0 '-std=gnu11' -fmodules -gmodules '-fmodules-cache-path=/Users/admin/builder/spi-builder-workspace/.derivedData/ModuleCache.noindex' '-fmodule-name=LDSwiftEventSource' -fapplication-extension -fpascal-strings -O0 -fno-common '-DDEBUG=1' -isysroot /Applications/Xcode-16.3.0.app/Contents/Developer/Platforms/WatchOS.platform/Developer/SDKs/WatchOS11.4.sdk -g -fprofile-instr-generate -fcoverage-mapping -iquote /Users/admin/builder/spi-builder-workspace/.derivedData/Build/Intermediates.noindex/LDSwiftEventSource.build/Debug-watchos/LDSwiftEventSource.build/LDSwiftEventSource-generated-files.hmap -I/Users/admin/builder/spi-builder-workspace/.derivedData/Build/Intermediates.noindex/LDSwiftEventSource.build/Debug-watchos/LDSwiftEventSource.build/LDSwiftEventSource-own-target-headers.hmap -I/Users/admin/builder/spi-builder-workspace/.derivedData/Build/Intermediates.noindex/LDSwiftEventSource.build/Debug-watchos/LDSwiftEventSource.build/LDSwiftEventSource-all-non-framework-target-headers.hmap -ivfsoverlay /Users/admin/builder/spi-builder-workspace/.derivedData/Build/Intermediates.noindex/LDSwiftEventSource.build/Debug-watchos/LDSwiftEventSource-1919f0ff81cc7d7774459d6eeec5c7ff-VFS-watchos/all-product-headers.yaml -iquote /Users/admin/builder/spi-builder-workspace/.derivedData/Build/Intermediates.noindex/LDSwiftEventSource.build/Debug-watchos/LDSwiftEventSource.build/LDSwiftEventSource-project-headers.hmap -I/Users/admin/builder/spi-builder-workspace/.derivedData/Build/Products/Debug-watchos/include -I/Users/admin/builder/spi-builder-workspace/.derivedData/Build/Intermediates.noindex/LDSwiftEventSource.build/Debug-watchos/LDSwiftEventSource.build/DerivedSources-normal/arm64_32 -I/Users/admin/builder/spi-builder-workspace/.derivedData/Build/Intermediates.noindex/LDSwiftEventSource.build/Debug-watchos/LDSwiftEventSource.build/DerivedSources/arm64_32 -I/Users/admin/builder/spi-builder-workspace/.derivedData/Build/Intermediates.noindex/LDSwiftEventSource.build/Debug-watchos/LDSwiftEventSource.build/DerivedSources -F/Users/admin/builder/spi-builder-workspace/.derivedData/Build/Products/Debug-watchos
WriteAuxiliaryFile /Users/admin/builder/spi-builder-workspace/.derivedData/Build/Intermediates.noindex/LDSwiftEventSource.build/Debug-watchos/LDSwiftEventSource.build/Objects-normal/arm64/LDSwiftEventSource.SwiftFileList (in target 'LDSwiftEventSource' from project 'LDSwiftEventSource')
    cd /Users/admin/builder/spi-builder-workspace
    write-file /Users/admin/builder/spi-builder-workspace/.derivedData/Build/Intermediates.noindex/LDSwiftEventSource.build/Debug-watchos/LDSwiftEventSource.build/Objects-normal/arm64/LDSwiftEventSource.SwiftFileList
WriteAuxiliaryFile /Users/admin/builder/spi-builder-workspace/.derivedData/Build/Intermediates.noindex/LDSwiftEventSource.build/Debug-watchos/LDSwiftEventSource.build/Objects-normal/arm64/LDSwiftEventSource.SwiftConstValuesFileList (in target 'LDSwiftEventSource' from project 'LDSwiftEventSource')
    cd /Users/admin/builder/spi-builder-workspace
    write-file /Users/admin/builder/spi-builder-workspace/.derivedData/Build/Intermediates.noindex/LDSwiftEventSource.build/Debug-watchos/LDSwiftEventSource.build/Objects-normal/arm64/LDSwiftEventSource.SwiftConstValuesFileList
WriteAuxiliaryFile /Users/admin/builder/spi-builder-workspace/.derivedData/Build/Intermediates.noindex/LDSwiftEventSource.build/Debug-watchos/LDSwiftEventSource.build/Objects-normal/arm64/LDSwiftEventSource_const_extract_protocols.json (in target 'LDSwiftEventSource' from project 'LDSwiftEventSource')
    cd /Users/admin/builder/spi-builder-workspace
    write-file /Users/admin/builder/spi-builder-workspace/.derivedData/Build/Intermediates.noindex/LDSwiftEventSource.build/Debug-watchos/LDSwiftEventSource.build/Objects-normal/arm64/LDSwiftEventSource_const_extract_protocols.json
WriteAuxiliaryFile /Users/admin/builder/spi-builder-workspace/.derivedData/Build/Intermediates.noindex/LDSwiftEventSource.build/Debug-watchos/LDSwiftEventSource.build/Objects-normal/arm64/LDSwiftEventSource.LinkFileList (in target 'LDSwiftEventSource' from project 'LDSwiftEventSource')
    cd /Users/admin/builder/spi-builder-workspace
    write-file /Users/admin/builder/spi-builder-workspace/.derivedData/Build/Intermediates.noindex/LDSwiftEventSource.build/Debug-watchos/LDSwiftEventSource.build/Objects-normal/arm64/LDSwiftEventSource.LinkFileList
WriteAuxiliaryFile /Users/admin/builder/spi-builder-workspace/.derivedData/Build/Intermediates.noindex/LDSwiftEventSource.build/Debug-watchos/LDSwiftEventSource.build/Objects-normal/arm64/LDSwiftEventSource-OutputFileMap.json (in target 'LDSwiftEventSource' from project 'LDSwiftEventSource')
    cd /Users/admin/builder/spi-builder-workspace
    write-file /Users/admin/builder/spi-builder-workspace/.derivedData/Build/Intermediates.noindex/LDSwiftEventSource.build/Debug-watchos/LDSwiftEventSource.build/Objects-normal/arm64/LDSwiftEventSource-OutputFileMap.json
WriteAuxiliaryFile /Users/admin/builder/spi-builder-workspace/.derivedData/Build/Intermediates.noindex/LDSwiftEventSource.build/Debug-watchos/LDSwiftEventSource.build/Objects-normal/arm64/7187679823f38a2a940e0043cdf9d637-common-args.resp (in target 'LDSwiftEventSource' from project 'LDSwiftEventSource')
    cd /Users/admin/builder/spi-builder-workspace
    write-file /Users/admin/builder/spi-builder-workspace/.derivedData/Build/Intermediates.noindex/LDSwiftEventSource.build/Debug-watchos/LDSwiftEventSource.build/Objects-normal/arm64/7187679823f38a2a940e0043cdf9d637-common-args.resp
-target arm64-apple-watchos9.0 '-std=gnu11' -fmodules -gmodules '-fmodules-cache-path=/Users/admin/builder/spi-builder-workspace/.derivedData/ModuleCache.noindex' '-fmodule-name=LDSwiftEventSource' -fapplication-extension -fpascal-strings -O0 -fno-common '-DDEBUG=1' -isysroot /Applications/Xcode-16.3.0.app/Contents/Developer/Platforms/WatchOS.platform/Developer/SDKs/WatchOS11.4.sdk -g -fprofile-instr-generate -fcoverage-mapping -iquote /Users/admin/builder/spi-builder-workspace/.derivedData/Build/Intermediates.noindex/LDSwiftEventSource.build/Debug-watchos/LDSwiftEventSource.build/LDSwiftEventSource-generated-files.hmap -I/Users/admin/builder/spi-builder-workspace/.derivedData/Build/Intermediates.noindex/LDSwiftEventSource.build/Debug-watchos/LDSwiftEventSource.build/LDSwiftEventSource-own-target-headers.hmap -I/Users/admin/builder/spi-builder-workspace/.derivedData/Build/Intermediates.noindex/LDSwiftEventSource.build/Debug-watchos/LDSwiftEventSource.build/LDSwiftEventSource-all-non-framework-target-headers.hmap -ivfsoverlay /Users/admin/builder/spi-builder-workspace/.derivedData/Build/Intermediates.noindex/LDSwiftEventSource.build/Debug-watchos/LDSwiftEventSource-1919f0ff81cc7d7774459d6eeec5c7ff-VFS-watchos/all-product-headers.yaml -iquote /Users/admin/builder/spi-builder-workspace/.derivedData/Build/Intermediates.noindex/LDSwiftEventSource.build/Debug-watchos/LDSwiftEventSource.build/LDSwiftEventSource-project-headers.hmap -I/Users/admin/builder/spi-builder-workspace/.derivedData/Build/Products/Debug-watchos/include -I/Users/admin/builder/spi-builder-workspace/.derivedData/Build/Intermediates.noindex/LDSwiftEventSource.build/Debug-watchos/LDSwiftEventSource.build/DerivedSources-normal/arm64 -I/Users/admin/builder/spi-builder-workspace/.derivedData/Build/Intermediates.noindex/LDSwiftEventSource.build/Debug-watchos/LDSwiftEventSource.build/DerivedSources/arm64 -I/Users/admin/builder/spi-builder-workspace/.derivedData/Build/Intermediates.noindex/LDSwiftEventSource.build/Debug-watchos/LDSwiftEventSource.build/DerivedSources -F/Users/admin/builder/spi-builder-workspace/.derivedData/Build/Products/Debug-watchos
WriteAuxiliaryFile /Users/admin/builder/spi-builder-workspace/.derivedData/Build/Intermediates.noindex/LDSwiftEventSource.build/Debug-watchos/LDSwiftEventSource.build/LDSwiftEventSource.hmap (in target 'LDSwiftEventSource' from project 'LDSwiftEventSource')
    cd /Users/admin/builder/spi-builder-workspace
    write-file /Users/admin/builder/spi-builder-workspace/.derivedData/Build/Intermediates.noindex/LDSwiftEventSource.build/Debug-watchos/LDSwiftEventSource.build/LDSwiftEventSource.hmap
WriteAuxiliaryFile /Users/admin/builder/spi-builder-workspace/.derivedData/Build/Intermediates.noindex/LDSwiftEventSource.build/Debug-watchos/LDSwiftEventSource.build/LDSwiftEventSource.DependencyStaticMetadataFileList (in target 'LDSwiftEventSource' from project 'LDSwiftEventSource')
    cd /Users/admin/builder/spi-builder-workspace
    write-file /Users/admin/builder/spi-builder-workspace/.derivedData/Build/Intermediates.noindex/LDSwiftEventSource.build/Debug-watchos/LDSwiftEventSource.build/LDSwiftEventSource.DependencyStaticMetadataFileList
WriteAuxiliaryFile /Users/admin/builder/spi-builder-workspace/.derivedData/Build/Intermediates.noindex/LDSwiftEventSource.build/Debug-watchos/LDSwiftEventSource.build/LDSwiftEventSource.DependencyMetadataFileList (in target 'LDSwiftEventSource' from project 'LDSwiftEventSource')
    cd /Users/admin/builder/spi-builder-workspace
    write-file /Users/admin/builder/spi-builder-workspace/.derivedData/Build/Intermediates.noindex/LDSwiftEventSource.build/Debug-watchos/LDSwiftEventSource.build/LDSwiftEventSource.DependencyMetadataFileList
WriteAuxiliaryFile /Users/admin/builder/spi-builder-workspace/.derivedData/Build/Intermediates.noindex/LDSwiftEventSource.build/Debug-watchos/LDSwiftEventSource.build/LDSwiftEventSource-project-headers.hmap (in target 'LDSwiftEventSource' from project 'LDSwiftEventSource')
    cd /Users/admin/builder/spi-builder-workspace
    write-file /Users/admin/builder/spi-builder-workspace/.derivedData/Build/Intermediates.noindex/LDSwiftEventSource.build/Debug-watchos/LDSwiftEventSource.build/LDSwiftEventSource-project-headers.hmap
WriteAuxiliaryFile /Users/admin/builder/spi-builder-workspace/.derivedData/Build/Intermediates.noindex/LDSwiftEventSource.build/Debug-watchos/LDSwiftEventSource.build/LDSwiftEventSource-own-target-headers.hmap (in target 'LDSwiftEventSource' from project 'LDSwiftEventSource')
    cd /Users/admin/builder/spi-builder-workspace
    write-file /Users/admin/builder/spi-builder-workspace/.derivedData/Build/Intermediates.noindex/LDSwiftEventSource.build/Debug-watchos/LDSwiftEventSource.build/LDSwiftEventSource-own-target-headers.hmap
WriteAuxiliaryFile /Users/admin/builder/spi-builder-workspace/.derivedData/Build/Intermediates.noindex/LDSwiftEventSource.build/Debug-watchos/LDSwiftEventSource.build/LDSwiftEventSource-generated-files.hmap (in target 'LDSwiftEventSource' from project 'LDSwiftEventSource')
    cd /Users/admin/builder/spi-builder-workspace
    write-file /Users/admin/builder/spi-builder-workspace/.derivedData/Build/Intermediates.noindex/LDSwiftEventSource.build/Debug-watchos/LDSwiftEventSource.build/LDSwiftEventSource-generated-files.hmap
WriteAuxiliaryFile /Users/admin/builder/spi-builder-workspace/.derivedData/Build/Intermediates.noindex/LDSwiftEventSource.build/Debug-watchos/LDSwiftEventSource.build/LDSwiftEventSource-all-target-headers.hmap (in target 'LDSwiftEventSource' from project 'LDSwiftEventSource')
    cd /Users/admin/builder/spi-builder-workspace
    write-file /Users/admin/builder/spi-builder-workspace/.derivedData/Build/Intermediates.noindex/LDSwiftEventSource.build/Debug-watchos/LDSwiftEventSource.build/LDSwiftEventSource-all-target-headers.hmap
WriteAuxiliaryFile /Users/admin/builder/spi-builder-workspace/.derivedData/Build/Intermediates.noindex/LDSwiftEventSource.build/Debug-watchos/LDSwiftEventSource.build/LDSwiftEventSource-all-non-framework-target-headers.hmap (in target 'LDSwiftEventSource' from project 'LDSwiftEventSource')
    cd /Users/admin/builder/spi-builder-workspace
    write-file /Users/admin/builder/spi-builder-workspace/.derivedData/Build/Intermediates.noindex/LDSwiftEventSource.build/Debug-watchos/LDSwiftEventSource.build/LDSwiftEventSource-all-non-framework-target-headers.hmap
WriteAuxiliaryFile /Users/admin/builder/spi-builder-workspace/.derivedData/Build/Intermediates.noindex/LDSwiftEventSource.build/Debug-watchos/LDSwiftEventSource.build/DerivedSources/LDSwiftEventSource_vers.c (in target 'LDSwiftEventSource' from project 'LDSwiftEventSource')
    cd /Users/admin/builder/spi-builder-workspace
    write-file /Users/admin/builder/spi-builder-workspace/.derivedData/Build/Intermediates.noindex/LDSwiftEventSource.build/Debug-watchos/LDSwiftEventSource.build/DerivedSources/LDSwiftEventSource_vers.c
Copy /Users/admin/builder/spi-builder-workspace/.derivedData/Build/Products/Debug-watchos/LDSwiftEventSource.framework/Modules/module.modulemap /Users/admin/builder/spi-builder-workspace/.derivedData/Build/Intermediates.noindex/LDSwiftEventSource.build/Debug-watchos/LDSwiftEventSource.build/module.modulemap (in target 'LDSwiftEventSource' from project 'LDSwiftEventSource')
    cd /Users/admin/builder/spi-builder-workspace
    builtin-copy -exclude .DS_Store -exclude CVS -exclude .svn -exclude .git -exclude .hg -resolve-src-symlinks /Users/admin/builder/spi-builder-workspace/.derivedData/Build/Intermediates.noindex/LDSwiftEventSource.build/Debug-watchos/LDSwiftEventSource.build/module.modulemap /Users/admin/builder/spi-builder-workspace/.derivedData/Build/Products/Debug-watchos/LDSwiftEventSource.framework/Modules
MkDir /Users/admin/builder/spi-builder-workspace/.derivedData/Build/Products/Debug-watchos/LDSwiftEventSource.framework/Headers (in target 'LDSwiftEventSource' from project 'LDSwiftEventSource')
    cd /Users/admin/builder/spi-builder-workspace
    /bin/mkdir -p /Users/admin/builder/spi-builder-workspace/.derivedData/Build/Products/Debug-watchos/LDSwiftEventSource.framework/Headers
MkDir /Users/admin/builder/spi-builder-workspace/.derivedData/Build/Products/Debug-watchos/LDSwiftEventSource.framework (in target 'LDSwiftEventSource' from project 'LDSwiftEventSource')
    cd /Users/admin/builder/spi-builder-workspace
    /bin/mkdir -p /Users/admin/builder/spi-builder-workspace/.derivedData/Build/Products/Debug-watchos/LDSwiftEventSource.framework
PhaseScriptExecution Linter\ Script /Users/admin/builder/spi-builder-workspace/.derivedData/Build/Intermediates.noindex/LDSwiftEventSource.build/Debug-watchos/LDSwiftEventSource.build/Script-B46C1C6B24CF348B00283630.sh (in target 'LDSwiftEventSource' from project 'LDSwiftEventSource')
    cd /Users/admin/builder/spi-builder-workspace
    /bin/sh -c /Users/admin/builder/spi-builder-workspace/.derivedData/Build/Intermediates.noindex/LDSwiftEventSource.build/Debug-watchos/LDSwiftEventSource.build/Script-B46C1C6B24CF348B00283630.sh
warning: mint not installed, available from https://github.com/yonaskolb/Mint
ProcessInfoPlistFile /Users/admin/builder/spi-builder-workspace/.derivedData/Build/Products/Debug-watchos/LDSwiftEventSource.framework/Info.plist /Users/admin/builder/spi-builder-workspace/Source/Info.plist (in target 'LDSwiftEventSource' from project 'LDSwiftEventSource')
    cd /Users/admin/builder/spi-builder-workspace
    builtin-infoPlistUtility /Users/admin/builder/spi-builder-workspace/Source/Info.plist -producttype com.apple.product-type.framework -expandbuildsettings -format binary -platform watchos -o /Users/admin/builder/spi-builder-workspace/.derivedData/Build/Products/Debug-watchos/LDSwiftEventSource.framework/Info.plist
CpHeader /Users/admin/builder/spi-builder-workspace/.derivedData/Build/Products/Debug-watchos/LDSwiftEventSource.framework/Headers/LDSwiftEventSource.h /Users/admin/builder/spi-builder-workspace/Source/LDSwiftEventSource.h (in target 'LDSwiftEventSource' from project 'LDSwiftEventSource')
    cd /Users/admin/builder/spi-builder-workspace
    builtin-copy -exclude .DS_Store -exclude CVS -exclude .svn -exclude .git -exclude .hg -resolve-src-symlinks /Users/admin/builder/spi-builder-workspace/Source/LDSwiftEventSource.h /Users/admin/builder/spi-builder-workspace/.derivedData/Build/Products/Debug-watchos/LDSwiftEventSource.framework/Headers
SwiftDriver LDSwiftEventSource normal arm64 com.apple.xcode.tools.swift.compiler (in target 'LDSwiftEventSource' from project 'LDSwiftEventSource')
    cd /Users/admin/builder/spi-builder-workspace
    builtin-SwiftDriver -- /Applications/Xcode-16.3.0.app/Contents/Developer/Toolchains/XcodeDefault.xctoolchain/usr/bin/swiftc -module-name LDSwiftEventSource -Onone -enforce-exclusivity\=checked @/Users/admin/builder/spi-builder-workspace/.derivedData/Build/Intermediates.noindex/LDSwiftEventSource.build/Debug-watchos/LDSwiftEventSource.build/Objects-normal/arm64/LDSwiftEventSource.SwiftFileList -DDEBUG -stats-output-dir .stats -strict-concurrency\=complete -enable-upcoming-feature StrictConcurrency -enable-upcoming-feature DisableOutwardActorInference -enable-upcoming-feature GlobalActorIsolatedTypesUsability -enable-upcoming-feature InferSendableFromCaptures -enable-bare-slash-regex -enable-experimental-feature DebugDescriptionMacro -sdk /Applications/Xcode-16.3.0.app/Contents/Developer/Platforms/WatchOS.platform/Developer/SDKs/WatchOS11.4.sdk -target arm64-apple-watchos9.0 -g -module-cache-path /Users/admin/builder/spi-builder-workspace/.derivedData/ModuleCache.noindex -Xfrontend -serialize-debugging-options -application-extension -profile-coverage-mapping -profile-generate -enable-testing -index-store-path /Users/admin/builder/spi-builder-workspace/.derivedData/Index.noindex/DataStore -swift-version 5 -I /Users/admin/builder/spi-builder-workspace/.derivedData/Build/Products/Debug-watchos -F /Users/admin/builder/spi-builder-workspace/.derivedData/Build/Products/Debug-watchos -c -j10 -enable-batch-mode -incremental -Xcc -ivfsstatcache -Xcc /Users/admin/builder/spi-builder-workspace/.derivedData/SDKStatCaches.noindex/watchos11.4-22T246-43efb940ff07ba2497b70ec94253f576.sdkstatcache -output-file-map /Users/admin/builder/spi-builder-workspace/.derivedData/Build/Intermediates.noindex/LDSwiftEventSource.build/Debug-watchos/LDSwiftEventSource.build/Objects-normal/arm64/LDSwiftEventSource-OutputFileMap.json -use-frontend-parseable-output -save-temps -no-color-diagnostics -serialize-diagnostics -emit-dependencies -emit-module -emit-module-path /Users/admin/builder/spi-builder-workspace/.derivedData/Build/Intermediates.noindex/LDSwiftEventSource.build/Debug-watchos/LDSwiftEventSource.build/Objects-normal/arm64/LDSwiftEventSource.swiftmodule -validate-clang-modules-once -clang-build-session-file /Users/admin/builder/spi-builder-workspace/.derivedData/ModuleCache.noindex/Session.modulevalidation -Xcc -I/Users/admin/builder/spi-builder-workspace/.derivedData/Build/Intermediates.noindex/LDSwiftEventSource.build/Debug-watchos/LDSwiftEventSource.build/swift-overrides.hmap -emit-const-values -Xfrontend -const-gather-protocols-file -Xfrontend /Users/admin/builder/spi-builder-workspace/.derivedData/Build/Intermediates.noindex/LDSwiftEventSource.build/Debug-watchos/LDSwiftEventSource.build/Objects-normal/arm64/LDSwiftEventSource_const_extract_protocols.json -Xcc -iquote -Xcc /Users/admin/builder/spi-builder-workspace/.derivedData/Build/Intermediates.noindex/LDSwiftEventSource.build/Debug-watchos/LDSwiftEventSource.build/LDSwiftEventSource-generated-files.hmap -Xcc -I/Users/admin/builder/spi-builder-workspace/.derivedData/Build/Intermediates.noindex/LDSwiftEventSource.build/Debug-watchos/LDSwiftEventSource.build/LDSwiftEventSource-own-target-headers.hmap -Xcc -I/Users/admin/builder/spi-builder-workspace/.derivedData/Build/Intermediates.noindex/LDSwiftEventSource.build/Debug-watchos/LDSwiftEventSource.build/LDSwiftEventSource-all-non-framework-target-headers.hmap -Xcc -ivfsoverlay -Xcc /Users/admin/builder/spi-builder-workspace/.derivedData/Build/Intermediates.noindex/LDSwiftEventSource.build/Debug-watchos/LDSwiftEventSource-1919f0ff81cc7d7774459d6eeec5c7ff-VFS-watchos/all-product-headers.yaml -Xcc -iquote -Xcc /Users/admin/builder/spi-builder-workspace/.derivedData/Build/Intermediates.noindex/LDSwiftEventSource.build/Debug-watchos/LDSwiftEventSource.build/LDSwiftEventSource-project-headers.hmap -Xcc -I/Users/admin/builder/spi-builder-workspace/.derivedData/Build/Products/Debug-watchos/include -Xcc -I/Users/admin/builder/spi-builder-workspace/.derivedData/Build/Intermediates.noindex/LDSwiftEventSource.build/Debug-watchos/LDSwiftEventSource.build/DerivedSources-normal/arm64 -Xcc -I/Users/admin/builder/spi-builder-workspace/.derivedData/Build/Intermediates.noindex/LDSwiftEventSource.build/Debug-watchos/LDSwiftEventSource.build/DerivedSources/arm64 -Xcc -I/Users/admin/builder/spi-builder-workspace/.derivedData/Build/Intermediates.noindex/LDSwiftEventSource.build/Debug-watchos/LDSwiftEventSource.build/DerivedSources -Xcc -DDEBUG\=1 -emit-objc-header -emit-objc-header-path /Users/admin/builder/spi-builder-workspace/.derivedData/Build/Intermediates.noindex/LDSwiftEventSource.build/Debug-watchos/LDSwiftEventSource.build/Objects-normal/arm64/LDSwiftEventSource-Swift.h -import-underlying-module -Xcc -ivfsoverlay -Xcc /Users/admin/builder/spi-builder-workspace/.derivedData/Build/Intermediates.noindex/LDSwiftEventSource.build/Debug-watchos/LDSwiftEventSource.build/unextended-module-overlay.yaml -working-directory /Users/admin/builder/spi-builder-workspace -experimental-emit-module-separately -disable-cmo
SwiftDriver LDSwiftEventSource normal arm64_32 com.apple.xcode.tools.swift.compiler (in target 'LDSwiftEventSource' from project 'LDSwiftEventSource')
    cd /Users/admin/builder/spi-builder-workspace
    builtin-SwiftDriver -- /Applications/Xcode-16.3.0.app/Contents/Developer/Toolchains/XcodeDefault.xctoolchain/usr/bin/swiftc -module-name LDSwiftEventSource -Onone -enforce-exclusivity\=checked @/Users/admin/builder/spi-builder-workspace/.derivedData/Build/Intermediates.noindex/LDSwiftEventSource.build/Debug-watchos/LDSwiftEventSource.build/Objects-normal/arm64_32/LDSwiftEventSource.SwiftFileList -DDEBUG -stats-output-dir .stats -strict-concurrency\=complete -enable-upcoming-feature StrictConcurrency -enable-upcoming-feature DisableOutwardActorInference -enable-upcoming-feature GlobalActorIsolatedTypesUsability -enable-upcoming-feature InferSendableFromCaptures -enable-bare-slash-regex -enable-experimental-feature DebugDescriptionMacro -sdk /Applications/Xcode-16.3.0.app/Contents/Developer/Platforms/WatchOS.platform/Developer/SDKs/WatchOS11.4.sdk -target arm64_32-apple-watchos9.0 -g -module-cache-path /Users/admin/builder/spi-builder-workspace/.derivedData/ModuleCache.noindex -Xfrontend -serialize-debugging-options -application-extension -profile-coverage-mapping -profile-generate -enable-testing -index-store-path /Users/admin/builder/spi-builder-workspace/.derivedData/Index.noindex/DataStore -swift-version 5 -I /Users/admin/builder/spi-builder-workspace/.derivedData/Build/Products/Debug-watchos -F /Users/admin/builder/spi-builder-workspace/.derivedData/Build/Products/Debug-watchos -c -j10 -enable-batch-mode -incremental -Xcc -ivfsstatcache -Xcc /Users/admin/builder/spi-builder-workspace/.derivedData/SDKStatCaches.noindex/watchos11.4-22T246-43efb940ff07ba2497b70ec94253f576.sdkstatcache -output-file-map /Users/admin/builder/spi-builder-workspace/.derivedData/Build/Intermediates.noindex/LDSwiftEventSource.build/Debug-watchos/LDSwiftEventSource.build/Objects-normal/arm64_32/LDSwiftEventSource-OutputFileMap.json -use-frontend-parseable-output -save-temps -no-color-diagnostics -serialize-diagnostics -emit-dependencies -emit-module -emit-module-path /Users/admin/builder/spi-builder-workspace/.derivedData/Build/Intermediates.noindex/LDSwiftEventSource.build/Debug-watchos/LDSwiftEventSource.build/Objects-normal/arm64_32/LDSwiftEventSource.swiftmodule -validate-clang-modules-once -clang-build-session-file /Users/admin/builder/spi-builder-workspace/.derivedData/ModuleCache.noindex/Session.modulevalidation -Xcc -I/Users/admin/builder/spi-builder-workspace/.derivedData/Build/Intermediates.noindex/LDSwiftEventSource.build/Debug-watchos/LDSwiftEventSource.build/swift-overrides.hmap -emit-const-values -Xfrontend -const-gather-protocols-file -Xfrontend /Users/admin/builder/spi-builder-workspace/.derivedData/Build/Intermediates.noindex/LDSwiftEventSource.build/Debug-watchos/LDSwiftEventSource.build/Objects-normal/arm64_32/LDSwiftEventSource_const_extract_protocols.json -Xcc -iquote -Xcc /Users/admin/builder/spi-builder-workspace/.derivedData/Build/Intermediates.noindex/LDSwiftEventSource.build/Debug-watchos/LDSwiftEventSource.build/LDSwiftEventSource-generated-files.hmap -Xcc -I/Users/admin/builder/spi-builder-workspace/.derivedData/Build/Intermediates.noindex/LDSwiftEventSource.build/Debug-watchos/LDSwiftEventSource.build/LDSwiftEventSource-own-target-headers.hmap -Xcc -I/Users/admin/builder/spi-builder-workspace/.derivedData/Build/Intermediates.noindex/LDSwiftEventSource.build/Debug-watchos/LDSwiftEventSource.build/LDSwiftEventSource-all-non-framework-target-headers.hmap -Xcc -ivfsoverlay -Xcc /Users/admin/builder/spi-builder-workspace/.derivedData/Build/Intermediates.noindex/LDSwiftEventSource.build/Debug-watchos/LDSwiftEventSource-1919f0ff81cc7d7774459d6eeec5c7ff-VFS-watchos/all-product-headers.yaml -Xcc -iquote -Xcc /Users/admin/builder/spi-builder-workspace/.derivedData/Build/Intermediates.noindex/LDSwiftEventSource.build/Debug-watchos/LDSwiftEventSource.build/LDSwiftEventSource-project-headers.hmap -Xcc -I/Users/admin/builder/spi-builder-workspace/.derivedData/Build/Products/Debug-watchos/include -Xcc -I/Users/admin/builder/spi-builder-workspace/.derivedData/Build/Intermediates.noindex/LDSwiftEventSource.build/Debug-watchos/LDSwiftEventSource.build/DerivedSources-normal/arm64_32 -Xcc -I/Users/admin/builder/spi-builder-workspace/.derivedData/Build/Intermediates.noindex/LDSwiftEventSource.build/Debug-watchos/LDSwiftEventSource.build/DerivedSources/arm64_32 -Xcc -I/Users/admin/builder/spi-builder-workspace/.derivedData/Build/Intermediates.noindex/LDSwiftEventSource.build/Debug-watchos/LDSwiftEventSource.build/DerivedSources -Xcc -DDEBUG\=1 -emit-objc-header -emit-objc-header-path /Users/admin/builder/spi-builder-workspace/.derivedData/Build/Intermediates.noindex/LDSwiftEventSource.build/Debug-watchos/LDSwiftEventSource.build/Objects-normal/arm64_32/LDSwiftEventSource-Swift.h -import-underlying-module -Xcc -ivfsoverlay -Xcc /Users/admin/builder/spi-builder-workspace/.derivedData/Build/Intermediates.noindex/LDSwiftEventSource.build/Debug-watchos/LDSwiftEventSource.build/unextended-module-overlay.yaml -working-directory /Users/admin/builder/spi-builder-workspace -experimental-emit-module-separately -disable-cmo
SwiftCompile normal arm64_32 Compiling\ EventParser.swift /Users/admin/builder/spi-builder-workspace/Source/EventParser.swift (in target 'LDSwiftEventSource' from project 'LDSwiftEventSource')
SwiftCompile normal arm64_32 /Users/admin/builder/spi-builder-workspace/Source/EventParser.swift (in target 'LDSwiftEventSource' from project 'LDSwiftEventSource')
    cd /Users/admin/builder/spi-builder-workspace

/Users/admin/builder/spi-builder-workspace/Source/EventParser.swift:68:22: error: no 'contains' candidates produce the expected type '(Substring.Element) throws -> Bool' (aka '(Character) throws -> Bool') for parameter #0
            if value.allSatisfy(("0"..."9").contains), let reconnectionTime = Int64(value) {
                     ^
Error opening -stats-output-dir file '/Users/admin/builder/spi-builder-workspace/.stats/stats-1791004518733128-swift-frontend-LDSwiftEventSource-EventParser.swift-arm64_32_apple_watchos9.0-o-Onone-657211752.json' for writing
===-------------------------------------------------------------------------===
                               Swift compilation
===-------------------------------------------------------------------------===
  Total Execution Time: 0.4959 seconds (3.5682 wall clock)
   ---User Time---   --System Time--   --User+System--   ---Wall Time---  --- Name ---
   0.0285 (  9.2%)   0.0408 ( 21.9%)   0.0693 ( 14.0%)   1.5777 ( 44.2%)  parse-and-resolve-imports
   0.0282 (  9.1%)   0.0403 ( 21.6%)   0.0685 ( 13.8%)   1.5769 ( 44.2%)  Import resolution
   0.0847 ( 27.3%)   0.0306 ( 16.4%)   0.1153 ( 23.3%)   0.1158 (  3.2%)  build-rewrite-system
   0.0017 (  0.5%)   0.0153 (  8.2%)   0.0170 (  3.4%)   0.0714 (  2.0%)  load-stdlib
   0.0374 ( 12.1%)   0.0118 (  6.3%)   0.0492 (  9.9%)   0.0493 (  1.4%)  perform-sema
   0.0373 ( 12.1%)   0.0117 (  6.3%)   0.0491 (  9.9%)   0.0491 (  1.4%)  Type checking and Semantic analysis
   0.0330 ( 10.7%)   0.0099 (  5.3%)   0.0429 (  8.6%)   0.0430 (  1.2%)  typecheck-stmt
   0.0307 (  9.9%)   0.0098 (  5.3%)   0.0405 (  8.2%)   0.0406 (  1.1%)  typecheck-expr
   0.0100 (  3.2%)   0.0090 (  4.8%)   0.0191 (  3.8%)   0.0192 (  0.5%)  import-clang-decl
   0.0097 (  3.1%)   0.0026 (  1.4%)   0.0123 (  2.5%)   0.0124 (  0.3%)  precheck-target
   0.0065 (  2.1%)   0.0039 (  2.1%)   0.0104 (  2.1%)   0.0104 (  0.3%)  typecheck-decl
   0.0008 (  0.3%)   0.0004 (  0.2%)   0.0013 (  0.3%)   0.0013 (  0.0%)  load-all-members
   0.0010 (  0.3%)   0.0001 (  0.1%)   0.0011 (  0.2%)   0.0011 (  0.0%)  typecheck-expr-pattern
   0.0000 (  0.0%)   0.0000 (  0.0%)   0.0000 (  0.0%)   0.0000 (  0.0%)  get-conformance-access-path
   0.0000 (  0.0%)   0.0000 (  0.0%)   0.0000 (  0.0%)   0.0000 (  0.0%)  module-populate-cache
   0.0000 (  0.0%)   0.0000 (  0.0%)   0.0000 (  0.0%)   0.0000 (  0.0%)  perform-whole-module-type-checking
   0.0000 (  0.0%)   0.0000 (  0.0%)   0.0000 (  0.0%)   0.0000 (  0.0%)  source-file-populate-cache
   0.0000 (  0.0%)   0.0000 (  0.0%)   0.0000 (  0.0%)   0.0000 (  0.0%)  AST verification
   0.3097 (100.0%)   0.1862 (100.0%)   0.4959 (100.0%)   3.5682 (100.0%)  Total
===-------------------------------------------------------------------------===
                                Running Program
===-------------------------------------------------------------------------===
  Total Execution Time: 1.5664 seconds (3.2080 wall clock)
   ---User Time---   --System Time--   --User+System--   ---Wall Time---  --- Name ---
   0.9254 (100.0%)   0.6410 (100.0%)   1.5664 (100.0%)   3.2080 (100.0%)  Building Target
   0.9254 (100.0%)   0.6410 (100.0%)   1.5664 (100.0%)   3.2080 (100.0%)  Total
Failed frontend command:
/Applications/Xcode-16.3.0.app/Contents/Developer/Toolchains/XcodeDefault.xctoolchain/usr/bin/swift-frontend -frontend -c /Users/admin/builder/spi-builder-workspace/Source/UTF8LineParser.swift /Users/admin/builder/spi-builder-workspace/Source/Logs.swift /Users/admin/builder/spi-builder-workspace/Source/Types.swift -primary-file /Users/admin/builder/spi-builder-workspace/Source/EventParser.swift /Users/admin/builder/spi-builder-workspace/Source/LDSwiftEventSource.swift -emit-dependencies-path /Users/admin/builder/spi-builder-workspace/.derivedData/Build/Intermediates.noindex/LDSwiftEventSource.build/Debug-watchos/LDSwiftEventSource.build/Objects-normal/arm64_32/EventParser.d -emit-const-values-path /Users/admin/builder/spi-builder-workspace/.derivedData/Build/Intermediates.noindex/LDSwiftEventSource.build/Debug-watchos/LDSwiftEventSource.build/Objects-normal/arm64_32/EventParser.swiftconstvalues -emit-reference-dependencies-path /Users/admin/builder/spi-builder-workspace/.derivedData/Build/Intermediates.noindex/LDSwiftEventSource.build/Debug-watchos/LDSwiftEventSource.build/Objects-normal/arm64_32/EventParser.swiftdeps -serialize-diagnostics-path /Users/admin/builder/spi-builder-workspace/.derivedData/Build/Intermediates.noindex/LDSwiftEventSource.build/Debug-watchos/LDSwiftEventSource.build/Objects-normal/arm64_32/EventParser.dia -target arm64_32-apple-watchos9.0 -enable-objc-interop -sdk /Applications/Xcode-16.3.0.app/Contents/Developer/Platforms/WatchOS.platform/Developer/SDKs/WatchOS11.4.sdk -I /Users/admin/builder/spi-builder-workspace/.derivedData/Build/Products/Debug-watchos -F /Users/admin/builder/spi-builder-workspace/.derivedData/Build/Products/Debug-watchos -no-color-diagnostics -application-extension -enable-testing -g -debug-info-format\=dwarf -dwarf-version\=4 -import-underlying-module -module-cache-path /Users/admin/builder/spi-builder-workspace/.derivedData/ModuleCache.noindex -profile-generate -profile-coverage-mapping -swift-version 5 -enforce-exclusivity\=checked -stats-output-dir /Users/admin/builder/spi-builder-workspace/.stats -Onone -D DEBUG -serialize-debugging-options -const-gather-protocols-file /Users/admin/builder/spi-builder-workspace/.derivedData/Build/Intermediates.noindex/LDSwiftEventSource.build/Debug-watchos/LDSwiftEventSource.build/Objects-normal/arm64_32/LDSwiftEventSource_const_extract_protocols.json -enable-upcoming-feature StrictConcurrency -enable-upcoming-feature DisableOutwardActorInference -enable-upcoming-feature GlobalActorIsolatedTypesUsability -enable-upcoming-feature InferSendableFromCaptures -enable-experimental-feature DebugDescriptionMacro -enable-bare-slash-regex -strict-concurrency\=complete -empty-abi-descriptor -validate-clang-modules-once -clang-build-session-file /Users/admin/builder/spi-builder-workspace/.derivedData/ModuleCache.noindex/Session.modulevalidation -Xcc -working-directory -Xcc /Users/admin/builder/spi-builder-workspace -resource-dir /Applications/Xcode-16.3.0.app/Contents/Developer/Toolchains/XcodeDefault.xctoolchain/usr/lib/swift -enable-anonymous-context-mangled-names -file-compilation-dir /Users/admin/builder/spi-builder-workspace -Xcc -ivfsstatcache -Xcc /Users/admin/builder/spi-builder-workspace/.derivedData/SDKStatCaches.noindex/watchos11.4-22T246-43efb940ff07ba2497b70ec94253f576.sdkstatcache -Xcc -I/Users/admin/builder/spi-builder-workspace/.derivedData/Build/Intermediates.noindex/LDSwiftEventSource.build/Debug-watchos/LDSwiftEventSource.build/swift-overrides.hmap -Xcc -iquote -Xcc /Users/admin/builder/spi-builder-workspace/.derivedData/Build/Intermediates.noindex/LDSwiftEventSource.build/Debug-watchos/LDSwiftEventSource.build/LDSwiftEventSource-generated-files.hmap -Xcc -I/Users/admin/builder/spi-builder-workspace/.derivedData/Build/Intermediates.noindex/LDSwiftEventSource.build/Debug-watchos/LDSwiftEventSource.build/LDSwiftEventSource-own-target-headers.hmap -Xcc -I/Users/admin/builder/spi-builder-workspace/.derivedData/Build/Intermediates.noindex/LDSwiftEventSource.build/Debug-watchos/LDSwiftEventSource.build/LDSwiftEventSource-all-non-framework-target-headers.hmap -Xcc -ivfsoverlay -Xcc /Users/admin/builder/spi-builder-workspace/.derivedData/Build/Intermediates.noindex/LDSwiftEventSource.build/Debug-watchos/LDSwiftEventSource-1919f0ff81cc7d7774459d6eeec5c7ff-VFS-watchos/all-product-headers.yaml -Xcc -iquote -Xcc /Users/admin/builder/spi-builder-workspace/.derivedData/Build/Intermediates.noindex/LDSwiftEventSource.build/Debug-watchos/LDSwiftEventSource.build/LDSwiftEventSource-project-headers.hmap -Xcc -I/Users/admin/builder/spi-builder-workspace/.derivedData/Build/Products/Debug-watchos/include -Xcc -I/Users/admin/builder/spi-builder-workspace/.derivedData/Build/Intermediates.noindex/LDSwiftEventSource.build/Debug-watchos/LDSwiftEventSource.build/DerivedSources-normal/arm64_32 -Xcc -I/Users/admin/builder/spi-builder-workspace/.derivedData/Build/Intermediates.noindex/LDSwiftEventSource.build/Debug-watchos/LDSwiftEventSource.build/DerivedSources/arm64_32 -Xcc -I/Users/admin/builder/spi-builder-workspace/.derivedData/Build/Intermediates.noindex/LDSwiftEventSource.build/Debug-watchos/LDSwiftEventSource.build/DerivedSources -Xcc -DDEBUG\=1 -Xcc -ivfsoverlay -Xcc /Users/admin/builder/spi-builder-workspace/.derivedData/Build/Intermediates.noindex/LDSwiftEventSource.build/Debug-watchos/LDSwiftEventSource.build/unextended-module-overlay.yaml -module-name LDSwiftEventSource -frontend-parseable-output -disable-clang-spi -target-sdk-version 11.4 -target-sdk-name watchos11.4 -external-plugin-path /Applications/Xcode-16.3.0.app/Contents/Developer/Platforms/WatchOS.platform/Developer/usr/lib/swift/host/plugins\#/Applications/Xcode-16.3.0.app/Contents/Developer/Platforms/WatchOS.platform/Developer/usr/bin/swift-plugin-server -external-plugin-path /Applications/Xcode-16.3.0.app/Contents/Developer/Platforms/WatchOS.platform/Developer/usr/local/lib/swift/host/plugins\#/Applications/Xcode-16.3.0.app/Contents/Developer/Platforms/WatchOS.platform/Developer/usr/bin/swift-plugin-server -in-process-plugin-server-path /Applications/Xcode-16.3.0.app/Contents/Developer/Toolchains/XcodeDefault.xctoolchain/usr/lib/swift/host/libSwiftInProcPluginServer.dylib -plugin-path /Applications/Xcode-16.3.0.app/Contents/Developer/Toolchains/XcodeDefault.xctoolchain/usr/lib/swift/host/plugins -plugin-path /Applications/Xcode-16.3.0.app/Contents/Developer/Toolchains/XcodeDefault.xctoolchain/usr/local/lib/swift/host/plugins -o /Users/admin/builder/spi-builder-workspace/.derivedData/Build/Intermediates.noindex/LDSwiftEventSource.build/Debug-watchos/LDSwiftEventSource.build/Objects-normal/arm64_32/EventParser.o -index-unit-output-path /LDSwiftEventSource.build/Debug-watchos/LDSwiftEventSource.build/Objects-normal/arm64_32/EventParser.o -index-store-path /Users/admin/builder/spi-builder-workspace/.derivedData/Index.noindex/DataStore -index-system-modules
SwiftCompile normal arm64_32 Compiling\ Logs.swift /Users/admin/builder/spi-builder-workspace/Source/Logs.swift (in target 'LDSwiftEventSource' from project 'LDSwiftEventSource')
SwiftCompile normal arm64_32 /Users/admin/builder/spi-builder-workspace/Source/Logs.swift (in target 'LDSwiftEventSource' from project 'LDSwiftEventSource')
    cd /Users/admin/builder/spi-builder-workspace

Error opening -stats-output-dir file '/Users/admin/builder/spi-builder-workspace/.stats/stats-1791004518734239-swift-frontend-LDSwiftEventSource-Logs.swift-arm64_32_apple_watchos9.0-o-Onone-3940268257.json' for writing
SwiftCompile normal arm64_32 Compiling\ LDSwiftEventSource.swift /Users/admin/builder/spi-builder-workspace/Source/LDSwiftEventSource.swift (in target 'LDSwiftEventSource' from project 'LDSwiftEventSource')
SwiftCompile normal arm64_32 /Users/admin/builder/spi-builder-workspace/Source/LDSwiftEventSource.swift (in target 'LDSwiftEventSource' from project 'LDSwiftEventSource')
    cd /Users/admin/builder/spi-builder-workspace

SwiftEmitModule normal arm64_32 Emitting\ module\ for\ LDSwiftEventSource (in target 'LDSwiftEventSource' from project 'LDSwiftEventSource')
Error opening -stats-output-dir file '/Users/admin/builder/spi-builder-workspace/.stats/stats-1791004518744708-swift-frontend-LDSwiftEventSource-all-arm64_32_apple_watchos9.0-swiftmodule-Onone-3669966214.json' for writing
===-------------------------------------------------------------------------===
                               Swift compilation
===-------------------------------------------------------------------------===
  Total Execution Time: 0.3816 seconds (3.4950 wall clock)
   ---User Time---   --System Time--   --User+System--   ---Wall Time---  --- Name ---
   0.0181 (  7.6%)   0.0155 ( 10.9%)   0.0336 (  8.8%)   1.5666 ( 44.8%)  parse-and-resolve-imports
   0.0179 (  7.5%)   0.0149 ( 10.5%)   0.0327 (  8.6%)   1.5656 ( 44.8%)  Import resolution
   0.0458 ( 19.1%)   0.0224 ( 15.7%)   0.0681 ( 17.9%)   0.0707 (  2.0%)  perform-sema
   0.0456 ( 19.0%)   0.0223 ( 15.7%)   0.0679 ( 17.8%)   0.0704 (  2.0%)  Type checking and Semantic analysis
   0.0451 ( 18.8%)   0.0221 ( 15.5%)   0.0672 ( 17.6%)   0.0697 (  2.0%)  typecheck-decl
   0.0017 (  0.7%)   0.0143 ( 10.1%)   0.0160 (  4.2%)   0.0547 (  1.6%)  load-stdlib
   0.0175 (  7.3%)   0.0069 (  4.9%)   0.0245 (  6.4%)   0.0245 (  0.7%)  typecheck-expr
   0.0094 (  3.9%)   0.0063 (  4.4%)   0.0157 (  4.1%)   0.0162 (  0.5%)  SIL optimization
   0.0120 (  5.0%)   0.0030 (  2.1%)   0.0150 (  3.9%)   0.0151 (  0.4%)  SILGen
   0.0055 (  2.3%)   0.0048 (  3.4%)   0.0103 (  2.7%)   0.0103 (  0.3%)  import-clang-decl
   0.0065 (  2.7%)   0.0025 (  1.7%)   0.0090 (  2.4%)   0.0090 (  0.3%)  build-rewrite-system
   0.0052 (  2.2%)   0.0013 (  0.9%)   0.0065 (  1.7%)   0.0065 (  0.2%)  SILGen-function
   0.0018 (  0.8%)   0.0030 (  2.1%)   0.0049 (  1.3%)   0.0054 (  0.2%)  Serialization, swiftmodule
   0.0028 (  1.2%)   0.0008 (  0.5%)   0.0035 (  0.9%)   0.0035 (  0.1%)  precheck-target
   0.0012 (  0.5%)   0.0006 (  0.4%)   0.0019 (  0.5%)   0.0019 (  0.1%)  load-all-members
   0.0014 (  0.6%)   0.0004 (  0.3%)   0.0018 (  0.5%)   0.0018 (  0.1%)  typecheck-stmt
   0.0006 (  0.2%)   0.0010 (  0.7%)   0.0016 (  0.4%)   0.0016 (  0.0%)  Serialization, swiftdoc
   0.0007 (  0.3%)   0.0001 (  0.1%)   0.0008 (  0.2%)   0.0008 (  0.0%)  typecheck-expr-pattern
   0.0004 (  0.2%)   0.0001 (  0.1%)   0.0004 (  0.1%)   0.0004 (  0.0%)  Serialization, swiftsourceinfo
   0.0001 (  0.0%)   0.0000 (  0.0%)   0.0001 (  0.0%)   0.0001 (  0.0%)  perform-whole-module-type-checking
   0.0000 (  0.0%)   0.0000 (  0.0%)   0.0000 (  0.0%)   0.0000 (  0.0%)  SIL verification, pre-optimization
   0.0000 (  0.0%)   0.0000 (  0.0%)   0.0000 (  0.0%)   0.0000 (  0.0%)  SIL verification, post-optimization
   0.0000 (  0.0%)   0.0000 (  0.0%)   0.0000 (  0.0%)   0.0000 (  0.0%)  associated-type-inference
   0.0000 (  0.0%)   0.0000 (  0.0%)   0.0000 (  0.0%)   0.0000 (  0.0%)  source-file-populate-cache
   0.0000 (  0.0%)   0.0000 (  0.0%)   0.0000 (  0.0%)   0.0000 (  0.0%)  populate-module-class-member-cache
   0.0000 (  0.0%)   0.0000 (  0.0%)   0.0000 (  0.0%)   0.0000 (  0.0%)  module-populate-cache
   0.0000 (  0.0%)   0.0000 (  0.0%)   0.0000 (  0.0%)   0.0000 (  0.0%)  AST verification
   0.2394 (100.0%)   0.1423 (100.0%)   0.3816 (100.0%)   3.4950 (100.0%)  Total
===-------------------------------------------------------------------------===
                                Running Program
===-------------------------------------------------------------------------===
  Total Execution Time: 0.1719 seconds (1.7526 wall clock)
   ---User Time---   --System Time--   --User+System--   ---Wall Time---  --- Name ---
   0.1014 (100.0%)   0.0704 (100.0%)   0.1719 (100.0%)   1.7526 (100.0%)  Building Target
   0.1014 (100.0%)   0.0704 (100.0%)   0.1719 (100.0%)   1.7526 (100.0%)  Total
EmitSwiftModule normal arm64_32 (in target 'LDSwiftEventSource' from project 'LDSwiftEventSource')
    cd /Users/admin/builder/spi-builder-workspace

/Users/admin/builder/spi-builder-workspace/Source/Types.swift:99:14: warning: non-final class 'StreamClosedByServerError' cannot conform to 'Sendable'; use '@unchecked Sendable'; this is an error in the Swift 6 language mode
public class StreamClosedByServerError: Error { }
             ^
/Users/admin/builder/spi-builder-workspace/Source/Types.swift:102:14: warning: non-final class 'UnsuccessfulResponseError' cannot conform to 'Sendable'; use '@unchecked Sendable'; this is an error in the Swift 6 language mode
public class UnsuccessfulResponseError: Error {
             ^
/Users/admin/builder/spi-builder-workspace/Source/LDSwiftEventSource.swift:165:7: warning: non-final class 'EventSourceDelegate' cannot conform to 'Sendable'; use '@unchecked Sendable'; this is an error in the Swift 6 language mode
class EventSourceDelegate: NSObject, URLSessionDataDelegate {
      ^
/Users/admin/builder/spi-builder-workspace/Source/LDSwiftEventSource.swift:168:16: warning: stored property 'logger' of 'Sendable'-conforming class 'EventSourceDelegate' is mutable; this is an error in the Swift 6 language mode
    public var logger: InternalLogging
               ^
SwiftCompile normal arm64_32 Compiling\ UTF8LineParser.swift /Users/admin/builder/spi-builder-workspace/Source/UTF8LineParser.swift (in target 'LDSwiftEventSource' from project 'LDSwiftEventSource')
Error opening -stats-output-dir file '/Users/admin/builder/spi-builder-workspace/.stats/stats-1791004518740865-swift-frontend-LDSwiftEventSource-UTF8LineParser.swift-arm64_32_apple_watchos9.0-o-Onone-2216180272.json' for writing
===-------------------------------------------------------------------------===
                               Swift compilation
===-------------------------------------------------------------------------===
  Total Execution Time: 0.5142 seconds (3.8101 wall clock)
   ---User Time---   --System Time--   --User+System--   ---Wall Time---  --- Name ---
   0.0206 (  5.8%)   0.0202 ( 12.8%)   0.0408 (  7.9%)   1.6589 ( 43.5%)  parse-and-resolve-imports
   0.0203 (  5.7%)   0.0194 ( 12.3%)   0.0397 (  7.7%)   1.6577 ( 43.5%)  Import resolution
   0.0851 ( 23.9%)   0.0334 ( 21.2%)   0.1185 ( 23.1%)   0.1186 (  3.1%)  build-rewrite-system
   0.0480 ( 13.5%)   0.0135 (  8.6%)   0.0615 ( 12.0%)   0.0637 (  1.7%)  perform-sema
   0.0479 ( 13.4%)   0.0135 (  8.6%)   0.0614 ( 11.9%)   0.0636 (  1.7%)  Type checking and Semantic analysis
   0.0015 (  0.4%)   0.0125 (  7.9%)   0.0140 (  2.7%)   0.0629 (  1.7%)  load-stdlib
   0.0357 ( 10.0%)   0.0094 (  5.9%)   0.0451 (  8.8%)   0.0471 (  1.2%)  typecheck-expr
   0.0323 (  9.1%)   0.0084 (  5.3%)   0.0407 (  7.9%)   0.0428 (  1.1%)  typecheck-stmt
   0.0219 (  6.1%)   0.0080 (  5.1%)   0.0299 (  5.8%)   0.0319 (  0.8%)  typecheck-decl
   0.0111 (  3.1%)   0.0094 (  6.0%)   0.0205 (  4.0%)   0.0207 (  0.5%)  import-clang-decl
   0.0130 (  3.7%)   0.0040 (  2.5%)   0.0170 (  3.3%)   0.0174 (  0.5%)  precheck-target
   0.0045 (  1.3%)   0.0032 (  2.0%)   0.0077 (  1.5%)   0.0077 (  0.2%)  IRGen
   0.0056 (  1.6%)   0.0014 (  0.9%)   0.0070 (  1.4%)   0.0070 (  0.2%)  SILGen
   0.0049 (  1.4%)   0.0001 (  0.0%)   0.0049 (  1.0%)   0.0049 (  0.1%)  SIL optimization
   0.0030 (  0.9%)   0.0009 (  0.5%)   0.0039 (  0.8%)   0.0039 (  0.1%)  SILGen-function
   0.0008 (  0.2%)   0.0006 (  0.4%)   0.0014 (  0.3%)   0.0014 (  0.0%)  load-all-members
   0.0001 (  0.0%)   0.0000 (  0.0%)   0.0001 (  0.0%)   0.0001 (  0.0%)  get-conformance-access-path
   0.0000 (  0.0%)   0.0000 (  0.0%)   0.0000 (  0.0%)   0.0000 (  0.0%)  SIL verification, pre-optimization
   0.0000 (  0.0%)   0.0000 (  0.0%)   0.0000 (  0.0%)   0.0000 (  0.0%)  associated-type-inference
   0.0000 (  0.0%)   0.0000 (  0.0%)   0.0000 (  0.0%)   0.0000 (  0.0%)  SIL verification, post-optimization
   0.0000 (  0.0%)   0.0000 (  0.0%)   0.0000 (  0.0%)   0.0000 (  0.0%)  module-populate-cache
   0.0000 (  0.0%)   0.0000 (  0.0%)   0.0000 (  0.0%)   0.0000 (  0.0%)  source-file-populate-cache
   0.0000 (  0.0%)   0.0000 (  0.0%)   0.0000 (  0.0%)   0.0000 (  0.0%)  perform-whole-module-type-checking
   0.0000 (  0.0%)   0.0000 (  0.0%)   0.0000 (  0.0%)   0.0000 (  0.0%)  populate-source-file-class-member-cache
   0.0000 (  0.0%)   0.0000 (  0.0%)   0.0000 (  0.0%)   0.0000 (  0.0%)  AST verification
   0.3563 (100.0%)   0.1579 (100.0%)   0.5142 (100.0%)   3.8101 (100.0%)  Total
===-------------------------------------------------------------------------===
                                Running Program
===-------------------------------------------------------------------------===
  Total Execution Time: 1.4685 seconds (3.2026 wall clock)
   ---User Time---   --System Time--   --User+System--   ---Wall Time---  --- Name ---
   0.9145 (100.0%)   0.5540 (100.0%)   1.4685 (100.0%)   3.2026 (100.0%)  Building Target
   0.9145 (100.0%)   0.5540 (100.0%)   1.4685 (100.0%)   3.2026 (100.0%)  Total
SwiftCompile normal arm64_32 /Users/admin/builder/spi-builder-workspace/Source/UTF8LineParser.swift (in target 'LDSwiftEventSource' from project 'LDSwiftEventSource')
    cd /Users/admin/builder/spi-builder-workspace

SwiftCompile normal arm64_32 Compiling\ Types.swift /Users/admin/builder/spi-builder-workspace/Source/Types.swift (in target 'LDSwiftEventSource' from project 'LDSwiftEventSource')
Error opening -stats-output-dir file '/Users/admin/builder/spi-builder-workspace/.stats/stats-1791004518746082-swift-frontend-LDSwiftEventSource-Types.swift-arm64_32_apple_watchos9.0-o-Onone-591222399.json' for writing
===-------------------------------------------------------------------------===
                               Swift compilation
===-------------------------------------------------------------------------===
  Total Execution Time: 0.3397 seconds (3.7453 wall clock)
   ---User Time---   --System Time--   --User+System--   ---Wall Time---  --- Name ---
   0.0217 ( 10.0%)   0.0229 ( 18.6%)   0.0446 ( 13.1%)   1.7234 ( 46.0%)  parse-and-resolve-imports
   0.0214 (  9.9%)   0.0219 ( 17.8%)   0.0433 ( 12.8%)   1.7222 ( 46.0%)  Import resolution
   0.0861 ( 39.8%)   0.0339 ( 27.5%)   0.1200 ( 35.3%)   0.1204 (  3.2%)  build-rewrite-system
   0.0017 (  0.8%)   0.0111 (  9.0%)   0.0128 (  3.8%)   0.0604 (  1.6%)  load-stdlib
   0.0142 (  6.6%)   0.0051 (  4.2%)   0.0194 (  5.7%)   0.0194 (  0.5%)  perform-sema
   0.0142 (  6.5%)   0.0051 (  4.1%)   0.0193 (  5.7%)   0.0193 (  0.5%)  Type checking and Semantic analysis
   0.0102 (  4.7%)   0.0086 (  7.0%)   0.0187 (  5.5%)   0.0188 (  0.5%)  import-clang-decl
   0.0138 (  6.4%)   0.0049 (  4.0%)   0.0187 (  5.5%)   0.0187 (  0.5%)  typecheck-decl
   0.0075 (  3.5%)   0.0016 (  1.3%)   0.0092 (  2.7%)   0.0092 (  0.2%)  SILGen
   0.0047 (  2.2%)   0.0037 (  3.0%)   0.0084 (  2.5%)   0.0084 (  0.2%)  IRGen
   0.0059 (  2.7%)   0.0013 (  1.1%)   0.0072 (  2.1%)   0.0072 (  0.2%)  SILGen-function
   0.0045 (  2.1%)   0.0013 (  1.0%)   0.0058 (  1.7%)   0.0058 (  0.2%)  typecheck-stmt
   0.0044 (  2.0%)   0.0012 (  1.0%)   0.0056 (  1.7%)   0.0056 (  0.1%)  typecheck-expr
   0.0038 (  1.7%)   0.0002 (  0.2%)   0.0039 (  1.2%)   0.0039 (  0.1%)  SIL optimization
   0.0007 (  0.3%)   0.0003 (  0.2%)   0.0010 (  0.3%)   0.0010 (  0.0%)  load-all-members
   0.0008 (  0.4%)   0.0001 (  0.1%)   0.0009 (  0.3%)   0.0009 (  0.0%)  precheck-target
   0.0007 (  0.3%)   0.0001 (  0.1%)   0.0008 (  0.2%)   0.0008 (  0.0%)  typecheck-expr-pattern
   0.0000 (  0.0%)   0.0000 (  0.0%)   0.0000 (  0.0%)   0.0000 (  0.0%)  get-conformance-access-path
   0.0000 (  0.0%)   0.0000 (  0.0%)   0.0000 (  0.0%)   0.0000 (  0.0%)  SIL verification, pre-optimization
   0.0000 (  0.0%)   0.0000 (  0.0%)   0.0000 (  0.0%)   0.0000 (  0.0%)  module-populate-cache
   0.0000 (  0.0%)   0.0000 (  0.0%)   0.0000 (  0.0%)   0.0000 (  0.0%)  source-file-populate-cache
   0.0000 (  0.0%)   0.0000 (  0.0%)   0.0000 (  0.0%)   0.0000 (  0.0%)  SIL verification, post-optimization
   0.0000 (  0.0%)   0.0000 (  0.0%)   0.0000 (  0.0%)   0.0000 (  0.0%)  perform-whole-module-type-checking
   0.0000 (  0.0%)   0.0000 (  0.0%)   0.0000 (  0.0%)   0.0000 (  0.0%)  populate-source-file-class-member-cache
   0.0000 (  0.0%)   0.0000 (  0.0%)   0.0000 (  0.0%)   0.0000 (  0.0%)  AST verification
   0.2163 (100.0%)   0.1234 (100.0%)   0.3397 (100.0%)   3.7453 (100.0%)  Total
===-------------------------------------------------------------------------===
                                Running Program
===-------------------------------------------------------------------------===
  Total Execution Time: 1.4038 seconds (3.1956 wall clock)
   ---User Time---   --System Time--   --User+System--   ---Wall Time---  --- Name ---
   0.8940 (100.0%)   0.5098 (100.0%)   1.4038 (100.0%)   3.1956 (100.0%)  Building Target
   0.8940 (100.0%)   0.5098 (100.0%)   1.4038 (100.0%)   3.1956 (100.0%)  Total
SwiftCompile normal arm64_32 /Users/admin/builder/spi-builder-workspace/Source/Types.swift (in target 'LDSwiftEventSource' from project 'LDSwiftEventSource')
    cd /Users/admin/builder/spi-builder-workspace

/Users/admin/builder/spi-builder-workspace/Source/Types.swift:99:14: warning: non-final class 'StreamClosedByServerError' cannot conform to 'Sendable'; use '@unchecked Sendable'; this is an error in the Swift 6 language mode
public class StreamClosedByServerError: Error { }
             ^
/Users/admin/builder/spi-builder-workspace/Source/Types.swift:102:14: warning: non-final class 'UnsuccessfulResponseError' cannot conform to 'Sendable'; use '@unchecked Sendable'; this is an error in the Swift 6 language mode
public class UnsuccessfulResponseError: Error {
             ^
SwiftCompile normal arm64 Compiling\ UTF8LineParser.swift /Users/admin/builder/spi-builder-workspace/Source/UTF8LineParser.swift (in target 'LDSwiftEventSource' from project 'LDSwiftEventSource')
Error opening -stats-output-dir file '/Users/admin/builder/spi-builder-workspace/.stats/stats-1791004518748668-swift-frontend-LDSwiftEventSource-UTF8LineParser.swift-arm64_apple_watchos9.0-o-Onone-257661020.json' for writing
SwiftCompile normal arm64 /Users/admin/builder/spi-builder-workspace/Source/UTF8LineParser.swift (in target 'LDSwiftEventSource' from project 'LDSwiftEventSource')
    cd /Users/admin/builder/spi-builder-workspace

SwiftCompile normal arm64 Compiling\ Logs.swift /Users/admin/builder/spi-builder-workspace/Source/Logs.swift (in target 'LDSwiftEventSource' from project 'LDSwiftEventSource')
SwiftCompile normal arm64 /Users/admin/builder/spi-builder-workspace/Source/Logs.swift (in target 'LDSwiftEventSource' from project 'LDSwiftEventSource')
    cd /Users/admin/builder/spi-builder-workspace

Error opening -stats-output-dir file '/Users/admin/builder/spi-builder-workspace/.stats/stats-1791004518744274-swift-frontend-LDSwiftEventSource-Logs.swift-arm64_apple_watchos9.0-o-Onone-974346107.json' for writing
SwiftCompile normal arm64 Compiling\ LDSwiftEventSource.swift /Users/admin/builder/spi-builder-workspace/Source/LDSwiftEventSource.swift (in target 'LDSwiftEventSource' from project 'LDSwiftEventSource')
SwiftCompile normal arm64 /Users/admin/builder/spi-builder-workspace/Source/LDSwiftEventSource.swift (in target 'LDSwiftEventSource' from project 'LDSwiftEventSource')
    cd /Users/admin/builder/spi-builder-workspace

SwiftEmitModule normal arm64 Emitting\ module\ for\ LDSwiftEventSource (in target 'LDSwiftEventSource' from project 'LDSwiftEventSource')
Error opening -stats-output-dir file '/Users/admin/builder/spi-builder-workspace/.stats/stats-1791004518747707-swift-frontend-LDSwiftEventSource-all-arm64_apple_watchos9.0-swiftmodule-Onone-3101772224.json' for writing
===-------------------------------------------------------------------------===
                               Swift compilation
===-------------------------------------------------------------------------===
  Total Execution Time: 0.3505 seconds (3.5128 wall clock)
   ---User Time---   --System Time--   --User+System--   ---Wall Time---  --- Name ---
   0.0205 (  8.8%)   0.0214 ( 18.3%)   0.0419 ( 11.9%)   1.6021 ( 45.6%)  parse-and-resolve-imports
   0.0203 (  8.7%)   0.0208 ( 17.8%)   0.0410 ( 11.7%)   1.6013 ( 45.6%)  Import resolution
   0.0423 ( 18.1%)   0.0138 ( 11.9%)   0.0561 ( 16.0%)   0.0563 (  1.6%)  perform-sema
   0.0421 ( 18.0%)   0.0138 ( 11.8%)   0.0559 ( 15.9%)   0.0560 (  1.6%)  Type checking and Semantic analysis
   0.0416 ( 17.8%)   0.0136 ( 11.7%)   0.0553 ( 15.8%)   0.0554 (  1.6%)  typecheck-decl
   0.0017 (  0.7%)   0.0116 (  9.9%)   0.0132 (  3.8%)   0.0544 (  1.5%)  load-stdlib
   0.0160 (  6.8%)   0.0052 (  4.5%)   0.0213 (  6.1%)   0.0213 (  0.6%)  typecheck-expr
   0.0127 (  5.4%)   0.0030 (  2.5%)   0.0156 (  4.5%)   0.0157 (  0.4%)  SILGen
   0.0099 (  4.2%)   0.0025 (  2.1%)   0.0124 (  3.5%)   0.0125 (  0.4%)  SIL optimization
   0.0053 (  2.3%)   0.0048 (  4.1%)   0.0101 (  2.9%)   0.0101 (  0.3%)  import-clang-decl
   0.0061 (  2.6%)   0.0023 (  2.0%)   0.0085 (  2.4%)   0.0085 (  0.2%)  build-rewrite-system
   0.0056 (  2.4%)   0.0011 (  0.9%)   0.0067 (  1.9%)   0.0067 (  0.2%)  SILGen-function
   0.0023 (  1.0%)   0.0005 (  0.4%)   0.0028 (  0.8%)   0.0028 (  0.1%)  precheck-target
   0.0018 (  0.8%)   0.0008 (  0.7%)   0.0026 (  0.7%)   0.0026 (  0.1%)  Serialization, swiftmodule
   0.0020 (  0.9%)   0.0006 (  0.5%)   0.0026 (  0.7%)   0.0026 (  0.1%)  typecheck-stmt
   0.0013 (  0.6%)   0.0005 (  0.4%)   0.0019 (  0.5%)   0.0019 (  0.1%)  load-all-members
   0.0010 (  0.4%)   0.0003 (  0.2%)   0.0013 (  0.4%)   0.0013 (  0.0%)  typecheck-expr-pattern
   0.0006 (  0.3%)   0.0001 (  0.1%)   0.0007 (  0.2%)   0.0007 (  0.0%)  Serialization, swiftdoc
   0.0004 (  0.2%)   0.0001 (  0.1%)   0.0005 (  0.1%)   0.0005 (  0.0%)  Serialization, swiftsourceinfo
   0.0001 (  0.1%)   0.0000 (  0.0%)   0.0001 (  0.0%)   0.0001 (  0.0%)  perform-whole-module-type-checking
   0.0001 (  0.0%)   0.0000 (  0.0%)   0.0001 (  0.0%)   0.0001 (  0.0%)  SIL verification, pre-optimization
   0.0000 (  0.0%)   0.0000 (  0.0%)   0.0000 (  0.0%)   0.0000 (  0.0%)  SIL verification, post-optimization
   0.0000 (  0.0%)   0.0000 (  0.0%)   0.0000 (  0.0%)   0.0000 (  0.0%)  populate-module-class-member-cache
   0.0000 (  0.0%)   0.0000 (  0.0%)   0.0000 (  0.0%)   0.0000 (  0.0%)  source-file-populate-cache
   0.0000 (  0.0%)   0.0000 (  0.0%)   0.0000 (  0.0%)   0.0000 (  0.0%)  associated-type-inference
   0.0000 (  0.0%)   0.0000 (  0.0%)   0.0000 (  0.0%)   0.0000 (  0.0%)  module-populate-cache
   0.0000 (  0.0%)   0.0000 (  0.0%)   0.0000 (  0.0%)   0.0000 (  0.0%)  AST verification
   0.2338 (100.0%)   0.1167 (100.0%)   0.3505 (100.0%)   3.5128 (100.0%)  Total
===-------------------------------------------------------------------------===
                                Running Program
===-------------------------------------------------------------------------===
  Total Execution Time: 0.1589 seconds (1.7620 wall clock)
   ---User Time---   --System Time--   --User+System--   ---Wall Time---  --- Name ---
   0.1010 (100.0%)   0.0579 (100.0%)   0.1589 (100.0%)   1.7620 (100.0%)  Building Target
   0.1010 (100.0%)   0.0579 (100.0%)   0.1589 (100.0%)   1.7620 (100.0%)  Total
EmitSwiftModule normal arm64 (in target 'LDSwiftEventSource' from project 'LDSwiftEventSource')
    cd /Users/admin/builder/spi-builder-workspace

/Users/admin/builder/spi-builder-workspace/Source/Types.swift:99:14: warning: non-final class 'StreamClosedByServerError' cannot conform to 'Sendable'; use '@unchecked Sendable'; this is an error in the Swift 6 language mode
public class StreamClosedByServerError: Error { }
             ^
/Users/admin/builder/spi-builder-workspace/Source/Types.swift:102:14: warning: non-final class 'UnsuccessfulResponseError' cannot conform to 'Sendable'; use '@unchecked Sendable'; this is an error in the Swift 6 language mode
public class UnsuccessfulResponseError: Error {
             ^
/Users/admin/builder/spi-builder-workspace/Source/LDSwiftEventSource.swift:165:7: warning: non-final class 'EventSourceDelegate' cannot conform to 'Sendable'; use '@unchecked Sendable'; this is an error in the Swift 6 language mode
class EventSourceDelegate: NSObject, URLSessionDataDelegate {
      ^
/Users/admin/builder/spi-builder-workspace/Source/LDSwiftEventSource.swift:168:16: warning: stored property 'logger' of 'Sendable'-conforming class 'EventSourceDelegate' is mutable; this is an error in the Swift 6 language mode
    public var logger: InternalLogging
               ^
SwiftCompile normal arm64 Compiling\ EventParser.swift /Users/admin/builder/spi-builder-workspace/Source/EventParser.swift (in target 'LDSwiftEventSource' from project 'LDSwiftEventSource')
Error opening -stats-output-dir file '/Users/admin/builder/spi-builder-workspace/.stats/stats-1791004520567195-swift-frontend-LDSwiftEventSource-EventParser.swift-arm64_apple_watchos9.0-o-Onone-2902645395.json' for writing
===-------------------------------------------------------------------------===
                               Swift compilation
===-------------------------------------------------------------------------===
  Total Execution Time: 0.4216 seconds (0.4224 wall clock)
   ---User Time---   --System Time--   --User+System--   ---Wall Time---  --- Name ---
   0.0846 ( 28.6%)   0.0327 ( 25.9%)   0.1173 ( 27.8%)   0.1175 ( 27.8%)  build-rewrite-system
   0.0380 ( 12.9%)   0.0093 (  7.4%)   0.0473 ( 11.2%)   0.0473 ( 11.2%)  perform-sema
   0.0379 ( 12.8%)   0.0093 (  7.4%)   0.0472 ( 11.2%)   0.0472 ( 11.2%)  Type checking and Semantic analysis
   0.0338 ( 11.4%)   0.0082 (  6.5%)   0.0420 ( 10.0%)   0.0420 (  9.9%)  typecheck-stmt
   0.0200 (  6.8%)   0.0207 ( 16.4%)   0.0407 (  9.7%)   0.0409 (  9.7%)  parse-and-resolve-imports
   0.0196 (  6.7%)   0.0200 ( 15.9%)   0.0397 (  9.4%)   0.0398 (  9.4%)  Import resolution
   0.0311 ( 10.5%)   0.0081 (  6.4%)   0.0392 (  9.3%)   0.0392 (  9.3%)  typecheck-expr
   0.0112 (  3.8%)   0.0107 (  8.4%)   0.0218 (  5.2%)   0.0221 (  5.2%)  import-clang-decl
   0.0098 (  3.3%)   0.0024 (  1.9%)   0.0121 (  2.9%)   0.0121 (  2.9%)  precheck-target
   0.0066 (  2.2%)   0.0029 (  2.3%)   0.0095 (  2.2%)   0.0094 (  2.2%)  typecheck-decl
   0.0010 (  0.3%)   0.0016 (  1.2%)   0.0026 (  0.6%)   0.0026 (  0.6%)  load-stdlib
   0.0012 (  0.4%)   0.0001 (  0.1%)   0.0013 (  0.3%)   0.0013 (  0.3%)  typecheck-expr-pattern
   0.0007 (  0.2%)   0.0003 (  0.2%)   0.0010 (  0.2%)   0.0010 (  0.2%)  load-all-members
   0.0000 (  0.0%)   0.0000 (  0.0%)   0.0000 (  0.0%)   0.0000 (  0.0%)  get-conformance-access-path
   0.0000 (  0.0%)   0.0000 (  0.0%)   0.0000 (  0.0%)   0.0000 (  0.0%)  module-populate-cache
   0.0000 (  0.0%)   0.0000 (  0.0%)   0.0000 (  0.0%)   0.0000 (  0.0%)  perform-whole-module-type-checking
   0.0000 (  0.0%)   0.0000 (  0.0%)   0.0000 (  0.0%)   0.0000 (  0.0%)  source-file-populate-cache
   0.0000 (  0.0%)   0.0000 (  0.0%)   0.0000 (  0.0%)   0.0000 (  0.0%)  AST verification
   0.2953 (100.0%)   0.1263 (100.0%)   0.4216 (100.0%)   0.4224 (100.0%)  Total
===-------------------------------------------------------------------------===
                                Running Program
===-------------------------------------------------------------------------===
  Total Execution Time: 1.3169 seconds (1.3749 wall clock)
   ---User Time---   --System Time--   --User+System--   ---Wall Time---  --- Name ---
   0.8428 (100.0%)   0.4740 (100.0%)   1.3169 (100.0%)   1.3749 (100.0%)  Building Target
   0.8428 (100.0%)   0.4740 (100.0%)   1.3169 (100.0%)   1.3749 (100.0%)  Total
Failed frontend command:
/Applications/Xcode-16.3.0.app/Contents/Developer/Toolchains/XcodeDefault.xctoolchain/usr/bin/swift-frontend -frontend -c /Users/admin/builder/spi-builder-workspace/Source/UTF8LineParser.swift /Users/admin/builder/spi-builder-workspace/Source/Logs.swift /Users/admin/builder/spi-builder-workspace/Source/Types.swift -primary-file /Users/admin/builder/spi-builder-workspace/Source/EventParser.swift /Users/admin/builder/spi-builder-workspace/Source/LDSwiftEventSource.swift -emit-dependencies-path /Users/admin/builder/spi-builder-workspace/.derivedData/Build/Intermediates.noindex/LDSwiftEventSource.build/Debug-watchos/LDSwiftEventSource.build/Objects-normal/arm64/EventParser.d -emit-const-values-path /Users/admin/builder/spi-builder-workspace/.derivedData/Build/Intermediates.noindex/LDSwiftEventSource.build/Debug-watchos/LDSwiftEventSource.build/Objects-normal/arm64/EventParser.swiftconstvalues -emit-reference-dependencies-path /Users/admin/builder/spi-builder-workspace/.derivedData/Build/Intermediates.noindex/LDSwiftEventSource.build/Debug-watchos/LDSwiftEventSource.build/Objects-normal/arm64/EventParser.swiftdeps -serialize-diagnostics-path /Users/admin/builder/spi-builder-workspace/.derivedData/Build/Intermediates.noindex/LDSwiftEventSource.build/Debug-watchos/LDSwiftEventSource.build/Objects-normal/arm64/EventParser.dia -target arm64-apple-watchos9.0 -Xllvm -aarch64-use-tbi -enable-objc-interop -stack-check -sdk /Applications/Xcode-16.3.0.app/Contents/Developer/Platforms/WatchOS.platform/Developer/SDKs/WatchOS11.4.sdk -I /Users/admin/builder/spi-builder-workspace/.derivedData/Build/Products/Debug-watchos -F /Users/admin/builder/spi-builder-workspace/.derivedData/Build/Products/Debug-watchos -no-color-diagnostics -application-extension -enable-testing -g -debug-info-format\=dwarf -dwarf-version\=4 -import-underlying-module -module-cache-path /Users/admin/builder/spi-builder-workspace/.derivedData/ModuleCache.noindex -profile-generate -profile-coverage-mapping -swift-version 5 -enforce-exclusivity\=checked -stats-output-dir /Users/admin/builder/spi-builder-workspace/.stats -Onone -D DEBUG -serialize-debugging-options -const-gather-protocols-file /Users/admin/builder/spi-builder-workspace/.derivedData/Build/Intermediates.noindex/LDSwiftEventSource.build/Debug-watchos/LDSwiftEventSource.build/Objects-normal/arm64/LDSwiftEventSource_const_extract_protocols.json -enable-upcoming-feature StrictConcurrency -enable-upcoming-feature DisableOutwardActorInference -enable-upcoming-feature GlobalActorIsolatedTypesUsability -enable-upcoming-feature InferSendableFromCaptures -enable-experimental-feature DebugDescriptionMacro -enable-bare-slash-regex -strict-concurrency\=complete -empty-abi-descriptor -validate-clang-modules-once -clang-build-session-file /Users/admin/builder/spi-builder-workspace/.derivedData/ModuleCache.noindex/Session.modulevalidation -Xcc -working-directory -Xcc /Users/admin/builder/spi-builder-workspace -resource-dir /Applications/Xcode-16.3.0.app/Contents/Developer/Toolchains/XcodeDefault.xctoolchain/usr/lib/swift -enable-anonymous-context-mangled-names -file-compilation-dir /Users/admin/builder/spi-builder-workspace -Xcc -ivfsstatcache -Xcc /Users/admin/builder/spi-builder-workspace/.derivedData/SDKStatCaches.noindex/watchos11.4-22T246-43efb940ff07ba2497b70ec94253f576.sdkstatcache -Xcc -I/Users/admin/builder/spi-builder-workspace/.derivedData/Build/Intermediates.noindex/LDSwiftEventSource.build/Debug-watchos/LDSwiftEventSource.build/swift-overrides.hmap -Xcc -iquote -Xcc /Users/admin/builder/spi-builder-workspace/.derivedData/Build/Intermediates.noindex/LDSwiftEventSource.build/Debug-watchos/LDSwiftEventSource.build/LDSwiftEventSource-generated-files.hmap -Xcc -I/Users/admin/builder/spi-builder-workspace/.derivedData/Build/Intermediates.noindex/LDSwiftEventSource.build/Debug-watchos/LDSwiftEventSource.build/LDSwiftEventSource-own-target-headers.hmap -Xcc -I/Users/admin/builder/spi-builder-workspace/.derivedData/Build/Intermediates.noindex/LDSwiftEventSource.build/Debug-watchos/LDSwiftEventSource.build/LDSwiftEventSource-all-non-framework-target-headers.hmap -Xcc -ivfsoverlay -Xcc /Users/admin/builder/spi-builder-workspace/.derivedData/Build/Intermediates.noindex/LDSwiftEventSource.build/Debug-watchos/LDSwiftEventSource-1919f0ff81cc7d7774459d6eeec5c7ff-VFS-watchos/all-product-headers.yaml -Xcc -iquote -Xcc /Users/admin/builder/spi-builder-workspace/.derivedData/Build/Intermediates.noindex/LDSwiftEventSource.build/Debug-watchos/LDSwiftEventSource.build/LDSwiftEventSource-project-headers.hmap -Xcc -I/Users/admin/builder/spi-builder-workspace/.derivedData/Build/Products/Debug-watchos/include -Xcc -I/Users/admin/builder/spi-builder-workspace/.derivedData/Build/Intermediates.noindex/LDSwiftEventSource.build/Debug-watchos/LDSwiftEventSource.build/DerivedSources-normal/arm64 -Xcc -I/Users/admin/builder/spi-builder-workspace/.derivedData/Build/Intermediates.noindex/LDSwiftEventSource.build/Debug-watchos/LDSwiftEventSource.build/DerivedSources/arm64 -Xcc -I/Users/admin/builder/spi-builder-workspace/.derivedData/Build/Intermediates.noindex/LDSwiftEventSource.build/Debug-watchos/LDSwiftEventSource.build/DerivedSources -Xcc -DDEBUG\=1 -Xcc -ivfsoverlay -Xcc /Users/admin/builder/spi-builder-workspace/.derivedData/Build/Intermediates.noindex/LDSwiftEventSource.build/Debug-watchos/LDSwiftEventSource.build/unextended-module-overlay.yaml -module-name LDSwiftEventSource -frontend-parseable-output -disable-clang-spi -target-sdk-version 11.4 -target-sdk-name watchos11.4 -external-plugin-path /Applications/Xcode-16.3.0.app/Contents/Developer/Platforms/WatchOS.platform/Developer/usr/lib/swift/host/plugins\#/Applications/Xcode-16.3.0.app/Contents/Developer/Platforms/WatchOS.platform/Developer/usr/bin/swift-plugin-server -external-plugin-path /Applications/Xcode-16.3.0.app/Contents/Developer/Platforms/WatchOS.platform/Developer/usr/local/lib/swift/host/plugins\#/Applications/Xcode-16.3.0.app/Contents/Developer/Platforms/WatchOS.platform/Developer/usr/bin/swift-plugin-server -in-process-plugin-server-path /Applications/Xcode-16.3.0.app/Contents/Developer/Toolchains/XcodeDefault.xctoolchain/usr/lib/swift/host/libSwiftInProcPluginServer.dylib -plugin-path /Applications/Xcode-16.3.0.app/Contents/Developer/Toolchains/XcodeDefault.xctoolchain/usr/lib/swift/host/plugins -plugin-path /Applications/Xcode-16.3.0.app/Contents/Developer/Toolchains/XcodeDefault.xctoolchain/usr/local/lib/swift/host/plugins -o /Users/admin/builder/spi-builder-workspace/.derivedData/Build/Intermediates.noindex/LDSwiftEventSource.build/Debug-watchos/LDSwiftEventSource.build/Objects-normal/arm64/EventParser.o -index-unit-output-path /LDSwiftEventSource.build/Debug-watchos/LDSwiftEventSource.build/Objects-normal/arm64/EventParser.o -index-store-path /Users/admin/builder/spi-builder-workspace/.derivedData/Index.noindex/DataStore -index-system-modules
SwiftCompile normal arm64 /Users/admin/builder/spi-builder-workspace/Source/EventParser.swift (in target 'LDSwiftEventSource' from project 'LDSwiftEventSource')
    cd /Users/admin/builder/spi-builder-workspace

/Users/admin/builder/spi-builder-workspace/Source/EventParser.swift:68:22: error: no 'contains' candidates produce the expected type '(Substring.Element) throws -> Bool' (aka '(Character) throws -> Bool') for parameter #0
            if value.allSatisfy(("0"..."9").contains), let reconnectionTime = Int64(value) {
                     ^
SwiftDriverJobDiscovery normal arm64_32 Emitting module for LDSwiftEventSource (in target 'LDSwiftEventSource' from project 'LDSwiftEventSource')
SwiftDriver\ Compilation\ Requirements LDSwiftEventSource normal arm64_32 com.apple.xcode.tools.swift.compiler (in target 'LDSwiftEventSource' from project 'LDSwiftEventSource')
    cd /Users/admin/builder/spi-builder-workspace
    builtin-Swift-Compilation-Requirements -- /Applications/Xcode-16.3.0.app/Contents/Developer/Toolchains/XcodeDefault.xctoolchain/usr/bin/swiftc -module-name LDSwiftEventSource -Onone -enforce-exclusivity\=checked @/Users/admin/builder/spi-builder-workspace/.derivedData/Build/Intermediates.noindex/LDSwiftEventSource.build/Debug-watchos/LDSwiftEventSource.build/Objects-normal/arm64_32/LDSwiftEventSource.SwiftFileList -DDEBUG -stats-output-dir .stats -strict-concurrency\=complete -enable-upcoming-feature StrictConcurrency -enable-upcoming-feature DisableOutwardActorInference -enable-upcoming-feature GlobalActorIsolatedTypesUsability -enable-upcoming-feature InferSendableFromCaptures -enable-bare-slash-regex -enable-experimental-feature DebugDescriptionMacro -sdk /Applications/Xcode-16.3.0.app/Contents/Developer/Platforms/WatchOS.platform/Developer/SDKs/WatchOS11.4.sdk -target arm64_32-apple-watchos9.0 -g -module-cache-path /Users/admin/builder/spi-builder-workspace/.derivedData/ModuleCache.noindex -Xfrontend -serialize-debugging-options -application-extension -profile-coverage-mapping -profile-generate -enable-testing -index-store-path /Users/admin/builder/spi-builder-workspace/.derivedData/Index.noindex/DataStore -swift-version 5 -I /Users/admin/builder/spi-builder-workspace/.derivedData/Build/Products/Debug-watchos -F /Users/admin/builder/spi-builder-workspace/.derivedData/Build/Products/Debug-watchos -c -j10 -enable-batch-mode -incremental -Xcc -ivfsstatcache -Xcc /Users/admin/builder/spi-builder-workspace/.derivedData/SDKStatCaches.noindex/watchos11.4-22T246-43efb940ff07ba2497b70ec94253f576.sdkstatcache -output-file-map /Users/admin/builder/spi-builder-workspace/.derivedData/Build/Intermediates.noindex/LDSwiftEventSource.build/Debug-watchos/LDSwiftEventSource.build/Objects-normal/arm64_32/LDSwiftEventSource-OutputFileMap.json -use-frontend-parseable-output -save-temps -no-color-diagnostics -serialize-diagnostics -emit-dependencies -emit-module -emit-module-path /Users/admin/builder/spi-builder-workspace/.derivedData/Build/Intermediates.noindex/LDSwiftEventSource.build/Debug-watchos/LDSwiftEventSource.build/Objects-normal/arm64_32/LDSwiftEventSource.swiftmodule -validate-clang-modules-once -clang-build-session-file /Users/admin/builder/spi-builder-workspace/.derivedData/ModuleCache.noindex/Session.modulevalidation -Xcc -I/Users/admin/builder/spi-builder-workspace/.derivedData/Build/Intermediates.noindex/LDSwiftEventSource.build/Debug-watchos/LDSwiftEventSource.build/swift-overrides.hmap -emit-const-values -Xfrontend -const-gather-protocols-file -Xfrontend /Users/admin/builder/spi-builder-workspace/.derivedData/Build/Intermediates.noindex/LDSwiftEventSource.build/Debug-watchos/LDSwiftEventSource.build/Objects-normal/arm64_32/LDSwiftEventSource_const_extract_protocols.json -Xcc -iquote -Xcc /Users/admin/builder/spi-builder-workspace/.derivedData/Build/Intermediates.noindex/LDSwiftEventSource.build/Debug-watchos/LDSwiftEventSource.build/LDSwiftEventSource-generated-files.hmap -Xcc -I/Users/admin/builder/spi-builder-workspace/.derivedData/Build/Intermediates.noindex/LDSwiftEventSource.build/Debug-watchos/LDSwiftEventSource.build/LDSwiftEventSource-own-target-headers.hmap -Xcc -I/Users/admin/builder/spi-builder-workspace/.derivedData/Build/Intermediates.noindex/LDSwiftEventSource.build/Debug-watchos/LDSwiftEventSource.build/LDSwiftEventSource-all-non-framework-target-headers.hmap -Xcc -ivfsoverlay -Xcc /Users/admin/builder/spi-builder-workspace/.derivedData/Build/Intermediates.noindex/LDSwiftEventSource.build/Debug-watchos/LDSwiftEventSource-1919f0ff81cc7d7774459d6eeec5c7ff-VFS-watchos/all-product-headers.yaml -Xcc -iquote -Xcc /Users/admin/builder/spi-builder-workspace/.derivedData/Build/Intermediates.noindex/LDSwiftEventSource.build/Debug-watchos/LDSwiftEventSource.build/LDSwiftEventSource-project-headers.hmap -Xcc -I/Users/admin/builder/spi-builder-workspace/.derivedData/Build/Products/Debug-watchos/include -Xcc -I/Users/admin/builder/spi-builder-workspace/.derivedData/Build/Intermediates.noindex/LDSwiftEventSource.build/Debug-watchos/LDSwiftEventSource.build/DerivedSources-normal/arm64_32 -Xcc -I/Users/admin/builder/spi-builder-workspace/.derivedData/Build/Intermediates.noindex/LDSwiftEventSource.build/Debug-watchos/LDSwiftEventSource.build/DerivedSources/arm64_32 -Xcc -I/Users/admin/builder/spi-builder-workspace/.derivedData/Build/Intermediates.noindex/LDSwiftEventSource.build/Debug-watchos/LDSwiftEventSource.build/DerivedSources -Xcc -DDEBUG\=1 -emit-objc-header -emit-objc-header-path /Users/admin/builder/spi-builder-workspace/.derivedData/Build/Intermediates.noindex/LDSwiftEventSource.build/Debug-watchos/LDSwiftEventSource.build/Objects-normal/arm64_32/LDSwiftEventSource-Swift.h -import-underlying-module -Xcc -ivfsoverlay -Xcc /Users/admin/builder/spi-builder-workspace/.derivedData/Build/Intermediates.noindex/LDSwiftEventSource.build/Debug-watchos/LDSwiftEventSource.build/unextended-module-overlay.yaml -working-directory /Users/admin/builder/spi-builder-workspace -experimental-emit-module-separately -disable-cmo
SwiftDriverJobDiscovery normal arm64 Emitting module for LDSwiftEventSource (in target 'LDSwiftEventSource' from project 'LDSwiftEventSource')
SwiftCompile normal arm64 Compiling\ Types.swift /Users/admin/builder/spi-builder-workspace/Source/Types.swift (in target 'LDSwiftEventSource' from project 'LDSwiftEventSource')
Error opening -stats-output-dir file '/Users/admin/builder/spi-builder-workspace/.stats/stats-1791004520575548-swift-frontend-LDSwiftEventSource-Types.swift-arm64_apple_watchos9.0-o-Onone-1694937401.json' for writing
===-------------------------------------------------------------------------===
                               Swift compilation
===-------------------------------------------------------------------------===
  Total Execution Time: 0.3181 seconds (0.3186 wall clock)
   ---User Time---   --System Time--   --User+System--   ---Wall Time---  --- Name ---
   0.0869 ( 40.8%)   0.0318 ( 30.3%)   0.1187 ( 37.3%)   0.1189 ( 37.3%)  build-rewrite-system
   0.0194 (  9.1%)   0.0198 ( 18.9%)   0.0392 ( 12.3%)   0.0393 ( 12.3%)  parse-and-resolve-imports
   0.0192 (  9.0%)   0.0191 ( 18.2%)   0.0382 ( 12.0%)   0.0383 ( 12.0%)  Import resolution
   0.0100 (  4.7%)   0.0087 (  8.3%)   0.0187 (  5.9%)   0.0188 (  5.9%)  import-clang-decl
   0.0135 (  6.4%)   0.0048 (  4.6%)   0.0184 (  5.8%)   0.0184 (  5.8%)  perform-sema
   0.0134 (  6.3%)   0.0048 (  4.6%)   0.0183 (  5.7%)   0.0183 (  5.7%)  Type checking and Semantic analysis
   0.0129 (  6.1%)   0.0046 (  4.4%)   0.0175 (  5.5%)   0.0175 (  5.5%)  typecheck-decl
   0.0086 (  4.0%)   0.0019 (  1.8%)   0.0105 (  3.3%)   0.0105 (  3.3%)  SILGen
   0.0070 (  3.3%)   0.0015 (  1.5%)   0.0085 (  2.7%)   0.0085 (  2.7%)  SILGen-function
   0.0042 (  2.0%)   0.0030 (  2.9%)   0.0072 (  2.3%)   0.0072 (  2.3%)  IRGen
   0.0054 (  2.5%)   0.0014 (  1.4%)   0.0068 (  2.1%)   0.0068 (  2.1%)  typecheck-stmt
   0.0052 (  2.5%)   0.0014 (  1.3%)   0.0066 (  2.1%)   0.0066 (  2.1%)  typecheck-expr
   0.0037 (  1.7%)   0.0001 (  0.1%)   0.0038 (  1.2%)   0.0038 (  1.2%)  SIL optimization
   0.0009 (  0.4%)   0.0015 (  1.4%)   0.0024 (  0.8%)   0.0024 (  0.8%)  load-stdlib
   0.0010 (  0.5%)   0.0002 (  0.1%)   0.0011 (  0.4%)   0.0011 (  0.4%)  typecheck-expr-pattern
   0.0010 (  0.5%)   0.0001 (  0.1%)   0.0011 (  0.3%)   0.0011 (  0.3%)  precheck-target
   0.0007 (  0.3%)   0.0004 (  0.3%)   0.0010 (  0.3%)   0.0011 (  0.3%)  load-all-members
   0.0000 (  0.0%)   0.0000 (  0.0%)   0.0000 (  0.0%)   0.0000 (  0.0%)  get-conformance-access-path
   0.0000 (  0.0%)   0.0000 (  0.0%)   0.0000 (  0.0%)   0.0000 (  0.0%)  SIL verification, pre-optimization
   0.0000 (  0.0%)   0.0000 (  0.0%)   0.0000 (  0.0%)   0.0000 (  0.0%)  SIL verification, post-optimization
   0.0000 (  0.0%)   0.0000 (  0.0%)   0.0000 (  0.0%)   0.0000 (  0.0%)  module-populate-cache
   0.0000 (  0.0%)   0.0000 (  0.0%)   0.0000 (  0.0%)   0.0000 (  0.0%)  source-file-populate-cache
   0.0000 (  0.0%)   0.0000 (  0.0%)   0.0000 (  0.0%)   0.0000 (  0.0%)  perform-whole-module-type-checking
   0.0000 (  0.0%)   0.0000 (  0.0%)   0.0000 (  0.0%)   0.0000 (  0.0%)  populate-source-file-class-member-cache
   0.0000 (  0.0%)   0.0000 (  0.0%)   0.0000 (  0.0%)   0.0000 (  0.0%)  AST verification
   0.2130 (100.0%)   0.1051 (100.0%)   0.3181 (100.0%)   0.3186 (100.0%)  Total
===-------------------------------------------------------------------------===
                                Running Program
===-------------------------------------------------------------------------===
  Total Execution Time: 1.3126 seconds (1.3676 wall clock)
   ---User Time---   --System Time--   --User+System--   ---Wall Time---  --- Name ---
   0.8623 (100.0%)   0.4503 (100.0%)   1.3126 (100.0%)   1.3676 (100.0%)  Building Target
   0.8623 (100.0%)   0.4503 (100.0%)   1.3126 (100.0%)   1.3676 (100.0%)  Total
SwiftCompile normal arm64 /Users/admin/builder/spi-builder-workspace/Source/Types.swift (in target 'LDSwiftEventSource' from project 'LDSwiftEventSource')
    cd /Users/admin/builder/spi-builder-workspace

/Users/admin/builder/spi-builder-workspace/Source/Types.swift:99:14: warning: non-final class 'StreamClosedByServerError' cannot conform to 'Sendable'; use '@unchecked Sendable'; this is an error in the Swift 6 language mode
public class StreamClosedByServerError: Error { }
             ^
/Users/admin/builder/spi-builder-workspace/Source/Types.swift:102:14: warning: non-final class 'UnsuccessfulResponseError' cannot conform to 'Sendable'; use '@unchecked Sendable'; this is an error in the Swift 6 language mode
public class UnsuccessfulResponseError: Error {
             ^
SwiftDriver\ Compilation\ Requirements LDSwiftEventSource normal arm64 com.apple.xcode.tools.swift.compiler (in target 'LDSwiftEventSource' from project 'LDSwiftEventSource')
    cd /Users/admin/builder/spi-builder-workspace
    builtin-Swift-Compilation-Requirements -- /Applications/Xcode-16.3.0.app/Contents/Developer/Toolchains/XcodeDefault.xctoolchain/usr/bin/swiftc -module-name LDSwiftEventSource -Onone -enforce-exclusivity\=checked @/Users/admin/builder/spi-builder-workspace/.derivedData/Build/Intermediates.noindex/LDSwiftEventSource.build/Debug-watchos/LDSwiftEventSource.build/Objects-normal/arm64/LDSwiftEventSource.SwiftFileList -DDEBUG -stats-output-dir .stats -strict-concurrency\=complete -enable-upcoming-feature StrictConcurrency -enable-upcoming-feature DisableOutwardActorInference -enable-upcoming-feature GlobalActorIsolatedTypesUsability -enable-upcoming-feature InferSendableFromCaptures -enable-bare-slash-regex -enable-experimental-feature DebugDescriptionMacro -sdk /Applications/Xcode-16.3.0.app/Contents/Developer/Platforms/WatchOS.platform/Developer/SDKs/WatchOS11.4.sdk -target arm64-apple-watchos9.0 -g -module-cache-path /Users/admin/builder/spi-builder-workspace/.derivedData/ModuleCache.noindex -Xfrontend -serialize-debugging-options -application-extension -profile-coverage-mapping -profile-generate -enable-testing -index-store-path /Users/admin/builder/spi-builder-workspace/.derivedData/Index.noindex/DataStore -swift-version 5 -I /Users/admin/builder/spi-builder-workspace/.derivedData/Build/Products/Debug-watchos -F /Users/admin/builder/spi-builder-workspace/.derivedData/Build/Products/Debug-watchos -c -j10 -enable-batch-mode -incremental -Xcc -ivfsstatcache -Xcc /Users/admin/builder/spi-builder-workspace/.derivedData/SDKStatCaches.noindex/watchos11.4-22T246-43efb940ff07ba2497b70ec94253f576.sdkstatcache -output-file-map /Users/admin/builder/spi-builder-workspace/.derivedData/Build/Intermediates.noindex/LDSwiftEventSource.build/Debug-watchos/LDSwiftEventSource.build/Objects-normal/arm64/LDSwiftEventSource-OutputFileMap.json -use-frontend-parseable-output -save-temps -no-color-diagnostics -serialize-diagnostics -emit-dependencies -emit-module -emit-module-path /Users/admin/builder/spi-builder-workspace/.derivedData/Build/Intermediates.noindex/LDSwiftEventSource.build/Debug-watchos/LDSwiftEventSource.build/Objects-normal/arm64/LDSwiftEventSource.swiftmodule -validate-clang-modules-once -clang-build-session-file /Users/admin/builder/spi-builder-workspace/.derivedData/ModuleCache.noindex/Session.modulevalidation -Xcc -I/Users/admin/builder/spi-builder-workspace/.derivedData/Build/Intermediates.noindex/LDSwiftEventSource.build/Debug-watchos/LDSwiftEventSource.build/swift-overrides.hmap -emit-const-values -Xfrontend -const-gather-protocols-file -Xfrontend /Users/admin/builder/spi-builder-workspace/.derivedData/Build/Intermediates.noindex/LDSwiftEventSource.build/Debug-watchos/LDSwiftEventSource.build/Objects-normal/arm64/LDSwiftEventSource_const_extract_protocols.json -Xcc -iquote -Xcc /Users/admin/builder/spi-builder-workspace/.derivedData/Build/Intermediates.noindex/LDSwiftEventSource.build/Debug-watchos/LDSwiftEventSource.build/LDSwiftEventSource-generated-files.hmap -Xcc -I/Users/admin/builder/spi-builder-workspace/.derivedData/Build/Intermediates.noindex/LDSwiftEventSource.build/Debug-watchos/LDSwiftEventSource.build/LDSwiftEventSource-own-target-headers.hmap -Xcc -I/Users/admin/builder/spi-builder-workspace/.derivedData/Build/Intermediates.noindex/LDSwiftEventSource.build/Debug-watchos/LDSwiftEventSource.build/LDSwiftEventSource-all-non-framework-target-headers.hmap -Xcc -ivfsoverlay -Xcc /Users/admin/builder/spi-builder-workspace/.derivedData/Build/Intermediates.noindex/LDSwiftEventSource.build/Debug-watchos/LDSwiftEventSource-1919f0ff81cc7d7774459d6eeec5c7ff-VFS-watchos/all-product-headers.yaml -Xcc -iquote -Xcc /Users/admin/builder/spi-builder-workspace/.derivedData/Build/Intermediates.noindex/LDSwiftEventSource.build/Debug-watchos/LDSwiftEventSource.build/LDSwiftEventSource-project-headers.hmap -Xcc -I/Users/admin/builder/spi-builder-workspace/.derivedData/Build/Products/Debug-watchos/include -Xcc -I/Users/admin/builder/spi-builder-workspace/.derivedData/Build/Intermediates.noindex/LDSwiftEventSource.build/Debug-watchos/LDSwiftEventSource.build/DerivedSources-normal/arm64 -Xcc -I/Users/admin/builder/spi-builder-workspace/.derivedData/Build/Intermediates.noindex/LDSwiftEventSource.build/Debug-watchos/LDSwiftEventSource.build/DerivedSources/arm64 -Xcc -I/Users/admin/builder/spi-builder-workspace/.derivedData/Build/Intermediates.noindex/LDSwiftEventSource.build/Debug-watchos/LDSwiftEventSource.build/DerivedSources -Xcc -DDEBUG\=1 -emit-objc-header -emit-objc-header-path /Users/admin/builder/spi-builder-workspace/.derivedData/Build/Intermediates.noindex/LDSwiftEventSource.build/Debug-watchos/LDSwiftEventSource.build/Objects-normal/arm64/LDSwiftEventSource-Swift.h -import-underlying-module -Xcc -ivfsoverlay -Xcc /Users/admin/builder/spi-builder-workspace/.derivedData/Build/Intermediates.noindex/LDSwiftEventSource.build/Debug-watchos/LDSwiftEventSource.build/unextended-module-overlay.yaml -working-directory /Users/admin/builder/spi-builder-workspace -experimental-emit-module-separately -disable-cmo
/Users/admin/builder/spi-builder-workspace/LDSwiftEventSource.xcodeproj: warning: Ignoring ENABLE_BITCODE because building with bitcode is no longer supported. (in target 'LDSwiftEventSource' from project 'LDSwiftEventSource')
/Users/admin/builder/spi-builder-workspace/LDSwiftEventSource.xcodeproj: warning: tasks in 'Copy Headers' are delayed by unsandboxed script phases; set ENABLE_USER_SCRIPT_SANDBOXING=YES to enable sandboxing (in target 'LDSwiftEventSource' from project 'LDSwiftEventSource')
note: Run script build phase 'Linter Script' will be run during every build because the option to run the script phase "Based on dependency analysis" is unchecked. (in target 'LDSwiftEventSource' from project 'LDSwiftEventSource')
** BUILD FAILED **
The following build commands failed:
	SwiftCompile normal arm64_32 /Users/admin/builder/spi-builder-workspace/Source/EventParser.swift (in target 'LDSwiftEventSource' from project 'LDSwiftEventSource')
	SwiftCompile normal arm64_32 Compiling\ EventParser.swift /Users/admin/builder/spi-builder-workspace/Source/EventParser.swift (in target 'LDSwiftEventSource' from project 'LDSwiftEventSource')
	SwiftCompile normal arm64 Compiling\ EventParser.swift /Users/admin/builder/spi-builder-workspace/Source/EventParser.swift (in target 'LDSwiftEventSource' from project 'LDSwiftEventSource')
	SwiftCompile normal arm64 /Users/admin/builder/spi-builder-workspace/Source/EventParser.swift (in target 'LDSwiftEventSource' from project 'LDSwiftEventSource')
	Building project LDSwiftEventSource with scheme LDSwiftEventSource
(5 failures)
Command line invocation:
    /Applications/Xcode-16.3.0.app/Contents/Developer/usr/bin/xcodebuild -IDEClonedSourcePackagesDirPathOverride=/Users/admin/builder/spi-builder-workspace/.dependencies -resolvePackageDependencies
resolved source packages:
{
  "dependencies" : [
  ],
  "manifest_display_name" : "LDSwiftEventSource",
  "name" : "LDSwiftEventSource",
  "path" : "/Users/admin/builder/spi-builder-workspace",
  "platforms" : [
    {
      "name" : "ios",
      "version" : "15.0"
    },
    {
      "name" : "macos",
      "version" : "12.0"
    },
    {
      "name" : "watchos",
      "version" : "9.0"
    },
    {
      "name" : "tvos",
      "version" : "15.0"
    }
  ],
  "products" : [
    {
      "name" : "LDSwiftEventSource",
      "targets" : [
        "LDSwiftEventSource"
      ],
      "type" : {
        "library" : [
          "automatic"
        ]
      }
    }
  ],
  "swift_languages_versions" : [
    "5"
  ],
  "targets" : [
    {
      "c99name" : "LDSwiftEventSourceTests",
      "module_type" : "SwiftTarget",
      "name" : "LDSwiftEventSourceTests",
      "path" : "Tests",
      "sources" : [
        "EventParserTests.swift",
        "LDSwiftEventSourceTests.swift",
        "MockHandler.swift",
        "TestUtil.swift",
        "UTF8LineParserTests.swift"
      ],
      "target_dependencies" : [
        "LDSwiftEventSource"
      ],
      "type" : "test"
    },
    {
      "c99name" : "LDSwiftEventSource",
      "module_type" : "SwiftTarget",
      "name" : "LDSwiftEventSource",
      "path" : "Source",
      "product_memberships" : [
        "LDSwiftEventSource"
      ],
      "sources" : [
        "EventParser.swift",
        "LDSwiftEventSource.swift",
        "Logs.swift",
        "Types.swift",
        "UTF8LineParser.swift"
      ],
      "type" : "library"
    }
  ],
  "tools_version" : "5.0"
}
{
  "project" : {
    "configurations" : [
      "Debug",
      "Release"
    ],
    "name" : "LDSwiftEventSource",
    "schemes" : [
      "LDSwiftEventSource"
    ],
    "targets" : [
      "LDSwiftEventSource",
      "LDSwiftEventSource Tests"
    ]
  }
}
Running build ...
env DEVELOPER_DIR=/Applications/Xcode-16.3.0.app xcrun xcodebuild -IDEClonedSourcePackagesDirPathOverride=$PWD/.dependencies -skipMacroValidation -skipPackagePluginValidation -derivedDataPath $PWD/.derivedData build -scheme LDSwiftEventSource -destination generic/platform=watchOS
Command line invocation:
    /Applications/Xcode-16.3.0.app/Contents/Developer/usr/bin/xcodebuild -IDEClonedSourcePackagesDirPathOverride=/Users/admin/builder/spi-builder-workspace/.dependencies -skipMacroValidation -skipPackagePluginValidation -derivedDataPath /Users/admin/builder/spi-builder-workspace/.derivedData build -scheme LDSwiftEventSource -destination generic/platform=watchOS
ComputePackagePrebuildTargetDependencyGraph
Prepare packages
CreateBuildRequest
SendProjectDescription
CreateBuildOperation
ComputeTargetDependencyGraph
note: Building targets in dependency order
note: Target dependency graph (1 target)
    Target 'LDSwiftEventSource' in project 'LDSwiftEventSource' (no dependencies)
GatherProvisioningInputs
CreateBuildDescription
ExecuteExternalTool /Applications/Xcode-16.3.0.app/Contents/Developer/Toolchains/XcodeDefault.xctoolchain/usr/bin/clang -v -E -dM -arch arm64 -isysroot /Applications/Xcode-16.3.0.app/Contents/Developer/Platforms/WatchOS.platform/Developer/SDKs/WatchOS11.4.sdk -x c -c /dev/null
ExecuteExternalTool /Applications/Xcode-16.3.0.app/Contents/Developer/Toolchains/XcodeDefault.xctoolchain/usr/bin/clang -v -E -dM -isysroot /Applications/Xcode-16.3.0.app/Contents/Developer/Platforms/WatchOS.platform/Developer/SDKs/WatchOS11.4.sdk -x c -c /dev/null
ExecuteExternalTool /Applications/Xcode-16.3.0.app/Contents/Developer/Toolchains/XcodeDefault.xctoolchain/usr/bin/swiftc --version
ExecuteExternalTool /Applications/Xcode-16.3.0.app/Contents/Developer/Toolchains/XcodeDefault.xctoolchain/usr/bin/ld -version_details
ExecuteExternalTool /Applications/Xcode-16.3.0.app/Contents/Developer/Toolchains/XcodeDefault.xctoolchain/usr/bin/clang -v -E -dM -arch arm64_32 -isysroot /Applications/Xcode-16.3.0.app/Contents/Developer/Platforms/WatchOS.platform/Developer/SDKs/WatchOS11.4.sdk -x c -c /dev/null
Build description signature: da572789129a26a72735c0fbb08d12e5
Build description path: /Users/admin/builder/spi-builder-workspace/.derivedData/Build/Intermediates.noindex/XCBuildData/da572789129a26a72735c0fbb08d12e5.xcbuilddata
ClangStatCache /Applications/Xcode-16.3.0.app/Contents/Developer/Toolchains/XcodeDefault.xctoolchain/usr/bin/clang-stat-cache /Applications/Xcode-16.3.0.app/Contents/Developer/Platforms/WatchOS.platform/Developer/SDKs/WatchOS11.4.sdk /Users/admin/builder/spi-builder-workspace/.derivedData/SDKStatCaches.noindex/watchos11.4-22T246-43efb940ff07ba2497b70ec94253f576.sdkstatcache
    cd /Users/admin/builder/spi-builder-workspace/LDSwiftEventSource.xcodeproj
    /Applications/Xcode-16.3.0.app/Contents/Developer/Toolchains/XcodeDefault.xctoolchain/usr/bin/clang-stat-cache /Applications/Xcode-16.3.0.app/Contents/Developer/Platforms/WatchOS.platform/Developer/SDKs/WatchOS11.4.sdk -o /Users/admin/builder/spi-builder-workspace/.derivedData/SDKStatCaches.noindex/watchos11.4-22T246-43efb940ff07ba2497b70ec94253f576.sdkstatcache
PhaseScriptExecution Linter\ Script /Users/admin/builder/spi-builder-workspace/.derivedData/Build/Intermediates.noindex/LDSwiftEventSource.build/Debug-watchos/LDSwiftEventSource.build/Script-B46C1C6B24CF348B00283630.sh (in target 'LDSwiftEventSource' from project 'LDSwiftEventSource')
    cd /Users/admin/builder/spi-builder-workspace
    /bin/sh -c /Users/admin/builder/spi-builder-workspace/.derivedData/Build/Intermediates.noindex/LDSwiftEventSource.build/Debug-watchos/LDSwiftEventSource.build/Script-B46C1C6B24CF348B00283630.sh
warning: mint not installed, available from https://github.com/yonaskolb/Mint
ProcessInfoPlistFile /Users/admin/builder/spi-builder-workspace/.derivedData/Build/Products/Debug-watchos/LDSwiftEventSource.framework/Info.plist /Users/admin/builder/spi-builder-workspace/Source/Info.plist (in target 'LDSwiftEventSource' from project 'LDSwiftEventSource')
    cd /Users/admin/builder/spi-builder-workspace
    builtin-infoPlistUtility /Users/admin/builder/spi-builder-workspace/Source/Info.plist -producttype com.apple.product-type.framework -expandbuildsettings -format binary -platform watchos -o /Users/admin/builder/spi-builder-workspace/.derivedData/Build/Products/Debug-watchos/LDSwiftEventSource.framework/Info.plist
SwiftDriver LDSwiftEventSource normal arm64_32 com.apple.xcode.tools.swift.compiler (in target 'LDSwiftEventSource' from project 'LDSwiftEventSource')
    cd /Users/admin/builder/spi-builder-workspace
    builtin-SwiftDriver -- /Applications/Xcode-16.3.0.app/Contents/Developer/Toolchains/XcodeDefault.xctoolchain/usr/bin/swiftc -module-name LDSwiftEventSource -Onone -enforce-exclusivity\=checked @/Users/admin/builder/spi-builder-workspace/.derivedData/Build/Intermediates.noindex/LDSwiftEventSource.build/Debug-watchos/LDSwiftEventSource.build/Objects-normal/arm64_32/LDSwiftEventSource.SwiftFileList -DDEBUG -enable-bare-slash-regex -enable-experimental-feature DebugDescriptionMacro -sdk /Applications/Xcode-16.3.0.app/Contents/Developer/Platforms/WatchOS.platform/Developer/SDKs/WatchOS11.4.sdk -target arm64_32-apple-watchos9.0 -g -module-cache-path /Users/admin/builder/spi-builder-workspace/.derivedData/ModuleCache.noindex -Xfrontend -serialize-debugging-options -application-extension -profile-coverage-mapping -profile-generate -enable-testing -index-store-path /Users/admin/builder/spi-builder-workspace/.derivedData/Index.noindex/DataStore -swift-version 5 -I /Users/admin/builder/spi-builder-workspace/.derivedData/Build/Products/Debug-watchos -F /Users/admin/builder/spi-builder-workspace/.derivedData/Build/Products/Debug-watchos -c -j10 -enable-batch-mode -incremental -Xcc -ivfsstatcache -Xcc /Users/admin/builder/spi-builder-workspace/.derivedData/SDKStatCaches.noindex/watchos11.4-22T246-43efb940ff07ba2497b70ec94253f576.sdkstatcache -output-file-map /Users/admin/builder/spi-builder-workspace/.derivedData/Build/Intermediates.noindex/LDSwiftEventSource.build/Debug-watchos/LDSwiftEventSource.build/Objects-normal/arm64_32/LDSwiftEventSource-OutputFileMap.json -use-frontend-parseable-output -save-temps -no-color-diagnostics -serialize-diagnostics -emit-dependencies -emit-module -emit-module-path /Users/admin/builder/spi-builder-workspace/.derivedData/Build/Intermediates.noindex/LDSwiftEventSource.build/Debug-watchos/LDSwiftEventSource.build/Objects-normal/arm64_32/LDSwiftEventSource.swiftmodule -validate-clang-modules-once -clang-build-session-file /Users/admin/builder/spi-builder-workspace/.derivedData/ModuleCache.noindex/Session.modulevalidation -Xcc -I/Users/admin/builder/spi-builder-workspace/.derivedData/Build/Intermediates.noindex/LDSwiftEventSource.build/Debug-watchos/LDSwiftEventSource.build/swift-overrides.hmap -emit-const-values -Xfrontend -const-gather-protocols-file -Xfrontend /Users/admin/builder/spi-builder-workspace/.derivedData/Build/Intermediates.noindex/LDSwiftEventSource.build/Debug-watchos/LDSwiftEventSource.build/Objects-normal/arm64_32/LDSwiftEventSource_const_extract_protocols.json -Xcc -iquote -Xcc /Users/admin/builder/spi-builder-workspace/.derivedData/Build/Intermediates.noindex/LDSwiftEventSource.build/Debug-watchos/LDSwiftEventSource.build/LDSwiftEventSource-generated-files.hmap -Xcc -I/Users/admin/builder/spi-builder-workspace/.derivedData/Build/Intermediates.noindex/LDSwiftEventSource.build/Debug-watchos/LDSwiftEventSource.build/LDSwiftEventSource-own-target-headers.hmap -Xcc -I/Users/admin/builder/spi-builder-workspace/.derivedData/Build/Intermediates.noindex/LDSwiftEventSource.build/Debug-watchos/LDSwiftEventSource.build/LDSwiftEventSource-all-non-framework-target-headers.hmap -Xcc -ivfsoverlay -Xcc /Users/admin/builder/spi-builder-workspace/.derivedData/Build/Intermediates.noindex/LDSwiftEventSource.build/Debug-watchos/LDSwiftEventSource-1919f0ff81cc7d7774459d6eeec5c7ff-VFS-watchos/all-product-headers.yaml -Xcc -iquote -Xcc /Users/admin/builder/spi-builder-workspace/.derivedData/Build/Intermediates.noindex/LDSwiftEventSource.build/Debug-watchos/LDSwiftEventSource.build/LDSwiftEventSource-project-headers.hmap -Xcc -I/Users/admin/builder/spi-builder-workspace/.derivedData/Build/Products/Debug-watchos/include -Xcc -I/Users/admin/builder/spi-builder-workspace/.derivedData/Build/Intermediates.noindex/LDSwiftEventSource.build/Debug-watchos/LDSwiftEventSource.build/DerivedSources-normal/arm64_32 -Xcc -I/Users/admin/builder/spi-builder-workspace/.derivedData/Build/Intermediates.noindex/LDSwiftEventSource.build/Debug-watchos/LDSwiftEventSource.build/DerivedSources/arm64_32 -Xcc -I/Users/admin/builder/spi-builder-workspace/.derivedData/Build/Intermediates.noindex/LDSwiftEventSource.build/Debug-watchos/LDSwiftEventSource.build/DerivedSources -Xcc -DDEBUG\=1 -emit-objc-header -emit-objc-header-path /Users/admin/builder/spi-builder-workspace/.derivedData/Build/Intermediates.noindex/LDSwiftEventSource.build/Debug-watchos/LDSwiftEventSource.build/Objects-normal/arm64_32/LDSwiftEventSource-Swift.h -import-underlying-module -Xcc -ivfsoverlay -Xcc /Users/admin/builder/spi-builder-workspace/.derivedData/Build/Intermediates.noindex/LDSwiftEventSource.build/Debug-watchos/LDSwiftEventSource.build/unextended-module-overlay.yaml -working-directory /Users/admin/builder/spi-builder-workspace -experimental-emit-module-separately -disable-cmo
SwiftDriver LDSwiftEventSource normal arm64 com.apple.xcode.tools.swift.compiler (in target 'LDSwiftEventSource' from project 'LDSwiftEventSource')
    cd /Users/admin/builder/spi-builder-workspace
    builtin-SwiftDriver -- /Applications/Xcode-16.3.0.app/Contents/Developer/Toolchains/XcodeDefault.xctoolchain/usr/bin/swiftc -module-name LDSwiftEventSource -Onone -enforce-exclusivity\=checked @/Users/admin/builder/spi-builder-workspace/.derivedData/Build/Intermediates.noindex/LDSwiftEventSource.build/Debug-watchos/LDSwiftEventSource.build/Objects-normal/arm64/LDSwiftEventSource.SwiftFileList -DDEBUG -enable-bare-slash-regex -enable-experimental-feature DebugDescriptionMacro -sdk /Applications/Xcode-16.3.0.app/Contents/Developer/Platforms/WatchOS.platform/Developer/SDKs/WatchOS11.4.sdk -target arm64-apple-watchos9.0 -g -module-cache-path /Users/admin/builder/spi-builder-workspace/.derivedData/ModuleCache.noindex -Xfrontend -serialize-debugging-options -application-extension -profile-coverage-mapping -profile-generate -enable-testing -index-store-path /Users/admin/builder/spi-builder-workspace/.derivedData/Index.noindex/DataStore -swift-version 5 -I /Users/admin/builder/spi-builder-workspace/.derivedData/Build/Products/Debug-watchos -F /Users/admin/builder/spi-builder-workspace/.derivedData/Build/Products/Debug-watchos -c -j10 -enable-batch-mode -incremental -Xcc -ivfsstatcache -Xcc /Users/admin/builder/spi-builder-workspace/.derivedData/SDKStatCaches.noindex/watchos11.4-22T246-43efb940ff07ba2497b70ec94253f576.sdkstatcache -output-file-map /Users/admin/builder/spi-builder-workspace/.derivedData/Build/Intermediates.noindex/LDSwiftEventSource.build/Debug-watchos/LDSwiftEventSource.build/Objects-normal/arm64/LDSwiftEventSource-OutputFileMap.json -use-frontend-parseable-output -save-temps -no-color-diagnostics -serialize-diagnostics -emit-dependencies -emit-module -emit-module-path /Users/admin/builder/spi-builder-workspace/.derivedData/Build/Intermediates.noindex/LDSwiftEventSource.build/Debug-watchos/LDSwiftEventSource.build/Objects-normal/arm64/LDSwiftEventSource.swiftmodule -validate-clang-modules-once -clang-build-session-file /Users/admin/builder/spi-builder-workspace/.derivedData/ModuleCache.noindex/Session.modulevalidation -Xcc -I/Users/admin/builder/spi-builder-workspace/.derivedData/Build/Intermediates.noindex/LDSwiftEventSource.build/Debug-watchos/LDSwiftEventSource.build/swift-overrides.hmap -emit-const-values -Xfrontend -const-gather-protocols-file -Xfrontend /Users/admin/builder/spi-builder-workspace/.derivedData/Build/Intermediates.noindex/LDSwiftEventSource.build/Debug-watchos/LDSwiftEventSource.build/Objects-normal/arm64/LDSwiftEventSource_const_extract_protocols.json -Xcc -iquote -Xcc /Users/admin/builder/spi-builder-workspace/.derivedData/Build/Intermediates.noindex/LDSwiftEventSource.build/Debug-watchos/LDSwiftEventSource.build/LDSwiftEventSource-generated-files.hmap -Xcc -I/Users/admin/builder/spi-builder-workspace/.derivedData/Build/Intermediates.noindex/LDSwiftEventSource.build/Debug-watchos/LDSwiftEventSource.build/LDSwiftEventSource-own-target-headers.hmap -Xcc -I/Users/admin/builder/spi-builder-workspace/.derivedData/Build/Intermediates.noindex/LDSwiftEventSource.build/Debug-watchos/LDSwiftEventSource.build/LDSwiftEventSource-all-non-framework-target-headers.hmap -Xcc -ivfsoverlay -Xcc /Users/admin/builder/spi-builder-workspace/.derivedData/Build/Intermediates.noindex/LDSwiftEventSource.build/Debug-watchos/LDSwiftEventSource-1919f0ff81cc7d7774459d6eeec5c7ff-VFS-watchos/all-product-headers.yaml -Xcc -iquote -Xcc /Users/admin/builder/spi-builder-workspace/.derivedData/Build/Intermediates.noindex/LDSwiftEventSource.build/Debug-watchos/LDSwiftEventSource.build/LDSwiftEventSource-project-headers.hmap -Xcc -I/Users/admin/builder/spi-builder-workspace/.derivedData/Build/Products/Debug-watchos/include -Xcc -I/Users/admin/builder/spi-builder-workspace/.derivedData/Build/Intermediates.noindex/LDSwiftEventSource.build/Debug-watchos/LDSwiftEventSource.build/DerivedSources-normal/arm64 -Xcc -I/Users/admin/builder/spi-builder-workspace/.derivedData/Build/Intermediates.noindex/LDSwiftEventSource.build/Debug-watchos/LDSwiftEventSource.build/DerivedSources/arm64 -Xcc -I/Users/admin/builder/spi-builder-workspace/.derivedData/Build/Intermediates.noindex/LDSwiftEventSource.build/Debug-watchos/LDSwiftEventSource.build/DerivedSources -Xcc -DDEBUG\=1 -emit-objc-header -emit-objc-header-path /Users/admin/builder/spi-builder-workspace/.derivedData/Build/Intermediates.noindex/LDSwiftEventSource.build/Debug-watchos/LDSwiftEventSource.build/Objects-normal/arm64/LDSwiftEventSource-Swift.h -import-underlying-module -Xcc -ivfsoverlay -Xcc /Users/admin/builder/spi-builder-workspace/.derivedData/Build/Intermediates.noindex/LDSwiftEventSource.build/Debug-watchos/LDSwiftEventSource.build/unextended-module-overlay.yaml -working-directory /Users/admin/builder/spi-builder-workspace -experimental-emit-module-separately -disable-cmo
SwiftCompile normal arm64_32 Compiling\ Logs.swift /Users/admin/builder/spi-builder-workspace/Source/Logs.swift (in target 'LDSwiftEventSource' from project 'LDSwiftEventSource')
SwiftCompile normal arm64_32 /Users/admin/builder/spi-builder-workspace/Source/Logs.swift (in target 'LDSwiftEventSource' from project 'LDSwiftEventSource')
    cd /Users/admin/builder/spi-builder-workspace

SwiftCompile normal arm64_32 Compiling\ EventParser.swift /Users/admin/builder/spi-builder-workspace/Source/EventParser.swift (in target 'LDSwiftEventSource' from project 'LDSwiftEventSource')
SwiftCompile normal arm64_32 /Users/admin/builder/spi-builder-workspace/Source/EventParser.swift (in target 'LDSwiftEventSource' from project 'LDSwiftEventSource')
    cd /Users/admin/builder/spi-builder-workspace

SwiftEmitModule normal arm64_32 Emitting\ module\ for\ LDSwiftEventSource (in target 'LDSwiftEventSource' from project 'LDSwiftEventSource')
EmitSwiftModule normal arm64_32 (in target 'LDSwiftEventSource' from project 'LDSwiftEventSource')
    cd /Users/admin/builder/spi-builder-workspace

SwiftCompile normal arm64_32 Compiling\ LDSwiftEventSource.swift /Users/admin/builder/spi-builder-workspace/Source/LDSwiftEventSource.swift (in target 'LDSwiftEventSource' from project 'LDSwiftEventSource')
SwiftCompile normal arm64_32 /Users/admin/builder/spi-builder-workspace/Source/LDSwiftEventSource.swift (in target 'LDSwiftEventSource' from project 'LDSwiftEventSource')
    cd /Users/admin/builder/spi-builder-workspace

SwiftEmitModule normal arm64 Emitting\ module\ for\ LDSwiftEventSource (in target 'LDSwiftEventSource' from project 'LDSwiftEventSource')
EmitSwiftModule normal arm64 (in target 'LDSwiftEventSource' from project 'LDSwiftEventSource')
    cd /Users/admin/builder/spi-builder-workspace

SwiftCompile normal arm64 Compiling\ Types.swift /Users/admin/builder/spi-builder-workspace/Source/Types.swift (in target 'LDSwiftEventSource' from project 'LDSwiftEventSource')
SwiftCompile normal arm64 /Users/admin/builder/spi-builder-workspace/Source/Types.swift (in target 'LDSwiftEventSource' from project 'LDSwiftEventSource')
    cd /Users/admin/builder/spi-builder-workspace

SwiftCompile normal arm64 Compiling\ EventParser.swift /Users/admin/builder/spi-builder-workspace/Source/EventParser.swift (in target 'LDSwiftEventSource' from project 'LDSwiftEventSource')
SwiftCompile normal arm64 /Users/admin/builder/spi-builder-workspace/Source/EventParser.swift (in target 'LDSwiftEventSource' from project 'LDSwiftEventSource')
    cd /Users/admin/builder/spi-builder-workspace

SwiftCompile normal arm64_32 Compiling\ UTF8LineParser.swift /Users/admin/builder/spi-builder-workspace/Source/UTF8LineParser.swift (in target 'LDSwiftEventSource' from project 'LDSwiftEventSource')
SwiftCompile normal arm64_32 /Users/admin/builder/spi-builder-workspace/Source/UTF8LineParser.swift (in target 'LDSwiftEventSource' from project 'LDSwiftEventSource')
    cd /Users/admin/builder/spi-builder-workspace

SwiftCompile normal arm64_32 Compiling\ Types.swift /Users/admin/builder/spi-builder-workspace/Source/Types.swift (in target 'LDSwiftEventSource' from project 'LDSwiftEventSource')
SwiftCompile normal arm64_32 /Users/admin/builder/spi-builder-workspace/Source/Types.swift (in target 'LDSwiftEventSource' from project 'LDSwiftEventSource')
    cd /Users/admin/builder/spi-builder-workspace

SwiftCompile normal arm64 Compiling\ LDSwiftEventSource.swift /Users/admin/builder/spi-builder-workspace/Source/LDSwiftEventSource.swift (in target 'LDSwiftEventSource' from project 'LDSwiftEventSource')
SwiftCompile normal arm64 /Users/admin/builder/spi-builder-workspace/Source/LDSwiftEventSource.swift (in target 'LDSwiftEventSource' from project 'LDSwiftEventSource')
    cd /Users/admin/builder/spi-builder-workspace

SwiftCompile normal arm64 Compiling\ UTF8LineParser.swift /Users/admin/builder/spi-builder-workspace/Source/UTF8LineParser.swift (in target 'LDSwiftEventSource' from project 'LDSwiftEventSource')
SwiftCompile normal arm64 /Users/admin/builder/spi-builder-workspace/Source/UTF8LineParser.swift (in target 'LDSwiftEventSource' from project 'LDSwiftEventSource')
    cd /Users/admin/builder/spi-builder-workspace

SwiftDriverJobDiscovery normal arm64_32 Compiling Logs.swift (in target 'LDSwiftEventSource' from project 'LDSwiftEventSource')
SwiftCompile normal arm64 Compiling\ Logs.swift /Users/admin/builder/spi-builder-workspace/Source/Logs.swift (in target 'LDSwiftEventSource' from project 'LDSwiftEventSource')
SwiftCompile normal arm64 /Users/admin/builder/spi-builder-workspace/Source/Logs.swift (in target 'LDSwiftEventSource' from project 'LDSwiftEventSource')
    cd /Users/admin/builder/spi-builder-workspace

SwiftDriverJobDiscovery normal arm64_32 Compiling Types.swift (in target 'LDSwiftEventSource' from project 'LDSwiftEventSource')
SwiftDriverJobDiscovery normal arm64 Compiling Types.swift (in target 'LDSwiftEventSource' from project 'LDSwiftEventSource')
SwiftDriverJobDiscovery normal arm64_32 Emitting module for LDSwiftEventSource (in target 'LDSwiftEventSource' from project 'LDSwiftEventSource')
SwiftDriver\ Compilation\ Requirements LDSwiftEventSource normal arm64_32 com.apple.xcode.tools.swift.compiler (in target 'LDSwiftEventSource' from project 'LDSwiftEventSource')
    cd /Users/admin/builder/spi-builder-workspace
    builtin-Swift-Compilation-Requirements -- /Applications/Xcode-16.3.0.app/Contents/Developer/Toolchains/XcodeDefault.xctoolchain/usr/bin/swiftc -module-name LDSwiftEventSource -Onone -enforce-exclusivity\=checked @/Users/admin/builder/spi-builder-workspace/.derivedData/Build/Intermediates.noindex/LDSwiftEventSource.build/Debug-watchos/LDSwiftEventSource.build/Objects-normal/arm64_32/LDSwiftEventSource.SwiftFileList -DDEBUG -enable-bare-slash-regex -enable-experimental-feature DebugDescriptionMacro -sdk /Applications/Xcode-16.3.0.app/Contents/Developer/Platforms/WatchOS.platform/Developer/SDKs/WatchOS11.4.sdk -target arm64_32-apple-watchos9.0 -g -module-cache-path /Users/admin/builder/spi-builder-workspace/.derivedData/ModuleCache.noindex -Xfrontend -serialize-debugging-options -application-extension -profile-coverage-mapping -profile-generate -enable-testing -index-store-path /Users/admin/builder/spi-builder-workspace/.derivedData/Index.noindex/DataStore -swift-version 5 -I /Users/admin/builder/spi-builder-workspace/.derivedData/Build/Products/Debug-watchos -F /Users/admin/builder/spi-builder-workspace/.derivedData/Build/Products/Debug-watchos -c -j10 -enable-batch-mode -incremental -Xcc -ivfsstatcache -Xcc /Users/admin/builder/spi-builder-workspace/.derivedData/SDKStatCaches.noindex/watchos11.4-22T246-43efb940ff07ba2497b70ec94253f576.sdkstatcache -output-file-map /Users/admin/builder/spi-builder-workspace/.derivedData/Build/Intermediates.noindex/LDSwiftEventSource.build/Debug-watchos/LDSwiftEventSource.build/Objects-normal/arm64_32/LDSwiftEventSource-OutputFileMap.json -use-frontend-parseable-output -save-temps -no-color-diagnostics -serialize-diagnostics -emit-dependencies -emit-module -emit-module-path /Users/admin/builder/spi-builder-workspace/.derivedData/Build/Intermediates.noindex/LDSwiftEventSource.build/Debug-watchos/LDSwiftEventSource.build/Objects-normal/arm64_32/LDSwiftEventSource.swiftmodule -validate-clang-modules-once -clang-build-session-file /Users/admin/builder/spi-builder-workspace/.derivedData/ModuleCache.noindex/Session.modulevalidation -Xcc -I/Users/admin/builder/spi-builder-workspace/.derivedData/Build/Intermediates.noindex/LDSwiftEventSource.build/Debug-watchos/LDSwiftEventSource.build/swift-overrides.hmap -emit-const-values -Xfrontend -const-gather-protocols-file -Xfrontend /Users/admin/builder/spi-builder-workspace/.derivedData/Build/Intermediates.noindex/LDSwiftEventSource.build/Debug-watchos/LDSwiftEventSource.build/Objects-normal/arm64_32/LDSwiftEventSource_const_extract_protocols.json -Xcc -iquote -Xcc /Users/admin/builder/spi-builder-workspace/.derivedData/Build/Intermediates.noindex/LDSwiftEventSource.build/Debug-watchos/LDSwiftEventSource.build/LDSwiftEventSource-generated-files.hmap -Xcc -I/Users/admin/builder/spi-builder-workspace/.derivedData/Build/Intermediates.noindex/LDSwiftEventSource.build/Debug-watchos/LDSwiftEventSource.build/LDSwiftEventSource-own-target-headers.hmap -Xcc -I/Users/admin/builder/spi-builder-workspace/.derivedData/Build/Intermediates.noindex/LDSwiftEventSource.build/Debug-watchos/LDSwiftEventSource.build/LDSwiftEventSource-all-non-framework-target-headers.hmap -Xcc -ivfsoverlay -Xcc /Users/admin/builder/spi-builder-workspace/.derivedData/Build/Intermediates.noindex/LDSwiftEventSource.build/Debug-watchos/LDSwiftEventSource-1919f0ff81cc7d7774459d6eeec5c7ff-VFS-watchos/all-product-headers.yaml -Xcc -iquote -Xcc /Users/admin/builder/spi-builder-workspace/.derivedData/Build/Intermediates.noindex/LDSwiftEventSource.build/Debug-watchos/LDSwiftEventSource.build/LDSwiftEventSource-project-headers.hmap -Xcc -I/Users/admin/builder/spi-builder-workspace/.derivedData/Build/Products/Debug-watchos/include -Xcc -I/Users/admin/builder/spi-builder-workspace/.derivedData/Build/Intermediates.noindex/LDSwiftEventSource.build/Debug-watchos/LDSwiftEventSource.build/DerivedSources-normal/arm64_32 -Xcc -I/Users/admin/builder/spi-builder-workspace/.derivedData/Build/Intermediates.noindex/LDSwiftEventSource.build/Debug-watchos/LDSwiftEventSource.build/DerivedSources/arm64_32 -Xcc -I/Users/admin/builder/spi-builder-workspace/.derivedData/Build/Intermediates.noindex/LDSwiftEventSource.build/Debug-watchos/LDSwiftEventSource.build/DerivedSources -Xcc -DDEBUG\=1 -emit-objc-header -emit-objc-header-path /Users/admin/builder/spi-builder-workspace/.derivedData/Build/Intermediates.noindex/LDSwiftEventSource.build/Debug-watchos/LDSwiftEventSource.build/Objects-normal/arm64_32/LDSwiftEventSource-Swift.h -import-underlying-module -Xcc -ivfsoverlay -Xcc /Users/admin/builder/spi-builder-workspace/.derivedData/Build/Intermediates.noindex/LDSwiftEventSource.build/Debug-watchos/LDSwiftEventSource.build/unextended-module-overlay.yaml -working-directory /Users/admin/builder/spi-builder-workspace -experimental-emit-module-separately -disable-cmo
Copy /Users/admin/builder/spi-builder-workspace/.derivedData/Build/Products/Debug-watchos/LDSwiftEventSource.framework/Modules/LDSwiftEventSource.swiftmodule/arm64_32-apple-watchos.swiftdoc /Users/admin/builder/spi-builder-workspace/.derivedData/Build/Intermediates.noindex/LDSwiftEventSource.build/Debug-watchos/LDSwiftEventSource.build/Objects-normal/arm64_32/LDSwiftEventSource.swiftdoc (in target 'LDSwiftEventSource' from project 'LDSwiftEventSource')
    cd /Users/admin/builder/spi-builder-workspace
    builtin-copy -exclude .DS_Store -exclude CVS -exclude .svn -exclude .git -exclude .hg -resolve-src-symlinks -rename /Users/admin/builder/spi-builder-workspace/.derivedData/Build/Intermediates.noindex/LDSwiftEventSource.build/Debug-watchos/LDSwiftEventSource.build/Objects-normal/arm64_32/LDSwiftEventSource.swiftdoc /Users/admin/builder/spi-builder-workspace/.derivedData/Build/Products/Debug-watchos/LDSwiftEventSource.framework/Modules/LDSwiftEventSource.swiftmodule/arm64_32-apple-watchos.swiftdoc
Copy /Users/admin/builder/spi-builder-workspace/.derivedData/Build/Products/Debug-watchos/LDSwiftEventSource.framework/Modules/LDSwiftEventSource.swiftmodule/arm64_32-apple-watchos.swiftmodule /Users/admin/builder/spi-builder-workspace/.derivedData/Build/Intermediates.noindex/LDSwiftEventSource.build/Debug-watchos/LDSwiftEventSource.build/Objects-normal/arm64_32/LDSwiftEventSource.swiftmodule (in target 'LDSwiftEventSource' from project 'LDSwiftEventSource')
    cd /Users/admin/builder/spi-builder-workspace
    builtin-copy -exclude .DS_Store -exclude CVS -exclude .svn -exclude .git -exclude .hg -resolve-src-symlinks -rename /Users/admin/builder/spi-builder-workspace/.derivedData/Build/Intermediates.noindex/LDSwiftEventSource.build/Debug-watchos/LDSwiftEventSource.build/Objects-normal/arm64_32/LDSwiftEventSource.swiftmodule /Users/admin/builder/spi-builder-workspace/.derivedData/Build/Products/Debug-watchos/LDSwiftEventSource.framework/Modules/LDSwiftEventSource.swiftmodule/arm64_32-apple-watchos.swiftmodule
Copy /Users/admin/builder/spi-builder-workspace/.derivedData/Build/Products/Debug-watchos/LDSwiftEventSource.framework/Modules/LDSwiftEventSource.swiftmodule/arm64_32-apple-watchos.abi.json /Users/admin/builder/spi-builder-workspace/.derivedData/Build/Intermediates.noindex/LDSwiftEventSource.build/Debug-watchos/LDSwiftEventSource.build/Objects-normal/arm64_32/LDSwiftEventSource.abi.json (in target 'LDSwiftEventSource' from project 'LDSwiftEventSource')
    cd /Users/admin/builder/spi-builder-workspace
    builtin-copy -exclude .DS_Store -exclude CVS -exclude .svn -exclude .git -exclude .hg -resolve-src-symlinks -rename /Users/admin/builder/spi-builder-workspace/.derivedData/Build/Intermediates.noindex/LDSwiftEventSource.build/Debug-watchos/LDSwiftEventSource.build/Objects-normal/arm64_32/LDSwiftEventSource.abi.json /Users/admin/builder/spi-builder-workspace/.derivedData/Build/Products/Debug-watchos/LDSwiftEventSource.framework/Modules/LDSwiftEventSource.swiftmodule/arm64_32-apple-watchos.abi.json
Copy /Users/admin/builder/spi-builder-workspace/.derivedData/Build/Products/Debug-watchos/LDSwiftEventSource.framework/Modules/LDSwiftEventSource.swiftmodule/Project/arm64_32-apple-watchos.swiftsourceinfo /Users/admin/builder/spi-builder-workspace/.derivedData/Build/Intermediates.noindex/LDSwiftEventSource.build/Debug-watchos/LDSwiftEventSource.build/Objects-normal/arm64_32/LDSwiftEventSource.swiftsourceinfo (in target 'LDSwiftEventSource' from project 'LDSwiftEventSource')
    cd /Users/admin/builder/spi-builder-workspace
    builtin-copy -exclude .DS_Store -exclude CVS -exclude .svn -exclude .git -exclude .hg -resolve-src-symlinks -rename /Users/admin/builder/spi-builder-workspace/.derivedData/Build/Intermediates.noindex/LDSwiftEventSource.build/Debug-watchos/LDSwiftEventSource.build/Objects-normal/arm64_32/LDSwiftEventSource.swiftsourceinfo /Users/admin/builder/spi-builder-workspace/.derivedData/Build/Products/Debug-watchos/LDSwiftEventSource.framework/Modules/LDSwiftEventSource.swiftmodule/Project/arm64_32-apple-watchos.swiftsourceinfo
SwiftDriverJobDiscovery normal arm64_32 Compiling UTF8LineParser.swift (in target 'LDSwiftEventSource' from project 'LDSwiftEventSource')
SwiftDriverJobDiscovery normal arm64 Emitting module for LDSwiftEventSource (in target 'LDSwiftEventSource' from project 'LDSwiftEventSource')
SwiftDriver\ Compilation\ Requirements LDSwiftEventSource normal arm64 com.apple.xcode.tools.swift.compiler (in target 'LDSwiftEventSource' from project 'LDSwiftEventSource')
    cd /Users/admin/builder/spi-builder-workspace
    builtin-Swift-Compilation-Requirements -- /Applications/Xcode-16.3.0.app/Contents/Developer/Toolchains/XcodeDefault.xctoolchain/usr/bin/swiftc -module-name LDSwiftEventSource -Onone -enforce-exclusivity\=checked @/Users/admin/builder/spi-builder-workspace/.derivedData/Build/Intermediates.noindex/LDSwiftEventSource.build/Debug-watchos/LDSwiftEventSource.build/Objects-normal/arm64/LDSwiftEventSource.SwiftFileList -DDEBUG -enable-bare-slash-regex -enable-experimental-feature DebugDescriptionMacro -sdk /Applications/Xcode-16.3.0.app/Contents/Developer/Platforms/WatchOS.platform/Developer/SDKs/WatchOS11.4.sdk -target arm64-apple-watchos9.0 -g -module-cache-path /Users/admin/builder/spi-builder-workspace/.derivedData/ModuleCache.noindex -Xfrontend -serialize-debugging-options -application-extension -profile-coverage-mapping -profile-generate -enable-testing -index-store-path /Users/admin/builder/spi-builder-workspace/.derivedData/Index.noindex/DataStore -swift-version 5 -I /Users/admin/builder/spi-builder-workspace/.derivedData/Build/Products/Debug-watchos -F /Users/admin/builder/spi-builder-workspace/.derivedData/Build/Products/Debug-watchos -c -j10 -enable-batch-mode -incremental -Xcc -ivfsstatcache -Xcc /Users/admin/builder/spi-builder-workspace/.derivedData/SDKStatCaches.noindex/watchos11.4-22T246-43efb940ff07ba2497b70ec94253f576.sdkstatcache -output-file-map /Users/admin/builder/spi-builder-workspace/.derivedData/Build/Intermediates.noindex/LDSwiftEventSource.build/Debug-watchos/LDSwiftEventSource.build/Objects-normal/arm64/LDSwiftEventSource-OutputFileMap.json -use-frontend-parseable-output -save-temps -no-color-diagnostics -serialize-diagnostics -emit-dependencies -emit-module -emit-module-path /Users/admin/builder/spi-builder-workspace/.derivedData/Build/Intermediates.noindex/LDSwiftEventSource.build/Debug-watchos/LDSwiftEventSource.build/Objects-normal/arm64/LDSwiftEventSource.swiftmodule -validate-clang-modules-once -clang-build-session-file /Users/admin/builder/spi-builder-workspace/.derivedData/ModuleCache.noindex/Session.modulevalidation -Xcc -I/Users/admin/builder/spi-builder-workspace/.derivedData/Build/Intermediates.noindex/LDSwiftEventSource.build/Debug-watchos/LDSwiftEventSource.build/swift-overrides.hmap -emit-const-values -Xfrontend -const-gather-protocols-file -Xfrontend /Users/admin/builder/spi-builder-workspace/.derivedData/Build/Intermediates.noindex/LDSwiftEventSource.build/Debug-watchos/LDSwiftEventSource.build/Objects-normal/arm64/LDSwiftEventSource_const_extract_protocols.json -Xcc -iquote -Xcc /Users/admin/builder/spi-builder-workspace/.derivedData/Build/Intermediates.noindex/LDSwiftEventSource.build/Debug-watchos/LDSwiftEventSource.build/LDSwiftEventSource-generated-files.hmap -Xcc -I/Users/admin/builder/spi-builder-workspace/.derivedData/Build/Intermediates.noindex/LDSwiftEventSource.build/Debug-watchos/LDSwiftEventSource.build/LDSwiftEventSource-own-target-headers.hmap -Xcc -I/Users/admin/builder/spi-builder-workspace/.derivedData/Build/Intermediates.noindex/LDSwiftEventSource.build/Debug-watchos/LDSwiftEventSource.build/LDSwiftEventSource-all-non-framework-target-headers.hmap -Xcc -ivfsoverlay -Xcc /Users/admin/builder/spi-builder-workspace/.derivedData/Build/Intermediates.noindex/LDSwiftEventSource.build/Debug-watchos/LDSwiftEventSource-1919f0ff81cc7d7774459d6eeec5c7ff-VFS-watchos/all-product-headers.yaml -Xcc -iquote -Xcc /Users/admin/builder/spi-builder-workspace/.derivedData/Build/Intermediates.noindex/LDSwiftEventSource.build/Debug-watchos/LDSwiftEventSource.build/LDSwiftEventSource-project-headers.hmap -Xcc -I/Users/admin/builder/spi-builder-workspace/.derivedData/Build/Products/Debug-watchos/include -Xcc -I/Users/admin/builder/spi-builder-workspace/.derivedData/Build/Intermediates.noindex/LDSwiftEventSource.build/Debug-watchos/LDSwiftEventSource.build/DerivedSources-normal/arm64 -Xcc -I/Users/admin/builder/spi-builder-workspace/.derivedData/Build/Intermediates.noindex/LDSwiftEventSource.build/Debug-watchos/LDSwiftEventSource.build/DerivedSources/arm64 -Xcc -I/Users/admin/builder/spi-builder-workspace/.derivedData/Build/Intermediates.noindex/LDSwiftEventSource.build/Debug-watchos/LDSwiftEventSource.build/DerivedSources -Xcc -DDEBUG\=1 -emit-objc-header -emit-objc-header-path /Users/admin/builder/spi-builder-workspace/.derivedData/Build/Intermediates.noindex/LDSwiftEventSource.build/Debug-watchos/LDSwiftEventSource.build/Objects-normal/arm64/LDSwiftEventSource-Swift.h -import-underlying-module -Xcc -ivfsoverlay -Xcc /Users/admin/builder/spi-builder-workspace/.derivedData/Build/Intermediates.noindex/LDSwiftEventSource.build/Debug-watchos/LDSwiftEventSource.build/unextended-module-overlay.yaml -working-directory /Users/admin/builder/spi-builder-workspace -experimental-emit-module-separately -disable-cmo
SwiftMergeGeneratedHeaders /Users/admin/builder/spi-builder-workspace/.derivedData/Build/Products/Debug-watchos/LDSwiftEventSource.framework/Headers/LDSwiftEventSource-Swift.h /Users/admin/builder/spi-builder-workspace/.derivedData/Build/Intermediates.noindex/LDSwiftEventSource.build/Debug-watchos/LDSwiftEventSource.build/Objects-normal/arm64/LDSwiftEventSource-Swift.h /Users/admin/builder/spi-builder-workspace/.derivedData/Build/Intermediates.noindex/LDSwiftEventSource.build/Debug-watchos/LDSwiftEventSource.build/Objects-normal/arm64_32/LDSwiftEventSource-Swift.h (in target 'LDSwiftEventSource' from project 'LDSwiftEventSource')
    cd /Users/admin/builder/spi-builder-workspace
    builtin-swiftHeaderTool -arch arm64 /Users/admin/builder/spi-builder-workspace/.derivedData/Build/Intermediates.noindex/LDSwiftEventSource.build/Debug-watchos/LDSwiftEventSource.build/Objects-normal/arm64/LDSwiftEventSource-Swift.h -arch arm64_32 /Users/admin/builder/spi-builder-workspace/.derivedData/Build/Intermediates.noindex/LDSwiftEventSource.build/Debug-watchos/LDSwiftEventSource.build/Objects-normal/arm64_32/LDSwiftEventSource-Swift.h -o /Users/admin/builder/spi-builder-workspace/.derivedData/Build/Products/Debug-watchos/LDSwiftEventSource.framework/Headers/LDSwiftEventSource-Swift.h
Copy /Users/admin/builder/spi-builder-workspace/.derivedData/Build/Products/Debug-watchos/LDSwiftEventSource.framework/Modules/LDSwiftEventSource.swiftmodule/arm64-apple-watchos.swiftmodule /Users/admin/builder/spi-builder-workspace/.derivedData/Build/Intermediates.noindex/LDSwiftEventSource.build/Debug-watchos/LDSwiftEventSource.build/Objects-normal/arm64/LDSwiftEventSource.swiftmodule (in target 'LDSwiftEventSource' from project 'LDSwiftEventSource')
    cd /Users/admin/builder/spi-builder-workspace
    builtin-copy -exclude .DS_Store -exclude CVS -exclude .svn -exclude .git -exclude .hg -resolve-src-symlinks -rename /Users/admin/builder/spi-builder-workspace/.derivedData/Build/Intermediates.noindex/LDSwiftEventSource.build/Debug-watchos/LDSwiftEventSource.build/Objects-normal/arm64/LDSwiftEventSource.swiftmodule /Users/admin/builder/spi-builder-workspace/.derivedData/Build/Products/Debug-watchos/LDSwiftEventSource.framework/Modules/LDSwiftEventSource.swiftmodule/arm64-apple-watchos.swiftmodule
Copy /Users/admin/builder/spi-builder-workspace/.derivedData/Build/Products/Debug-watchos/LDSwiftEventSource.framework/Modules/LDSwiftEventSource.swiftmodule/arm64-apple-watchos.swiftdoc /Users/admin/builder/spi-builder-workspace/.derivedData/Build/Intermediates.noindex/LDSwiftEventSource.build/Debug-watchos/LDSwiftEventSource.build/Objects-normal/arm64/LDSwiftEventSource.swiftdoc (in target 'LDSwiftEventSource' from project 'LDSwiftEventSource')
    cd /Users/admin/builder/spi-builder-workspace
    builtin-copy -exclude .DS_Store -exclude CVS -exclude .svn -exclude .git -exclude .hg -resolve-src-symlinks -rename /Users/admin/builder/spi-builder-workspace/.derivedData/Build/Intermediates.noindex/LDSwiftEventSource.build/Debug-watchos/LDSwiftEventSource.build/Objects-normal/arm64/LDSwiftEventSource.swiftdoc /Users/admin/builder/spi-builder-workspace/.derivedData/Build/Products/Debug-watchos/LDSwiftEventSource.framework/Modules/LDSwiftEventSource.swiftmodule/arm64-apple-watchos.swiftdoc
Copy /Users/admin/builder/spi-builder-workspace/.derivedData/Build/Products/Debug-watchos/LDSwiftEventSource.framework/Modules/LDSwiftEventSource.swiftmodule/arm64-apple-watchos.abi.json /Users/admin/builder/spi-builder-workspace/.derivedData/Build/Intermediates.noindex/LDSwiftEventSource.build/Debug-watchos/LDSwiftEventSource.build/Objects-normal/arm64/LDSwiftEventSource.abi.json (in target 'LDSwiftEventSource' from project 'LDSwiftEventSource')
    cd /Users/admin/builder/spi-builder-workspace
    builtin-copy -exclude .DS_Store -exclude CVS -exclude .svn -exclude .git -exclude .hg -resolve-src-symlinks -rename /Users/admin/builder/spi-builder-workspace/.derivedData/Build/Intermediates.noindex/LDSwiftEventSource.build/Debug-watchos/LDSwiftEventSource.build/Objects-normal/arm64/LDSwiftEventSource.abi.json /Users/admin/builder/spi-builder-workspace/.derivedData/Build/Products/Debug-watchos/LDSwiftEventSource.framework/Modules/LDSwiftEventSource.swiftmodule/arm64-apple-watchos.abi.json
Copy /Users/admin/builder/spi-builder-workspace/.derivedData/Build/Products/Debug-watchos/LDSwiftEventSource.framework/Modules/LDSwiftEventSource.swiftmodule/Project/arm64-apple-watchos.swiftsourceinfo /Users/admin/builder/spi-builder-workspace/.derivedData/Build/Intermediates.noindex/LDSwiftEventSource.build/Debug-watchos/LDSwiftEventSource.build/Objects-normal/arm64/LDSwiftEventSource.swiftsourceinfo (in target 'LDSwiftEventSource' from project 'LDSwiftEventSource')
    cd /Users/admin/builder/spi-builder-workspace
    builtin-copy -exclude .DS_Store -exclude CVS -exclude .svn -exclude .git -exclude .hg -resolve-src-symlinks -rename /Users/admin/builder/spi-builder-workspace/.derivedData/Build/Intermediates.noindex/LDSwiftEventSource.build/Debug-watchos/LDSwiftEventSource.build/Objects-normal/arm64/LDSwiftEventSource.swiftsourceinfo /Users/admin/builder/spi-builder-workspace/.derivedData/Build/Products/Debug-watchos/LDSwiftEventSource.framework/Modules/LDSwiftEventSource.swiftmodule/Project/arm64-apple-watchos.swiftsourceinfo
ScanDependencies /Users/admin/builder/spi-builder-workspace/.derivedData/Build/Intermediates.noindex/LDSwiftEventSource.build/Debug-watchos/LDSwiftEventSource.build/Objects-normal/arm64_32/LDSwiftEventSource_vers.o /Users/admin/builder/spi-builder-workspace/.derivedData/Build/Intermediates.noindex/LDSwiftEventSource.build/Debug-watchos/LDSwiftEventSource.build/DerivedSources/LDSwiftEventSource_vers.c normal arm64_32 c com.apple.compilers.llvm.clang.1_0.compiler (in target 'LDSwiftEventSource' from project 'LDSwiftEventSource')
    cd /Users/admin/builder/spi-builder-workspace

    Using response file: /Users/admin/builder/spi-builder-workspace/.derivedData/Build/Intermediates.noindex/LDSwiftEventSource.build/Debug-watchos/LDSwiftEventSource.build/Objects-normal/arm64_32/7187679823f38a2a940e0043cdf9d637-common-args.resp

    builtin-ScanDependencies -o /Users/admin/builder/spi-builder-workspace/.derivedData/Build/Intermediates.noindex/LDSwiftEventSource.build/Debug-watchos/LDSwiftEventSource.build/Objects-normal/arm64_32/LDSwiftEventSource_vers.o.scan -- /Applications/Xcode-16.3.0.app/Contents/Developer/Toolchains/XcodeDefault.xctoolchain/usr/bin/clang -x c -ivfsstatcache /Users/admin/builder/spi-builder-workspace/.derivedData/SDKStatCaches.noindex/watchos11.4-22T246-43efb940ff07ba2497b70ec94253f576.sdkstatcache -fmessage-length\=0 -fdiagnostics-show-note-include-stack -fmacro-backtrace-limit\=0 -fno-color-diagnostics -fmodules-prune-interval\=86400 -fmodules-prune-after\=345600 -fbuild-session-file\=/Users/admin/builder/spi-builder-workspace/.derivedData/ModuleCache.noindex/Session.modulevalidation -fmodules-validate-once-per-build-session -Wnon-modular-include-in-framework-module -Werror\=non-modular-include-in-framework-module -Wno-trigraphs -Wno-missing-field-initializers -Wno-missing-prototypes -Werror\=return-type -Wdocumentation -Wunreachable-code -Wquoted-include-in-framework-header -Werror\=deprecated-objc-isa-usage -Werror\=objc-root-class -Wno-missing-braces -Wparentheses -Wswitch -Wunused-function -Wno-unused-label -Wno-unused-parameter -Wunused-variable -Wunused-value -Wempty-body -Wuninitialized -Wconditional-uninitialized -Wno-unknown-pragmas -Wno-shadow -Wno-four-char-constants -Wno-conversion -Wconstant-conversion -Wint-conversion -Wbool-conversion -Wenum-conversion -Wno-float-conversion -Wnon-literal-null-conversion -Wobjc-literal-conversion -Wshorten-64-to-32 -Wpointer-sign -Wno-newline-eof -Wno-implicit-fallthrough -fstrict-aliasing -Wdeprecated-declarations -Wno-sign-conversion -Winfinite-recursion -Wcomma -Wblock-capture-autoreleasing -Wstrict-prototypes -Wno-semicolon-before-method-body -Wunguarded-availability -index-store-path /Users/admin/builder/spi-builder-workspace/.derivedData/Index.noindex/DataStore @/Users/admin/builder/spi-builder-workspace/.derivedData/Build/Intermediates.noindex/LDSwiftEventSource.build/Debug-watchos/LDSwiftEventSource.build/Objects-normal/arm64_32/7187679823f38a2a940e0043cdf9d637-common-args.resp -MMD -MT dependencies -MF /Users/admin/builder/spi-builder-workspace/.derivedData/Build/Intermediates.noindex/LDSwiftEventSource.build/Debug-watchos/LDSwiftEventSource.build/Objects-normal/arm64_32/LDSwiftEventSource_vers.d --serialize-diagnostics /Users/admin/builder/spi-builder-workspace/.derivedData/Build/Intermediates.noindex/LDSwiftEventSource.build/Debug-watchos/LDSwiftEventSource.build/Objects-normal/arm64_32/LDSwiftEventSource_vers.dia -c /Users/admin/builder/spi-builder-workspace/.derivedData/Build/Intermediates.noindex/LDSwiftEventSource.build/Debug-watchos/LDSwiftEventSource.build/DerivedSources/LDSwiftEventSource_vers.c -o /Users/admin/builder/spi-builder-workspace/.derivedData/Build/Intermediates.noindex/LDSwiftEventSource.build/Debug-watchos/LDSwiftEventSource.build/Objects-normal/arm64_32/LDSwiftEventSource_vers.o -index-unit-output-path /LDSwiftEventSource.build/Debug-watchos/LDSwiftEventSource.build/Objects-normal/arm64_32/LDSwiftEventSource_vers.o
ScanDependencies /Users/admin/builder/spi-builder-workspace/.derivedData/Build/Intermediates.noindex/LDSwiftEventSource.build/Debug-watchos/LDSwiftEventSource.build/Objects-normal/arm64/LDSwiftEventSource_vers.o /Users/admin/builder/spi-builder-workspace/.derivedData/Build/Intermediates.noindex/LDSwiftEventSource.build/Debug-watchos/LDSwiftEventSource.build/DerivedSources/LDSwiftEventSource_vers.c normal arm64 c com.apple.compilers.llvm.clang.1_0.compiler (in target 'LDSwiftEventSource' from project 'LDSwiftEventSource')
    cd /Users/admin/builder/spi-builder-workspace

    Using response file: /Users/admin/builder/spi-builder-workspace/.derivedData/Build/Intermediates.noindex/LDSwiftEventSource.build/Debug-watchos/LDSwiftEventSource.build/Objects-normal/arm64/7187679823f38a2a940e0043cdf9d637-common-args.resp

    builtin-ScanDependencies -o /Users/admin/builder/spi-builder-workspace/.derivedData/Build/Intermediates.noindex/LDSwiftEventSource.build/Debug-watchos/LDSwiftEventSource.build/Objects-normal/arm64/LDSwiftEventSource_vers.o.scan -- /Applications/Xcode-16.3.0.app/Contents/Developer/Toolchains/XcodeDefault.xctoolchain/usr/bin/clang -x c -ivfsstatcache /Users/admin/builder/spi-builder-workspace/.derivedData/SDKStatCaches.noindex/watchos11.4-22T246-43efb940ff07ba2497b70ec94253f576.sdkstatcache -fmessage-length\=0 -fdiagnostics-show-note-include-stack -fmacro-backtrace-limit\=0 -fno-color-diagnostics -fmodules-prune-interval\=86400 -fmodules-prune-after\=345600 -fbuild-session-file\=/Users/admin/builder/spi-builder-workspace/.derivedData/ModuleCache.noindex/Session.modulevalidation -fmodules-validate-once-per-build-session -Wnon-modular-include-in-framework-module -Werror\=non-modular-include-in-framework-module -Wno-trigraphs -Wno-missing-field-initializers -Wno-missing-prototypes -Werror\=return-type -Wdocumentation -Wunreachable-code -Wquoted-include-in-framework-header -Werror\=deprecated-objc-isa-usage -Werror\=objc-root-class -Wno-missing-braces -Wparentheses -Wswitch -Wunused-function -Wno-unused-label -Wno-unused-parameter -Wunused-variable -Wunused-value -Wempty-body -Wuninitialized -Wconditional-uninitialized -Wno-unknown-pragmas -Wno-shadow -Wno-four-char-constants -Wno-conversion -Wconstant-conversion -Wint-conversion -Wbool-conversion -Wenum-conversion -Wno-float-conversion -Wnon-literal-null-conversion -Wobjc-literal-conversion -Wshorten-64-to-32 -Wpointer-sign -Wno-newline-eof -Wno-implicit-fallthrough -fstrict-aliasing -Wdeprecated-declarations -Wno-sign-conversion -Winfinite-recursion -Wcomma -Wblock-capture-autoreleasing -Wstrict-prototypes -Wno-semicolon-before-method-body -Wunguarded-availability -index-store-path /Users/admin/builder/spi-builder-workspace/.derivedData/Index.noindex/DataStore @/Users/admin/builder/spi-builder-workspace/.derivedData/Build/Intermediates.noindex/LDSwiftEventSource.build/Debug-watchos/LDSwiftEventSource.build/Objects-normal/arm64/7187679823f38a2a940e0043cdf9d637-common-args.resp -MMD -MT dependencies -MF /Users/admin/builder/spi-builder-workspace/.derivedData/Build/Intermediates.noindex/LDSwiftEventSource.build/Debug-watchos/LDSwiftEventSource.build/Objects-normal/arm64/LDSwiftEventSource_vers.d --serialize-diagnostics /Users/admin/builder/spi-builder-workspace/.derivedData/Build/Intermediates.noindex/LDSwiftEventSource.build/Debug-watchos/LDSwiftEventSource.build/Objects-normal/arm64/LDSwiftEventSource_vers.dia -c /Users/admin/builder/spi-builder-workspace/.derivedData/Build/Intermediates.noindex/LDSwiftEventSource.build/Debug-watchos/LDSwiftEventSource.build/DerivedSources/LDSwiftEventSource_vers.c -o /Users/admin/builder/spi-builder-workspace/.derivedData/Build/Intermediates.noindex/LDSwiftEventSource.build/Debug-watchos/LDSwiftEventSource.build/Objects-normal/arm64/LDSwiftEventSource_vers.o -index-unit-output-path /LDSwiftEventSource.build/Debug-watchos/LDSwiftEventSource.build/Objects-normal/arm64/LDSwiftEventSource_vers.o
SwiftDriverJobDiscovery normal arm64_32 Compiling EventParser.swift (in target 'LDSwiftEventSource' from project 'LDSwiftEventSource')
SwiftDriverJobDiscovery normal arm64 Compiling EventParser.swift (in target 'LDSwiftEventSource' from project 'LDSwiftEventSource')
CompileC /Users/admin/builder/spi-builder-workspace/.derivedData/Build/Intermediates.noindex/LDSwiftEventSource.build/Debug-watchos/LDSwiftEventSource.build/Objects-normal/arm64/LDSwiftEventSource_vers.o /Users/admin/builder/spi-builder-workspace/.derivedData/Build/Intermediates.noindex/LDSwiftEventSource.build/Debug-watchos/LDSwiftEventSource.build/DerivedSources/LDSwiftEventSource_vers.c normal arm64 c com.apple.compilers.llvm.clang.1_0.compiler (in target 'LDSwiftEventSource' from project 'LDSwiftEventSource')
    cd /Users/admin/builder/spi-builder-workspace

    Using response file: /Users/admin/builder/spi-builder-workspace/.derivedData/Build/Intermediates.noindex/LDSwiftEventSource.build/Debug-watchos/LDSwiftEventSource.build/Objects-normal/arm64/7187679823f38a2a940e0043cdf9d637-common-args.resp

    /Applications/Xcode-16.3.0.app/Contents/Developer/Toolchains/XcodeDefault.xctoolchain/usr/bin/clang -x c -ivfsstatcache /Users/admin/builder/spi-builder-workspace/.derivedData/SDKStatCaches.noindex/watchos11.4-22T246-43efb940ff07ba2497b70ec94253f576.sdkstatcache -fmessage-length\=0 -fdiagnostics-show-note-include-stack -fmacro-backtrace-limit\=0 -fno-color-diagnostics -fmodules-prune-interval\=86400 -fmodules-prune-after\=345600 -fbuild-session-file\=/Users/admin/builder/spi-builder-workspace/.derivedData/ModuleCache.noindex/Session.modulevalidation -fmodules-validate-once-per-build-session -Wnon-modular-include-in-framework-module -Werror\=non-modular-include-in-framework-module -Wno-trigraphs -Wno-missing-field-initializers -Wno-missing-prototypes -Werror\=return-type -Wdocumentation -Wunreachable-code -Wquoted-include-in-framework-header -Werror\=deprecated-objc-isa-usage -Werror\=objc-root-class -Wno-missing-braces -Wparentheses -Wswitch -Wunused-function -Wno-unused-label -Wno-unused-parameter -Wunused-variable -Wunused-value -Wempty-body -Wuninitialized -Wconditional-uninitialized -Wno-unknown-pragmas -Wno-shadow -Wno-four-char-constants -Wno-conversion -Wconstant-conversion -Wint-conversion -Wbool-conversion -Wenum-conversion -Wno-float-conversion -Wnon-literal-null-conversion -Wobjc-literal-conversion -Wshorten-64-to-32 -Wpointer-sign -Wno-newline-eof -Wno-implicit-fallthrough -fstrict-aliasing -Wdeprecated-declarations -Wno-sign-conversion -Winfinite-recursion -Wcomma -Wblock-capture-autoreleasing -Wstrict-prototypes -Wno-semicolon-before-method-body -Wunguarded-availability -index-store-path /Users/admin/builder/spi-builder-workspace/.derivedData/Index.noindex/DataStore @/Users/admin/builder/spi-builder-workspace/.derivedData/Build/Intermediates.noindex/LDSwiftEventSource.build/Debug-watchos/LDSwiftEventSource.build/Objects-normal/arm64/7187679823f38a2a940e0043cdf9d637-common-args.resp -MMD -MT dependencies -MF /Users/admin/builder/spi-builder-workspace/.derivedData/Build/Intermediates.noindex/LDSwiftEventSource.build/Debug-watchos/LDSwiftEventSource.build/Objects-normal/arm64/LDSwiftEventSource_vers.d --serialize-diagnostics /Users/admin/builder/spi-builder-workspace/.derivedData/Build/Intermediates.noindex/LDSwiftEventSource.build/Debug-watchos/LDSwiftEventSource.build/Objects-normal/arm64/LDSwiftEventSource_vers.dia -c /Users/admin/builder/spi-builder-workspace/.derivedData/Build/Intermediates.noindex/LDSwiftEventSource.build/Debug-watchos/LDSwiftEventSource.build/DerivedSources/LDSwiftEventSource_vers.c -o /Users/admin/builder/spi-builder-workspace/.derivedData/Build/Intermediates.noindex/LDSwiftEventSource.build/Debug-watchos/LDSwiftEventSource.build/Objects-normal/arm64/LDSwiftEventSource_vers.o -index-unit-output-path /LDSwiftEventSource.build/Debug-watchos/LDSwiftEventSource.build/Objects-normal/arm64/LDSwiftEventSource_vers.o
CompileC /Users/admin/builder/spi-builder-workspace/.derivedData/Build/Intermediates.noindex/LDSwiftEventSource.build/Debug-watchos/LDSwiftEventSource.build/Objects-normal/arm64_32/LDSwiftEventSource_vers.o /Users/admin/builder/spi-builder-workspace/.derivedData/Build/Intermediates.noindex/LDSwiftEventSource.build/Debug-watchos/LDSwiftEventSource.build/DerivedSources/LDSwiftEventSource_vers.c normal arm64_32 c com.apple.compilers.llvm.clang.1_0.compiler (in target 'LDSwiftEventSource' from project 'LDSwiftEventSource')
    cd /Users/admin/builder/spi-builder-workspace

    Using response file: /Users/admin/builder/spi-builder-workspace/.derivedData/Build/Intermediates.noindex/LDSwiftEventSource.build/Debug-watchos/LDSwiftEventSource.build/Objects-normal/arm64_32/7187679823f38a2a940e0043cdf9d637-common-args.resp

    /Applications/Xcode-16.3.0.app/Contents/Developer/Toolchains/XcodeDefault.xctoolchain/usr/bin/clang -x c -ivfsstatcache /Users/admin/builder/spi-builder-workspace/.derivedData/SDKStatCaches.noindex/watchos11.4-22T246-43efb940ff07ba2497b70ec94253f576.sdkstatcache -fmessage-length\=0 -fdiagnostics-show-note-include-stack -fmacro-backtrace-limit\=0 -fno-color-diagnostics -fmodules-prune-interval\=86400 -fmodules-prune-after\=345600 -fbuild-session-file\=/Users/admin/builder/spi-builder-workspace/.derivedData/ModuleCache.noindex/Session.modulevalidation -fmodules-validate-once-per-build-session -Wnon-modular-include-in-framework-module -Werror\=non-modular-include-in-framework-module -Wno-trigraphs -Wno-missing-field-initializers -Wno-missing-prototypes -Werror\=return-type -Wdocumentation -Wunreachable-code -Wquoted-include-in-framework-header -Werror\=deprecated-objc-isa-usage -Werror\=objc-root-class -Wno-missing-braces -Wparentheses -Wswitch -Wunused-function -Wno-unused-label -Wno-unused-parameter -Wunused-variable -Wunused-value -Wempty-body -Wuninitialized -Wconditional-uninitialized -Wno-unknown-pragmas -Wno-shadow -Wno-four-char-constants -Wno-conversion -Wconstant-conversion -Wint-conversion -Wbool-conversion -Wenum-conversion -Wno-float-conversion -Wnon-literal-null-conversion -Wobjc-literal-conversion -Wshorten-64-to-32 -Wpointer-sign -Wno-newline-eof -Wno-implicit-fallthrough -fstrict-aliasing -Wdeprecated-declarations -Wno-sign-conversion -Winfinite-recursion -Wcomma -Wblock-capture-autoreleasing -Wstrict-prototypes -Wno-semicolon-before-method-body -Wunguarded-availability -index-store-path /Users/admin/builder/spi-builder-workspace/.derivedData/Index.noindex/DataStore @/Users/admin/builder/spi-builder-workspace/.derivedData/Build/Intermediates.noindex/LDSwiftEventSource.build/Debug-watchos/LDSwiftEventSource.build/Objects-normal/arm64_32/7187679823f38a2a940e0043cdf9d637-common-args.resp -MMD -MT dependencies -MF /Users/admin/builder/spi-builder-workspace/.derivedData/Build/Intermediates.noindex/LDSwiftEventSource.build/Debug-watchos/LDSwiftEventSource.build/Objects-normal/arm64_32/LDSwiftEventSource_vers.d --serialize-diagnostics /Users/admin/builder/spi-builder-workspace/.derivedData/Build/Intermediates.noindex/LDSwiftEventSource.build/Debug-watchos/LDSwiftEventSource.build/Objects-normal/arm64_32/LDSwiftEventSource_vers.dia -c /Users/admin/builder/spi-builder-workspace/.derivedData/Build/Intermediates.noindex/LDSwiftEventSource.build/Debug-watchos/LDSwiftEventSource.build/DerivedSources/LDSwiftEventSource_vers.c -o /Users/admin/builder/spi-builder-workspace/.derivedData/Build/Intermediates.noindex/LDSwiftEventSource.build/Debug-watchos/LDSwiftEventSource.build/Objects-normal/arm64_32/LDSwiftEventSource_vers.o -index-unit-output-path /LDSwiftEventSource.build/Debug-watchos/LDSwiftEventSource.build/Objects-normal/arm64_32/LDSwiftEventSource_vers.o
SwiftDriverJobDiscovery normal arm64 Compiling Logs.swift (in target 'LDSwiftEventSource' from project 'LDSwiftEventSource')
SwiftDriverJobDiscovery normal arm64 Compiling UTF8LineParser.swift (in target 'LDSwiftEventSource' from project 'LDSwiftEventSource')
SwiftDriverJobDiscovery normal arm64 Compiling LDSwiftEventSource.swift (in target 'LDSwiftEventSource' from project 'LDSwiftEventSource')
SwiftDriver\ Compilation LDSwiftEventSource normal arm64 com.apple.xcode.tools.swift.compiler (in target 'LDSwiftEventSource' from project 'LDSwiftEventSource')
    cd /Users/admin/builder/spi-builder-workspace
    builtin-Swift-Compilation -- /Applications/Xcode-16.3.0.app/Contents/Developer/Toolchains/XcodeDefault.xctoolchain/usr/bin/swiftc -module-name LDSwiftEventSource -Onone -enforce-exclusivity\=checked @/Users/admin/builder/spi-builder-workspace/.derivedData/Build/Intermediates.noindex/LDSwiftEventSource.build/Debug-watchos/LDSwiftEventSource.build/Objects-normal/arm64/LDSwiftEventSource.SwiftFileList -DDEBUG -enable-bare-slash-regex -enable-experimental-feature DebugDescriptionMacro -sdk /Applications/Xcode-16.3.0.app/Contents/Developer/Platforms/WatchOS.platform/Developer/SDKs/WatchOS11.4.sdk -target arm64-apple-watchos9.0 -g -module-cache-path /Users/admin/builder/spi-builder-workspace/.derivedData/ModuleCache.noindex -Xfrontend -serialize-debugging-options -application-extension -profile-coverage-mapping -profile-generate -enable-testing -index-store-path /Users/admin/builder/spi-builder-workspace/.derivedData/Index.noindex/DataStore -swift-version 5 -I /Users/admin/builder/spi-builder-workspace/.derivedData/Build/Products/Debug-watchos -F /Users/admin/builder/spi-builder-workspace/.derivedData/Build/Products/Debug-watchos -c -j10 -enable-batch-mode -incremental -Xcc -ivfsstatcache -Xcc /Users/admin/builder/spi-builder-workspace/.derivedData/SDKStatCaches.noindex/watchos11.4-22T246-43efb940ff07ba2497b70ec94253f576.sdkstatcache -output-file-map /Users/admin/builder/spi-builder-workspace/.derivedData/Build/Intermediates.noindex/LDSwiftEventSource.build/Debug-watchos/LDSwiftEventSource.build/Objects-normal/arm64/LDSwiftEventSource-OutputFileMap.json -use-frontend-parseable-output -save-temps -no-color-diagnostics -serialize-diagnostics -emit-dependencies -emit-module -emit-module-path /Users/admin/builder/spi-builder-workspace/.derivedData/Build/Intermediates.noindex/LDSwiftEventSource.build/Debug-watchos/LDSwiftEventSource.build/Objects-normal/arm64/LDSwiftEventSource.swiftmodule -validate-clang-modules-once -clang-build-session-file /Users/admin/builder/spi-builder-workspace/.derivedData/ModuleCache.noindex/Session.modulevalidation -Xcc -I/Users/admin/builder/spi-builder-workspace/.derivedData/Build/Intermediates.noindex/LDSwiftEventSource.build/Debug-watchos/LDSwiftEventSource.build/swift-overrides.hmap -emit-const-values -Xfrontend -const-gather-protocols-file -Xfrontend /Users/admin/builder/spi-builder-workspace/.derivedData/Build/Intermediates.noindex/LDSwiftEventSource.build/Debug-watchos/LDSwiftEventSource.build/Objects-normal/arm64/LDSwiftEventSource_const_extract_protocols.json -Xcc -iquote -Xcc /Users/admin/builder/spi-builder-workspace/.derivedData/Build/Intermediates.noindex/LDSwiftEventSource.build/Debug-watchos/LDSwiftEventSource.build/LDSwiftEventSource-generated-files.hmap -Xcc -I/Users/admin/builder/spi-builder-workspace/.derivedData/Build/Intermediates.noindex/LDSwiftEventSource.build/Debug-watchos/LDSwiftEventSource.build/LDSwiftEventSource-own-target-headers.hmap -Xcc -I/Users/admin/builder/spi-builder-workspace/.derivedData/Build/Intermediates.noindex/LDSwiftEventSource.build/Debug-watchos/LDSwiftEventSource.build/LDSwiftEventSource-all-non-framework-target-headers.hmap -Xcc -ivfsoverlay -Xcc /Users/admin/builder/spi-builder-workspace/.derivedData/Build/Intermediates.noindex/LDSwiftEventSource.build/Debug-watchos/LDSwiftEventSource-1919f0ff81cc7d7774459d6eeec5c7ff-VFS-watchos/all-product-headers.yaml -Xcc -iquote -Xcc /Users/admin/builder/spi-builder-workspace/.derivedData/Build/Intermediates.noindex/LDSwiftEventSource.build/Debug-watchos/LDSwiftEventSource.build/LDSwiftEventSource-project-headers.hmap -Xcc -I/Users/admin/builder/spi-builder-workspace/.derivedData/Build/Products/Debug-watchos/include -Xcc -I/Users/admin/builder/spi-builder-workspace/.derivedData/Build/Intermediates.noindex/LDSwiftEventSource.build/Debug-watchos/LDSwiftEventSource.build/DerivedSources-normal/arm64 -Xcc -I/Users/admin/builder/spi-builder-workspace/.derivedData/Build/Intermediates.noindex/LDSwiftEventSource.build/Debug-watchos/LDSwiftEventSource.build/DerivedSources/arm64 -Xcc -I/Users/admin/builder/spi-builder-workspace/.derivedData/Build/Intermediates.noindex/LDSwiftEventSource.build/Debug-watchos/LDSwiftEventSource.build/DerivedSources -Xcc -DDEBUG\=1 -emit-objc-header -emit-objc-header-path /Users/admin/builder/spi-builder-workspace/.derivedData/Build/Intermediates.noindex/LDSwiftEventSource.build/Debug-watchos/LDSwiftEventSource.build/Objects-normal/arm64/LDSwiftEventSource-Swift.h -import-underlying-module -Xcc -ivfsoverlay -Xcc /Users/admin/builder/spi-builder-workspace/.derivedData/Build/Intermediates.noindex/LDSwiftEventSource.build/Debug-watchos/LDSwiftEventSource.build/unextended-module-overlay.yaml -working-directory /Users/admin/builder/spi-builder-workspace -experimental-emit-module-separately -disable-cmo
SwiftDriverJobDiscovery normal arm64_32 Compiling LDSwiftEventSource.swift (in target 'LDSwiftEventSource' from project 'LDSwiftEventSource')
SwiftDriver\ Compilation LDSwiftEventSource normal arm64_32 com.apple.xcode.tools.swift.compiler (in target 'LDSwiftEventSource' from project 'LDSwiftEventSource')
    cd /Users/admin/builder/spi-builder-workspace
    builtin-Swift-Compilation -- /Applications/Xcode-16.3.0.app/Contents/Developer/Toolchains/XcodeDefault.xctoolchain/usr/bin/swiftc -module-name LDSwiftEventSource -Onone -enforce-exclusivity\=checked @/Users/admin/builder/spi-builder-workspace/.derivedData/Build/Intermediates.noindex/LDSwiftEventSource.build/Debug-watchos/LDSwiftEventSource.build/Objects-normal/arm64_32/LDSwiftEventSource.SwiftFileList -DDEBUG -enable-bare-slash-regex -enable-experimental-feature DebugDescriptionMacro -sdk /Applications/Xcode-16.3.0.app/Contents/Developer/Platforms/WatchOS.platform/Developer/SDKs/WatchOS11.4.sdk -target arm64_32-apple-watchos9.0 -g -module-cache-path /Users/admin/builder/spi-builder-workspace/.derivedData/ModuleCache.noindex -Xfrontend -serialize-debugging-options -application-extension -profile-coverage-mapping -profile-generate -enable-testing -index-store-path /Users/admin/builder/spi-builder-workspace/.derivedData/Index.noindex/DataStore -swift-version 5 -I /Users/admin/builder/spi-builder-workspace/.derivedData/Build/Products/Debug-watchos -F /Users/admin/builder/spi-builder-workspace/.derivedData/Build/Products/Debug-watchos -c -j10 -enable-batch-mode -incremental -Xcc -ivfsstatcache -Xcc /Users/admin/builder/spi-builder-workspace/.derivedData/SDKStatCaches.noindex/watchos11.4-22T246-43efb940ff07ba2497b70ec94253f576.sdkstatcache -output-file-map /Users/admin/builder/spi-builder-workspace/.derivedData/Build/Intermediates.noindex/LDSwiftEventSource.build/Debug-watchos/LDSwiftEventSource.build/Objects-normal/arm64_32/LDSwiftEventSource-OutputFileMap.json -use-frontend-parseable-output -save-temps -no-color-diagnostics -serialize-diagnostics -emit-dependencies -emit-module -emit-module-path /Users/admin/builder/spi-builder-workspace/.derivedData/Build/Intermediates.noindex/LDSwiftEventSource.build/Debug-watchos/LDSwiftEventSource.build/Objects-normal/arm64_32/LDSwiftEventSource.swiftmodule -validate-clang-modules-once -clang-build-session-file /Users/admin/builder/spi-builder-workspace/.derivedData/ModuleCache.noindex/Session.modulevalidation -Xcc -I/Users/admin/builder/spi-builder-workspace/.derivedData/Build/Intermediates.noindex/LDSwiftEventSource.build/Debug-watchos/LDSwiftEventSource.build/swift-overrides.hmap -emit-const-values -Xfrontend -const-gather-protocols-file -Xfrontend /Users/admin/builder/spi-builder-workspace/.derivedData/Build/Intermediates.noindex/LDSwiftEventSource.build/Debug-watchos/LDSwiftEventSource.build/Objects-normal/arm64_32/LDSwiftEventSource_const_extract_protocols.json -Xcc -iquote -Xcc /Users/admin/builder/spi-builder-workspace/.derivedData/Build/Intermediates.noindex/LDSwiftEventSource.build/Debug-watchos/LDSwiftEventSource.build/LDSwiftEventSource-generated-files.hmap -Xcc -I/Users/admin/builder/spi-builder-workspace/.derivedData/Build/Intermediates.noindex/LDSwiftEventSource.build/Debug-watchos/LDSwiftEventSource.build/LDSwiftEventSource-own-target-headers.hmap -Xcc -I/Users/admin/builder/spi-builder-workspace/.derivedData/Build/Intermediates.noindex/LDSwiftEventSource.build/Debug-watchos/LDSwiftEventSource.build/LDSwiftEventSource-all-non-framework-target-headers.hmap -Xcc -ivfsoverlay -Xcc /Users/admin/builder/spi-builder-workspace/.derivedData/Build/Intermediates.noindex/LDSwiftEventSource.build/Debug-watchos/LDSwiftEventSource-1919f0ff81cc7d7774459d6eeec5c7ff-VFS-watchos/all-product-headers.yaml -Xcc -iquote -Xcc /Users/admin/builder/spi-builder-workspace/.derivedData/Build/Intermediates.noindex/LDSwiftEventSource.build/Debug-watchos/LDSwiftEventSource.build/LDSwiftEventSource-project-headers.hmap -Xcc -I/Users/admin/builder/spi-builder-workspace/.derivedData/Build/Products/Debug-watchos/include -Xcc -I/Users/admin/builder/spi-builder-workspace/.derivedData/Build/Intermediates.noindex/LDSwiftEventSource.build/Debug-watchos/LDSwiftEventSource.build/DerivedSources-normal/arm64_32 -Xcc -I/Users/admin/builder/spi-builder-workspace/.derivedData/Build/Intermediates.noindex/LDSwiftEventSource.build/Debug-watchos/LDSwiftEventSource.build/DerivedSources/arm64_32 -Xcc -I/Users/admin/builder/spi-builder-workspace/.derivedData/Build/Intermediates.noindex/LDSwiftEventSource.build/Debug-watchos/LDSwiftEventSource.build/DerivedSources -Xcc -DDEBUG\=1 -emit-objc-header -emit-objc-header-path /Users/admin/builder/spi-builder-workspace/.derivedData/Build/Intermediates.noindex/LDSwiftEventSource.build/Debug-watchos/LDSwiftEventSource.build/Objects-normal/arm64_32/LDSwiftEventSource-Swift.h -import-underlying-module -Xcc -ivfsoverlay -Xcc /Users/admin/builder/spi-builder-workspace/.derivedData/Build/Intermediates.noindex/LDSwiftEventSource.build/Debug-watchos/LDSwiftEventSource.build/unextended-module-overlay.yaml -working-directory /Users/admin/builder/spi-builder-workspace -experimental-emit-module-separately -disable-cmo
Ld /Users/admin/builder/spi-builder-workspace/.derivedData/Build/Intermediates.noindex/LDSwiftEventSource.build/Debug-watchos/LDSwiftEventSource.build/Objects-normal/arm64/Binary/LDSwiftEventSource normal arm64 (in target 'LDSwiftEventSource' from project 'LDSwiftEventSource')
    cd /Users/admin/builder/spi-builder-workspace
    /Applications/Xcode-16.3.0.app/Contents/Developer/Toolchains/XcodeDefault.xctoolchain/usr/bin/clang -Xlinker -reproducible -target arm64-apple-watchos9.0 -dynamiclib -isysroot /Applications/Xcode-16.3.0.app/Contents/Developer/Platforms/WatchOS.platform/Developer/SDKs/WatchOS11.4.sdk -O0 -L/Users/admin/builder/spi-builder-workspace/.derivedData/Build/Intermediates.noindex/EagerLinkingTBDs/Debug-watchos -L/Users/admin/builder/spi-builder-workspace/.derivedData/Build/Products/Debug-watchos -F/Users/admin/builder/spi-builder-workspace/.derivedData/Build/Intermediates.noindex/EagerLinkingTBDs/Debug-watchos -F/Users/admin/builder/spi-builder-workspace/.derivedData/Build/Products/Debug-watchos -filelist /Users/admin/builder/spi-builder-workspace/.derivedData/Build/Intermediates.noindex/LDSwiftEventSource.build/Debug-watchos/LDSwiftEventSource.build/Objects-normal/arm64/LDSwiftEventSource.LinkFileList -install_name @rpath/LDSwiftEventSource.framework/LDSwiftEventSource -Xlinker -rpath -Xlinker @executable_path/Frameworks -Xlinker -rpath -Xlinker @loader_path/Frameworks -dead_strip -Xlinker -object_path_lto -Xlinker /Users/admin/builder/spi-builder-workspace/.derivedData/Build/Intermediates.noindex/LDSwiftEventSource.build/Debug-watchos/LDSwiftEventSource.build/Objects-normal/arm64/LDSwiftEventSource_lto.o -rdynamic -Xlinker -no_deduplicate -Xlinker -debug_variant -Xlinker -dependency_info -Xlinker /Users/admin/builder/spi-builder-workspace/.derivedData/Build/Intermediates.noindex/LDSwiftEventSource.build/Debug-watchos/LDSwiftEventSource.build/Objects-normal/arm64/LDSwiftEventSource_dependency_info.dat -fapplication-extension -fprofile-instr-generate -fobjc-link-runtime -L/Applications/Xcode-16.3.0.app/Contents/Developer/Toolchains/XcodeDefault.xctoolchain/usr/lib/swift/watchos -L/usr/lib/swift -Xlinker -add_ast_path -Xlinker /Users/admin/builder/spi-builder-workspace/.derivedData/Build/Intermediates.noindex/LDSwiftEventSource.build/Debug-watchos/LDSwiftEventSource.build/Objects-normal/arm64/LDSwiftEventSource.swiftmodule -compatibility_version 3.0.0 -current_version 3.4.0 -o /Users/admin/builder/spi-builder-workspace/.derivedData/Build/Intermediates.noindex/LDSwiftEventSource.build/Debug-watchos/LDSwiftEventSource.build/Objects-normal/arm64/Binary/LDSwiftEventSource
Ld /Users/admin/builder/spi-builder-workspace/.derivedData/Build/Intermediates.noindex/LDSwiftEventSource.build/Debug-watchos/LDSwiftEventSource.build/Objects-normal/arm64_32/Binary/LDSwiftEventSource normal arm64_32 (in target 'LDSwiftEventSource' from project 'LDSwiftEventSource')
    cd /Users/admin/builder/spi-builder-workspace
    /Applications/Xcode-16.3.0.app/Contents/Developer/Toolchains/XcodeDefault.xctoolchain/usr/bin/clang -Xlinker -reproducible -target arm64_32-apple-watchos9.0 -dynamiclib -isysroot /Applications/Xcode-16.3.0.app/Contents/Developer/Platforms/WatchOS.platform/Developer/SDKs/WatchOS11.4.sdk -O0 -L/Users/admin/builder/spi-builder-workspace/.derivedData/Build/Intermediates.noindex/EagerLinkingTBDs/Debug-watchos -L/Users/admin/builder/spi-builder-workspace/.derivedData/Build/Products/Debug-watchos -F/Users/admin/builder/spi-builder-workspace/.derivedData/Build/Intermediates.noindex/EagerLinkingTBDs/Debug-watchos -F/Users/admin/builder/spi-builder-workspace/.derivedData/Build/Products/Debug-watchos -filelist /Users/admin/builder/spi-builder-workspace/.derivedData/Build/Intermediates.noindex/LDSwiftEventSource.build/Debug-watchos/LDSwiftEventSource.build/Objects-normal/arm64_32/LDSwiftEventSource.LinkFileList -install_name @rpath/LDSwiftEventSource.framework/LDSwiftEventSource -Xlinker -rpath -Xlinker @executable_path/Frameworks -Xlinker -rpath -Xlinker @loader_path/Frameworks -dead_strip -Xlinker -object_path_lto -Xlinker /Users/admin/builder/spi-builder-workspace/.derivedData/Build/Intermediates.noindex/LDSwiftEventSource.build/Debug-watchos/LDSwiftEventSource.build/Objects-normal/arm64_32/LDSwiftEventSource_lto.o -rdynamic -Xlinker -no_deduplicate -Xlinker -debug_variant -Xlinker -dependency_info -Xlinker /Users/admin/builder/spi-builder-workspace/.derivedData/Build/Intermediates.noindex/LDSwiftEventSource.build/Debug-watchos/LDSwiftEventSource.build/Objects-normal/arm64_32/LDSwiftEventSource_dependency_info.dat -fapplication-extension -fprofile-instr-generate -fobjc-link-runtime -L/Applications/Xcode-16.3.0.app/Contents/Developer/Toolchains/XcodeDefault.xctoolchain/usr/lib/swift/watchos -L/usr/lib/swift -Xlinker -add_ast_path -Xlinker /Users/admin/builder/spi-builder-workspace/.derivedData/Build/Intermediates.noindex/LDSwiftEventSource.build/Debug-watchos/LDSwiftEventSource.build/Objects-normal/arm64_32/LDSwiftEventSource.swiftmodule -compatibility_version 3.0.0 -current_version 3.4.0 -o /Users/admin/builder/spi-builder-workspace/.derivedData/Build/Intermediates.noindex/LDSwiftEventSource.build/Debug-watchos/LDSwiftEventSource.build/Objects-normal/arm64_32/Binary/LDSwiftEventSource
CreateUniversalBinary /Users/admin/builder/spi-builder-workspace/.derivedData/Build/Products/Debug-watchos/LDSwiftEventSource.framework/LDSwiftEventSource normal arm64\ arm64_32 (in target 'LDSwiftEventSource' from project 'LDSwiftEventSource')
    cd /Users/admin/builder/spi-builder-workspace
    /Applications/Xcode-16.3.0.app/Contents/Developer/Toolchains/XcodeDefault.xctoolchain/usr/bin/lipo -create /Users/admin/builder/spi-builder-workspace/.derivedData/Build/Intermediates.noindex/LDSwiftEventSource.build/Debug-watchos/LDSwiftEventSource.build/Objects-normal/arm64/Binary/LDSwiftEventSource /Users/admin/builder/spi-builder-workspace/.derivedData/Build/Intermediates.noindex/LDSwiftEventSource.build/Debug-watchos/LDSwiftEventSource.build/Objects-normal/arm64_32/Binary/LDSwiftEventSource -output /Users/admin/builder/spi-builder-workspace/.derivedData/Build/Products/Debug-watchos/LDSwiftEventSource.framework/LDSwiftEventSource
ExtractAppIntentsMetadata (in target 'LDSwiftEventSource' from project 'LDSwiftEventSource')
    cd /Users/admin/builder/spi-builder-workspace
    /Applications/Xcode-16.3.0.app/Contents/Developer/Toolchains/XcodeDefault.xctoolchain/usr/bin/appintentsmetadataprocessor --toolchain-dir /Applications/Xcode-16.3.0.app/Contents/Developer/Toolchains/XcodeDefault.xctoolchain --module-name LDSwiftEventSource --sdk-root /Applications/Xcode-16.3.0.app/Contents/Developer/Platforms/WatchOS.platform/Developer/SDKs/WatchOS11.4.sdk --xcode-version 16E140 --platform-family watchOS --deployment-target 9.0 --bundle-identifier com.launchdarkly.LDSwiftEventSource --output /Users/admin/builder/spi-builder-workspace/.derivedData/Build/Products/Debug-watchos/LDSwiftEventSource.framework --target-triple arm64-apple-watchos9.0 --target-triple arm64_32-apple-watchos9.0 --binary-file /Users/admin/builder/spi-builder-workspace/.derivedData/Build/Products/Debug-watchos/LDSwiftEventSource.framework/LDSwiftEventSource --dependency-file /Users/admin/builder/spi-builder-workspace/.derivedData/Build/Intermediates.noindex/LDSwiftEventSource.build/Debug-watchos/LDSwiftEventSource.build/Objects-normal/arm64/LDSwiftEventSource_dependency_info.dat --dependency-file /Users/admin/builder/spi-builder-workspace/.derivedData/Build/Intermediates.noindex/LDSwiftEventSource.build/Debug-watchos/LDSwiftEventSource.build/Objects-normal/arm64_32/LDSwiftEventSource_dependency_info.dat --stringsdata-file /Users/admin/builder/spi-builder-workspace/.derivedData/Build/Intermediates.noindex/LDSwiftEventSource.build/Debug-watchos/LDSwiftEventSource.build/Objects-normal/arm64/ExtractedAppShortcutsMetadata.stringsdata --stringsdata-file /Users/admin/builder/spi-builder-workspace/.derivedData/Build/Intermediates.noindex/LDSwiftEventSource.build/Debug-watchos/LDSwiftEventSource.build/Objects-normal/arm64_32/ExtractedAppShortcutsMetadata.stringsdata --source-file-list /Users/admin/builder/spi-builder-workspace/.derivedData/Build/Intermediates.noindex/LDSwiftEventSource.build/Debug-watchos/LDSwiftEventSource.build/Objects-normal/arm64/LDSwiftEventSource.SwiftFileList --source-file-list /Users/admin/builder/spi-builder-workspace/.derivedData/Build/Intermediates.noindex/LDSwiftEventSource.build/Debug-watchos/LDSwiftEventSource.build/Objects-normal/arm64_32/LDSwiftEventSource.SwiftFileList --metadata-file-list /Users/admin/builder/spi-builder-workspace/.derivedData/Build/Intermediates.noindex/LDSwiftEventSource.build/Debug-watchos/LDSwiftEventSource.build/LDSwiftEventSource.DependencyMetadataFileList --static-metadata-file-list /Users/admin/builder/spi-builder-workspace/.derivedData/Build/Intermediates.noindex/LDSwiftEventSource.build/Debug-watchos/LDSwiftEventSource.build/LDSwiftEventSource.DependencyStaticMetadataFileList --swift-const-vals-list /Users/admin/builder/spi-builder-workspace/.derivedData/Build/Intermediates.noindex/LDSwiftEventSource.build/Debug-watchos/LDSwiftEventSource.build/Objects-normal/arm64/LDSwiftEventSource.SwiftConstValuesFileList --swift-const-vals-list /Users/admin/builder/spi-builder-workspace/.derivedData/Build/Intermediates.noindex/LDSwiftEventSource.build/Debug-watchos/LDSwiftEventSource.build/Objects-normal/arm64_32/LDSwiftEventSource.SwiftConstValuesFileList --compile-time-extraction --deployment-aware-processing --validate-assistant-intents --no-app-shortcuts-localization
2026-10-02 22:15:25.805 appintentsmetadataprocessor[756:4399] Starting appintentsmetadataprocessor export
2026-10-02 22:15:25.808 appintentsmetadataprocessor[756:4399] warning: Metadata extraction skipped. No AppIntents.framework dependency found.
GenerateTAPI /Users/admin/builder/spi-builder-workspace/.derivedData/Build/Intermediates.noindex/EagerLinkingTBDs/Debug-watchos/LDSwiftEventSource.framework/LDSwiftEventSource.tbd (in target 'LDSwiftEventSource' from project 'LDSwiftEventSource')
    cd /Users/admin/builder/spi-builder-workspace
    /Applications/Xcode-16.3.0.app/Contents/Developer/Toolchains/XcodeDefault.xctoolchain/usr/bin/tapi stubify -isysroot /Applications/Xcode-16.3.0.app/Contents/Developer/Platforms/WatchOS.platform/Developer/SDKs/WatchOS11.4.sdk -F/Users/admin/builder/spi-builder-workspace/.derivedData/Build/Products/Debug-watchos -L/Users/admin/builder/spi-builder-workspace/.derivedData/Build/Products/Debug-watchos /Users/admin/builder/spi-builder-workspace/.derivedData/Build/Products/Debug-watchos/LDSwiftEventSource.framework/LDSwiftEventSource -o /Users/admin/builder/spi-builder-workspace/.derivedData/Build/Intermediates.noindex/EagerLinkingTBDs/Debug-watchos/LDSwiftEventSource.framework/LDSwiftEventSource.tbd
RegisterExecutionPolicyException /Users/admin/builder/spi-builder-workspace/.derivedData/Build/Products/Debug-watchos/LDSwiftEventSource.framework (in target 'LDSwiftEventSource' from project 'LDSwiftEventSource')
    cd /Users/admin/builder/spi-builder-workspace
    builtin-RegisterExecutionPolicyException /Users/admin/builder/spi-builder-workspace/.derivedData/Build/Products/Debug-watchos/LDSwiftEventSource.framework
Touch /Users/admin/builder/spi-builder-workspace/.derivedData/Build/Products/Debug-watchos/LDSwiftEventSource.framework (in target 'LDSwiftEventSource' from project 'LDSwiftEventSource')
    cd /Users/admin/builder/spi-builder-workspace
    /usr/bin/touch -c /Users/admin/builder/spi-builder-workspace/.derivedData/Build/Products/Debug-watchos/LDSwiftEventSource.framework
/Users/admin/builder/spi-builder-workspace/LDSwiftEventSource.xcodeproj: warning: Ignoring ENABLE_BITCODE because building with bitcode is no longer supported. (in target 'LDSwiftEventSource' from project 'LDSwiftEventSource')
/Users/admin/builder/spi-builder-workspace/LDSwiftEventSource.xcodeproj: warning: tasks in 'Copy Headers' are delayed by unsandboxed script phases; set ENABLE_USER_SCRIPT_SANDBOXING=YES to enable sandboxing (in target 'LDSwiftEventSource' from project 'LDSwiftEventSource')
note: Run script build phase 'Linter Script' will be run during every build because the option to run the script phase "Based on dependency analysis" is unchecked. (in target 'LDSwiftEventSource' from project 'LDSwiftEventSource')
** BUILD SUCCEEDED **
Build complete.
{
  "dependencies" : [
  ],
  "manifest_display_name" : "LDSwiftEventSource",
  "name" : "LDSwiftEventSource",
  "path" : "/Users/admin/builder/spi-builder-workspace",
  "platforms" : [
    {
      "name" : "ios",
      "version" : "15.0"
    },
    {
      "name" : "macos",
      "version" : "12.0"
    },
    {
      "name" : "watchos",
      "version" : "9.0"
    },
    {
      "name" : "tvos",
      "version" : "15.0"
    }
  ],
  "products" : [
    {
      "name" : "LDSwiftEventSource",
      "targets" : [
        "LDSwiftEventSource"
      ],
      "type" : {
        "library" : [
          "automatic"
        ]
      }
    }
  ],
  "swift_languages_versions" : [
    "5"
  ],
  "targets" : [
    {
      "c99name" : "LDSwiftEventSourceTests",
      "module_type" : "SwiftTarget",
      "name" : "LDSwiftEventSourceTests",
      "path" : "Tests",
      "sources" : [
        "EventParserTests.swift",
        "LDSwiftEventSourceTests.swift",
        "MockHandler.swift",
        "TestUtil.swift",
        "UTF8LineParserTests.swift"
      ],
      "target_dependencies" : [
        "LDSwiftEventSource"
      ],
      "type" : "test"
    },
    {
      "c99name" : "LDSwiftEventSource",
      "module_type" : "SwiftTarget",
      "name" : "LDSwiftEventSource",
      "path" : "Source",
      "product_memberships" : [
        "LDSwiftEventSource"
      ],
      "sources" : [
        "EventParser.swift",
        "LDSwiftEventSource.swift",
        "Logs.swift",
        "Types.swift",
        "UTF8LineParser.swift"
      ],
      "type" : "library"
    }
  ],
  "tools_version" : "5.0"
}
Done.