Build Information
Failed to build AdvancedList, reference 8.0.0 (a1d3da), with Swift 6.4 for watchOS using Xcode 27.0 on 21 Sep 2026 22:41:02 UTC.
Build Command
No build command. This typically means the build failed at an early stage where we determine the build command.Build Log
========================================
RunAll
========================================
Builder version: 5.1.0
Interrupt handler set up.
========================================
Checkout
========================================
Clone URL: https://github.com/chris-swift-dev/AdvancedList.git
Reference: 8.0.0
Initialized empty Git repository in /Users/admin/builder/spi-builder-workspace/.git/
From https://github.com/chris-swift-dev/AdvancedList
* tag 8.0.0 -> FETCH_HEAD
HEAD is now at a1d3dad tests(): fixed tests
Cloned https://github.com/chris-swift-dev/AdvancedList.git
Revision (git rev-parse @):
a1d3dad7fa5f7cb5967307bd083a656cf6d598af
SUCCESS checkout https://github.com/chris-swift-dev/AdvancedList.git at 8.0.0
========================================
Build
========================================
Selected platform: watchOS
Swift version: 6.4
Building package at path: $PWD
https://github.com/chris-swift-dev/AdvancedList.git
Command line invocation:
/Applications/Xcode-27.0.0-Release.Candidate.app/Contents/Developer/usr/bin/xcodebuild -IDEClonedSourcePackagesDirPathOverride=/Users/admin/builder/spi-builder-workspace/.dependencies -resolvePackageDependencies
Resolve Package Graph
Fetching from https://github.com/crelies/ListPagination
Fetching from https://github.com/nalexn/ViewInspector.git
Invalid manifest (compiled with: ["/Applications/Xcode-27.0.0-Release.Candidate.app/Contents/Developer/Toolchains/XcodeDefault.xctoolchain/usr/bin/swiftc", "-vfsoverlay", "/var/folders/xq/y_g06wb113726d38xsyx71_h0000gn/T/TemporaryDirectory.vsyAcF/vfs.yaml", "-L", "/Applications/Xcode-27.0.0-Release.Candidate.app/Contents/SharedFrameworks/SwiftPM.framework/SharedSupport/ManifestAPI", "-lPackageDescription", "-Xlinker", "-rpath", "-Xlinker", "/Applications/Xcode-27.0.0-Release.Candidate.app/Contents/SharedFrameworks/SwiftPM.framework/SharedSupport/ManifestAPI", "-target", "arm64-apple-macos14.0", "-plugin-path", "/Applications/Xcode-27.0.0-Release.Candidate.app/Contents/Developer/Toolchains/XcodeDefault.xctoolchain/usr/lib/swift/host/plugins/testing", "-sdk", "/Applications/Xcode-27.0.0-Release.Candidate.app/Contents/Developer/Platforms/MacOSX.platform/Developer/SDKs/MacOSX27.0.sdk", "-swift-version", "5", "-I", "/Applications/Xcode-27.0.0-Release.Candidate.app/Contents/SharedFrameworks/SwiftPM.framework/SharedSupport/ManifestAPI", "-sdk", "/Applications/Xcode-27.0.0-Release.Candidate.app/Contents/Developer/Platforms/MacOSX.platform/Developer/SDKs/MacOSX27.0.sdk", "-package-description-version", "5.9.0", "-Xfrontend", "-serialize-diagnostics-path", "-Xfrontend", "/Users/admin/Library/Caches/org.swift.swiftpm/manifests/ManifestLoading/viewinspector.dia", "/Package.swift", "-o", "/var/folders/xq/y_g06wb113726d38xsyx71_h0000gn/T/TemporaryDirectory.04WlfK/viewinspector-manifest"])
/Package.swift:10:74: error: 'v2' is unavailable
8 | defaultLocalization: "en",
9 | platforms: [
10 | .macOS(.v12), .iOS(.v15), .tvOS(.v15), .watchOS(.v9), .visionOS(.v2)
| `- error: 'v2' is unavailable
11 | ],
12 | products: [
PackageDescription.SupportedPlatform.VisionOSVersion.v2:4:23: note: 'v2' was introduced in PackageDescription 6.0
2 | struct VisionOSVersion {
3 | @available(_PackageDescription 6.0)
4 | public static let v2: PackageDescription.SupportedPlatform.VisionOSVersion }
| `- note: 'v2' was introduced in PackageDescription 6.0
5 | }
6 | in https://github.com/nalexn/ViewInspector.gitResolve Package Graph
Updating from https://github.com/crelies/ListPagination
Updating from https://github.com/nalexn/ViewInspector.git
Invalid manifest (compiled with: ["/Applications/Xcode-27.0.0-Release.Candidate.app/Contents/Developer/Toolchains/XcodeDefault.xctoolchain/usr/bin/swiftc", "-vfsoverlay", "/var/folders/xq/y_g06wb113726d38xsyx71_h0000gn/T/TemporaryDirectory.4Dqx6V/vfs.yaml", "-L", "/Applications/Xcode-27.0.0-Release.Candidate.app/Contents/SharedFrameworks/SwiftPM.framework/SharedSupport/ManifestAPI", "-lPackageDescription", "-Xlinker", "-rpath", "-Xlinker", "/Applications/Xcode-27.0.0-Release.Candidate.app/Contents/SharedFrameworks/SwiftPM.framework/SharedSupport/ManifestAPI", "-target", "arm64-apple-macos14.0", "-plugin-path", "/Applications/Xcode-27.0.0-Release.Candidate.app/Contents/Developer/Toolchains/XcodeDefault.xctoolchain/usr/lib/swift/host/plugins/testing", "-sdk", "/Applications/Xcode-27.0.0-Release.Candidate.app/Contents/Developer/Platforms/MacOSX.platform/Developer/SDKs/MacOSX27.0.sdk", "-swift-version", "5", "-I", "/Applications/Xcode-27.0.0-Release.Candidate.app/Contents/SharedFrameworks/SwiftPM.framework/SharedSupport/ManifestAPI", "-sdk", "/Applications/Xcode-27.0.0-Release.Candidate.app/Contents/Developer/Platforms/MacOSX.platform/Developer/SDKs/MacOSX27.0.sdk", "-package-description-version", "5.9.0", "-Xfrontend", "-serialize-diagnostics-path", "-Xfrontend", "/Users/admin/Library/Caches/org.swift.swiftpm/manifests/ManifestLoading/viewinspector.dia", "/Package.swift", "-o", "/var/folders/xq/y_g06wb113726d38xsyx71_h0000gn/T/TemporaryDirectory.qS9BEB/viewinspector-manifest"])
/Package.swift:10:74: error: 'v2' is unavailable
8 | defaultLocalization: "en",
9 | platforms: [
10 | .macOS(.v12), .iOS(.v15), .tvOS(.v15), .watchOS(.v9), .visionOS(.v2)
| `- error: 'v2' is unavailable
11 | ],
12 | products: [
PackageDescription.SupportedPlatform.VisionOSVersion.v2:4:23: note: 'v2' was introduced in PackageDescription 6.0
2 | struct VisionOSVersion {
3 | @available(_PackageDescription 6.0)
4 | public static let v2: PackageDescription.SupportedPlatform.VisionOSVersion }
| `- note: 'v2' was introduced in PackageDescription 6.0
5 | }
6 | in https://github.com/nalexn/ViewInspector.gitResolve Package Graph
Updating from https://github.com/crelies/ListPagination
Updating from https://github.com/nalexn/ViewInspector.git
Invalid manifest (compiled with: ["/Applications/Xcode-27.0.0-Release.Candidate.app/Contents/Developer/Toolchains/XcodeDefault.xctoolchain/usr/bin/swiftc", "-vfsoverlay", "/var/folders/xq/y_g06wb113726d38xsyx71_h0000gn/T/TemporaryDirectory.aN8h7l/vfs.yaml", "-L", "/Applications/Xcode-27.0.0-Release.Candidate.app/Contents/SharedFrameworks/SwiftPM.framework/SharedSupport/ManifestAPI", "-lPackageDescription", "-Xlinker", "-rpath", "-Xlinker", "/Applications/Xcode-27.0.0-Release.Candidate.app/Contents/SharedFrameworks/SwiftPM.framework/SharedSupport/ManifestAPI", "-target", "arm64-apple-macos14.0", "-plugin-path", "/Applications/Xcode-27.0.0-Release.Candidate.app/Contents/Developer/Toolchains/XcodeDefault.xctoolchain/usr/lib/swift/host/plugins/testing", "-sdk", "/Applications/Xcode-27.0.0-Release.Candidate.app/Contents/Developer/Platforms/MacOSX.platform/Developer/SDKs/MacOSX27.0.sdk", "-swift-version", "5", "-I", "/Applications/Xcode-27.0.0-Release.Candidate.app/Contents/SharedFrameworks/SwiftPM.framework/SharedSupport/ManifestAPI", "-sdk", "/Applications/Xcode-27.0.0-Release.Candidate.app/Contents/Developer/Platforms/MacOSX.platform/Developer/SDKs/MacOSX27.0.sdk", "-package-description-version", "5.9.0", "-Xfrontend", "-serialize-diagnostics-path", "-Xfrontend", "/Users/admin/Library/Caches/org.swift.swiftpm/manifests/ManifestLoading/viewinspector.dia", "/Package.swift", "-o", "/var/folders/xq/y_g06wb113726d38xsyx71_h0000gn/T/TemporaryDirectory.upNyHS/viewinspector-manifest"])
/Package.swift:10:74: error: 'v2' is unavailable
8 | defaultLocalization: "en",
9 | platforms: [
10 | .macOS(.v12), .iOS(.v15), .tvOS(.v15), .watchOS(.v9), .visionOS(.v2)
| `- error: 'v2' is unavailable
11 | ],
12 | products: [
PackageDescription.SupportedPlatform.VisionOSVersion.v2:4:23: note: 'v2' was introduced in PackageDescription 6.0
2 | struct VisionOSVersion {
3 | @available(_PackageDescription 6.0)
4 | public static let v2: PackageDescription.SupportedPlatform.VisionOSVersion }
| `- note: 'v2' was introduced in PackageDescription 6.0
5 | }
6 | in https://github.com/nalexn/ViewInspector.gitResolve Package Graph
Updating from https://github.com/crelies/ListPagination
Updating from https://github.com/nalexn/ViewInspector.git
Invalid manifest (compiled with: ["/Applications/Xcode-27.0.0-Release.Candidate.app/Contents/Developer/Toolchains/XcodeDefault.xctoolchain/usr/bin/swiftc", "-vfsoverlay", "/var/folders/xq/y_g06wb113726d38xsyx71_h0000gn/T/TemporaryDirectory.8nLFoD/vfs.yaml", "-L", "/Applications/Xcode-27.0.0-Release.Candidate.app/Contents/SharedFrameworks/SwiftPM.framework/SharedSupport/ManifestAPI", "-lPackageDescription", "-Xlinker", "-rpath", "-Xlinker", "/Applications/Xcode-27.0.0-Release.Candidate.app/Contents/SharedFrameworks/SwiftPM.framework/SharedSupport/ManifestAPI", "-target", "arm64-apple-macos14.0", "-plugin-path", "/Applications/Xcode-27.0.0-Release.Candidate.app/Contents/Developer/Toolchains/XcodeDefault.xctoolchain/usr/lib/swift/host/plugins/testing", "-sdk", "/Applications/Xcode-27.0.0-Release.Candidate.app/Contents/Developer/Platforms/MacOSX.platform/Developer/SDKs/MacOSX27.0.sdk", "-swift-version", "5", "-I", "/Applications/Xcode-27.0.0-Release.Candidate.app/Contents/SharedFrameworks/SwiftPM.framework/SharedSupport/ManifestAPI", "-sdk", "/Applications/Xcode-27.0.0-Release.Candidate.app/Contents/Developer/Platforms/MacOSX.platform/Developer/SDKs/MacOSX27.0.sdk", "-package-description-version", "5.9.0", "-Xfrontend", "-serialize-diagnostics-path", "-Xfrontend", "/Users/admin/Library/Caches/org.swift.swiftpm/manifests/ManifestLoading/viewinspector.dia", "/Package.swift", "-o", "/var/folders/xq/y_g06wb113726d38xsyx71_h0000gn/T/TemporaryDirectory.zA09CK/viewinspector-manifest"])
/Package.swift:10:74: error: 'v2' is unavailable
8 | defaultLocalization: "en",
9 | platforms: [
10 | .macOS(.v12), .iOS(.v15), .tvOS(.v15), .watchOS(.v9), .visionOS(.v2)
| `- error: 'v2' is unavailable
11 | ],
12 | products: [
PackageDescription.SupportedPlatform.VisionOSVersion.v2:4:23: note: 'v2' was introduced in PackageDescription 6.0
2 | struct VisionOSVersion {
3 | @available(_PackageDescription 6.0)
4 | public static let v2: PackageDescription.SupportedPlatform.VisionOSVersion }
| `- note: 'v2' was introduced in PackageDescription 6.0
5 | }
6 | in https://github.com/nalexn/ViewInspector.git
Resolved source packages:
spi-builder-workspace: (null)
2026-09-21 18:40:47.964 xcodebuild[559:3053] [MT] IDERunDestination: Supported platforms for the buildables in the current scheme is empty.
2026-09-21 18:40:48.118 xcodebuild[559:3053] [MT] IDERunDestination: Supported platforms for the buildables in the current scheme is empty.
2026-09-21 18:40:49.791 xcodebuild[559:3053] [MT] IDERunDestination: Supported platforms for the buildables in the current scheme is empty.
2026-09-21 18:40:59.818 xcodebuild[559:3053] Writing error result bundle to /var/folders/xq/y_g06wb113726d38xsyx71_h0000gn/T/ResultBundle_2026-21-09_18-40-0059.xcresult
xcodebuild: error: Could not resolve package dependencies:
Invalid manifest (compiled with: ["/Applications/Xcode-27.0.0-Release.Candidate.app/Contents/Developer/Toolchains/XcodeDefault.xctoolchain/usr/bin/swiftc", "-vfsoverlay", "/var/folders/xq/y_g06wb113726d38xsyx71_h0000gn/T/TemporaryDirectory.8nLFoD/vfs.yaml", "-L", "/Applications/Xcode-27.0.0-Release.Candidate.app/Contents/SharedFrameworks/SwiftPM.framework/SharedSupport/ManifestAPI", "-lPackageDescription", "-Xlinker", "-rpath", "-Xlinker", "/Applications/Xcode-27.0.0-Release.Candidate.app/Contents/SharedFrameworks/SwiftPM.framework/SharedSupport/ManifestAPI", "-target", "arm64-apple-macos14.0", "-plugin-path", "/Applications/Xcode-27.0.0-Release.Candidate.app/Contents/Developer/Toolchains/XcodeDefault.xctoolchain/usr/lib/swift/host/plugins/testing", "-sdk", "/Applications/Xcode-27.0.0-Release.Candidate.app/Contents/Developer/Platforms/MacOSX.platform/Developer/SDKs/MacOSX27.0.sdk", "-swift-version", "5", "-I", "/Applications/Xcode-27.0.0-Release.Candidate.app/Contents/SharedFrameworks/SwiftPM.framework/SharedSupport/ManifestAPI", "-sdk", "/Applications/Xcode-27.0.0-Release.Candidate.app/Contents/Developer/Platforms/MacOSX.platform/Developer/SDKs/MacOSX27.0.sdk", "-package-description-version", "5.9.0", "-Xfrontend", "-serialize-diagnostics-path", "-Xfrontend", "/Users/admin/Library/Caches/org.swift.swiftpm/manifests/ManifestLoading/viewinspector.dia", "/Package.swift", "-o", "/var/folders/xq/y_g06wb113726d38xsyx71_h0000gn/T/TemporaryDirectory.zA09CK/viewinspector-manifest"])
Command line invocation:
/Applications/Xcode-27.0.0-Release.Candidate.app/Contents/Developer/usr/bin/xcodebuild -IDEClonedSourcePackagesDirPathOverride=/Users/admin/builder/spi-builder-workspace/.dependencies -resolvePackageDependencies
Resolve Package Graph
Updating from https://github.com/crelies/ListPagination
Updating from https://github.com/nalexn/ViewInspector.git
Invalid manifest (compiled with: ["/Applications/Xcode-27.0.0-Release.Candidate.app/Contents/Developer/Toolchains/XcodeDefault.xctoolchain/usr/bin/swiftc", "-vfsoverlay", "/var/folders/xq/y_g06wb113726d38xsyx71_h0000gn/T/TemporaryDirectory.ve2c0U/vfs.yaml", "-L", "/Applications/Xcode-27.0.0-Release.Candidate.app/Contents/SharedFrameworks/SwiftPM.framework/SharedSupport/ManifestAPI", "-lPackageDescription", "-Xlinker", "-rpath", "-Xlinker", "/Applications/Xcode-27.0.0-Release.Candidate.app/Contents/SharedFrameworks/SwiftPM.framework/SharedSupport/ManifestAPI", "-target", "arm64-apple-macos14.0", "-plugin-path", "/Applications/Xcode-27.0.0-Release.Candidate.app/Contents/Developer/Toolchains/XcodeDefault.xctoolchain/usr/lib/swift/host/plugins/testing", "-sdk", "/Applications/Xcode-27.0.0-Release.Candidate.app/Contents/Developer/Platforms/MacOSX.platform/Developer/SDKs/MacOSX27.0.sdk", "-swift-version", "5", "-I", "/Applications/Xcode-27.0.0-Release.Candidate.app/Contents/SharedFrameworks/SwiftPM.framework/SharedSupport/ManifestAPI", "-sdk", "/Applications/Xcode-27.0.0-Release.Candidate.app/Contents/Developer/Platforms/MacOSX.platform/Developer/SDKs/MacOSX27.0.sdk", "-package-description-version", "5.9.0", "-Xfrontend", "-serialize-diagnostics-path", "-Xfrontend", "/Users/admin/Library/Caches/org.swift.swiftpm/manifests/ManifestLoading/viewinspector.dia", "/Package.swift", "-o", "/var/folders/xq/y_g06wb113726d38xsyx71_h0000gn/T/TemporaryDirectory.Dmk8lP/viewinspector-manifest"])
/Package.swift:10:74: error: 'v2' is unavailable
8 | defaultLocalization: "en",
9 | platforms: [
10 | .macOS(.v12), .iOS(.v15), .tvOS(.v15), .watchOS(.v9), .visionOS(.v2)
| `- error: 'v2' is unavailable
11 | ],
12 | products: [
PackageDescription.SupportedPlatform.VisionOSVersion.v2:4:23: note: 'v2' was introduced in PackageDescription 6.0
2 | struct VisionOSVersion {
3 | @available(_PackageDescription 6.0)
4 | public static let v2: PackageDescription.SupportedPlatform.VisionOSVersion }
| `- note: 'v2' was introduced in PackageDescription 6.0
5 | }
6 | in https://github.com/nalexn/ViewInspector.git
Resolved source packages:
spi-builder-workspace: (null)
2026-09-21 18:41:00.779 xcodebuild[733:4058] [MT] IDERunDestination: Supported platforms for the buildables in the current scheme is empty.
2026-09-21 18:41:00.899 xcodebuild[733:4058] [MT] IDERunDestination: Supported platforms for the buildables in the current scheme is empty.
2026-09-21 18:41:02.121 xcodebuild[733:4058] Writing error result bundle to /var/folders/xq/y_g06wb113726d38xsyx71_h0000gn/T/ResultBundle_2026-21-09_18-41-0002.xcresult
xcodebuild: error: Could not resolve package dependencies:
Invalid manifest (compiled with: ["/Applications/Xcode-27.0.0-Release.Candidate.app/Contents/Developer/Toolchains/XcodeDefault.xctoolchain/usr/bin/swiftc", "-vfsoverlay", "/var/folders/xq/y_g06wb113726d38xsyx71_h0000gn/T/TemporaryDirectory.ve2c0U/vfs.yaml", "-L", "/Applications/Xcode-27.0.0-Release.Candidate.app/Contents/SharedFrameworks/SwiftPM.framework/SharedSupport/ManifestAPI", "-lPackageDescription", "-Xlinker", "-rpath", "-Xlinker", "/Applications/Xcode-27.0.0-Release.Candidate.app/Contents/SharedFrameworks/SwiftPM.framework/SharedSupport/ManifestAPI", "-target", "arm64-apple-macos14.0", "-plugin-path", "/Applications/Xcode-27.0.0-Release.Candidate.app/Contents/Developer/Toolchains/XcodeDefault.xctoolchain/usr/lib/swift/host/plugins/testing", "-sdk", "/Applications/Xcode-27.0.0-Release.Candidate.app/Contents/Developer/Platforms/MacOSX.platform/Developer/SDKs/MacOSX27.0.sdk", "-swift-version", "5", "-I", "/Applications/Xcode-27.0.0-Release.Candidate.app/Contents/SharedFrameworks/SwiftPM.framework/SharedSupport/ManifestAPI", "-sdk", "/Applications/Xcode-27.0.0-Release.Candidate.app/Contents/Developer/Platforms/MacOSX.platform/Developer/SDKs/MacOSX27.0.sdk", "-package-description-version", "5.9.0", "-Xfrontend", "-serialize-diagnostics-path", "-Xfrontend", "/Users/admin/Library/Caches/org.swift.swiftpm/manifests/ManifestLoading/viewinspector.dia", "/Package.swift", "-o", "/var/folders/xq/y_g06wb113726d38xsyx71_h0000gn/T/TemporaryDirectory.Dmk8lP/viewinspector-manifest"])
BUILD FAILURE 6.4 watchOS