The Swift Package Index logo.Swift Package Index

Build Information

Failed to build swift-shell, reference main (2c2c76), with Swift 6.4 for watchOS using Xcode 27.0 on 21 Sep 2026 18:40:58 UTC.

Build Command

env DEVELOPER_DIR=/Applications/Xcode-27.0.0-Release.Candidate.app xcrun xcodebuild -IDEClonedSourcePackagesDirPathOverride=$PWD/.dependencies -skipMacroValidation -skipPackagePluginValidation -derivedDataPath $PWD/.derivedData build -scheme swift-shell -destination generic/platform=watchOS

Build Log

========================================
RunAll
========================================
Builder version: 5.1.0
Interrupt handler set up.
========================================
Checkout
========================================
Clone URL: https://github.com/darrarski/swift-shell.git
Reference: main
Initialized empty Git repository in /Users/admin/builder/spi-builder-workspace/.git/
From https://github.com/darrarski/swift-shell
 * branch            main       -> FETCH_HEAD
 * [new branch]      main       -> origin/main
HEAD is now at 2c2c769 Resolve the compilation error with Swift 6.0.3 (Xcode 16.2) (#3)
Cloned https://github.com/darrarski/swift-shell.git
Revision (git rev-parse @):
2c2c7693163a2f39d2d4d5b53035c81d1881905c
SPI manifest file found: $PWD/.spi.yml
SUCCESS checkout https://github.com/darrarski/swift-shell.git at main
========================================
Build
========================================
Selected platform:         watchOS
Swift version:             6.4
Building package at path:  $PWD
https://github.com/darrarski/swift-shell.git
Command line invocation:
    /Applications/Xcode-27.0.0-Release.Candidate.app/Contents/Developer/usr/bin/xcodebuild -IDEClonedSourcePackagesDirPathOverride=/Users/admin/builder/spi-builder-workspace/.dependencies -resolvePackageDependencies
Resolve Package Graph
Fetching from https://github.com/apple/swift-collections.git
Fetching from https://github.com/pointfreeco/xctest-dynamic-overlay
Fetching from https://github.com/apple/swift-async-algorithms.git
Fetching from https://github.com/pointfreeco/swift-custom-dump.git
Fetching from https://github.com/pointfreeco/swift-concurrency-extras.git
Creating working copy of package ‘swift-concurrency-extras’
Checking out 1.1.0 of package ‘swift-concurrency-extras’
Creating working copy of package ‘swift-collections’
Checking out 1.1.2 of package ‘swift-collections’
Creating working copy of package ‘xctest-dynamic-overlay’
Checking out 1.1.2 of package ‘xctest-dynamic-overlay’
Creating working copy of package ‘swift-async-algorithms’
Checking out 1.0.1 of package ‘swift-async-algorithms’
Creating working copy of package ‘swift-custom-dump’
Checking out 1.3.0 of package ‘swift-custom-dump’
Resolve Package Graph
Resolved source packages:
  swift-async-algorithms: https://github.com/apple/swift-async-algorithms.git @ 1.0.1
  xctest-dynamic-overlay: https://github.com/pointfreeco/xctest-dynamic-overlay @ 1.1.2
  swift-concurrency-extras: https://github.com/pointfreeco/swift-concurrency-extras.git @ 1.1.0
  swift-custom-dump: https://github.com/pointfreeco/swift-custom-dump.git @ 1.3.0
  swift-shell: /Users/admin/builder/spi-builder-workspace
  swift-collections: https://github.com/apple/swift-collections.git @ 1.1.2
  swift-shell-examples: /Users/admin/builder/spi-builder-workspace/Examples
resolved source packages: swift-async-algorithms, xctest-dynamic-overlay, swift-concurrency-extras, swift-custom-dump, swift-shell, swift-collections, swift-shell-examples
2026-09-21 14:39:57.786 xcodebuild[529:3040] [MT] IDERunDestination: Supported platforms for the buildables in the current scheme is empty.
2026-09-21 14:39:57.936 xcodebuild[529:3040] [MT] IDERunDestination: Supported platforms for the buildables in the current scheme is empty.
2026-09-21 14:39:59.597 xcodebuild[529:3040] [MT] IDERunDestination: Supported platforms for the buildables in the current scheme is empty.
{
  "dependencies" : [
    {
      "identity" : "swift-concurrency-extras",
      "requirement" : {
        "range" : [
          {
            "lower_bound" : "1.1.0",
            "upper_bound" : "2.0.0"
          }
        ]
      },
      "type" : "sourceControl",
      "url" : "https://github.com/pointfreeco/swift-concurrency-extras.git"
    },
    {
      "identity" : "swift-custom-dump",
      "requirement" : {
        "range" : [
          {
            "lower_bound" : "1.3.0",
            "upper_bound" : "2.0.0"
          }
        ]
      },
      "type" : "sourceControl",
      "url" : "https://github.com/pointfreeco/swift-custom-dump.git"
    }
  ],
  "manifest_display_name" : "swift-shell",
  "name" : "swift-shell",
  "path" : "/Users/admin/builder/spi-builder-workspace",
  "platforms" : [
    {
      "name" : "macos",
      "version" : "14.0"
    }
  ],
  "products" : [
    {
      "name" : "SwiftShell",
      "targets" : [
        "SwiftShell"
      ],
      "type" : {
        "library" : [
          "automatic"
        ]
      }
    }
  ],
  "targets" : [
    {
      "c99name" : "SwiftShellTests",
      "module_type" : "SwiftTarget",
      "name" : "SwiftShellTests",
      "path" : "Tests/SwiftShellTests",
      "product_dependencies" : [
        "ConcurrencyExtras",
        "CustomDump"
      ],
      "sources" : [
        "ShellCommandTests.swift",
        "ShellEnvironmentTests.swift",
        "ShellProcessTests.swift",
        "TestHelpers.swift"
      ],
      "target_dependencies" : [
        "SwiftShell"
      ],
      "type" : "test"
    },
    {
      "c99name" : "SwiftShell",
      "module_type" : "SwiftTarget",
      "name" : "SwiftShell",
      "path" : "Sources/SwiftShell",
      "product_memberships" : [
        "SwiftShell"
      ],
      "sources" : [
        "Bash.swift",
        "ShellCommand.swift",
        "ShellEnvironment.swift",
        "ShellProcess.swift"
      ],
      "type" : "library"
    }
  ],
  "tools_version" : "5.10"
}
{
  "workspace" : {
    "name" : "SwiftShell",
    "schemes" : [
      "DecorateOutputExample",
      "InputOutputExample",
      "SwiftShell"
    ]
  }
}
2026-09-21 14:40:44.373 xcodebuild[846:4871] [MT] IDERunDestination: Supported platforms for the buildables in the current scheme is empty.
2026-09-21 14:40:44.628 xcodebuild[846:4871] [MT] IDERunDestination: Supported platforms for the buildables in the current scheme is empty.
{
  "workspace" : {
    "name" : "swift-shell",
    "schemes" : [
      "swift-shell",
      "SwiftShell"
    ]
  }
}
2026-09-21 14:40:45.637 xcodebuild[848:4921] [MT] IDERunDestination: Supported platforms for the buildables in the current scheme is empty.
2026-09-21 14:40:45.782 xcodebuild[848:4921] [MT] IDERunDestination: Supported platforms for the buildables in the current scheme is empty.
Running build ...
env DEVELOPER_DIR=/Applications/Xcode-27.0.0-Release.Candidate.app xcrun xcodebuild -IDEClonedSourcePackagesDirPathOverride=$PWD/.dependencies -skipMacroValidation -skipPackagePluginValidation -derivedDataPath $PWD/.derivedData build -scheme swift-shell -destination generic/platform=watchOS
Command line invocation:
    /Applications/Xcode-27.0.0-Release.Candidate.app/Contents/Developer/usr/bin/xcodebuild -IDEClonedSourcePackagesDirPathOverride=/Users/admin/builder/spi-builder-workspace/.dependencies -skipMacroValidation -skipPackagePluginValidation -derivedDataPath /Users/admin/builder/spi-builder-workspace/.derivedData build -scheme swift-shell -destination generic/platform=watchOS
Resolve Package Graph
Resolve Package Graph
Resolved source packages:
  xctest-dynamic-overlay: https://github.com/pointfreeco/xctest-dynamic-overlay @ 1.1.2
  swift-custom-dump: https://github.com/pointfreeco/swift-custom-dump.git @ 1.3.0
  swift-concurrency-extras: https://github.com/pointfreeco/swift-concurrency-extras.git @ 1.1.0
  swift-shell: /Users/admin/builder/spi-builder-workspace
ComputePackagePrebuildTargetDependencyGraph
Prepare packages
CreateBuildRequest
SendProjectDescription
CreateBuildOperation
ComputeTargetDependencyGraph
note: Building targets in dependency order
note: Target dependency graph (2 targets)
    Target 'SwiftShell-product' in project 'swift-shell'
        ➜ Explicit dependency on target 'SwiftShell' in project 'swift-shell'
    Target 'SwiftShell' in project 'swift-shell' (no dependencies)
GatherProvisioningInputs
CreateBuildDescription
ExecuteExternalTool /Applications/Xcode-27.0.0-Release.Candidate.app/Contents/Developer/Toolchains/XcodeDefault.xctoolchain/usr/bin/clang -v -E -dM -isysroot /Applications/Xcode-27.0.0-Release.Candidate.app/Contents/Developer/Platforms/WatchOS.platform/Developer/SDKs/WatchOS27.0.sdk -x c -c /dev/null
ExecuteExternalTool /Applications/Xcode-27.0.0-Release.Candidate.app/Contents/Developer/Toolchains/XcodeDefault.xctoolchain/usr/bin/swiftc --version
ExecuteExternalTool /Applications/Xcode-27.0.0-Release.Candidate.app/Contents/Developer/Toolchains/XcodeDefault.xctoolchain/usr/bin/ld -version_details
Build description signature: 739c4d8e9494304c3e858a744bcda942
Build description path: /Users/admin/builder/spi-builder-workspace/.derivedData/Build/Intermediates.noindex/XCBuildData/739c4d8e9494304c3e858a744bcda942.xcbuilddata
CreateBuildDirectory /Users/admin/builder/spi-builder-workspace/.derivedData/SDKExplicitPrecompiledModules
    cd /Users/admin/builder/spi-builder-workspace/.swiftpm/xcode
    builtin-create-build-directory /Users/admin/builder/spi-builder-workspace/.derivedData/SDKExplicitPrecompiledModules
CreateBuildDirectory /Users/admin/builder/spi-builder-workspace/.derivedData/CompilationCache.noindex
    cd /Users/admin/builder/spi-builder-workspace/.swiftpm/xcode
    builtin-create-build-directory /Users/admin/builder/spi-builder-workspace/.derivedData/CompilationCache.noindex
CreateBuildDirectory /Users/admin/builder/spi-builder-workspace/.derivedData/ModuleCache.noindex
    cd /Users/admin/builder/spi-builder-workspace/.swiftpm/xcode
    builtin-create-build-directory /Users/admin/builder/spi-builder-workspace/.derivedData/ModuleCache.noindex
ClangStatCache /Applications/Xcode-27.0.0-Release.Candidate.app/Contents/Developer/Toolchains/XcodeDefault.xctoolchain/usr/bin/clang-stat-cache /Applications/Xcode-27.0.0-Release.Candidate.app/Contents/Developer/Platforms/WatchOS.platform/Developer/SDKs/WatchOS27.0.sdk /Users/admin/builder/spi-builder-workspace/.derivedData/SDKStatCaches.noindex/watchos27.0-24R360-e829b21a6f8c9b70876ba0858053c04477534ef55a1706bf4c1112bbb242f0a2.sdkstatcache
    cd /Users/admin/builder/spi-builder-workspace/.swiftpm/xcode
    /Applications/Xcode-27.0.0-Release.Candidate.app/Contents/Developer/Toolchains/XcodeDefault.xctoolchain/usr/bin/clang-stat-cache /Applications/Xcode-27.0.0-Release.Candidate.app/Contents/Developer/Platforms/WatchOS.platform/Developer/SDKs/WatchOS27.0.sdk -o /Users/admin/builder/spi-builder-workspace/.derivedData/SDKStatCaches.noindex/watchos27.0-24R360-e829b21a6f8c9b70876ba0858053c04477534ef55a1706bf4c1112bbb242f0a2.sdkstatcache
CreateBuildDirectory /Users/admin/builder/spi-builder-workspace/.derivedData/Build/Products
    cd /Users/admin/builder/spi-builder-workspace/.swiftpm/xcode
    builtin-create-build-directory /Users/admin/builder/spi-builder-workspace/.derivedData/Build/Products
CreateBuildDirectory /Users/admin/builder/spi-builder-workspace/.derivedData/Build/Intermediates.noindex
    cd /Users/admin/builder/spi-builder-workspace/.swiftpm/xcode
    builtin-create-build-directory /Users/admin/builder/spi-builder-workspace/.derivedData/Build/Intermediates.noindex
CreateBuildDirectory /Users/admin/builder/spi-builder-workspace/.derivedData/Build/Intermediates.noindex/SwiftExplicitPrecompiledModules
    cd /Users/admin/builder/spi-builder-workspace/.swiftpm/xcode
    builtin-create-build-directory /Users/admin/builder/spi-builder-workspace/.derivedData/Build/Intermediates.noindex/SwiftExplicitPrecompiledModules
CreateBuildDirectory /Users/admin/builder/spi-builder-workspace/.derivedData/Build/Intermediates.noindex/PrecompiledHeaders
    cd /Users/admin/builder/spi-builder-workspace/.swiftpm/xcode
    builtin-create-build-directory /Users/admin/builder/spi-builder-workspace/.derivedData/Build/Intermediates.noindex/PrecompiledHeaders
CreateBuildDirectory /Users/admin/builder/spi-builder-workspace/.derivedData/Build/Intermediates.noindex/ExplicitPrecompiledModules
    cd /Users/admin/builder/spi-builder-workspace/.swiftpm/xcode
    builtin-create-build-directory /Users/admin/builder/spi-builder-workspace/.derivedData/Build/Intermediates.noindex/ExplicitPrecompiledModules
CreateBuildDirectory /Users/admin/builder/spi-builder-workspace/.derivedData/Build/Intermediates.noindex/EagerLinkingTBDs/Debug-watchos
    cd /Users/admin/builder/spi-builder-workspace/.swiftpm/xcode
    builtin-create-build-directory /Users/admin/builder/spi-builder-workspace/.derivedData/Build/Intermediates.noindex/EagerLinkingTBDs/Debug-watchos
CreateBuildDirectory /Users/admin/builder/spi-builder-workspace/.derivedData/Build/Products/Debug-watchos
    cd /Users/admin/builder/spi-builder-workspace/.swiftpm/xcode
    builtin-create-build-directory /Users/admin/builder/spi-builder-workspace/.derivedData/Build/Products/Debug-watchos
CreateBuildDirectory /Users/admin/builder/spi-builder-workspace/.derivedData/Build/Products/Debug-watchos/PackageFrameworks
    cd /Users/admin/builder/spi-builder-workspace/.swiftpm/xcode
    builtin-create-build-directory /Users/admin/builder/spi-builder-workspace/.derivedData/Build/Products/Debug-watchos/PackageFrameworks
WriteAuxiliaryFile /Users/admin/builder/spi-builder-workspace/.derivedData/Build/Intermediates.noindex/swift-shell.build/Debug-watchos/SwiftShell-t.build/SwiftShell.DependencyMetadataFileList (in target 'SwiftShell' from project 'swift-shell')
    cd /Users/admin/builder/spi-builder-workspace
    write-file /Users/admin/builder/spi-builder-workspace/.derivedData/Build/Intermediates.noindex/swift-shell.build/Debug-watchos/SwiftShell-t.build/SwiftShell.DependencyMetadataFileList
WriteAuxiliaryFile /Users/admin/builder/spi-builder-workspace/.derivedData/Build/Intermediates.noindex/swift-shell.build/Debug-watchos/SwiftShell-t.build/SwiftShell.DependencyStaticMetadataFileList (in target 'SwiftShell' from project 'swift-shell')
    cd /Users/admin/builder/spi-builder-workspace
    write-file /Users/admin/builder/spi-builder-workspace/.derivedData/Build/Intermediates.noindex/swift-shell.build/Debug-watchos/SwiftShell-t.build/SwiftShell.DependencyStaticMetadataFileList
WriteAuxiliaryFile /Users/admin/builder/spi-builder-workspace/.derivedData/Build/Intermediates.noindex/swift-shell.build/Debug-watchos/SwiftShell-t.build/SwiftShell.modulemap (in target 'SwiftShell' from project 'swift-shell')
    cd /Users/admin/builder/spi-builder-workspace
    write-file /Users/admin/builder/spi-builder-workspace/.derivedData/Build/Intermediates.noindex/swift-shell.build/Debug-watchos/SwiftShell-t.build/SwiftShell.modulemap
WriteAuxiliaryFile /Users/admin/builder/spi-builder-workspace/.derivedData/Build/Intermediates.noindex/swift-shell.build/Debug-watchos/SwiftShell-t.build/Objects-normal/arm64_32/SwiftShell.LinkFileList (in target 'SwiftShell' from project 'swift-shell')
    cd /Users/admin/builder/spi-builder-workspace
    write-file /Users/admin/builder/spi-builder-workspace/.derivedData/Build/Intermediates.noindex/swift-shell.build/Debug-watchos/SwiftShell-t.build/Objects-normal/arm64_32/SwiftShell.LinkFileList
WriteAuxiliaryFile /Users/admin/builder/spi-builder-workspace/.derivedData/Build/Intermediates.noindex/swift-shell.build/Debug-watchos/SwiftShell-t.build/Objects-normal/arm64_32/SwiftShell-OutputFileMap.json (in target 'SwiftShell' from project 'swift-shell')
    cd /Users/admin/builder/spi-builder-workspace
    write-file /Users/admin/builder/spi-builder-workspace/.derivedData/Build/Intermediates.noindex/swift-shell.build/Debug-watchos/SwiftShell-t.build/Objects-normal/arm64_32/SwiftShell-OutputFileMap.json
WriteAuxiliaryFile /Users/admin/builder/spi-builder-workspace/.derivedData/Build/Intermediates.noindex/swift-shell.build/Debug-watchos/SwiftShell-t.build/Objects-normal/arm64_32/SwiftShell.SwiftFileList (in target 'SwiftShell' from project 'swift-shell')
    cd /Users/admin/builder/spi-builder-workspace
    write-file /Users/admin/builder/spi-builder-workspace/.derivedData/Build/Intermediates.noindex/swift-shell.build/Debug-watchos/SwiftShell-t.build/Objects-normal/arm64_32/SwiftShell.SwiftFileList
WriteAuxiliaryFile /Users/admin/builder/spi-builder-workspace/.derivedData/Build/Intermediates.noindex/swift-shell.build/Debug-watchos/SwiftShell-t.build/Objects-normal/arm64_32/SwiftShell.SwiftConstValuesFileList (in target 'SwiftShell' from project 'swift-shell')
    cd /Users/admin/builder/spi-builder-workspace
    write-file /Users/admin/builder/spi-builder-workspace/.derivedData/Build/Intermediates.noindex/swift-shell.build/Debug-watchos/SwiftShell-t.build/Objects-normal/arm64_32/SwiftShell.SwiftConstValuesFileList
WriteAuxiliaryFile /Users/admin/builder/spi-builder-workspace/.derivedData/Build/Intermediates.noindex/swift-shell.build/Debug-watchos/SwiftShell-t.build/Objects-normal/arm64_32/SwiftShell_const_extract_protocols.json (in target 'SwiftShell' from project 'swift-shell')
    cd /Users/admin/builder/spi-builder-workspace
    write-file /Users/admin/builder/spi-builder-workspace/.derivedData/Build/Intermediates.noindex/swift-shell.build/Debug-watchos/SwiftShell-t.build/Objects-normal/arm64_32/SwiftShell_const_extract_protocols.json
WriteAuxiliaryFile /Users/admin/builder/spi-builder-workspace/.derivedData/Build/Intermediates.noindex/swift-shell.build/Debug-watchos/SwiftShell-t.build/Objects-normal/arm64/SwiftShell_const_extract_protocols.json (in target 'SwiftShell' from project 'swift-shell')
    cd /Users/admin/builder/spi-builder-workspace
    write-file /Users/admin/builder/spi-builder-workspace/.derivedData/Build/Intermediates.noindex/swift-shell.build/Debug-watchos/SwiftShell-t.build/Objects-normal/arm64/SwiftShell_const_extract_protocols.json
WriteAuxiliaryFile /Users/admin/builder/spi-builder-workspace/.derivedData/Build/Intermediates.noindex/swift-shell.build/Debug-watchos/SwiftShell-t.build/Objects-normal/arm64/SwiftShell.SwiftFileList (in target 'SwiftShell' from project 'swift-shell')
    cd /Users/admin/builder/spi-builder-workspace
    write-file /Users/admin/builder/spi-builder-workspace/.derivedData/Build/Intermediates.noindex/swift-shell.build/Debug-watchos/SwiftShell-t.build/Objects-normal/arm64/SwiftShell.SwiftFileList
WriteAuxiliaryFile /Users/admin/builder/spi-builder-workspace/.derivedData/Build/Intermediates.noindex/swift-shell.build/Debug-watchos/SwiftShell-t.build/Objects-normal/arm64/SwiftShell.SwiftConstValuesFileList (in target 'SwiftShell' from project 'swift-shell')
    cd /Users/admin/builder/spi-builder-workspace
    write-file /Users/admin/builder/spi-builder-workspace/.derivedData/Build/Intermediates.noindex/swift-shell.build/Debug-watchos/SwiftShell-t.build/Objects-normal/arm64/SwiftShell.SwiftConstValuesFileList
WriteAuxiliaryFile /Users/admin/builder/spi-builder-workspace/.derivedData/Build/Intermediates.noindex/swift-shell.build/Debug-watchos/SwiftShell-t.build/Objects-normal/arm64/SwiftShell.LinkFileList (in target 'SwiftShell' from project 'swift-shell')
    cd /Users/admin/builder/spi-builder-workspace
    write-file /Users/admin/builder/spi-builder-workspace/.derivedData/Build/Intermediates.noindex/swift-shell.build/Debug-watchos/SwiftShell-t.build/Objects-normal/arm64/SwiftShell.LinkFileList
WriteAuxiliaryFile /Users/admin/builder/spi-builder-workspace/.derivedData/Build/Intermediates.noindex/swift-shell.build/Debug-watchos/SwiftShell-t.build/Objects-normal/arm64/SwiftShell-OutputFileMap.json (in target 'SwiftShell' from project 'swift-shell')
    cd /Users/admin/builder/spi-builder-workspace
    write-file /Users/admin/builder/spi-builder-workspace/.derivedData/Build/Intermediates.noindex/swift-shell.build/Debug-watchos/SwiftShell-t.build/Objects-normal/arm64/SwiftShell-OutputFileMap.json
Copy /Users/admin/builder/spi-builder-workspace/.derivedData/Build/Intermediates.noindex/GeneratedModuleMaps-watchos/SwiftShell.modulemap /Users/admin/builder/spi-builder-workspace/.derivedData/Build/Intermediates.noindex/swift-shell.build/Debug-watchos/SwiftShell-t.build/SwiftShell.modulemap (in target 'SwiftShell' from project 'swift-shell')
    cd /Users/admin/builder/spi-builder-workspace
    builtin-copy -exclude .DS_Store -exclude CVS -exclude .svn -exclude .git -exclude .hg -resolve-src-symlinks /Users/admin/builder/spi-builder-workspace/.derivedData/Build/Intermediates.noindex/swift-shell.build/Debug-watchos/SwiftShell-t.build/SwiftShell.modulemap /Users/admin/builder/spi-builder-workspace/.derivedData/Build/Intermediates.noindex/GeneratedModuleMaps-watchos
SwiftDriver SwiftShell normal arm64 com.apple.xcode.tools.swift.compiler (in target 'SwiftShell' from project 'swift-shell')
    cd /Users/admin/builder/spi-builder-workspace/.swiftpm/xcode
    builtin-SwiftDriver -- /Applications/Xcode-27.0.0-Release.Candidate.app/Contents/Developer/Toolchains/XcodeDefault.xctoolchain/usr/bin/swiftc -parse-as-library -module-name SwiftShell -Onone @/Users/admin/builder/spi-builder-workspace/.derivedData/Build/Intermediates.noindex/swift-shell.build/Debug-watchos/SwiftShell-t.build/Objects-normal/arm64/SwiftShell.SwiftFileList -DSWIFT_PACKAGE -DDEBUG -DSWIFT_MODULE_RESOURCE_BUNDLE_UNAVAILABLE -DXcode -enable-upcoming-feature StrictConcurrency -enable-experimental-feature StrictConcurrency -enable-upcoming-feature GlobalConcurrency -enable-upcoming-feature InternalImportsByDefault -plugin-path /Applications/Xcode-27.0.0-Release.Candidate.app/Contents/Developer/Toolchains/XcodeDefault.xctoolchain/usr/lib/swift/host/plugins/testing -enable-experimental-feature DebugDescriptionMacro -sdk /Applications/Xcode-27.0.0-Release.Candidate.app/Contents/Developer/Platforms/WatchOS.platform/Developer/SDKs/WatchOS27.0.sdk -target arm64-apple-watchos9.0 -g -module-cache-path /Users/admin/builder/spi-builder-workspace/.derivedData/ModuleCache.noindex -Xfrontend -serialize-debugging-options -profile-coverage-mapping -profile-generate -enable-testing -index-store-path /Users/admin/builder/spi-builder-workspace/.derivedData/Index.noindex/DataStore -Xcc -D_LIBCPP_HARDENING_MODE\=_LIBCPP_HARDENING_MODE_DEBUG -swift-version 5 -I /Users/admin/builder/spi-builder-workspace/.derivedData/Build/Products/Debug-watchos -Isystem /Applications/Xcode-27.0.0-Release.Candidate.app/Contents/Developer/Platforms/WatchOS.platform/Developer/usr/lib -F /Users/admin/builder/spi-builder-workspace/.derivedData/Build/Products/Debug-watchos -F /Applications/Xcode-27.0.0-Release.Candidate.app/Contents/Developer/Platforms/WatchOS.platform/Developer/Library/Frameworks -F /Applications/Xcode-27.0.0-Release.Candidate.app/Contents/Developer/Platforms/WatchOS.platform/Developer/SDKs/WatchOS27.0.sdk/Developer/Library/Frameworks -c -j10 -enable-batch-mode -incremental -Xcc -ivfsstatcache -Xcc /Users/admin/builder/spi-builder-workspace/.derivedData/SDKStatCaches.noindex/watchos27.0-24R360-e829b21a6f8c9b70876ba0858053c04477534ef55a1706bf4c1112bbb242f0a2.sdkstatcache -output-file-map /Users/admin/builder/spi-builder-workspace/.derivedData/Build/Intermediates.noindex/swift-shell.build/Debug-watchos/SwiftShell-t.build/Objects-normal/arm64/SwiftShell-OutputFileMap.json -save-temps -no-color-diagnostics -explicit-module-build -module-cache-path /Users/admin/builder/spi-builder-workspace/.derivedData/Build/Intermediates.noindex/SwiftExplicitPrecompiledModules -clang-scanner-module-cache-path /Users/admin/builder/spi-builder-workspace/.derivedData/ModuleCache.noindex -sdk-module-cache-path /Users/admin/builder/spi-builder-workspace/.derivedData/SDKExplicitPrecompiledModules -emit-dependencies -emit-module -emit-module-path /Users/admin/builder/spi-builder-workspace/.derivedData/Build/Intermediates.noindex/swift-shell.build/Debug-watchos/SwiftShell-t.build/Objects-normal/arm64/SwiftShell.swiftmodule -serialize-diagnostics -dependency-scan-serialize-diagnostics-path /Users/admin/builder/spi-builder-workspace/.derivedData/Build/Intermediates.noindex/swift-shell.build/Debug-watchos/SwiftShell-t.build/Objects-normal/arm64/SwiftShell-dependency-scan.dia -validate-clang-modules-once -clang-build-session-file /Users/admin/builder/spi-builder-workspace/.derivedData/ModuleCache.noindex/Session.modulevalidation -Xcc -fmodules-prune-interval\=86400 -Xcc -fmodules-prune-after\=345600 -package-name spi_builder_workspace -emit-const-values -const-gather-protocols-list /Users/admin/builder/spi-builder-workspace/.derivedData/Build/Intermediates.noindex/swift-shell.build/Debug-watchos/SwiftShell-t.build/Objects-normal/arm64/SwiftShell_const_extract_protocols.json -Xcc -I/Users/admin/builder/spi-builder-workspace/.derivedData/Build/Products/Debug-watchos/include -Xcc -I/Users/admin/builder/spi-builder-workspace/.derivedData/Build/Intermediates.noindex/swift-shell.build/Debug-watchos/SwiftShell-t.build/DerivedSources-normal/arm64 -Xcc -I/Users/admin/builder/spi-builder-workspace/.derivedData/Build/Intermediates.noindex/swift-shell.build/Debug-watchos/SwiftShell-t.build/DerivedSources/arm64 -Xcc -I/Users/admin/builder/spi-builder-workspace/.derivedData/Build/Intermediates.noindex/swift-shell.build/Debug-watchos/SwiftShell-t.build/DerivedSources -Xcc -DSWIFT_PACKAGE -Xcc -DDEBUG\=1 -emit-objc-header -emit-objc-header-path /Users/admin/builder/spi-builder-workspace/.derivedData/Build/Intermediates.noindex/swift-shell.build/Debug-watchos/SwiftShell-t.build/Objects-normal/arm64/SwiftShell-Swift.h -working-directory /Users/admin/builder/spi-builder-workspace/.swiftpm/xcode -experimental-emit-module-separately -disable-cmo
SwiftDriver SwiftShell normal arm64_32 com.apple.xcode.tools.swift.compiler (in target 'SwiftShell' from project 'swift-shell')
    cd /Users/admin/builder/spi-builder-workspace/.swiftpm/xcode
    builtin-SwiftDriver -- /Applications/Xcode-27.0.0-Release.Candidate.app/Contents/Developer/Toolchains/XcodeDefault.xctoolchain/usr/bin/swiftc -parse-as-library -module-name SwiftShell -Onone @/Users/admin/builder/spi-builder-workspace/.derivedData/Build/Intermediates.noindex/swift-shell.build/Debug-watchos/SwiftShell-t.build/Objects-normal/arm64_32/SwiftShell.SwiftFileList -DSWIFT_PACKAGE -DDEBUG -DSWIFT_MODULE_RESOURCE_BUNDLE_UNAVAILABLE -DXcode -enable-upcoming-feature StrictConcurrency -enable-experimental-feature StrictConcurrency -enable-upcoming-feature GlobalConcurrency -enable-upcoming-feature InternalImportsByDefault -plugin-path /Applications/Xcode-27.0.0-Release.Candidate.app/Contents/Developer/Toolchains/XcodeDefault.xctoolchain/usr/lib/swift/host/plugins/testing -enable-experimental-feature DebugDescriptionMacro -sdk /Applications/Xcode-27.0.0-Release.Candidate.app/Contents/Developer/Platforms/WatchOS.platform/Developer/SDKs/WatchOS27.0.sdk -target arm64_32-apple-watchos9.0 -g -module-cache-path /Users/admin/builder/spi-builder-workspace/.derivedData/ModuleCache.noindex -Xfrontend -serialize-debugging-options -profile-coverage-mapping -profile-generate -enable-testing -index-store-path /Users/admin/builder/spi-builder-workspace/.derivedData/Index.noindex/DataStore -Xcc -D_LIBCPP_HARDENING_MODE\=_LIBCPP_HARDENING_MODE_DEBUG -swift-version 5 -I /Users/admin/builder/spi-builder-workspace/.derivedData/Build/Products/Debug-watchos -Isystem /Applications/Xcode-27.0.0-Release.Candidate.app/Contents/Developer/Platforms/WatchOS.platform/Developer/usr/lib -F /Users/admin/builder/spi-builder-workspace/.derivedData/Build/Products/Debug-watchos -F /Applications/Xcode-27.0.0-Release.Candidate.app/Contents/Developer/Platforms/WatchOS.platform/Developer/Library/Frameworks -F /Applications/Xcode-27.0.0-Release.Candidate.app/Contents/Developer/Platforms/WatchOS.platform/Developer/SDKs/WatchOS27.0.sdk/Developer/Library/Frameworks -c -j10 -enable-batch-mode -incremental -Xcc -ivfsstatcache -Xcc /Users/admin/builder/spi-builder-workspace/.derivedData/SDKStatCaches.noindex/watchos27.0-24R360-e829b21a6f8c9b70876ba0858053c04477534ef55a1706bf4c1112bbb242f0a2.sdkstatcache -output-file-map /Users/admin/builder/spi-builder-workspace/.derivedData/Build/Intermediates.noindex/swift-shell.build/Debug-watchos/SwiftShell-t.build/Objects-normal/arm64_32/SwiftShell-OutputFileMap.json -save-temps -no-color-diagnostics -explicit-module-build -module-cache-path /Users/admin/builder/spi-builder-workspace/.derivedData/Build/Intermediates.noindex/SwiftExplicitPrecompiledModules -clang-scanner-module-cache-path /Users/admin/builder/spi-builder-workspace/.derivedData/ModuleCache.noindex -sdk-module-cache-path /Users/admin/builder/spi-builder-workspace/.derivedData/SDKExplicitPrecompiledModules -emit-dependencies -emit-module -emit-module-path /Users/admin/builder/spi-builder-workspace/.derivedData/Build/Intermediates.noindex/swift-shell.build/Debug-watchos/SwiftShell-t.build/Objects-normal/arm64_32/SwiftShell.swiftmodule -serialize-diagnostics -dependency-scan-serialize-diagnostics-path /Users/admin/builder/spi-builder-workspace/.derivedData/Build/Intermediates.noindex/swift-shell.build/Debug-watchos/SwiftShell-t.build/Objects-normal/arm64_32/SwiftShell-dependency-scan.dia -validate-clang-modules-once -clang-build-session-file /Users/admin/builder/spi-builder-workspace/.derivedData/ModuleCache.noindex/Session.modulevalidation -Xcc -fmodules-prune-interval\=86400 -Xcc -fmodules-prune-after\=345600 -package-name spi_builder_workspace -emit-const-values -const-gather-protocols-list /Users/admin/builder/spi-builder-workspace/.derivedData/Build/Intermediates.noindex/swift-shell.build/Debug-watchos/SwiftShell-t.build/Objects-normal/arm64_32/SwiftShell_const_extract_protocols.json -Xcc -I/Users/admin/builder/spi-builder-workspace/.derivedData/Build/Products/Debug-watchos/include -Xcc -I/Users/admin/builder/spi-builder-workspace/.derivedData/Build/Intermediates.noindex/swift-shell.build/Debug-watchos/SwiftShell-t.build/DerivedSources-normal/arm64_32 -Xcc -I/Users/admin/builder/spi-builder-workspace/.derivedData/Build/Intermediates.noindex/swift-shell.build/Debug-watchos/SwiftShell-t.build/DerivedSources/arm64_32 -Xcc -I/Users/admin/builder/spi-builder-workspace/.derivedData/Build/Intermediates.noindex/swift-shell.build/Debug-watchos/SwiftShell-t.build/DerivedSources -Xcc -DSWIFT_PACKAGE -Xcc -DDEBUG\=1 -emit-objc-header -emit-objc-header-path /Users/admin/builder/spi-builder-workspace/.derivedData/Build/Intermediates.noindex/swift-shell.build/Debug-watchos/SwiftShell-t.build/Objects-normal/arm64_32/SwiftShell-Swift.h -working-directory /Users/admin/builder/spi-builder-workspace/.swiftpm/xcode -experimental-emit-module-separately -disable-cmo
SwiftExplicitDependencyGeneratePcm arm64 /Users/admin/builder/spi-builder-workspace/.derivedData/SDKExplicitPrecompiledModules/_SwiftConcurrencyShims-659N52XSKR5F0QSB880BH2FJR.pcm
SwiftExplicitDependencyGeneratePcm arm64 /Users/admin/builder/spi-builder-workspace/.derivedData/SDKExplicitPrecompiledModules/SwiftShims-4MXFZPV6FEB0XBYXCGPWAMQGL.pcm
SwiftExplicitDependencyGeneratePcm arm64 /Users/admin/builder/spi-builder-workspace/.derivedData/SDKExplicitPrecompiledModules/_Builtin_stdarg-A7UU8LE6MP85SM26YO7PBZNUQ.pcm
SwiftExplicitDependencyGeneratePcm arm64 /Users/admin/builder/spi-builder-workspace/.derivedData/SDKExplicitPrecompiledModules/_AvailabilityInternal-BUNV3UXM65NT37THI4W1AM0SF.pcm
SwiftExplicitDependencyGeneratePcm arm64 /Users/admin/builder/spi-builder-workspace/.derivedData/SDKExplicitPrecompiledModules/ptrcheck-AIF0NDOYZ8ORBNHQAQR5NNB8M.pcm
SwiftExplicitDependencyGeneratePcm arm64 /Users/admin/builder/spi-builder-workspace/.derivedData/SDKExplicitPrecompiledModules/_Builtin_float-C0CW5Q4HGBQYKE77TC42IAFB5.pcm
SwiftExplicitDependencyGeneratePcm arm64 /Users/admin/builder/spi-builder-workspace/.derivedData/SDKExplicitPrecompiledModules/_Builtin_stddef-1FU30Y8SWFB7OUUHMJQH5J6FM.pcm
SwiftExplicitDependencyGeneratePcm arm64 /Users/admin/builder/spi-builder-workspace/.derivedData/SDKExplicitPrecompiledModules/_Builtin_stdbool-83J96QSOFE9VX04AAS6310UAE.pcm
SwiftExplicitDependencyGeneratePcm arm64 /Users/admin/builder/spi-builder-workspace/.derivedData/SDKExplicitPrecompiledModules/ptrauth-3TZ9WJCGLYD25HQPWH4968ONX.pcm
SwiftExplicitDependencyGeneratePcm arm64_32 /Users/admin/builder/spi-builder-workspace/.derivedData/SDKExplicitPrecompiledModules/_Builtin_stdbool-A967K8W8YUYEC9SN52KJ7OO88.pcm
SwiftExplicitDependencyGeneratePcm arm64_32 /Users/admin/builder/spi-builder-workspace/.derivedData/SDKExplicitPrecompiledModules/_SwiftConcurrencyShims-6RTBPQ03V7BM9SPRK8SUE055H.pcm
SwiftExplicitDependencyGeneratePcm arm64_32 /Users/admin/builder/spi-builder-workspace/.derivedData/SDKExplicitPrecompiledModules/SwiftShims-9CQQGWTSNTN9EB5NSHDWUJICH.pcm
SwiftExplicitDependencyGeneratePcm arm64_32 /Users/admin/builder/spi-builder-workspace/.derivedData/SDKExplicitPrecompiledModules/ptrauth-BFXF358ME5AK535N5A9Z766WU.pcm
SwiftExplicitDependencyGeneratePcm arm64_32 /Users/admin/builder/spi-builder-workspace/.derivedData/SDKExplicitPrecompiledModules/_Builtin_stddef-H44EFHQX6XSS5MZ7QP6YJZ76.pcm
SwiftExplicitDependencyGeneratePcm arm64_32 /Users/admin/builder/spi-builder-workspace/.derivedData/SDKExplicitPrecompiledModules/_AvailabilityInternal-244WAN3Z1QBT7PIA64EZEFY1R.pcm
SwiftExplicitDependencyGeneratePcm arm64_32 /Users/admin/builder/spi-builder-workspace/.derivedData/SDKExplicitPrecompiledModules/ptrcheck-7ELIH9BTIGVKX3UBITM9N72WD.pcm
SwiftExplicitDependencyGeneratePcm arm64_32 /Users/admin/builder/spi-builder-workspace/.derivedData/SDKExplicitPrecompiledModules/_Builtin_stdarg-D305JG44A2WPI6CJY37X3QJE8.pcm
SwiftExplicitDependencyGeneratePcm arm64_32 /Users/admin/builder/spi-builder-workspace/.derivedData/SDKExplicitPrecompiledModules/_Builtin_float-6KO8O3PEWRCA4WC6PPLOYO6WJ.pcm
SwiftExplicitDependencyGeneratePcm arm64 /Users/admin/builder/spi-builder-workspace/.derivedData/SDKExplicitPrecompiledModules/_DarwinFoundation1-7SPX3MD0HMP55E4OLNCPNDQ53.pcm
SwiftExplicitDependencyGeneratePcm arm64_32 /Users/admin/builder/spi-builder-workspace/.derivedData/SDKExplicitPrecompiledModules/_DarwinFoundation1-2GWF9RFMPLQW4PDHS3NARVI3G.pcm
SwiftExplicitDependencyGeneratePcm arm64 /Users/admin/builder/spi-builder-workspace/.derivedData/SDKExplicitPrecompiledModules/_DarwinFoundation2-D0XAPJU49S5E9XMKYOFGSTB1Q.pcm
SwiftExplicitDependencyGeneratePcm arm64 /Users/admin/builder/spi-builder-workspace/.derivedData/SDKExplicitPrecompiledModules/_Builtin_limits-9GWPA2B0H20DYUNYHYCWKABJG.pcm
SwiftExplicitDependencyGeneratePcm arm64_32 /Users/admin/builder/spi-builder-workspace/.derivedData/SDKExplicitPrecompiledModules/_DarwinFoundation2-9MY8GOSYRO0M9MKNXF6D3MBNK.pcm
SwiftExplicitDependencyGeneratePcm arm64_32 /Users/admin/builder/spi-builder-workspace/.derivedData/SDKExplicitPrecompiledModules/_Builtin_limits-3VKBU2AFTD65PAJZ5CJ3LHFM2.pcm
SwiftExplicitDependencyGeneratePcm arm64 /Users/admin/builder/spi-builder-workspace/.derivedData/SDKExplicitPrecompiledModules/sys_types-2KXQLI78OUCDP779AE68GZJ2.pcm
SwiftExplicitDependencyGeneratePcm arm64 /Users/admin/builder/spi-builder-workspace/.derivedData/SDKExplicitPrecompiledModules/_Builtin_stdint-8XMILLJZEGRN2XG7XZUXZ5RLX.pcm
SwiftExplicitDependencyGeneratePcm arm64 /Users/admin/builder/spi-builder-workspace/.derivedData/SDKExplicitPrecompiledModules/string_h-E6PRXK75PHIPCZFWOFCQ3QBMK.pcm
SwiftExplicitDependencyGeneratePcm arm64_32 /Users/admin/builder/spi-builder-workspace/.derivedData/SDKExplicitPrecompiledModules/_Builtin_stdint-1HMXWI3V0V4TXHRWZOMZGZ80Y.pcm
SwiftExplicitDependencyGeneratePcm arm64_32 /Users/admin/builder/spi-builder-workspace/.derivedData/SDKExplicitPrecompiledModules/sys_types-8TLLMW08ZJWDGIIPKOYFGHHZW.pcm
SwiftExplicitDependencyGeneratePcm arm64_32 /Users/admin/builder/spi-builder-workspace/.derivedData/SDKExplicitPrecompiledModules/string_h-BFVLUQUSBZWYMLCU9QI7VZALW.pcm
SwiftExplicitDependencyGeneratePcm arm64 /Users/admin/builder/spi-builder-workspace/.derivedData/SDKExplicitPrecompiledModules/_DarwinFoundation3-B97LRG0E9GON2NUE65TVG81HU.pcm
SwiftExplicitDependencyGeneratePcm arm64_32 /Users/admin/builder/spi-builder-workspace/.derivedData/SDKExplicitPrecompiledModules/_DarwinFoundation3-3DUTYQDQSD9HUAAVY947NMWOI.pcm
SwiftExplicitDependencyGeneratePcm arm64 /Users/admin/builder/spi-builder-workspace/.derivedData/SDKExplicitPrecompiledModules/_Builtin_inttypes-3UQSCM7WNM9EK4HZML8TY5J3D.pcm
SwiftExplicitDependencyGeneratePcm arm64_32 /Users/admin/builder/spi-builder-workspace/.derivedData/SDKExplicitPrecompiledModules/_Builtin_inttypes-D2KPCR4PEX9AQA33NGLUT5SBR.pcm
SwiftExplicitDependencyGeneratePcm arm64 /Users/admin/builder/spi-builder-workspace/.derivedData/SDKExplicitPrecompiledModules/Darwin-3984OXKFNSPE77NT743WK8SEX.pcm
SwiftExplicitDependencyGeneratePcm arm64_32 /Users/admin/builder/spi-builder-workspace/.derivedData/SDKExplicitPrecompiledModules/Darwin-3FVT1SKLN2ZQ5RVOABMTQBB34.pcm
SwiftExplicitDependencyGeneratePcm arm64 /Users/admin/builder/spi-builder-workspace/.derivedData/SDKExplicitPrecompiledModules/ObjectiveC-72IVD3VS2RS8Q28D9PIMY0KQP.pcm
SwiftExplicitDependencyGeneratePcm arm64_32 /Users/admin/builder/spi-builder-workspace/.derivedData/SDKExplicitPrecompiledModules/ObjectiveC-6IJNELR2E80E7LUKESVCP2KET.pcm
SwiftExplicitDependencyGeneratePcm arm64 /Users/admin/builder/spi-builder-workspace/.derivedData/SDKExplicitPrecompiledModules/os_object-3SDKD7F87FTZ26OON37DRYT6O.pcm
SwiftExplicitDependencyGeneratePcm arm64_32 /Users/admin/builder/spi-builder-workspace/.derivedData/SDKExplicitPrecompiledModules/os_object-5YWTC6L4756IWSTPGXS5NM0D0.pcm
SwiftExplicitDependencyGeneratePcm arm64 /Users/admin/builder/spi-builder-workspace/.derivedData/SDKExplicitPrecompiledModules/os_workgroup-89GG5G7YC2D0ZTK6AZXXQ20DH.pcm
SwiftExplicitDependencyGeneratePcm arm64_32 /Users/admin/builder/spi-builder-workspace/.derivedData/SDKExplicitPrecompiledModules/os_workgroup-5JHTPDMNBUNHLJI8LPHKQK1JK.pcm
SwiftExplicitDependencyGeneratePcm arm64 /Users/admin/builder/spi-builder-workspace/.derivedData/SDKExplicitPrecompiledModules/Dispatch-1NLJOVAK60XP0DUB05XA59EIM.pcm
SwiftExplicitDependencyGeneratePcm arm64_32 /Users/admin/builder/spi-builder-workspace/.derivedData/SDKExplicitPrecompiledModules/Dispatch-2P62F1T4XV63S4P99TUDTOK2Q.pcm
SwiftExplicitDependencyGeneratePcm arm64 /Users/admin/builder/spi-builder-workspace/.derivedData/SDKExplicitPrecompiledModules/XPC-40DR0X1DHKGCV4J1IOLFS8MOU.pcm
SwiftExplicitDependencyGeneratePcm arm64 /Users/admin/builder/spi-builder-workspace/.derivedData/SDKExplicitPrecompiledModules/CoreFoundation-8T2L24YC5NU7WO6WQJWRY7W08.pcm
SwiftExplicitDependencyGeneratePcm arm64_32 /Users/admin/builder/spi-builder-workspace/.derivedData/SDKExplicitPrecompiledModules/CoreFoundation-8E6Y4BA3EXYKUGJ24GT9LGV3N.pcm
SwiftExplicitDependencyGeneratePcm arm64_32 /Users/admin/builder/spi-builder-workspace/.derivedData/SDKExplicitPrecompiledModules/XPC-81Y45QFY96XYYFCW2GT6FY8S4.pcm
SwiftExplicitDependencyGeneratePcm arm64 /Users/admin/builder/spi-builder-workspace/.derivedData/SDKExplicitPrecompiledModules/Security-6RZ6YBRU8WCUHRFFRVUK5WKMM.pcm
SwiftExplicitDependencyGeneratePcm arm64_32 /Users/admin/builder/spi-builder-workspace/.derivedData/SDKExplicitPrecompiledModules/Security-D7TOWF88VWF67TB9HAFP5UWB1.pcm
SwiftExplicitDependencyGeneratePcm arm64 /Users/admin/builder/spi-builder-workspace/.derivedData/SDKExplicitPrecompiledModules/Foundation-DLBKUSGXN8QHAT8W0OARR9S8A.pcm
SwiftExplicitDependencyGeneratePcm arm64_32 /Users/admin/builder/spi-builder-workspace/.derivedData/SDKExplicitPrecompiledModules/Foundation-BJ2VQGI3OGR34500MEQ1VKHPH.pcm
SwiftCompile normal arm64 Compiling\ ShellEnvironment.swift /Users/admin/builder/spi-builder-workspace/Sources/SwiftShell/ShellEnvironment.swift (in target 'SwiftShell' from project 'swift-shell')
SwiftCompile normal arm64 /Users/admin/builder/spi-builder-workspace/Sources/SwiftShell/ShellEnvironment.swift (in target 'SwiftShell' from project 'swift-shell')
    cd /Users/admin/builder/spi-builder-workspace/.swiftpm/xcode
    builtin-SwiftPerFileCompile ShellEnvironment.swift
SwiftCompile normal arm64 Compiling\ ShellCommand.swift /Users/admin/builder/spi-builder-workspace/Sources/SwiftShell/ShellCommand.swift (in target 'SwiftShell' from project 'swift-shell')
SwiftCompile normal arm64 /Users/admin/builder/spi-builder-workspace/Sources/SwiftShell/ShellCommand.swift (in target 'SwiftShell' from project 'swift-shell')
    cd /Users/admin/builder/spi-builder-workspace/.swiftpm/xcode
    builtin-SwiftPerFileCompile ShellCommand.swift
SwiftEmitModule normal arm64 Emitting\ module\ for\ SwiftShell (in target 'SwiftShell' from project 'swift-shell')
/Users/admin/builder/spi-builder-workspace/Sources/SwiftShell/ShellProcess.swift:40:17: error: cannot find 'Process' in scope
 38 |   }
 39 |
 40 |   let process = Process()
    |                 `- error: cannot find 'Process' in scope
 41 |   let inputPipe = Pipe()
 42 |   let outputPipe = Pipe()
Failed frontend command:
/Applications/Xcode-27.0.0-Release.Candidate.app/Contents/Developer/Toolchains/XcodeDefault.xctoolchain/usr/bin/swift-frontend -frontend -emit-module -experimental-skip-non-inlinable-function-bodies-without-types /Users/admin/builder/spi-builder-workspace/Sources/SwiftShell/Bash.swift /Users/admin/builder/spi-builder-workspace/Sources/SwiftShell/ShellCommand.swift /Users/admin/builder/spi-builder-workspace/Sources/SwiftShell/ShellEnvironment.swift /Users/admin/builder/spi-builder-workspace/Sources/SwiftShell/ShellProcess.swift -target arm64-apple-watchos9.0 -disable-cross-import-overlay-search -load-resolved-plugin /Applications/Xcode-27.0.0-Release.Candidate.app/Contents/Developer/Platforms/WatchOS.platform/Developer/usr/lib/swift/host/plugins/libFoundationMacros.dylib\#/Applications/Xcode-27.0.0-Release.Candidate.app/Contents/Developer/Platforms/WatchOS.platform/Developer/usr/bin/swift-plugin-server\#FoundationMacros -load-resolved-plugin /Applications/Xcode-27.0.0-Release.Candidate.app/Contents/Developer/Platforms/WatchOS.platform/Developer/usr/lib/swift/host/plugins/libObservationMacros.dylib\#/Applications/Xcode-27.0.0-Release.Candidate.app/Contents/Developer/Platforms/WatchOS.platform/Developer/usr/bin/swift-plugin-server\#ObservationMacros -load-resolved-plugin /Applications/Xcode-27.0.0-Release.Candidate.app/Contents/Developer/Platforms/WatchOS.platform/Developer/usr/lib/swift/host/plugins/libSwiftMacros.dylib\#/Applications/Xcode-27.0.0-Release.Candidate.app/Contents/Developer/Platforms/WatchOS.platform/Developer/usr/bin/swift-plugin-server\#SwiftMacros -disable-implicit-swift-modules -Xcc -fno-implicit-modules -Xcc -fno-implicit-module-maps -explicit-swift-module-map-file /Users/admin/builder/spi-builder-workspace/.derivedData/Build/Intermediates.noindex/swift-shell.build/Debug-watchos/SwiftShell-t.build/Objects-normal/arm64/SwiftShell-dependencies-2.json -Xllvm -aarch64-use-tbi -enable-objc-interop -stack-check -sdk /Applications/Xcode-27.0.0-Release.Candidate.app/Contents/Developer/Platforms/WatchOS.platform/Developer/SDKs/WatchOS27.0.sdk -I /Users/admin/builder/spi-builder-workspace/.derivedData/Build/Products/Debug-watchos -Isystem /Applications/Xcode-27.0.0-Release.Candidate.app/Contents/Developer/Platforms/WatchOS.platform/Developer/usr/lib -F /Users/admin/builder/spi-builder-workspace/.derivedData/Build/Products/Debug-watchos -F /Applications/Xcode-27.0.0-Release.Candidate.app/Contents/Developer/Platforms/WatchOS.platform/Developer/Library/Frameworks -F /Applications/Xcode-27.0.0-Release.Candidate.app/Contents/Developer/Platforms/WatchOS.platform/Developer/SDKs/WatchOS27.0.sdk/Developer/Library/Frameworks -module-cache-path /Users/admin/builder/spi-builder-workspace/.derivedData/Build/Intermediates.noindex/SwiftExplicitPrecompiledModules -no-color-diagnostics -Xcc -fno-color-diagnostics -enable-testing -g -debug-info-format\=dwarf -dwarf-version\=4 -profile-generate -profile-coverage-mapping -swift-version 5 -Onone -D SWIFT_PACKAGE -D DEBUG -D SWIFT_MODULE_RESOURCE_BUNDLE_UNAVAILABLE -D Xcode -serialize-debugging-options -enable-upcoming-feature StrictConcurrency -enable-experimental-feature StrictConcurrency -enable-upcoming-feature GlobalConcurrency -enable-upcoming-feature InternalImportsByDefault -enable-experimental-feature DebugDescriptionMacro -empty-abi-descriptor -validate-clang-modules-once -clang-build-session-file /Users/admin/builder/spi-builder-workspace/.derivedData/ModuleCache.noindex/Session.modulevalidation -Xcc -working-directory -Xcc /Users/admin/builder/spi-builder-workspace/.swiftpm/xcode -enable-anonymous-context-mangled-names -file-compilation-dir /Users/admin/builder/spi-builder-workspace/.swiftpm/xcode -Xcc -D_LIBCPP_HARDENING_MODE\=_LIBCPP_HARDENING_MODE_DEBUG -Xcc -ivfsstatcache -Xcc /Users/admin/builder/spi-builder-workspace/.derivedData/SDKStatCaches.noindex/watchos27.0-24R360-e829b21a6f8c9b70876ba0858053c04477534ef55a1706bf4c1112bbb242f0a2.sdkstatcache -Xcc -fmodules-prune-interval\=86400 -Xcc -fmodules-prune-after\=345600 -Xcc -I/Users/admin/builder/spi-builder-workspace/.derivedData/Build/Products/Debug-watchos/include -Xcc -I/Users/admin/builder/spi-builder-workspace/.derivedData/Build/Intermediates.noindex/swift-shell.build/Debug-watchos/SwiftShell-t.build/DerivedSources-normal/arm64 -Xcc -I/Users/admin/builder/spi-builder-workspace/.derivedData/Build/Intermediates.noindex/swift-shell.build/Debug-watchos/SwiftShell-t.build/DerivedSources/arm64 -Xcc -I/Users/admin/builder/spi-builder-workspace/.derivedData/Build/Intermediates.noindex/swift-shell.build/Debug-watchos/SwiftShell-t.build/DerivedSources -Xcc -DSWIFT_PACKAGE -Xcc -DDEBUG\=1 -no-auto-bridging-header-chaining -module-name SwiftShell -package-name spi_builder_workspace -const-gather-protocols-file /Users/admin/builder/spi-builder-workspace/.derivedData/Build/Intermediates.noindex/swift-shell.build/Debug-watchos/SwiftShell-t.build/Objects-normal/arm64/SwiftShell_const_extract_protocols.json -disable-clang-spi -clang-target arm64-apple-watchos27.0 -target-sdk-version 27.0 -target-sdk-name watchos27.0 -in-process-plugin-server-path /Applications/Xcode-27.0.0-Release.Candidate.app/Contents/Developer/Toolchains/XcodeDefault.xctoolchain/usr/lib/swift/host/libSwiftInProcPluginServer.dylib -emit-module-doc-path /Users/admin/builder/spi-builder-workspace/.derivedData/Build/Intermediates.noindex/swift-shell.build/Debug-watchos/SwiftShell-t.build/Objects-normal/arm64/SwiftShell.swiftdoc -emit-module-source-info-path /Users/admin/builder/spi-builder-workspace/.derivedData/Build/Intermediates.noindex/swift-shell.build/Debug-watchos/SwiftShell-t.build/Objects-normal/arm64/SwiftShell.swiftsourceinfo -emit-objc-header-path /Users/admin/builder/spi-builder-workspace/.derivedData/Build/Intermediates.noindex/swift-shell.build/Debug-watchos/SwiftShell-t.build/Objects-normal/arm64/SwiftShell-Swift.h -serialize-diagnostics-path /Users/admin/builder/spi-builder-workspace/.derivedData/Build/Intermediates.noindex/swift-shell.build/Debug-watchos/SwiftShell-t.build/Objects-normal/arm64/SwiftShell-primary-emit-module.dia -emit-dependencies-path /Users/admin/builder/spi-builder-workspace/.derivedData/Build/Intermediates.noindex/swift-shell.build/Debug-watchos/SwiftShell-t.build/Objects-normal/arm64/SwiftShell-primary-emit-module.d -parse-as-library -o /Users/admin/builder/spi-builder-workspace/.derivedData/Build/Intermediates.noindex/swift-shell.build/Debug-watchos/SwiftShell-t.build/Objects-normal/arm64/SwiftShell.swiftmodule -emit-abi-descriptor-path /Users/admin/builder/spi-builder-workspace/.derivedData/Build/Intermediates.noindex/swift-shell.build/Debug-watchos/SwiftShell-t.build/Objects-normal/arm64/SwiftShell.abi.json
SwiftCompile normal arm64 (in target 'SwiftShell' from project 'swift-shell')
    cd /Users/admin/builder/spi-builder-workspace/.swiftpm/xcode

SwiftCompile normal arm64 Compiling\ ShellProcess.swift /Users/admin/builder/spi-builder-workspace/Sources/SwiftShell/ShellProcess.swift (in target 'SwiftShell' from project 'swift-shell')
SwiftCompile normal arm64 /Users/admin/builder/spi-builder-workspace/Sources/SwiftShell/ShellProcess.swift (in target 'SwiftShell' from project 'swift-shell')
    cd /Users/admin/builder/spi-builder-workspace/.swiftpm/xcode
    builtin-SwiftPerFileCompile ShellProcess.swift
SwiftCompile normal arm64 Compiling\ Bash.swift /Users/admin/builder/spi-builder-workspace/Sources/SwiftShell/Bash.swift (in target 'SwiftShell' from project 'swift-shell')
SwiftCompile normal arm64 /Users/admin/builder/spi-builder-workspace/Sources/SwiftShell/Bash.swift (in target 'SwiftShell' from project 'swift-shell')
    cd /Users/admin/builder/spi-builder-workspace/.swiftpm/xcode
    builtin-SwiftPerFileCompile Bash.swift
SwiftCompile normal arm64_32 Compiling\ ShellCommand.swift /Users/admin/builder/spi-builder-workspace/Sources/SwiftShell/ShellCommand.swift (in target 'SwiftShell' from project 'swift-shell')
SwiftCompile normal arm64_32 /Users/admin/builder/spi-builder-workspace/Sources/SwiftShell/ShellCommand.swift (in target 'SwiftShell' from project 'swift-shell')
    cd /Users/admin/builder/spi-builder-workspace/.swiftpm/xcode
    builtin-SwiftPerFileCompile ShellCommand.swift
SwiftEmitModule normal arm64_32 Emitting\ module\ for\ SwiftShell (in target 'SwiftShell' from project 'swift-shell')
SwiftCompile normal arm64_32 (in target 'SwiftShell' from project 'swift-shell')
    cd /Users/admin/builder/spi-builder-workspace/.swiftpm/xcode

SwiftCompile normal arm64_32 Compiling\ ShellProcess.swift /Users/admin/builder/spi-builder-workspace/Sources/SwiftShell/ShellProcess.swift (in target 'SwiftShell' from project 'swift-shell')
SwiftCompile normal arm64_32 /Users/admin/builder/spi-builder-workspace/Sources/SwiftShell/ShellProcess.swift (in target 'SwiftShell' from project 'swift-shell')
    cd /Users/admin/builder/spi-builder-workspace/.swiftpm/xcode
    builtin-SwiftPerFileCompile ShellProcess.swift
SwiftCompile normal arm64_32 Compiling\ Bash.swift /Users/admin/builder/spi-builder-workspace/Sources/SwiftShell/Bash.swift (in target 'SwiftShell' from project 'swift-shell')
SwiftCompile normal arm64_32 /Users/admin/builder/spi-builder-workspace/Sources/SwiftShell/Bash.swift (in target 'SwiftShell' from project 'swift-shell')
    cd /Users/admin/builder/spi-builder-workspace/.swiftpm/xcode
    builtin-SwiftPerFileCompile Bash.swift
SwiftCompile normal arm64_32 Compiling\ ShellEnvironment.swift /Users/admin/builder/spi-builder-workspace/Sources/SwiftShell/ShellEnvironment.swift (in target 'SwiftShell' from project 'swift-shell')
SwiftCompile normal arm64_32 /Users/admin/builder/spi-builder-workspace/Sources/SwiftShell/ShellEnvironment.swift (in target 'SwiftShell' from project 'swift-shell')
    cd /Users/admin/builder/spi-builder-workspace/.swiftpm/xcode
    builtin-SwiftPerFileCompile ShellEnvironment.swift
PruneExplicitPrecompiledModules /Users/admin/builder/spi-builder-workspace/.derivedData/Build/Intermediates.noindex/SwiftExplicitPrecompiledModules
PruneExplicitPrecompiledModules /Users/admin/builder/spi-builder-workspace/.derivedData/SDKExplicitPrecompiledModules
PruneExplicitPrecompiledModules /Users/admin/builder/spi-builder-workspace/.derivedData/Build/Intermediates.noindex/ExplicitPrecompiledModules
2026-09-21 14:40:46.724 xcodebuild[849:4944] [MT] IDERunDestination: Supported platforms for the buildables in the current scheme is empty.
2026-09-21 14:40:46.849 xcodebuild[849:4944] [MT] IDERunDestination: Supported platforms for the buildables in the current scheme is empty.
** BUILD FAILED **
The following build commands failed:
	SwiftEmitModule normal arm64 Emitting\ module\ for\ SwiftShell (in target 'SwiftShell' from project 'swift-shell')
	SwiftCompile normal arm64 (in target 'SwiftShell' from project 'swift-shell')
	Building workspace swift-shell with scheme swift-shell
(3 failures)
Command line invocation:
    /Applications/Xcode-27.0.0-Release.Candidate.app/Contents/Developer/usr/bin/xcodebuild -IDEClonedSourcePackagesDirPathOverride=/Users/admin/builder/spi-builder-workspace/.dependencies -resolvePackageDependencies
Resolve Package Graph
Resolved source packages:
  swift-shell: /Users/admin/builder/spi-builder-workspace
  xctest-dynamic-overlay: https://github.com/pointfreeco/xctest-dynamic-overlay @ 1.1.2
  swift-concurrency-extras: https://github.com/pointfreeco/swift-concurrency-extras.git @ 1.1.0
  swift-custom-dump: https://github.com/pointfreeco/swift-custom-dump.git @ 1.3.0
resolved source packages: swift-shell, xctest-dynamic-overlay, swift-concurrency-extras, swift-custom-dump
2026-09-21 14:40:53.643 xcodebuild[950:5399] [MT] IDERunDestination: Supported platforms for the buildables in the current scheme is empty.
2026-09-21 14:40:53.892 xcodebuild[950:5399] [MT] IDERunDestination: Supported platforms for the buildables in the current scheme is empty.
{
  "dependencies" : [
    {
      "identity" : "swift-concurrency-extras",
      "requirement" : {
        "range" : [
          {
            "lower_bound" : "1.1.0",
            "upper_bound" : "2.0.0"
          }
        ]
      },
      "type" : "sourceControl",
      "url" : "https://github.com/pointfreeco/swift-concurrency-extras.git"
    },
    {
      "identity" : "swift-custom-dump",
      "requirement" : {
        "range" : [
          {
            "lower_bound" : "1.3.0",
            "upper_bound" : "2.0.0"
          }
        ]
      },
      "type" : "sourceControl",
      "url" : "https://github.com/pointfreeco/swift-custom-dump.git"
    }
  ],
  "manifest_display_name" : "swift-shell",
  "name" : "swift-shell",
  "path" : "/Users/admin/builder/spi-builder-workspace",
  "platforms" : [
    {
      "name" : "macos",
      "version" : "14.0"
    }
  ],
  "products" : [
    {
      "name" : "SwiftShell",
      "targets" : [
        "SwiftShell"
      ],
      "type" : {
        "library" : [
          "automatic"
        ]
      }
    }
  ],
  "targets" : [
    {
      "c99name" : "SwiftShellTests",
      "module_type" : "SwiftTarget",
      "name" : "SwiftShellTests",
      "path" : "Tests/SwiftShellTests",
      "product_dependencies" : [
        "ConcurrencyExtras",
        "CustomDump"
      ],
      "sources" : [
        "ShellCommandTests.swift",
        "ShellEnvironmentTests.swift",
        "ShellProcessTests.swift",
        "TestHelpers.swift"
      ],
      "target_dependencies" : [
        "SwiftShell"
      ],
      "type" : "test"
    },
    {
      "c99name" : "SwiftShell",
      "module_type" : "SwiftTarget",
      "name" : "SwiftShell",
      "path" : "Sources/SwiftShell",
      "product_memberships" : [
        "SwiftShell"
      ],
      "sources" : [
        "Bash.swift",
        "ShellCommand.swift",
        "ShellEnvironment.swift",
        "ShellProcess.swift"
      ],
      "type" : "library"
    }
  ],
  "tools_version" : "5.10"
}
{
  "workspace" : {
    "name" : "swift-shell",
    "schemes" : [
      "swift-shell",
      "SwiftShell"
    ]
  }
}
2026-09-21 14:40:54.966 xcodebuild[958:5465] [MT] IDERunDestination: Supported platforms for the buildables in the current scheme is empty.
2026-09-21 14:40:55.107 xcodebuild[958:5465] [MT] IDERunDestination: Supported platforms for the buildables in the current scheme is empty.
{
  "workspace" : {
    "name" : "swift-shell",
    "schemes" : [
      "swift-shell",
      "SwiftShell"
    ]
  }
}
2026-09-21 14:40:56.020 xcodebuild[960:5494] [MT] IDERunDestination: Supported platforms for the buildables in the current scheme is empty.
2026-09-21 14:40:56.124 xcodebuild[960:5494] [MT] IDERunDestination: Supported platforms for the buildables in the current scheme is empty.
Running build ...
env DEVELOPER_DIR=/Applications/Xcode-27.0.0-Release.Candidate.app xcrun xcodebuild -IDEClonedSourcePackagesDirPathOverride=$PWD/.dependencies -skipMacroValidation -skipPackagePluginValidation -derivedDataPath $PWD/.derivedData build -scheme swift-shell -destination generic/platform=watchOS
Command line invocation:
    /Applications/Xcode-27.0.0-Release.Candidate.app/Contents/Developer/usr/bin/xcodebuild -IDEClonedSourcePackagesDirPathOverride=/Users/admin/builder/spi-builder-workspace/.dependencies -skipMacroValidation -skipPackagePluginValidation -derivedDataPath /Users/admin/builder/spi-builder-workspace/.derivedData build -scheme swift-shell -destination generic/platform=watchOS
Resolve Package Graph
Resolved source packages:
  swift-custom-dump: https://github.com/pointfreeco/swift-custom-dump.git @ 1.3.0
  swift-concurrency-extras: https://github.com/pointfreeco/swift-concurrency-extras.git @ 1.1.0
  xctest-dynamic-overlay: https://github.com/pointfreeco/xctest-dynamic-overlay @ 1.1.2
  swift-shell: /Users/admin/builder/spi-builder-workspace
ComputePackagePrebuildTargetDependencyGraph
Prepare packages
CreateBuildRequest
SendProjectDescription
CreateBuildOperation
ComputeTargetDependencyGraph
note: Building targets in dependency order
note: Target dependency graph (2 targets)
    Target 'SwiftShell-product' in project 'swift-shell'
        ➜ Explicit dependency on target 'SwiftShell' in project 'swift-shell'
    Target 'SwiftShell' in project 'swift-shell' (no dependencies)
GatherProvisioningInputs
CreateBuildDescription
ClangStatCache /Applications/Xcode-27.0.0-Release.Candidate.app/Contents/Developer/Toolchains/XcodeDefault.xctoolchain/usr/bin/clang-stat-cache /Applications/Xcode-27.0.0-Release.Candidate.app/Contents/Developer/Platforms/WatchOS.platform/Developer/SDKs/WatchOS27.0.sdk /Users/admin/builder/spi-builder-workspace/.derivedData/SDKStatCaches.noindex/watchos27.0-24R360-e829b21a6f8c9b70876ba0858053c04477534ef55a1706bf4c1112bbb242f0a2.sdkstatcache
    cd /Users/admin/builder/spi-builder-workspace/.swiftpm/xcode
    /Applications/Xcode-27.0.0-Release.Candidate.app/Contents/Developer/Toolchains/XcodeDefault.xctoolchain/usr/bin/clang-stat-cache /Applications/Xcode-27.0.0-Release.Candidate.app/Contents/Developer/Platforms/WatchOS.platform/Developer/SDKs/WatchOS27.0.sdk -o /Users/admin/builder/spi-builder-workspace/.derivedData/SDKStatCaches.noindex/watchos27.0-24R360-e829b21a6f8c9b70876ba0858053c04477534ef55a1706bf4c1112bbb242f0a2.sdkstatcache
SwiftDriver SwiftShell normal arm64_32 com.apple.xcode.tools.swift.compiler (in target 'SwiftShell' from project 'swift-shell')
    cd /Users/admin/builder/spi-builder-workspace/.swiftpm/xcode
    builtin-SwiftDriver -- /Applications/Xcode-27.0.0-Release.Candidate.app/Contents/Developer/Toolchains/XcodeDefault.xctoolchain/usr/bin/swiftc -parse-as-library -module-name SwiftShell -Onone @/Users/admin/builder/spi-builder-workspace/.derivedData/Build/Intermediates.noindex/swift-shell.build/Debug-watchos/SwiftShell-t.build/Objects-normal/arm64_32/SwiftShell.SwiftFileList -DSWIFT_PACKAGE -DDEBUG -DSWIFT_MODULE_RESOURCE_BUNDLE_UNAVAILABLE -DXcode -enable-upcoming-feature StrictConcurrency -enable-experimental-feature StrictConcurrency -enable-upcoming-feature GlobalConcurrency -enable-upcoming-feature InternalImportsByDefault -plugin-path /Applications/Xcode-27.0.0-Release.Candidate.app/Contents/Developer/Toolchains/XcodeDefault.xctoolchain/usr/lib/swift/host/plugins/testing -enable-experimental-feature DebugDescriptionMacro -sdk /Applications/Xcode-27.0.0-Release.Candidate.app/Contents/Developer/Platforms/WatchOS.platform/Developer/SDKs/WatchOS27.0.sdk -target arm64_32-apple-watchos9.0 -g -module-cache-path /Users/admin/builder/spi-builder-workspace/.derivedData/ModuleCache.noindex -Xfrontend -serialize-debugging-options -profile-coverage-mapping -profile-generate -enable-testing -index-store-path /Users/admin/builder/spi-builder-workspace/.derivedData/Index.noindex/DataStore -Xcc -D_LIBCPP_HARDENING_MODE\=_LIBCPP_HARDENING_MODE_DEBUG -swift-version 5 -I /Users/admin/builder/spi-builder-workspace/.derivedData/Build/Products/Debug-watchos -Isystem /Applications/Xcode-27.0.0-Release.Candidate.app/Contents/Developer/Platforms/WatchOS.platform/Developer/usr/lib -F /Users/admin/builder/spi-builder-workspace/.derivedData/Build/Products/Debug-watchos -F /Applications/Xcode-27.0.0-Release.Candidate.app/Contents/Developer/Platforms/WatchOS.platform/Developer/Library/Frameworks -F /Applications/Xcode-27.0.0-Release.Candidate.app/Contents/Developer/Platforms/WatchOS.platform/Developer/SDKs/WatchOS27.0.sdk/Developer/Library/Frameworks -c -j10 -enable-batch-mode -incremental -Xcc -ivfsstatcache -Xcc /Users/admin/builder/spi-builder-workspace/.derivedData/SDKStatCaches.noindex/watchos27.0-24R360-e829b21a6f8c9b70876ba0858053c04477534ef55a1706bf4c1112bbb242f0a2.sdkstatcache -output-file-map /Users/admin/builder/spi-builder-workspace/.derivedData/Build/Intermediates.noindex/swift-shell.build/Debug-watchos/SwiftShell-t.build/Objects-normal/arm64_32/SwiftShell-OutputFileMap.json -save-temps -no-color-diagnostics -explicit-module-build -module-cache-path /Users/admin/builder/spi-builder-workspace/.derivedData/Build/Intermediates.noindex/SwiftExplicitPrecompiledModules -clang-scanner-module-cache-path /Users/admin/builder/spi-builder-workspace/.derivedData/ModuleCache.noindex -sdk-module-cache-path /Users/admin/builder/spi-builder-workspace/.derivedData/SDKExplicitPrecompiledModules -emit-dependencies -emit-module -emit-module-path /Users/admin/builder/spi-builder-workspace/.derivedData/Build/Intermediates.noindex/swift-shell.build/Debug-watchos/SwiftShell-t.build/Objects-normal/arm64_32/SwiftShell.swiftmodule -serialize-diagnostics -dependency-scan-serialize-diagnostics-path /Users/admin/builder/spi-builder-workspace/.derivedData/Build/Intermediates.noindex/swift-shell.build/Debug-watchos/SwiftShell-t.build/Objects-normal/arm64_32/SwiftShell-dependency-scan.dia -validate-clang-modules-once -clang-build-session-file /Users/admin/builder/spi-builder-workspace/.derivedData/ModuleCache.noindex/Session.modulevalidation -Xcc -fmodules-prune-interval\=86400 -Xcc -fmodules-prune-after\=345600 -package-name spi_builder_workspace -emit-const-values -const-gather-protocols-list /Users/admin/builder/spi-builder-workspace/.derivedData/Build/Intermediates.noindex/swift-shell.build/Debug-watchos/SwiftShell-t.build/Objects-normal/arm64_32/SwiftShell_const_extract_protocols.json -Xcc -I/Users/admin/builder/spi-builder-workspace/.derivedData/Build/Products/Debug-watchos/include -Xcc -I/Users/admin/builder/spi-builder-workspace/.derivedData/Build/Intermediates.noindex/swift-shell.build/Debug-watchos/SwiftShell-t.build/DerivedSources-normal/arm64_32 -Xcc -I/Users/admin/builder/spi-builder-workspace/.derivedData/Build/Intermediates.noindex/swift-shell.build/Debug-watchos/SwiftShell-t.build/DerivedSources/arm64_32 -Xcc -I/Users/admin/builder/spi-builder-workspace/.derivedData/Build/Intermediates.noindex/swift-shell.build/Debug-watchos/SwiftShell-t.build/DerivedSources -Xcc -DSWIFT_PACKAGE -Xcc -DDEBUG\=1 -emit-objc-header -emit-objc-header-path /Users/admin/builder/spi-builder-workspace/.derivedData/Build/Intermediates.noindex/swift-shell.build/Debug-watchos/SwiftShell-t.build/Objects-normal/arm64_32/SwiftShell-Swift.h -working-directory /Users/admin/builder/spi-builder-workspace/.swiftpm/xcode -experimental-emit-module-separately -disable-cmo
SwiftDriver SwiftShell normal arm64 com.apple.xcode.tools.swift.compiler (in target 'SwiftShell' from project 'swift-shell')
    cd /Users/admin/builder/spi-builder-workspace/.swiftpm/xcode
    builtin-SwiftDriver -- /Applications/Xcode-27.0.0-Release.Candidate.app/Contents/Developer/Toolchains/XcodeDefault.xctoolchain/usr/bin/swiftc -parse-as-library -module-name SwiftShell -Onone @/Users/admin/builder/spi-builder-workspace/.derivedData/Build/Intermediates.noindex/swift-shell.build/Debug-watchos/SwiftShell-t.build/Objects-normal/arm64/SwiftShell.SwiftFileList -DSWIFT_PACKAGE -DDEBUG -DSWIFT_MODULE_RESOURCE_BUNDLE_UNAVAILABLE -DXcode -enable-upcoming-feature StrictConcurrency -enable-experimental-feature StrictConcurrency -enable-upcoming-feature GlobalConcurrency -enable-upcoming-feature InternalImportsByDefault -plugin-path /Applications/Xcode-27.0.0-Release.Candidate.app/Contents/Developer/Toolchains/XcodeDefault.xctoolchain/usr/lib/swift/host/plugins/testing -enable-experimental-feature DebugDescriptionMacro -sdk /Applications/Xcode-27.0.0-Release.Candidate.app/Contents/Developer/Platforms/WatchOS.platform/Developer/SDKs/WatchOS27.0.sdk -target arm64-apple-watchos9.0 -g -module-cache-path /Users/admin/builder/spi-builder-workspace/.derivedData/ModuleCache.noindex -Xfrontend -serialize-debugging-options -profile-coverage-mapping -profile-generate -enable-testing -index-store-path /Users/admin/builder/spi-builder-workspace/.derivedData/Index.noindex/DataStore -Xcc -D_LIBCPP_HARDENING_MODE\=_LIBCPP_HARDENING_MODE_DEBUG -swift-version 5 -I /Users/admin/builder/spi-builder-workspace/.derivedData/Build/Products/Debug-watchos -Isystem /Applications/Xcode-27.0.0-Release.Candidate.app/Contents/Developer/Platforms/WatchOS.platform/Developer/usr/lib -F /Users/admin/builder/spi-builder-workspace/.derivedData/Build/Products/Debug-watchos -F /Applications/Xcode-27.0.0-Release.Candidate.app/Contents/Developer/Platforms/WatchOS.platform/Developer/Library/Frameworks -F /Applications/Xcode-27.0.0-Release.Candidate.app/Contents/Developer/Platforms/WatchOS.platform/Developer/SDKs/WatchOS27.0.sdk/Developer/Library/Frameworks -c -j10 -enable-batch-mode -incremental -Xcc -ivfsstatcache -Xcc /Users/admin/builder/spi-builder-workspace/.derivedData/SDKStatCaches.noindex/watchos27.0-24R360-e829b21a6f8c9b70876ba0858053c04477534ef55a1706bf4c1112bbb242f0a2.sdkstatcache -output-file-map /Users/admin/builder/spi-builder-workspace/.derivedData/Build/Intermediates.noindex/swift-shell.build/Debug-watchos/SwiftShell-t.build/Objects-normal/arm64/SwiftShell-OutputFileMap.json -save-temps -no-color-diagnostics -explicit-module-build -module-cache-path /Users/admin/builder/spi-builder-workspace/.derivedData/Build/Intermediates.noindex/SwiftExplicitPrecompiledModules -clang-scanner-module-cache-path /Users/admin/builder/spi-builder-workspace/.derivedData/ModuleCache.noindex -sdk-module-cache-path /Users/admin/builder/spi-builder-workspace/.derivedData/SDKExplicitPrecompiledModules -emit-dependencies -emit-module -emit-module-path /Users/admin/builder/spi-builder-workspace/.derivedData/Build/Intermediates.noindex/swift-shell.build/Debug-watchos/SwiftShell-t.build/Objects-normal/arm64/SwiftShell.swiftmodule -serialize-diagnostics -dependency-scan-serialize-diagnostics-path /Users/admin/builder/spi-builder-workspace/.derivedData/Build/Intermediates.noindex/swift-shell.build/Debug-watchos/SwiftShell-t.build/Objects-normal/arm64/SwiftShell-dependency-scan.dia -validate-clang-modules-once -clang-build-session-file /Users/admin/builder/spi-builder-workspace/.derivedData/ModuleCache.noindex/Session.modulevalidation -Xcc -fmodules-prune-interval\=86400 -Xcc -fmodules-prune-after\=345600 -package-name spi_builder_workspace -emit-const-values -const-gather-protocols-list /Users/admin/builder/spi-builder-workspace/.derivedData/Build/Intermediates.noindex/swift-shell.build/Debug-watchos/SwiftShell-t.build/Objects-normal/arm64/SwiftShell_const_extract_protocols.json -Xcc -I/Users/admin/builder/spi-builder-workspace/.derivedData/Build/Products/Debug-watchos/include -Xcc -I/Users/admin/builder/spi-builder-workspace/.derivedData/Build/Intermediates.noindex/swift-shell.build/Debug-watchos/SwiftShell-t.build/DerivedSources-normal/arm64 -Xcc -I/Users/admin/builder/spi-builder-workspace/.derivedData/Build/Intermediates.noindex/swift-shell.build/Debug-watchos/SwiftShell-t.build/DerivedSources/arm64 -Xcc -I/Users/admin/builder/spi-builder-workspace/.derivedData/Build/Intermediates.noindex/swift-shell.build/Debug-watchos/SwiftShell-t.build/DerivedSources -Xcc -DSWIFT_PACKAGE -Xcc -DDEBUG\=1 -emit-objc-header -emit-objc-header-path /Users/admin/builder/spi-builder-workspace/.derivedData/Build/Intermediates.noindex/swift-shell.build/Debug-watchos/SwiftShell-t.build/Objects-normal/arm64/SwiftShell-Swift.h -working-directory /Users/admin/builder/spi-builder-workspace/.swiftpm/xcode -experimental-emit-module-separately -disable-cmo
SwiftEmitModule normal arm64_32 Emitting\ module\ for\ SwiftShell (in target 'SwiftShell' from project 'swift-shell')
SwiftCompile normal arm64_32 (in target 'SwiftShell' from project 'swift-shell')
    cd /Users/admin/builder/spi-builder-workspace/.swiftpm/xcode

/Users/admin/builder/spi-builder-workspace/Sources/SwiftShell/ShellProcess.swift:40:17: error: cannot find 'Process' in scope
 38 |   }
 39 |
 40 |   let process = Process()
    |                 `- error: cannot find 'Process' in scope
 41 |   let inputPipe = Pipe()
 42 |   let outputPipe = Pipe()
Failed frontend command:
/Applications/Xcode-27.0.0-Release.Candidate.app/Contents/Developer/Toolchains/XcodeDefault.xctoolchain/usr/bin/swift-frontend -frontend -emit-module -experimental-skip-non-inlinable-function-bodies-without-types /Users/admin/builder/spi-builder-workspace/Sources/SwiftShell/Bash.swift /Users/admin/builder/spi-builder-workspace/Sources/SwiftShell/ShellCommand.swift /Users/admin/builder/spi-builder-workspace/Sources/SwiftShell/ShellEnvironment.swift /Users/admin/builder/spi-builder-workspace/Sources/SwiftShell/ShellProcess.swift -target arm64_32-apple-watchos9.0 -disable-cross-import-overlay-search -load-resolved-plugin /Applications/Xcode-27.0.0-Release.Candidate.app/Contents/Developer/Platforms/WatchOS.platform/Developer/usr/lib/swift/host/plugins/libFoundationMacros.dylib\#/Applications/Xcode-27.0.0-Release.Candidate.app/Contents/Developer/Platforms/WatchOS.platform/Developer/usr/bin/swift-plugin-server\#FoundationMacros -load-resolved-plugin /Applications/Xcode-27.0.0-Release.Candidate.app/Contents/Developer/Platforms/WatchOS.platform/Developer/usr/lib/swift/host/plugins/libObservationMacros.dylib\#/Applications/Xcode-27.0.0-Release.Candidate.app/Contents/Developer/Platforms/WatchOS.platform/Developer/usr/bin/swift-plugin-server\#ObservationMacros -load-resolved-plugin /Applications/Xcode-27.0.0-Release.Candidate.app/Contents/Developer/Platforms/WatchOS.platform/Developer/usr/lib/swift/host/plugins/libSwiftMacros.dylib\#/Applications/Xcode-27.0.0-Release.Candidate.app/Contents/Developer/Platforms/WatchOS.platform/Developer/usr/bin/swift-plugin-server\#SwiftMacros -disable-implicit-swift-modules -Xcc -fno-implicit-modules -Xcc -fno-implicit-module-maps -explicit-swift-module-map-file /Users/admin/builder/spi-builder-workspace/.derivedData/Build/Intermediates.noindex/swift-shell.build/Debug-watchos/SwiftShell-t.build/Objects-normal/arm64_32/SwiftShell-dependencies-2.json -enable-objc-interop -sdk /Applications/Xcode-27.0.0-Release.Candidate.app/Contents/Developer/Platforms/WatchOS.platform/Developer/SDKs/WatchOS27.0.sdk -I /Users/admin/builder/spi-builder-workspace/.derivedData/Build/Products/Debug-watchos -Isystem /Applications/Xcode-27.0.0-Release.Candidate.app/Contents/Developer/Platforms/WatchOS.platform/Developer/usr/lib -F /Users/admin/builder/spi-builder-workspace/.derivedData/Build/Products/Debug-watchos -F /Applications/Xcode-27.0.0-Release.Candidate.app/Contents/Developer/Platforms/WatchOS.platform/Developer/Library/Frameworks -F /Applications/Xcode-27.0.0-Release.Candidate.app/Contents/Developer/Platforms/WatchOS.platform/Developer/SDKs/WatchOS27.0.sdk/Developer/Library/Frameworks -module-cache-path /Users/admin/builder/spi-builder-workspace/.derivedData/Build/Intermediates.noindex/SwiftExplicitPrecompiledModules -no-color-diagnostics -Xcc -fno-color-diagnostics -enable-testing -g -debug-info-format\=dwarf -dwarf-version\=4 -profile-generate -profile-coverage-mapping -swift-version 5 -Onone -D SWIFT_PACKAGE -D DEBUG -D SWIFT_MODULE_RESOURCE_BUNDLE_UNAVAILABLE -D Xcode -serialize-debugging-options -enable-upcoming-feature StrictConcurrency -enable-experimental-feature StrictConcurrency -enable-upcoming-feature GlobalConcurrency -enable-upcoming-feature InternalImportsByDefault -enable-experimental-feature DebugDescriptionMacro -empty-abi-descriptor -validate-clang-modules-once -clang-build-session-file /Users/admin/builder/spi-builder-workspace/.derivedData/ModuleCache.noindex/Session.modulevalidation -Xcc -working-directory -Xcc /Users/admin/builder/spi-builder-workspace/.swiftpm/xcode -enable-anonymous-context-mangled-names -file-compilation-dir /Users/admin/builder/spi-builder-workspace/.swiftpm/xcode -Xcc -D_LIBCPP_HARDENING_MODE\=_LIBCPP_HARDENING_MODE_DEBUG -Xcc -ivfsstatcache -Xcc /Users/admin/builder/spi-builder-workspace/.derivedData/SDKStatCaches.noindex/watchos27.0-24R360-e829b21a6f8c9b70876ba0858053c04477534ef55a1706bf4c1112bbb242f0a2.sdkstatcache -Xcc -fmodules-prune-interval\=86400 -Xcc -fmodules-prune-after\=345600 -Xcc -I/Users/admin/builder/spi-builder-workspace/.derivedData/Build/Products/Debug-watchos/include -Xcc -I/Users/admin/builder/spi-builder-workspace/.derivedData/Build/Intermediates.noindex/swift-shell.build/Debug-watchos/SwiftShell-t.build/DerivedSources-normal/arm64_32 -Xcc -I/Users/admin/builder/spi-builder-workspace/.derivedData/Build/Intermediates.noindex/swift-shell.build/Debug-watchos/SwiftShell-t.build/DerivedSources/arm64_32 -Xcc -I/Users/admin/builder/spi-builder-workspace/.derivedData/Build/Intermediates.noindex/swift-shell.build/Debug-watchos/SwiftShell-t.build/DerivedSources -Xcc -DSWIFT_PACKAGE -Xcc -DDEBUG\=1 -no-auto-bridging-header-chaining -module-name SwiftShell -package-name spi_builder_workspace -const-gather-protocols-file /Users/admin/builder/spi-builder-workspace/.derivedData/Build/Intermediates.noindex/swift-shell.build/Debug-watchos/SwiftShell-t.build/Objects-normal/arm64_32/SwiftShell_const_extract_protocols.json -disable-clang-spi -clang-target arm64_32-apple-watchos27.0 -target-sdk-version 27.0 -target-sdk-name watchos27.0 -in-process-plugin-server-path /Applications/Xcode-27.0.0-Release.Candidate.app/Contents/Developer/Toolchains/XcodeDefault.xctoolchain/usr/lib/swift/host/libSwiftInProcPluginServer.dylib -emit-module-doc-path /Users/admin/builder/spi-builder-workspace/.derivedData/Build/Intermediates.noindex/swift-shell.build/Debug-watchos/SwiftShell-t.build/Objects-normal/arm64_32/SwiftShell.swiftdoc -emit-module-source-info-path /Users/admin/builder/spi-builder-workspace/.derivedData/Build/Intermediates.noindex/swift-shell.build/Debug-watchos/SwiftShell-t.build/Objects-normal/arm64_32/SwiftShell.swiftsourceinfo -emit-objc-header-path /Users/admin/builder/spi-builder-workspace/.derivedData/Build/Intermediates.noindex/swift-shell.build/Debug-watchos/SwiftShell-t.build/Objects-normal/arm64_32/SwiftShell-Swift.h -serialize-diagnostics-path /Users/admin/builder/spi-builder-workspace/.derivedData/Build/Intermediates.noindex/swift-shell.build/Debug-watchos/SwiftShell-t.build/Objects-normal/arm64_32/SwiftShell-primary-emit-module.dia -emit-dependencies-path /Users/admin/builder/spi-builder-workspace/.derivedData/Build/Intermediates.noindex/swift-shell.build/Debug-watchos/SwiftShell-t.build/Objects-normal/arm64_32/SwiftShell-primary-emit-module.d -parse-as-library -o /Users/admin/builder/spi-builder-workspace/.derivedData/Build/Intermediates.noindex/swift-shell.build/Debug-watchos/SwiftShell-t.build/Objects-normal/arm64_32/SwiftShell.swiftmodule -emit-abi-descriptor-path /Users/admin/builder/spi-builder-workspace/.derivedData/Build/Intermediates.noindex/swift-shell.build/Debug-watchos/SwiftShell-t.build/Objects-normal/arm64_32/SwiftShell.abi.json
SwiftCompile normal arm64 Compiling\ ShellEnvironment.swift /Users/admin/builder/spi-builder-workspace/Sources/SwiftShell/ShellEnvironment.swift (in target 'SwiftShell' from project 'swift-shell')
SwiftCompile normal arm64 /Users/admin/builder/spi-builder-workspace/Sources/SwiftShell/ShellEnvironment.swift (in target 'SwiftShell' from project 'swift-shell')
    cd /Users/admin/builder/spi-builder-workspace/.swiftpm/xcode
    builtin-SwiftPerFileCompile ShellEnvironment.swift
SwiftEmitModule normal arm64 Emitting\ module\ for\ SwiftShell (in target 'SwiftShell' from project 'swift-shell')
/Users/admin/builder/spi-builder-workspace/Sources/SwiftShell/ShellProcess.swift:40:17: error: cannot find 'Process' in scope
 38 |   }
 39 |
 40 |   let process = Process()
    |                 `- error: cannot find 'Process' in scope
 41 |   let inputPipe = Pipe()
 42 |   let outputPipe = Pipe()
Failed frontend command:
/Applications/Xcode-27.0.0-Release.Candidate.app/Contents/Developer/Toolchains/XcodeDefault.xctoolchain/usr/bin/swift-frontend -frontend -emit-module -experimental-skip-non-inlinable-function-bodies-without-types /Users/admin/builder/spi-builder-workspace/Sources/SwiftShell/Bash.swift /Users/admin/builder/spi-builder-workspace/Sources/SwiftShell/ShellCommand.swift /Users/admin/builder/spi-builder-workspace/Sources/SwiftShell/ShellEnvironment.swift /Users/admin/builder/spi-builder-workspace/Sources/SwiftShell/ShellProcess.swift -target arm64-apple-watchos9.0 -disable-cross-import-overlay-search -load-resolved-plugin /Applications/Xcode-27.0.0-Release.Candidate.app/Contents/Developer/Platforms/WatchOS.platform/Developer/usr/lib/swift/host/plugins/libFoundationMacros.dylib\#/Applications/Xcode-27.0.0-Release.Candidate.app/Contents/Developer/Platforms/WatchOS.platform/Developer/usr/bin/swift-plugin-server\#FoundationMacros -load-resolved-plugin /Applications/Xcode-27.0.0-Release.Candidate.app/Contents/Developer/Platforms/WatchOS.platform/Developer/usr/lib/swift/host/plugins/libObservationMacros.dylib\#/Applications/Xcode-27.0.0-Release.Candidate.app/Contents/Developer/Platforms/WatchOS.platform/Developer/usr/bin/swift-plugin-server\#ObservationMacros -load-resolved-plugin /Applications/Xcode-27.0.0-Release.Candidate.app/Contents/Developer/Platforms/WatchOS.platform/Developer/usr/lib/swift/host/plugins/libSwiftMacros.dylib\#/Applications/Xcode-27.0.0-Release.Candidate.app/Contents/Developer/Platforms/WatchOS.platform/Developer/usr/bin/swift-plugin-server\#SwiftMacros -disable-implicit-swift-modules -Xcc -fno-implicit-modules -Xcc -fno-implicit-module-maps -explicit-swift-module-map-file /Users/admin/builder/spi-builder-workspace/.derivedData/Build/Intermediates.noindex/swift-shell.build/Debug-watchos/SwiftShell-t.build/Objects-normal/arm64/SwiftShell-dependencies-1.json -Xllvm -aarch64-use-tbi -enable-objc-interop -stack-check -sdk /Applications/Xcode-27.0.0-Release.Candidate.app/Contents/Developer/Platforms/WatchOS.platform/Developer/SDKs/WatchOS27.0.sdk -I /Users/admin/builder/spi-builder-workspace/.derivedData/Build/Products/Debug-watchos -Isystem /Applications/Xcode-27.0.0-Release.Candidate.app/Contents/Developer/Platforms/WatchOS.platform/Developer/usr/lib -F /Users/admin/builder/spi-builder-workspace/.derivedData/Build/Products/Debug-watchos -F /Applications/Xcode-27.0.0-Release.Candidate.app/Contents/Developer/Platforms/WatchOS.platform/Developer/Library/Frameworks -F /Applications/Xcode-27.0.0-Release.Candidate.app/Contents/Developer/Platforms/WatchOS.platform/Developer/SDKs/WatchOS27.0.sdk/Developer/Library/Frameworks -module-cache-path /Users/admin/builder/spi-builder-workspace/.derivedData/Build/Intermediates.noindex/SwiftExplicitPrecompiledModules -no-color-diagnostics -Xcc -fno-color-diagnostics -enable-testing -g -debug-info-format\=dwarf -dwarf-version\=4 -profile-generate -profile-coverage-mapping -swift-version 5 -Onone -D SWIFT_PACKAGE -D DEBUG -D SWIFT_MODULE_RESOURCE_BUNDLE_UNAVAILABLE -D Xcode -serialize-debugging-options -enable-upcoming-feature StrictConcurrency -enable-experimental-feature StrictConcurrency -enable-upcoming-feature GlobalConcurrency -enable-upcoming-feature InternalImportsByDefault -enable-experimental-feature DebugDescriptionMacro -empty-abi-descriptor -validate-clang-modules-once -clang-build-session-file /Users/admin/builder/spi-builder-workspace/.derivedData/ModuleCache.noindex/Session.modulevalidation -Xcc -working-directory -Xcc /Users/admin/builder/spi-builder-workspace/.swiftpm/xcode -enable-anonymous-context-mangled-names -file-compilation-dir /Users/admin/builder/spi-builder-workspace/.swiftpm/xcode -Xcc -D_LIBCPP_HARDENING_MODE\=_LIBCPP_HARDENING_MODE_DEBUG -Xcc -ivfsstatcache -Xcc /Users/admin/builder/spi-builder-workspace/.derivedData/SDKStatCaches.noindex/watchos27.0-24R360-e829b21a6f8c9b70876ba0858053c04477534ef55a1706bf4c1112bbb242f0a2.sdkstatcache -Xcc -fmodules-prune-interval\=86400 -Xcc -fmodules-prune-after\=345600 -Xcc -I/Users/admin/builder/spi-builder-workspace/.derivedData/Build/Products/Debug-watchos/include -Xcc -I/Users/admin/builder/spi-builder-workspace/.derivedData/Build/Intermediates.noindex/swift-shell.build/Debug-watchos/SwiftShell-t.build/DerivedSources-normal/arm64 -Xcc -I/Users/admin/builder/spi-builder-workspace/.derivedData/Build/Intermediates.noindex/swift-shell.build/Debug-watchos/SwiftShell-t.build/DerivedSources/arm64 -Xcc -I/Users/admin/builder/spi-builder-workspace/.derivedData/Build/Intermediates.noindex/swift-shell.build/Debug-watchos/SwiftShell-t.build/DerivedSources -Xcc -DSWIFT_PACKAGE -Xcc -DDEBUG\=1 -no-auto-bridging-header-chaining -module-name SwiftShell -package-name spi_builder_workspace -const-gather-protocols-file /Users/admin/builder/spi-builder-workspace/.derivedData/Build/Intermediates.noindex/swift-shell.build/Debug-watchos/SwiftShell-t.build/Objects-normal/arm64/SwiftShell_const_extract_protocols.json -disable-clang-spi -clang-target arm64-apple-watchos27.0 -target-sdk-version 27.0 -target-sdk-name watchos27.0 -in-process-plugin-server-path /Applications/Xcode-27.0.0-Release.Candidate.app/Contents/Developer/Toolchains/XcodeDefault.xctoolchain/usr/lib/swift/host/libSwiftInProcPluginServer.dylib -emit-module-doc-path /Users/admin/builder/spi-builder-workspace/.derivedData/Build/Intermediates.noindex/swift-shell.build/Debug-watchos/SwiftShell-t.build/Objects-normal/arm64/SwiftShell.swiftdoc -emit-module-source-info-path /Users/admin/builder/spi-builder-workspace/.derivedData/Build/Intermediates.noindex/swift-shell.build/Debug-watchos/SwiftShell-t.build/Objects-normal/arm64/SwiftShell.swiftsourceinfo -emit-objc-header-path /Users/admin/builder/spi-builder-workspace/.derivedData/Build/Intermediates.noindex/swift-shell.build/Debug-watchos/SwiftShell-t.build/Objects-normal/arm64/SwiftShell-Swift.h -serialize-diagnostics-path /Users/admin/builder/spi-builder-workspace/.derivedData/Build/Intermediates.noindex/swift-shell.build/Debug-watchos/SwiftShell-t.build/Objects-normal/arm64/SwiftShell-primary-emit-module.dia -emit-dependencies-path /Users/admin/builder/spi-builder-workspace/.derivedData/Build/Intermediates.noindex/swift-shell.build/Debug-watchos/SwiftShell-t.build/Objects-normal/arm64/SwiftShell-primary-emit-module.d -parse-as-library -o /Users/admin/builder/spi-builder-workspace/.derivedData/Build/Intermediates.noindex/swift-shell.build/Debug-watchos/SwiftShell-t.build/Objects-normal/arm64/SwiftShell.swiftmodule -emit-abi-descriptor-path /Users/admin/builder/spi-builder-workspace/.derivedData/Build/Intermediates.noindex/swift-shell.build/Debug-watchos/SwiftShell-t.build/Objects-normal/arm64/SwiftShell.abi.json
SwiftCompile normal arm64 (in target 'SwiftShell' from project 'swift-shell')
    cd /Users/admin/builder/spi-builder-workspace/.swiftpm/xcode

SwiftCompile normal arm64_32 Compiling\ ShellEnvironment.swift /Users/admin/builder/spi-builder-workspace/Sources/SwiftShell/ShellEnvironment.swift (in target 'SwiftShell' from project 'swift-shell')
SwiftCompile normal arm64_32 /Users/admin/builder/spi-builder-workspace/Sources/SwiftShell/ShellEnvironment.swift (in target 'SwiftShell' from project 'swift-shell')
    cd /Users/admin/builder/spi-builder-workspace/.swiftpm/xcode
    builtin-SwiftPerFileCompile ShellEnvironment.swift
SwiftCompile normal arm64 Compiling\ Bash.swift /Users/admin/builder/spi-builder-workspace/Sources/SwiftShell/Bash.swift (in target 'SwiftShell' from project 'swift-shell')
SwiftCompile normal arm64 /Users/admin/builder/spi-builder-workspace/Sources/SwiftShell/Bash.swift (in target 'SwiftShell' from project 'swift-shell')
    cd /Users/admin/builder/spi-builder-workspace/.swiftpm/xcode
    builtin-SwiftPerFileCompile Bash.swift
SwiftCompile normal arm64 Compiling\ ShellProcess.swift /Users/admin/builder/spi-builder-workspace/Sources/SwiftShell/ShellProcess.swift (in target 'SwiftShell' from project 'swift-shell')
SwiftCompile normal arm64 /Users/admin/builder/spi-builder-workspace/Sources/SwiftShell/ShellProcess.swift (in target 'SwiftShell' from project 'swift-shell')
    cd /Users/admin/builder/spi-builder-workspace/.swiftpm/xcode
    builtin-SwiftPerFileCompile ShellProcess.swift
SwiftCompile normal arm64_32 Compiling\ Bash.swift /Users/admin/builder/spi-builder-workspace/Sources/SwiftShell/Bash.swift (in target 'SwiftShell' from project 'swift-shell')
SwiftCompile normal arm64_32 /Users/admin/builder/spi-builder-workspace/Sources/SwiftShell/Bash.swift (in target 'SwiftShell' from project 'swift-shell')
    cd /Users/admin/builder/spi-builder-workspace/.swiftpm/xcode
    builtin-SwiftPerFileCompile Bash.swift
SwiftCompile normal arm64 Compiling\ ShellCommand.swift /Users/admin/builder/spi-builder-workspace/Sources/SwiftShell/ShellCommand.swift (in target 'SwiftShell' from project 'swift-shell')
SwiftCompile normal arm64 /Users/admin/builder/spi-builder-workspace/Sources/SwiftShell/ShellCommand.swift (in target 'SwiftShell' from project 'swift-shell')
    cd /Users/admin/builder/spi-builder-workspace/.swiftpm/xcode
    builtin-SwiftPerFileCompile ShellCommand.swift
SwiftCompile normal arm64_32 Compiling\ ShellCommand.swift /Users/admin/builder/spi-builder-workspace/Sources/SwiftShell/ShellCommand.swift (in target 'SwiftShell' from project 'swift-shell')
SwiftCompile normal arm64_32 /Users/admin/builder/spi-builder-workspace/Sources/SwiftShell/ShellCommand.swift (in target 'SwiftShell' from project 'swift-shell')
    cd /Users/admin/builder/spi-builder-workspace/.swiftpm/xcode
    builtin-SwiftPerFileCompile ShellCommand.swift
SwiftCompile normal arm64_32 Compiling\ ShellProcess.swift /Users/admin/builder/spi-builder-workspace/Sources/SwiftShell/ShellProcess.swift (in target 'SwiftShell' from project 'swift-shell')
SwiftCompile normal arm64_32 /Users/admin/builder/spi-builder-workspace/Sources/SwiftShell/ShellProcess.swift (in target 'SwiftShell' from project 'swift-shell')
    cd /Users/admin/builder/spi-builder-workspace/.swiftpm/xcode
    builtin-SwiftPerFileCompile ShellProcess.swift
PruneExplicitPrecompiledModules /Users/admin/builder/spi-builder-workspace/.derivedData/SDKExplicitPrecompiledModules
PruneExplicitPrecompiledModules /Users/admin/builder/spi-builder-workspace/.derivedData/Build/Intermediates.noindex/SwiftExplicitPrecompiledModules
PruneExplicitPrecompiledModules /Users/admin/builder/spi-builder-workspace/.derivedData/Build/Intermediates.noindex/ExplicitPrecompiledModules
2026-09-21 14:40:57.030 xcodebuild[961:5516] [MT] IDERunDestination: Supported platforms for the buildables in the current scheme is empty.
2026-09-21 14:40:57.171 xcodebuild[961:5516] [MT] IDERunDestination: Supported platforms for the buildables in the current scheme is empty.
** BUILD FAILED **
The following build commands failed:
	SwiftCompile normal arm64_32 (in target 'SwiftShell' from project 'swift-shell')
	SwiftEmitModule normal arm64_32 Emitting\ module\ for\ SwiftShell (in target 'SwiftShell' from project 'swift-shell')
	SwiftEmitModule normal arm64 Emitting\ module\ for\ SwiftShell (in target 'SwiftShell' from project 'swift-shell')
	SwiftCompile normal arm64 (in target 'SwiftShell' from project 'swift-shell')
	Building workspace swift-shell with scheme swift-shell
(5 failures)
BUILD FAILURE 6.4 watchOS